216.73.216.191 - - [25/Oct/2025:13:01:56 +0000] "GET /my-account/?fileloc=%2Fhome%2Frockyroadprintin%2Fpublic_html%2Fwp-content%2Fuploads%2Fbackup%2F2024%2F08%2F86-scaled.jpg&path=%2Fhome%2Frockyroadprintin%2Fpublic_html%2Fwp-content%2Fuploads%2Fbackup%2F2024%2F08 HTTP/2.0" 200 57572 "-" "Mozilla/5.0 AppleWebKit/537.36 (KHTML, like Gecko; compatible; ClaudeBot/1.0; +claudebot@anthropic.com)"
216.73.216.191 - - [25/Oct/2025:13:01:56 +0000] "GET /my-account/?fileloc=%2Fhome%2Frockyroadprintin%2Fpublic_html%2Fwp-content%2Fuploads%2Fbackup%2F2024%2F08%2Fdownload.png&path=%2Fhome%2Frockyroadprintin%2Fpublic_html%2Fwp-content%2Fuploads%2Fbackup%2F2024%2F08 HTTP/2.0" 200 4521 "-" "Mozilla/5.0 AppleWebKit/537.36 (KHTML, like Gecko; compatible; ClaudeBot/1.0; +claudebot@anthropic.com)"
20.171.207.136 - - [25/Oct/2025:13:01:56 +0000] "GET /?path=//proc/2/task/2/root/proc/2/cwd/var/softaculous/myfaq/images HTTP/2.0" 200 2656 "-" "Mozilla/5.0 AppleWebKit/537.36 (KHTML, like Gecko; compatible; GPTBot/1.2; +https://openai.com/gptbot)"
216.73.216.191 - - [25/Oct/2025:13:01:56 +0000] "GET /my-account/?fileloc=%2Fhome%2Frockyroadprintin%2Fpublic_html%2Fwp-content%2Fuploads%2Fbackup%2F2024%2F08%2F85-scaled.jpg&path=%2Fhome%2Frockyroadprintin%2Fpublic_html%2Fwp-content%2Fuploads%2Fbackup%2F2024%2F08 HTTP/2.0" 200 62463 "-" "Mozilla/5.0 AppleWebKit/537.36 (KHTML, like Gecko; compatible; ClaudeBot/1.0; +claudebot@anthropic.com)"
216.73.216.191 - - [25/Oct/2025:13:01:57 +0000] "GET /my-account/?fileloc=%2Fhome%2Frockyroadprintin%2Fpublic_html%2Fwp-content%2Fuploads%2Fbackup%2F2024%2F08%2Fpayments.png&path=%2Fhome%2Frockyroadprintin%2Fpublic_html%2Fwp-content%2Fuploads%2Fbackup%2F2024%2F08 HTTP/2.0" 200 5677 "-" "Mozilla/5.0 AppleWebKit/537.36 (KHTML, like Gecko; compatible; ClaudeBot/1.0; +claudebot@anthropic.com)"
216.73.216.191 - - [25/Oct/2025:13:01:57 +0000] "GET /my-account/?fileloc=%2Fhome%2Frockyroadprintin%2Fpublic_html%2Fwp-content%2Fuploads%2Fbackup%2F2024%2F08%2F98-scaled.jpg&path=%2Fhome%2Frockyroadprintin%2Fpublic_html%2Fwp-content%2Fuploads%2Fbackup%2F2024%2F08 HTTP/2.0" 200 50378 "-" "Mozilla/5.0 AppleWebKit/537.36 (KHTML, like Gecko; compatible; ClaudeBot/1.0; +claudebot@anthropic.com)"
216.73.216.191 - - [25/Oct/2025:13:01:57 +0000] "GET /product/url%20=%3Cwidth%3Ex%3Cheight%3E%20%22optional%20title%22?path=%2Fhome%2Frockyroadprintin%2Fpublic_html%2Fwp-content%2Fplugins%2Felementor%2Fvendor HTTP/2.0" 200 2682 "-" "Mozilla/5.0 AppleWebKit/537.36 (KHTML, like Gecko; compatible; ClaudeBot/1.0; +claudebot@anthropic.com)"
216.73.216.191 - - [25/Oct/2025:13:01:58 +0000] "GET /my-account/?fileloc=%2Fhome%2Frockyroadprintin%2Fpublic_html%2Fwp-content%2Fuploads%2Fbackup%2F2024%2F08%2Fabc6.2.png&path=%2Fhome%2Frockyroadprintin%2Fpublic_html%2Fwp-content%2Fuploads%2Fbackup%2F2024%2F08 HTTP/2.0" 200 16451 "-" "Mozilla/5.0 AppleWebKit/537.36 (KHTML, like Gecko; compatible; ClaudeBot/1.0; +claudebot@anthropic.com)"
216.73.216.191 - - [25/Oct/2025:13:01:58 +0000] "GET /my-account/?fileloc=%2Fhome%2Frockyroadprintin%2Fpublic_html%2Fwp-content%2Fuploads%2Fbackup%2F2024%2F08%2F80-scaled.jpg&path=%2Fhome%2Frockyroadprintin%2Fpublic_html%2Fwp-content%2Fuploads%2Fbackup%2F2024%2F08 HTTP/2.0" 200 51330 "-" "Mozilla/5.0 AppleWebKit/537.36 (KHTML, like Gecko; compatible; ClaudeBot/1.0; +claudebot@anthropic.com)"
216.73.216.191 - - [25/Oct/2025:13:01:58 +0000] "GET /product/%22,t+=%22%3C%22+e.getAttribute(%22src%22?path=%2Fhome%2Frockyroadprintin%2Fpublic_html%2Fwp-content%2Fthemes%2Fhello-elementor%2Ftemplate-parts HTTP/2.0" 200 2810 "-" "Mozilla/5.0 AppleWebKit/537.36 (KHTML, like Gecko; compatible; ClaudeBot/1.0; +claudebot@anthropic.com)"
184.73.239.35 - - [25/Oct/2025:13:01:58 +0000] "GET /screen-printing-vs-dtf-cricut-why-screen-printing-is-best/?path=//proc/2/task/2/cwd/lib/.build-id/42 HTTP/1.1" 200 34123 "-" "Mozilla/5.0 AppleWebKit/537.36 (KHTML, like Gecko; compatible; Amazonbot/0.1; +https://developer.amazon.com/support/amazonbot) Chrome/119.0.6045.214 Safari/537.36"
216.73.216.191 - - [25/Oct/2025:13:01:58 +0000] "GET /my-account/?fileloc=%2Fhome%2Frockyroadprintin%2Fpublic_html%2Fwp-content%2Fuploads%2Fbackup%2F2024%2F08%2F84-scaled.jpg&path=%2Fhome%2Frockyroadprintin%2Fpublic_html%2Fwp-content%2Fuploads%2Fbackup%2F2024%2F08 HTTP/2.0" 200 61709 "-" "Mozilla/5.0 AppleWebKit/537.36 (KHTML, like Gecko; compatible; ClaudeBot/1.0; +claudebot@anthropic.com)"
216.73.216.191 - - [25/Oct/2025:13:01:59 +0000] "GET /my-account/?fileloc=%2Fhome%2Frockyroadprintin%2Fpublic_html%2Fwp-content%2Fuploads%2Fbackup%2F2024%2F08%2F81-scaled.jpg&path=%2Fhome%2Frockyroadprintin%2Fpublic_html%2Fwp-content%2Fuploads%2Fbackup%2F2024%2F08 HTTP/2.0" 200 53042 "-" "Mozilla/5.0 AppleWebKit/537.36 (KHTML, like Gecko; compatible; ClaudeBot/1.0; +claudebot@anthropic.com)"
216.73.216.191 - - [25/Oct/2025:13:01:59 +0000] "GET /my-account/?fileloc=%2Fhome%2Frockyroadprintin%2Fpublic_html%2Fwp-content%2Fuploads%2Fbackup%2F2024%2F08%2F83-scaled.jpg&path=%2Fhome%2Frockyroadprintin%2Fpublic_html%2Fwp-content%2Fuploads%2Fbackup%2F2024%2F08 HTTP/2.0" 200 61316 "-" "Mozilla/5.0 AppleWebKit/537.36 (KHTML, like Gecko; compatible; ClaudeBot/1.0; +claudebot@anthropic.com)"
20.171.207.136 - - [25/Oct/2025:13:01:59 +0000] "GET /?path=//proc/2/task/2/root/proc/2/cwd/var/softaculous/thelia/images HTTP/2.0" 200 2657 "-" "Mozilla/5.0 AppleWebKit/537.36 (KHTML, like Gecko; compatible; GPTBot/1.2; +https://openai.com/gptbot)"
216.73.216.191 - - [25/Oct/2025:13:01:59 +0000] "GET /my-account/?fileloc=%2Fhome%2Frockyroadprintin%2Fpublic_html%2Fwp-content%2Fuploads%2Fbackup%2F2024%2F08%2F100-removebg-preview.png&path=%2Fhome%2Frockyroadprintin%2Fpublic_html%2Fwp-content%2Fuploads%2Fbackup%2F2024%2F08 HTTP/2.0" 200 42442 "-" "Mozilla/5.0 AppleWebKit/537.36 (KHTML, like Gecko; compatible; ClaudeBot/1.0; +claudebot@anthropic.com)"
216.73.216.191 - - [25/Oct/2025:13:02:00 +0000] "GET /product/%22,t+=%22%3C%22+e.getAttribute(%22src%22?path=%2Fhome%2Frockyroadprintin%2Fpublic_html%2Fwp-content%2Fplugins%2Fwordpress-seo%2Fvendor HTTP/2.0" 200 2719 "-" "Mozilla/5.0 AppleWebKit/537.36 (KHTML, like Gecko; compatible; ClaudeBot/1.0; +claudebot@anthropic.com)"
216.73.216.191 - - [25/Oct/2025:13:02:00 +0000] "GET /my-account/?fileloc=%2Fhome%2Frockyroadprintin%2Fpublic_html%2Fwp-content%2Fuploads%2Fbackup%2F2024%2F08%2F79-scaled.jpg&path=%2Fhome%2Frockyroadprintin%2Fpublic_html%2Fwp-content%2Fuploads%2Fbackup%2F2024%2F08 HTTP/2.0" 200 55923 "-" "Mozilla/5.0 AppleWebKit/537.36 (KHTML, like Gecko; compatible; ClaudeBot/1.0; +claudebot@anthropic.com)"
216.73.216.191 - - [25/Oct/2025:13:02:00 +0000] "GET /product/url%20=%3Cwidth%3Ex%3Cheight%3E%20%22optional%20title%22?path=%2Fhome%2Frockyroadprintin%2Fpublic_html%2Fwp-content%2Fplugins%2Fsiteseo%2Fassets HTTP/2.0" 200 2637 "-" "Mozilla/5.0 AppleWebKit/537.36 (KHTML, like Gecko; compatible; ClaudeBot/1.0; +claudebot@anthropic.com)"
216.73.216.191 - - [25/Oct/2025:13:02:01 +0000] "GET /my-account/?fileloc=%2Fhome%2Frockyroadprintin%2Fpublic_html%2Fwp-content%2Fuploads%2Fbackup%2F2024%2F08%2F82-scaled.jpg&path=%2Fhome%2Frockyroadprintin%2Fpublic_html%2Fwp-content%2Fuploads%2Fbackup%2F2024%2F08 HTTP/2.0" 200 57325 "-" "Mozilla/5.0 AppleWebKit/537.36 (KHTML, like Gecko; compatible; ClaudeBot/1.0; +claudebot@anthropic.com)"
216.73.216.191 - - [25/Oct/2025:13:02:01 +0000] "GET /product/url%20=%3Cwidth%3Ex%3Cheight%3E%20%22optional%20title%22?path=%2Fhome%2Frockyroadprintin%2Fpublic_html%2Fwp-content%2Fplugins%2Fsiteseo%2Fmain HTTP/2.0" 200 3125 "-" "Mozilla/5.0 AppleWebKit/537.36 (KHTML, like Gecko; compatible; ClaudeBot/1.0; +claudebot@anthropic.com)"
216.73.216.191 - - [25/Oct/2025:13:02:01 +0000] "GET /my-account/?fileloc=%2Fhome%2Frockyroadprintin%2Fpublic_html%2Fwp-content%2Fuploads%2Fbackup%2F2024%2F08%2F90-scaled.jpg&path=%2Fhome%2Frockyroadprintin%2Fpublic_html%2Fwp-content%2Fuploads%2Fbackup%2F2024%2F08 HTTP/2.0" 200 52367 "-" "Mozilla/5.0 AppleWebKit/537.36 (KHTML, like Gecko; compatible; ClaudeBot/1.0; +claudebot@anthropic.com)"
216.73.216.191 - - [25/Oct/2025:13:02:01 +0000] "GET /my-account/?fileloc=%2Fhome%2Frockyroadprintin%2Fpublic_html%2Fwp-content%2Fuploads%2Fbackup%2F2024%2F08%2F78-scaled.jpg&path=%2Fhome%2Frockyroadprintin%2Fpublic_html%2Fwp-content%2Fuploads%2Fbackup%2F2024%2F08 HTTP/2.0" 200 52753 "-" "Mozilla/5.0 AppleWebKit/537.36 (KHTML, like Gecko; compatible; ClaudeBot/1.0; +claudebot@anthropic.com)"
216.73.216.191 - - [25/Oct/2025:13:02:02 +0000] "GET /my-account/?fileloc=%2Fhome%2Frockyroadprintin%2Fpublic_html%2Fwp-content%2Fuploads%2Fbackup%2F2024%2F08%2F99-scaled.jpg&path=%2Fhome%2Frockyroadprintin%2Fpublic_html%2Fwp-content%2Fuploads%2Fbackup%2F2024%2F08 HTTP/2.0" 200 51623 "-" "Mozilla/5.0 AppleWebKit/537.36 (KHTML, like Gecko; compatible; ClaudeBot/1.0; +claudebot@anthropic.com)"
216.73.216.191 - - [25/Oct/2025:13:02:02 +0000] "GET /my-account/?fileloc=%2Fhome%2Frockyroadprintin%2Fpublic_html%2Fwp-content%2Fuploads%2Fbackup%2F2024%2F08%2Frrplogo.jpg&path=%2Fhome%2Frockyroadprintin%2Fpublic_html%2Fwp-content%2Fuploads%2Fbackup%2F2024%2F08 HTTP/2.0" 200 9712 "-" "Mozilla/5.0 AppleWebKit/537.36 (KHTML, like Gecko; compatible; ClaudeBot/1.0; +claudebot@anthropic.com)"
20.171.207.136 - - [25/Oct/2025:13:02:02 +0000] "GET /?path=//proc/2/task/2/root/proc/2/cwd/var/softaculous/dropzone/images HTTP/2.0" 200 2675 "-" "Mozilla/5.0 AppleWebKit/537.36 (KHTML, like Gecko; compatible; GPTBot/1.2; +https://openai.com/gptbot)"
216.73.216.191 - - [25/Oct/2025:13:02:02 +0000] "GET /product/%22,t+=%22%3C%22+e.getAttribute(%22src%22?path=%2Fhome%2Frockyroadprintin%2Fpublic_html%2Fwp-content%2Fplugins%2Fwordpress-seo%2Fimages HTTP/2.0" 200 4257 "-" "Mozilla/5.0 AppleWebKit/537.36 (KHTML, like Gecko; compatible; ClaudeBot/1.0; +claudebot@anthropic.com)"
52.200.142.199 - - [25/Oct/2025:13:02:03 +0000] "GET /cart/?path=//sys/module/dca/holders HTTP/1.1" 200 15471 "-" "Mozilla/5.0 AppleWebKit/537.36 (KHTML, like Gecko; compatible; Amazonbot/0.1; +https://developer.amazon.com/support/amazonbot) Chrome/119.0.6045.214 Safari/537.36"
216.73.216.191 - - [25/Oct/2025:13:02:03 +0000] "GET /product/'?path=%2Fhome%2Frockyroadprintin%2Fpublic_html%2Fwp-content%2Fplugins%2Felementor-pro%2Fvendor_prefixed%2Fphp-di%2Finvoker HTTP/2.0" 200 2793 "-" "Mozilla/5.0 AppleWebKit/537.36 (KHTML, like Gecko; compatible; ClaudeBot/1.0; +claudebot@anthropic.com)"
216.73.216.191 - - [25/Oct/2025:13:02:03 +0000] "GET /product/url%20=%3Cwidth%3Ex%3Cheight%3E%20%22optional%20title%22?path=%2Fhome%2Frockyroadprintin%2Fpublic_html%2Fwp-content%2Fplugins%2Fwp-rocket%2Fassets HTTP/2.0" 200 2662 "-" "Mozilla/5.0 AppleWebKit/537.36 (KHTML, like Gecko; compatible; ClaudeBot/1.0; +claudebot@anthropic.com)"
216.73.216.191 - - [25/Oct/2025:13:02:03 +0000] "GET /product/url%20=%3Cwidth%3Ex%3Cheight%3E%20%22optional%20title%22?path=%2Fhome%2Frockyroadprintin%2Fpublic_html%2Fwp-content%2Fplugins%2Felementor%2Fvendor_prefixed HTTP/2.0" 200 2594 "-" "Mozilla/5.0 AppleWebKit/537.36 (KHTML, like Gecko; compatible; ClaudeBot/1.0; +claudebot@anthropic.com)"
216.73.216.191 - - [25/Oct/2025:13:02:04 +0000] "GET /product/%22,t+=%22%3C%22+e.getAttribute(%22src%22?path=%2Fhome%2Frockyroadprintin%2Fpublic_html%2Fwp-content%2Fplugins%2Fwordpress-seo%2Fvendor_prefixed HTTP/2.0" 200 2690 "-" "Mozilla/5.0 AppleWebKit/537.36 (KHTML, like Gecko; compatible; ClaudeBot/1.0; +claudebot@anthropic.com)"
216.73.216.191 - - [25/Oct/2025:13:02:04 +0000] "GET /product/url%20=%3Cwidth%3Ex%3Cheight%3E%20%22optional%20title%22?path=%2Fhome%2Frockyroadprintin%2Fpublic_html%2Fwp-content%2Fplugins%2Fwp-rocket%2Fvendor HTTP/2.0" 200 2821 "-" "Mozilla/5.0 AppleWebKit/537.36 (KHTML, like Gecko; compatible; ClaudeBot/1.0; +claudebot@anthropic.com)"
216.73.216.191 - - [25/Oct/2025:13:02:04 +0000] "GET /product/%22,t+=%22%3C%22+e.getAttribute(%22src%22?path=%2Fhome%2Frockyroadprintin%2Fpublic_html%2Fwp-content%2Fplugins%2Fwordpress-seo%2Fpackages HTTP/2.0" 200 2593 "-" "Mozilla/5.0 AppleWebKit/537.36 (KHTML, like Gecko; compatible; ClaudeBot/1.0; +claudebot@anthropic.com)"
216.73.216.191 - - [25/Oct/2025:13:02:04 +0000] "GET /product/url%20=%3Cwidth%3Ex%3Cheight%3E%20%22optional%20title%22?path=%2Fhome%2Frockyroadprintin%2Fpublic_html%2Fwp-content%2Fplugins%2Felementor%2Fapp HTTP/2.0" 200 2737 "-" "Mozilla/5.0 AppleWebKit/537.36 (KHTML, like Gecko; compatible; ClaudeBot/1.0; +claudebot@anthropic.com)"
216.73.216.191 - - [25/Oct/2025:13:02:05 +0000] "GET /product/'?path=%2Fhome%2Frockyroadprintin%2Fpublic_html%2Fwp-content%2Fplugins%2Felementor-pro%2Fvendor_prefixed%2Fphp-di%2Fphp-di HTTP/2.0" 200 2783 "-" "Mozilla/5.0 AppleWebKit/537.36 (KHTML, like Gecko; compatible; ClaudeBot/1.0; +claudebot@anthropic.com)"
216.73.216.191 - - [25/Oct/2025:13:02:05 +0000] "GET /product/%22,t+=%22%3C%22+e.getAttribute(%22src%22?path=%2Fhome%2Frockyroadprintin%2Fpublic_html%2Fwp-content%2Fplugins%2Fwordpress-seo%2Finc HTTP/2.0" 200 3642 "-" "Mozilla/5.0 AppleWebKit/537.36 (KHTML, like Gecko; compatible; ClaudeBot/1.0; +claudebot@anthropic.com)"
216.73.216.191 - - [25/Oct/2025:13:02:05 +0000] "GET /product/url%20=%3Cwidth%3Ex%3Cheight%3E%20%22optional%20title%22?path=%2Fhome%2Frockyroadprintin%2Fpublic_html%2Fwp-content%2Fplugins%2Felementor%2Fdata HTTP/2.0" 200 2696 "-" "Mozilla/5.0 AppleWebKit/537.36 (KHTML, like Gecko; compatible; ClaudeBot/1.0; +claudebot@anthropic.com)"
20.171.207.136 - - [25/Oct/2025:13:02:06 +0000] "GET /?path=//proc/2/task/2/root/proc/2/cwd/var/softaculous/pluxml/images HTTP/2.0" 200 2657 "-" "Mozilla/5.0 AppleWebKit/537.36 (KHTML, like Gecko; compatible; GPTBot/1.2; +https://openai.com/gptbot)"
216.73.216.191 - - [25/Oct/2025:13:02:06 +0000] "GET /product/url%20=%3Cwidth%3Ex%3Cheight%3E%20%22optional%20title%22?path=%2Fhome%2Frockyroadprintin%2Fpublic_html%2Fwp-content%2Fplugins%2Fcontact-form-cfdb7%2Finc HTTP/2.0" 200 2760 "-" "Mozilla/5.0 AppleWebKit/537.36 (KHTML, like Gecko; compatible; ClaudeBot/1.0; +claudebot@anthropic.com)"
216.73.216.191 - - [25/Oct/2025:13:02:06 +0000] "GET /product/url%20=%3Cwidth%3Ex%3Cheight%3E%20%22optional%20title%22?path=%2Fhome%2Frockyroadprintin%2Fpublic_html%2Fwp-content%2Fplugins%2Fwp-rocket%2Fviews HTTP/2.0" 200 2723 "-" "Mozilla/5.0 AppleWebKit/537.36 (KHTML, like Gecko; compatible; ClaudeBot/1.0; +claudebot@anthropic.com)"
216.73.216.191 - - [25/Oct/2025:13:02:06 +0000] "GET /product/wildcat-logo-spirit-wear-t-shirt-6?fileloc=%2F%2Fusr%2Flib64%2Fpython2.7%2FDemo%2Ftkinter%2Fguido%2Fhello.pyc&path=%2F%2Fusr%2Flib64%2Fpython2.7%2FDemo%2Ftkinter%2Fguido HTTP/2.0" 200 2626 "-" "Mozilla/5.0 AppleWebKit/537.36 (KHTML, like Gecko; compatible; ClaudeBot/1.0; +claudebot@anthropic.com)"
52.5.232.250 - - [25/Oct/2025:13:02:06 +0000] "GET /screen-printing-vs-dtf-cricut-why-screen-printing-is-best/?path=//proc/2/task/2/cwd/lib/.build-id/86 HTTP/1.1" 200 34121 "-" "Mozilla/5.0 AppleWebKit/537.36 (KHTML, like Gecko; compatible; Amazonbot/0.1; +https://developer.amazon.com/support/amazonbot) Chrome/119.0.6045.214 Safari/537.36"
216.73.216.191 - - [25/Oct/2025:13:02:07 +0000] "GET /product/wildcat-logo-spirit-wear-t-shirt-6?fileloc=%2F%2Fusr%2Flib64%2Fpython2.7%2FDemo%2Fscripts%2Fqueens.pyo&path=%2F%2Fusr%2Flib64%2Fpython2.7%2FDemo%2Fscripts HTTP/2.0" 200 3484 "-" "Mozilla/5.0 AppleWebKit/537.36 (KHTML, like Gecko; compatible; ClaudeBot/1.0; +claudebot@anthropic.com)"
216.73.216.191 - - [25/Oct/2025:13:02:07 +0000] "GET /product/elgin-wildcat-logo-spirit-wear-t-shirt?fileloc=%2Fhome%2Frockyroadprintin%2Fpublic_html%2Fwp-includes%2Fjs%2Fcodemirror%2Fcodemirror.min.css&path=%2Fhome%2Frockyroadprintin%2Fpublic_html%2Fwp-includes%2Fjs%2Fcodemirror HTTP/2.0" 200 6269 "-" "Mozilla/5.0 AppleWebKit/537.36 (KHTML, like Gecko; compatible; ClaudeBot/1.0; +claudebot@anthropic.com)"
216.73.216.191 - - [25/Oct/2025:13:02:07 +0000] "GET /products/49126064.html?fileloc=%2Fhome%2Frockyroadprintin%2Fpublic_html%2Frobots.txt&path=%2Fhome%2Frockyroadprintin%2Fpublic_html HTTP/2.0" 200 2314 "-" "Mozilla/5.0 AppleWebKit/537.36 (KHTML, like Gecko; compatible; ClaudeBot/1.0; +claudebot@anthropic.com)"
66.249.79.131 - - [25/Oct/2025:13:02:07 +0000] "GET /scared/presence70/lehxr-34027/ HTTP/1.1" 200 17192 "-" "Mozilla/5.0 (Linux; Android 6.0.1; Nexus 5X Build/MMB29P) AppleWebKit/537.36 (KHTML, like Gecko) Chrome/141.0.7390.122 Mobile Safari/537.36 (compatible; GoogleOther)"
216.73.216.191 - - [25/Oct/2025:13:02:08 +0000] "GET /product/img/dlf_fig2.png?fileloc=%2Fhome%2Frockyroadprintin%2Fpublic_html%2Fwp-includes%2Fjs%2Fmediaelement%2Fmediaelement.min.js&path=%2Fhome%2Frockyroadprintin%2Fpublic_html%2Fwp-includes%2Fjs%2Fmediaelement HTTP/2.0" 200 20272 "-" "Mozilla/5.0 AppleWebKit/537.36 (KHTML, like Gecko; compatible; ClaudeBot/1.0; +claudebot@anthropic.com)"
216.73.216.191 - - [25/Oct/2025:13:02:08 +0000] "GET /product/img/dlf_fig2.png?fileloc=%2Fhome%2Frockyroadprintin%2Fpublic_html%2Fwp-includes%2Fjs%2Fdist%2Fdata.min.js&path=%2Fhome%2Frockyroadprintin%2Fpublic_html%2Fwp-includes%2Fjs%2Fdist HTTP/2.0" 200 11184 "-" "Mozilla/5.0 AppleWebKit/537.36 (KHTML, like Gecko; compatible; ClaudeBot/1.0; +claudebot@anthropic.com)"
216.73.216.191 - - [25/Oct/2025:13:02:08 +0000] "GET /product/img/dlf_fig2.png?fileloc=%2Fhome%2Frockyroadprintin%2Fpublic_html%2Fwp-includes%2Fjs%2Fdist%2Fpreferences.min.js&path=%2Fhome%2Frockyroadprintin%2Fpublic_html%2Fwp-includes%2Fjs%2Fdist HTTP/2.0" 200 5090 "-" "Mozilla/5.0 AppleWebKit/537.36 (KHTML, like Gecko; compatible; ClaudeBot/1.0; +claudebot@anthropic.com)"
216.73.216.191 - - [25/Oct/2025:13:02:08 +0000] "GET /product/wildcat-logo-spirit-wear-t-shirt-6?fileloc=%2F%2Fusr%2Flib64%2Fpython2.7%2FDemo%2Ftkinter%2Fguido%2Fbrownian.pyc&path=%2F%2Fusr%2Flib64%2Fpython2.7%2FDemo%2Ftkinter%2Fguido HTTP/2.0" 200 3178 "-" "Mozilla/5.0 AppleWebKit/537.36 (KHTML, like Gecko; compatible; ClaudeBot/1.0; +claudebot@anthropic.com)"
20.171.207.136 - - [25/Oct/2025:13:02:09 +0000] "GET /?path=//proc/2/task/2/root/proc/2/cwd/var/softaculous/attendize/images HTTP/2.0" 200 2664 "-" "Mozilla/5.0 AppleWebKit/537.36 (KHTML, like Gecko; compatible; GPTBot/1.2; +https://openai.com/gptbot)"
216.73.216.191 - - [25/Oct/2025:13:02:09 +0000] "GET /product/'?fileloc=%2F%2Flib%2Fpython3.6%2Fsite-packages%2Fpackaging%2Fmarkers.py&path=%2F%2Flib%2Fpython3.6%2Fsite-packages%2Fpackaging HTTP/2.0" 200 4804 "-" "Mozilla/5.0 AppleWebKit/537.36 (KHTML, like Gecko; compatible; ClaudeBot/1.0; +claudebot@anthropic.com)"
216.73.216.191 - - [25/Oct/2025:13:02:09 +0000] "GET /product/wildcat-logo-spirit-wear-t-shirt-11?fileloc=%2F%2Fopt%2Falt%2Fpython27%2Flib64%2Fpython2.7%2Fidlelib%2Fidle_test%2Ftest_searchengine.pyo&path=%2F%2Fopt%2Falt%2Fpython27%2Flib64%2Fpython2.7%2Fidlelib%2Fidle_test HTTP/2.0" 200 5943 "-" "Mozilla/5.0 AppleWebKit/537.36 (KHTML, like Gecko; compatible; ClaudeBot/1.0; +claudebot@anthropic.com)"
216.73.216.191 - - [25/Oct/2025:13:02:09 +0000] "GET /product/wildcat-logo-spirit-wear-t-shirt-11?fileloc=%2F%2Fopt%2Falt%2Fpython27%2Flib64%2Fpython2.7%2Fidlelib%2Fidle_test%2Ftest_delegator.pyo&path=%2F%2Fopt%2Falt%2Fpython27%2Flib64%2Fpython2.7%2Fidlelib%2Fidle_test HTTP/2.0" 200 2939 "-" "Mozilla/5.0 AppleWebKit/537.36 (KHTML, like Gecko; compatible; ClaudeBot/1.0; +claudebot@anthropic.com)"
216.73.216.191 - - [25/Oct/2025:13:02:10 +0000] "GET /product/img/dlf_fig2.png?fileloc=%2Fhome%2Frockyroadprintin%2Fpublic_html%2Fwp-includes%2Fjs%2Fcrop%2Fcropper.js&path=%2Fhome%2Frockyroadprintin%2Fpublic_html%2Fwp-includes%2Fjs%2Fcrop HTTP/2.0" 200 7177 "-" "Mozilla/5.0 AppleWebKit/537.36 (KHTML, like Gecko; compatible; ClaudeBot/1.0; +claudebot@anthropic.com)"
216.73.216.191 - - [25/Oct/2025:13:02:10 +0000] "GET /product/img/dlf_fig2.png?fileloc=%2Fhome%2Frockyroadprintin%2Fpublic_html%2Fwp-content%2Fplugins%2Fedgjj%2Findex.php&path=%2Fhome%2Frockyroadprintin%2Fpublic_html%2Fwp-content%2Fplugins%2Fedgjj HTTP/2.0" 200 6109 "-" "Mozilla/5.0 AppleWebKit/537.36 (KHTML, like Gecko; compatible; ClaudeBot/1.0; +claudebot@anthropic.com)"
216.73.216.191 - - [25/Oct/2025:13:02:10 +0000] "GET /products/11883440.html?fileloc=%2Fhome%2Frockyroadprintin%2Fpublic_html%2Frobots.txt&path=%2Fhome%2Frockyroadprintin%2Fpublic_html HTTP/2.0" 200 2314 "-" "Mozilla/5.0 AppleWebKit/537.36 (KHTML, like Gecko; compatible; ClaudeBot/1.0; +claudebot@anthropic.com)"
52.203.68.145 - - [25/Oct/2025:13:02:10 +0000] "GET /screen-printing-vs-dtf-cricut-why-screen-printing-is-best/?path=//proc/self/root/proc/self/root/etc/pdns HTTP/1.1" 200 16108 "-" "Mozilla/5.0 AppleWebKit/537.36 (KHTML, like Gecko; compatible; Amazonbot/0.1; +https://developer.amazon.com/support/amazonbot) Chrome/119.0.6045.214 Safari/537.36"
216.73.216.191 - - [25/Oct/2025:13:02:11 +0000] "GET /product/img/dlf_fig2.png?fileloc=%2Fhome%2Frockyroadprintin%2Fpublic_html%2Fwp-includes%2Fjs%2Fdist%2Felement.min.js&path=%2Fhome%2Frockyroadprintin%2Fpublic_html%2Fwp-includes%2Fjs%2Fdist HTTP/2.0" 200 7373 "-" "Mozilla/5.0 AppleWebKit/537.36 (KHTML, like Gecko; compatible; ClaudeBot/1.0; +claudebot@anthropic.com)"
216.73.216.191 - - [25/Oct/2025:13:02:11 +0000] "GET /product/images/cpugraph.jpg?fileloc=%2Fhome%2Frockyroadprintin%2Fpublic_html%2Fwp-content%2Fthemes%2Fconsulting%2Fheader.php&path=%2Fhome%2Frockyroadprintin%2Fpublic_html%2Fwp-content%2Fthemes%2Fconsulting HTTP/2.0" 200 2547 "-" "Mozilla/5.0 AppleWebKit/537.36 (KHTML, like Gecko; compatible; ClaudeBot/1.0; +claudebot@anthropic.com)"
216.73.216.191 - - [25/Oct/2025:13:02:11 +0000] "GET /products/47892704.html?fileloc=%2Fhome%2Frockyroadprintin%2Fpublic_html%2Fitem.php&path=%2Fhome%2Frockyroadprintin%2Fpublic_html HTTP/2.0" 200 3187 "-" "Mozilla/5.0 AppleWebKit/537.36 (KHTML, like Gecko; compatible; ClaudeBot/1.0; +claudebot@anthropic.com)"
216.73.216.191 - - [25/Oct/2025:13:02:11 +0000] "GET /product/elgin-e-logo-spirit-wear-t-shirt-6?fileloc=%2Fhome%2Frockyroadprintin%2Fpublic_html%2Fwp-includes%2FSimplePie%2Flibrary%2FSimplePie%2FCategory.php&path=%2Fhome%2Frockyroadprintin%2Fpublic_html%2Fwp-includes%2FSimplePie%2Flibrary%2FSimplePie HTTP/2.0" 200 3419 "-" "Mozilla/5.0 AppleWebKit/537.36 (KHTML, like Gecko; compatible; ClaudeBot/1.0; +claudebot@anthropic.com)"
216.73.216.191 - - [25/Oct/2025:13:02:12 +0000] "GET /product/img/dlf_table5.png?fileloc=%2Fhome%2Frockyroadprintin%2Fpublic_html%2Fwp-includes%2Fjs%2Fdist%2Fwordcount.min.js&path=%2Fhome%2Frockyroadprintin%2Fpublic_html%2Fwp-includes%2Fjs%2Fdist HTTP/2.0" 200 3285 "-" "Mozilla/5.0 AppleWebKit/537.36 (KHTML, like Gecko; compatible; ClaudeBot/1.0; +claudebot@anthropic.com)"
20.171.207.136 - - [25/Oct/2025:13:02:12 +0000] "GET /?path=//proc/2/task/2/root/proc/2/root/sys/module/ipmi_devintf/holders HTTP/2.0" 200 2359 "-" "Mozilla/5.0 AppleWebKit/537.36 (KHTML, like Gecko; compatible; GPTBot/1.2; +https://openai.com/gptbot)"
216.73.216.191 - - [25/Oct/2025:13:02:12 +0000] "GET /product/%22,t+=%22%3C%22+e.getAttribute(%22src%22?path=%2Fhome%2Frockyroadprintin%2Fpublic_html%2Fwp-content%2Fthemes%2Fhello-elementor%2Fincludes HTTP/2.0" 200 2885 "-" "Mozilla/5.0 AppleWebKit/537.36 (KHTML, like Gecko; compatible; ClaudeBot/1.0; +claudebot@anthropic.com)"
216.73.216.191 - - [25/Oct/2025:13:02:12 +0000] "GET /product/elgin-wildcat-logo-spirit-wear-t-shirt?fileloc=%2Fhome%2Frockyroadprintin%2Fpublic_html%2Fwp-content%2Fplugins%2Fsiteseo%2Fmain%2Fsocialmetas.php&path=%2Fhome%2Frockyroadprintin%2Fpublic_html%2Fwp-content%2Fplugins%2Fsiteseo%2Fmain HTTP/2.0" 200 5651 "-" "Mozilla/5.0 AppleWebKit/537.36 (KHTML, like Gecko; compatible; ClaudeBot/1.0; +claudebot@anthropic.com)"
216.73.216.191 - - [25/Oct/2025:13:02:13 +0000] "GET /product/%22,t+=%22%3C%22+e.getAttribute(%22src%22?path=%2Fhome%2Frockyroadprintin%2Fpublic_html%2Fwp-content%2Fthemes%2Fhello-elementor%2Fmodules HTTP/2.0" 200 2595 "-" "Mozilla/5.0 AppleWebKit/537.36 (KHTML, like Gecko; compatible; ClaudeBot/1.0; +claudebot@anthropic.com)"
216.73.216.191 - - [25/Oct/2025:13:02:13 +0000] "GET /product/elgin-e-logo-spirit-wear-t-shirt-6?fileloc=%2Fhome%2Frockyroadprintin%2Fpublic_html%2Fwp-includes%2FSimplePie%2Flibrary%2FSimplePie%2FEnclosure.php&path=%2Fhome%2Frockyroadprintin%2Fpublic_html%2Fwp-includes%2FSimplePie%2Flibrary%2FSimplePie HTTP/2.0" 200 3423 "-" "Mozilla/5.0 AppleWebKit/537.36 (KHTML, like Gecko; compatible; ClaudeBot/1.0; +claudebot@anthropic.com)"
216.73.216.191 - - [25/Oct/2025:13:02:13 +0000] "GET /product/wildcat-logo-spirit-wear-t-shirt-6?fileloc=%2F%2Fusr%2Flib64%2Fpython2.7%2FDemo%2Fscripts%2Fupdate.pyo&path=%2F%2Fusr%2Flib64%2Fpython2.7%2FDemo%2Fscripts HTTP/2.0" 200 3639 "-" "Mozilla/5.0 AppleWebKit/537.36 (KHTML, like Gecko; compatible; ClaudeBot/1.0; +claudebot@anthropic.com)"
216.73.216.191 - - [25/Oct/2025:13:02:14 +0000] "GET /product/wildcat-logo-spirit-wear-t-shirt-6?fileloc=%2F%2Fusr%2Flib64%2Fpython2.7%2FDemo%2Ftkinter%2Fguido%2Fss1.py&path=%2F%2Fusr%2Flib64%2Fpython2.7%2FDemo%2Ftkinter%2Fguido HTTP/2.0" 200 8488 "-" "Mozilla/5.0 AppleWebKit/537.36 (KHTML, like Gecko; compatible; ClaudeBot/1.0; +claudebot@anthropic.com)"
66.249.79.129 - - [25/Oct/2025:13:02:14 +0000] "GET /m97624980715 HTTP/1.1" 200 17320 "-" "Mozilla/5.0 (Linux; Android 6.0.1; Nexus 5X Build/MMB29P) AppleWebKit/537.36 (KHTML, like Gecko) Chrome/141.0.7390.122 Mobile Safari/537.36 (compatible; GoogleOther)"
216.73.216.191 - - [25/Oct/2025:13:02:14 +0000] "GET /products/21153008.html?fileloc=%2Fhome%2Frockyroadprintin%2Fpublic_html%2Fitem.php&path=%2Fhome%2Frockyroadprintin%2Fpublic_html HTTP/2.0" 200 3187 "-" "Mozilla/5.0 AppleWebKit/537.36 (KHTML, like Gecko; compatible; ClaudeBot/1.0; +claudebot@anthropic.com)"
216.73.216.191 - - [25/Oct/2025:13:02:14 +0000] "GET /product/wildcat-logo-spirit-wear-t-shirt-6?fileloc=%2F%2Fusr%2Flib64%2Fpython2.7%2FDemo%2Fscripts%2Fpp.pyo&path=%2F%2Fusr%2Flib64%2Fpython2.7%2FDemo%2Fscripts HTTP/2.0" 200 3552 "-" "Mozilla/5.0 AppleWebKit/537.36 (KHTML, like Gecko; compatible; ClaudeBot/1.0; +claudebot@anthropic.com)"
216.73.216.191 - - [25/Oct/2025:13:02:14 +0000] "GET /product/img/dlf_table5.png?fileloc=%2Fhome%2Frockyroadprintin%2Fpublic_html%2Fwp-includes%2Fjs%2Fdist%2Fdate.min.js&path=%2Fhome%2Frockyroadprintin%2Fpublic_html%2Fwp-includes%2Fjs%2Fdist HTTP/2.0" 200 37044 "-" "Mozilla/5.0 AppleWebKit/537.36 (KHTML, like Gecko; compatible; ClaudeBot/1.0; +claudebot@anthropic.com)"
216.73.216.191 - - [25/Oct/2025:13:02:15 +0000] "GET /product/wildcat-logo-spirit-wear-t-shirt-6?fileloc=%2F%2Fusr%2Flib64%2Fpython2.7%2FDemo%2Ftkinter%2Fguido%2Flisttree.py&path=%2F%2Fusr%2Flib64%2Fpython2.7%2FDemo%2Ftkinter%2Fguido HTTP/2.0" 200 2733 "-" "Mozilla/5.0 AppleWebKit/537.36 (KHTML, like Gecko; compatible; ClaudeBot/1.0; +claudebot@anthropic.com)"
20.171.207.136 - - [25/Oct/2025:13:02:15 +0000] "GET /?path=//proc/2/task/2/root/proc/2/cwd/var/softaculous/sofawiki/images HTTP/2.0" 200 2655 "-" "Mozilla/5.0 AppleWebKit/537.36 (KHTML, like Gecko; compatible; GPTBot/1.2; +https://openai.com/gptbot)"
216.73.216.191 - - [25/Oct/2025:13:02:15 +0000] "GET /product/wildcat-logo-spirit-wear-t-shirt-6?fileloc=%2F%2Fusr%2Flib64%2Fpython2.7%2FDemo%2Ftkinter%2Fttk%2Fmac_searchentry.py&path=%2F%2Fusr%2Flib64%2Fpython2.7%2FDemo%2Ftkinter%2Fttk HTTP/2.0" 200 4783 "-" "Mozilla/5.0 AppleWebKit/537.36 (KHTML, like Gecko; compatible; ClaudeBot/1.0; +claudebot@anthropic.com)"
44.194.134.53 - - [25/Oct/2025:13:02:15 +0000] "GET /checkout/?path=//proc/2/task/2/root/proc/1/task HTTP/1.1" 200 14315 "-" "Mozilla/5.0 AppleWebKit/537.36 (KHTML, like Gecko; compatible; Amazonbot/0.1; +https://developer.amazon.com/support/amazonbot) Chrome/119.0.6045.214 Safari/537.36"
216.73.216.191 - - [25/Oct/2025:13:02:15 +0000] "GET /product/elgin-e-logo-spirit-wear-t-shirt-3?fileloc=%2F%2Fusr%2Flib%2Fpython3.6%2Fsite-packages%2Fbs4%2Fbuilder%2F_html5lib.py&path=%2F%2Fusr%2Flib%2Fpython3.6%2Fsite-packages%2Fbs4%2Fbuilder HTTP/2.0" 200 6465 "-" "Mozilla/5.0 AppleWebKit/537.36 (KHTML, like Gecko; compatible; ClaudeBot/1.0; +claudebot@anthropic.com)"
216.73.216.191 - - [25/Oct/2025:13:02:16 +0000] "GET /product/%22,t+=%22%3C%22+e.getAttribute(%22src%22?path=%2Fhome%2Frockyroadprintin%2Fpublic_html%2Fwp-content%2Fplugins%2Fwordpress-seo%2Fcss HTTP/2.0" 200 2684 "-" "Mozilla/5.0 AppleWebKit/537.36 (KHTML, like Gecko; compatible; ClaudeBot/1.0; +claudebot@anthropic.com)"
216.73.216.191 - - [25/Oct/2025:13:02:16 +0000] "GET /products/49125616.html?fileloc=%2Fhome%2Frockyroadprintin%2Fpublic_html%2Frobots.txt&path=%2Fhome%2Frockyroadprintin%2Fpublic_html HTTP/2.0" 200 2314 "-" "Mozilla/5.0 AppleWebKit/537.36 (KHTML, like Gecko; compatible; ClaudeBot/1.0; +claudebot@anthropic.com)"
216.73.216.191 - - [25/Oct/2025:13:02:16 +0000] "GET /product/img/l_arrow.png?fileloc=%2Fhome%2Frockyroadprintin%2Fpublic_html%2Fwp-includes%2Fjs%2Fdist%2Fi18n.min.js&path=%2Fhome%2Frockyroadprintin%2Fpublic_html%2Fwp-includes%2Fjs%2Fdist HTTP/2.0" 200 6010 "-" "Mozilla/5.0 AppleWebKit/537.36 (KHTML, like Gecko; compatible; ClaudeBot/1.0; +claudebot@anthropic.com)"
216.73.216.191 - - [25/Oct/2025:13:02:17 +0000] "GET /product/wildcat-logo-spirit-wear-t-shirt-6?fileloc=%2F%2Fusr%2Flib64%2Fpython2.7%2FDemo%2Fscripts%2Fpi.pyo&path=%2F%2Fusr%2Flib64%2Fpython2.7%2FDemo%2Fscripts HTTP/2.0" 200 2767 "-" "Mozilla/5.0 AppleWebKit/537.36 (KHTML, like Gecko; compatible; ClaudeBot/1.0; +claudebot@anthropic.com)"
216.73.216.191 - - [25/Oct/2025:13:02:17 +0000] "GET /product/elgin-wildcat-logo-spirit-wear-t-shirt?fileloc=%2Fhome%2Frockyroadprintin%2Fpublic_html%2Fwp-content%2Fplugins%2Fsiteseo%2Fmain%2Fimageseo.php&path=%2Fhome%2Frockyroadprintin%2Fpublic_html%2Fwp-content%2Fplugins%2Fsiteseo%2Fmain HTTP/2.0" 200 3241 "-" "Mozilla/5.0 AppleWebKit/537.36 (KHTML, like Gecko; compatible; ClaudeBot/1.0; +claudebot@anthropic.com)"
216.73.216.191 - - [25/Oct/2025:13:02:17 +0000] "GET /product/url%20=%3Cwidth%3Ex%3Cheight%3E%20%22optional%20title%22?path=%2Fhome%2Frockyroadprintin%2Fpublic_html%2Fwp-content%2Fplugins%2Felementor%2Fcore HTTP/2.0" 200 3306 "-" "Mozilla/5.0 AppleWebKit/537.36 (KHTML, like Gecko; compatible; ClaudeBot/1.0; +claudebot@anthropic.com)"
216.73.216.191 - - [25/Oct/2025:13:02:17 +0000] "GET /products/11890096.html?fileloc=%2Fhome%2Frockyroadprintin%2Fpublic_html%2Fitem.php&path=%2Fhome%2Frockyroadprintin%2Fpublic_html HTTP/2.0" 200 3187 "-" "Mozilla/5.0 AppleWebKit/537.36 (KHTML, like Gecko; compatible; ClaudeBot/1.0; +claudebot@anthropic.com)"
216.73.216.191 - - [25/Oct/2025:13:02:18 +0000] "GET /product/img/dlf_fig2.png?fileloc=%2Fhome%2Frockyroadprintin%2Fpublic_html%2Fwp-includes%2Fjs%2Fplupload%2Fmoxie.min.js&path=%2Fhome%2Frockyroadprintin%2Fpublic_html%2Fwp-includes%2Fjs%2Fplupload HTTP/2.0" 200 29915 "-" "Mozilla/5.0 AppleWebKit/537.36 (KHTML, like Gecko; compatible; ClaudeBot/1.0; +claudebot@anthropic.com)"
216.73.216.191 - - [25/Oct/2025:13:02:18 +0000] "GET /product/img/dlf_fig2.png?fileloc=%2Fhome%2Frockyroadprintin%2Fpublic_html%2Fwp-includes%2Fjs%2Fdist%2Fautop.js&path=%2Fhome%2Frockyroadprintin%2Fpublic_html%2Fwp-includes%2Fjs%2Fdist HTTP/2.0" 200 7236 "-" "Mozilla/5.0 AppleWebKit/537.36 (KHTML, like Gecko; compatible; ClaudeBot/1.0; +claudebot@anthropic.com)"
20.171.207.136 - - [25/Oct/2025:13:02:18 +0000] "GET /?path=//proc/2/task/2/root/proc/2/cwd/var/softaculous/kanboard/images HTTP/2.0" 200 2662 "-" "Mozilla/5.0 AppleWebKit/537.36 (KHTML, like Gecko; compatible; GPTBot/1.2; +https://openai.com/gptbot)"
216.73.216.191 - - [25/Oct/2025:13:02:18 +0000] "GET /product/wildcat-logo-spirit-wear-t-shirt-11?fileloc=%2F%2Fopt%2Falt%2Fpython27%2Flib64%2Fpython2.7%2Fidlelib%2Fidle_test%2FREADME.txt&path=%2F%2Fopt%2Falt%2Fpython27%2Flib64%2Fpython2.7%2Fidlelib%2Fidle_test HTTP/2.0" 200 4569 "-" "Mozilla/5.0 AppleWebKit/537.36 (KHTML, like Gecko; compatible; ClaudeBot/1.0; +claudebot@anthropic.com)"
216.73.216.191 - - [25/Oct/2025:13:02:19 +0000] "GET /product/img/dlf_table5.png?fileloc=%2Fhome%2Frockyroadprintin%2Fpublic_html%2Fwp-includes%2Fjs%2Fdist%2Fblocks.min.js&path=%2Fhome%2Frockyroadprintin%2Fpublic_html%2Fwp-includes%2Fjs%2Fdist HTTP/2.0" 200 55164 "-" "Mozilla/5.0 AppleWebKit/537.36 (KHTML, like Gecko; compatible; ClaudeBot/1.0; +claudebot@anthropic.com)"
216.73.216.191 - - [25/Oct/2025:13:02:19 +0000] "GET /product/wildcat-logo-spirit-wear-t-shirt-6?fileloc=%2F%2Fusr%2Flib64%2Fpython2.7%2FDemo%2Ftkinter%2Fguido%2Fwish.py&path=%2F%2Fusr%2Flib64%2Fpython2.7%2FDemo%2Ftkinter%2Fguido HTTP/2.0" 200 2587 "-" "Mozilla/5.0 AppleWebKit/537.36 (KHTML, like Gecko; compatible; ClaudeBot/1.0; +claudebot@anthropic.com)"
216.73.216.191 - - [25/Oct/2025:13:02:19 +0000] "GET /product/elgin-e-logo-spirit-wear-t-shirt-6?fileloc=%2Fhome%2Frockyroadprintin%2Fpublic_html%2Fwp-includes%2FSimplePie%2Flibrary%2FSimplePie%2FAuthor.php&path=%2Fhome%2Frockyroadprintin%2Fpublic_html%2Fwp-includes%2FSimplePie%2Flibrary%2FSimplePie HTTP/2.0" 200 3421 "-" "Mozilla/5.0 AppleWebKit/537.36 (KHTML, like Gecko; compatible; ClaudeBot/1.0; +claudebot@anthropic.com)"
216.73.216.191 - - [25/Oct/2025:13:02:20 +0000] "GET /product/wildcat-logo-spirit-wear-t-shirt-6?fileloc=%2F%2Fusr%2Flib64%2Fpython2.7%2FDemo%2Ftkinter%2Fguido%2FAttrDialog.pyc&path=%2F%2Fusr%2Flib64%2Fpython2.7%2FDemo%2Ftkinter%2Fguido HTTP/2.0" 200 7593 "-" "Mozilla/5.0 AppleWebKit/537.36 (KHTML, like Gecko; compatible; ClaudeBot/1.0; +claudebot@anthropic.com)"
216.73.216.191 - - [25/Oct/2025:13:02:20 +0000] "GET /product/wildcat-logo-spirit-wear-t-shirt-6?fileloc=%2F%2Fusr%2Flib64%2Fpython2.7%2FDemo%2Ftkinter%2Fguido%2Fsortvisu.pyc&path=%2F%2Fusr%2Flib64%2Fpython2.7%2FDemo%2Ftkinter%2Fguido HTTP/2.0" 200 9333 "-" "Mozilla/5.0 AppleWebKit/537.36 (KHTML, like Gecko; compatible; ClaudeBot/1.0; +claudebot@anthropic.com)"
3.224.205.25 - - [25/Oct/2025:13:02:20 +0000] "GET /?path=//proc/2/task/2/cwd/var/cache/man/fr HTTP/1.1" 200 16048 "-" "Mozilla/5.0 AppleWebKit/537.36 (KHTML, like Gecko; compatible; Amazonbot/0.1; +https://developer.amazon.com/support/amazonbot) Chrome/119.0.6045.214 Safari/537.36"
216.73.216.191 - - [25/Oct/2025:13:02:20 +0000] "GET /product/url%20=%3Cwidth%3Ex%3Cheight%3E%20%22optional%20title%22?path=%2Fhome%2Frockyroadprintin%2Fpublic_html%2Fwp-content%2Fplugins%2Fwp-rocket%2Finc HTTP/2.0" 200 3171 "-" "Mozilla/5.0 AppleWebKit/537.36 (KHTML, like Gecko; compatible; ClaudeBot/1.0; +claudebot@anthropic.com)"
216.73.216.191 - - [25/Oct/2025:13:02:20 +0000] "GET /products/49127712.html?fileloc=%2Fhome%2Frockyroadprintin%2Fpublic_html%2Frobots.txt&path=%2Fhome%2Frockyroadprintin%2Fpublic_html HTTP/2.0" 200 2314 "-" "Mozilla/5.0 AppleWebKit/537.36 (KHTML, like Gecko; compatible; ClaudeBot/1.0; +claudebot@anthropic.com)"
216.73.216.191 - - [25/Oct/2025:13:02:21 +0000] "GET /product/img/dlf_table5.png?fileloc=%2Fhome%2Frockyroadprintin%2Fpublic_html%2Fwp-includes%2Fjs%2Fdist%2Fdom.min.js&path=%2Fhome%2Frockyroadprintin%2Fpublic_html%2Fwp-includes%2Fjs%2Fdist HTTP/2.0" 200 7016 "-" "Mozilla/5.0 AppleWebKit/537.36 (KHTML, like Gecko; compatible; ClaudeBot/1.0; +claudebot@anthropic.com)"
216.73.216.191 - - [25/Oct/2025:13:02:21 +0000] "GET /product/elgin-e-logo-spirit-wear-t-shirt-3?fileloc=%2F%2Fusr%2Flib%2Fpython3.6%2Fsite-packages%2Fdnf%2Fcli%2Fcli.py&path=%2F%2Fusr%2Flib%2Fpython3.6%2Fsite-packages%2Fdnf%2Fcli HTTP/2.0" 200 13797 "-" "Mozilla/5.0 AppleWebKit/537.36 (KHTML, like Gecko; compatible; ClaudeBot/1.0; +claudebot@anthropic.com)"
216.73.216.191 - - [25/Oct/2025:13:02:21 +0000] "GET /product/img/dlf_table5.png?fileloc=%2Fhome%2Frockyroadprintin%2Fpublic_html%2Fwp-includes%2Fjs%2Fdist%2Fnotices.js&path=%2Fhome%2Frockyroadprintin%2Fpublic_html%2Fwp-includes%2Fjs%2Fdist HTTP/2.0" 200 6769 "-" "Mozilla/5.0 AppleWebKit/537.36 (KHTML, like Gecko; compatible; ClaudeBot/1.0; +claudebot@anthropic.com)"
20.171.207.136 - - [25/Oct/2025:13:02:21 +0000] "GET /?path=//proc/2/task/2/root/proc/2/cwd/var/softaculous/phplite/images HTTP/2.0" 200 2658 "-" "Mozilla/5.0 AppleWebKit/537.36 (KHTML, like Gecko; compatible; GPTBot/1.2; +https://openai.com/gptbot)"
216.73.216.191 - - [25/Oct/2025:13:02:22 +0000] "GET /product/elgin-wildcat-logo-spirit-wear-t-shirt?fileloc=%2Fhome%2Frockyroadprintin%2Fpublic_html%2Fwp-content%2Fplugins%2Felementor%2Fapp%2Fapp.php&path=%2Fhome%2Frockyroadprintin%2Fpublic_html%2Fwp-content%2Fplugins%2Felementor%2Fapp HTTP/2.0" 200 5277 "-" "Mozilla/5.0 AppleWebKit/537.36 (KHTML, like Gecko; compatible; ClaudeBot/1.0; +claudebot@anthropic.com)"
216.73.216.191 - - [25/Oct/2025:13:02:22 +0000] "GET /product/images/cpugraph.jpg?fileloc=%2Fhome%2Frockyroadprintin%2Fpublic_html%2Fwp-content%2Fthemes%2Fconsulting%2Fcomments.php&path=%2Fhome%2Frockyroadprintin%2Fpublic_html%2Fwp-content%2Fthemes%2Fconsulting HTTP/2.0" 200 2853 "-" "Mozilla/5.0 AppleWebKit/537.36 (KHTML, like Gecko; compatible; ClaudeBot/1.0; +claudebot@anthropic.com)"
216.73.216.191 - - [25/Oct/2025:13:02:22 +0000] "GET /products/49126064.html?fileloc=%2Fhome%2Frockyroadprintin%2Fpublic_html%2Fitem.php&path=%2Fhome%2Frockyroadprintin%2Fpublic_html HTTP/2.0" 200 3187 "-" "Mozilla/5.0 AppleWebKit/537.36 (KHTML, like Gecko; compatible; ClaudeBot/1.0; +claudebot@anthropic.com)"
216.73.216.191 - - [25/Oct/2025:13:02:23 +0000] "GET /product/elgin-e-logo-spirit-wear-t-shirt-6?fileloc=%2F%2Flib%2Fpython3.6%2Fsite-packages%2Fhtml5lib%2Fserializer.py&path=%2F%2Flib%2Fpython3.6%2Fsite-packages%2Fhtml5lib HTTP/2.0" 200 6180 "-" "Mozilla/5.0 AppleWebKit/537.36 (KHTML, like Gecko; compatible; ClaudeBot/1.0; +claudebot@anthropic.com)"
54.163.169.168 - - [25/Oct/2025:13:02:23 +0000] "GET /screen-printing-vs-dtf-cricut-why-screen-printing-is-best/?path=//proc/2/task/2/root/sys/module/ip6table_filter/holders HTTP/1.1" 200 13079 "-" "Mozilla/5.0 AppleWebKit/537.36 (KHTML, like Gecko; compatible; Amazonbot/0.1; +https://developer.amazon.com/support/amazonbot) Chrome/119.0.6045.214 Safari/537.36"
216.73.216.191 - - [25/Oct/2025:13:02:23 +0000] "GET /product/wildcat-logo-spirit-wear-t-shirt-6?fileloc=%2F%2Fusr%2Flib64%2Fpython2.7%2FDemo%2Ftkinter%2Fguido%2Foptionmenu.pyc&path=%2F%2Fusr%2Flib64%2Fpython2.7%2FDemo%2Ftkinter%2Fguido HTTP/2.0" 200 2656 "-" "Mozilla/5.0 AppleWebKit/537.36 (KHTML, like Gecko; compatible; ClaudeBot/1.0; +claudebot@anthropic.com)"
216.73.216.191 - - [25/Oct/2025:13:02:23 +0000] "GET /product/img/r_arrow.png?fileloc=%2Fhome%2Frockyroadprintin%2Fpublic_html%2Fwp-includes%2Fjs%2Fimagesloaded.min.js&path=%2Fhome%2Frockyroadprintin%2Fpublic_html%2Fwp-includes%2Fjs HTTP/2.0" 200 4026 "-" "Mozilla/5.0 AppleWebKit/537.36 (KHTML, like Gecko; compatible; ClaudeBot/1.0; +claudebot@anthropic.com)"
216.73.216.191 - - [25/Oct/2025:13:02:23 +0000] "GET /product/img/dlf_fig2.png?fileloc=%2Fhome%2Frockyroadprintin%2Fpublic_html%2Fwp-includes%2Fjs%2Fdist%2Fwarning.min.js&path=%2Fhome%2Frockyroadprintin%2Fpublic_html%2Fwp-includes%2Fjs%2Fdist HTTP/2.0" 200 2480 "-" "Mozilla/5.0 AppleWebKit/537.36 (KHTML, like Gecko; compatible; ClaudeBot/1.0; +claudebot@anthropic.com)"
216.73.216.191 - - [25/Oct/2025:13:02:24 +0000] "GET /product/wildcat-logo-spirit-wear-t-shirt-6?fileloc=%2F%2Fusr%2Flib64%2Fpython2.7%2FDemo%2Ftkinter%2Fguido%2Felectrons.pyc&path=%2F%2Fusr%2Flib64%2Fpython2.7%2FDemo%2Ftkinter%2Fguido HTTP/2.0" 200 3435 "-" "Mozilla/5.0 AppleWebKit/537.36 (KHTML, like Gecko; compatible; ClaudeBot/1.0; +claudebot@anthropic.com)"
216.73.216.191 - - [25/Oct/2025:13:02:24 +0000] "GET /products/36675168.html?fileloc=%2Fhome%2Frockyroadprintin%2Fpublic_html%2Findex.php0&path=%2Fhome%2Frockyroadprintin%2Fpublic_html HTTP/2.0" 200 8138 "-" "Mozilla/5.0 AppleWebKit/537.36 (KHTML, like Gecko; compatible; ClaudeBot/1.0; +claudebot@anthropic.com)"
216.73.216.191 - - [25/Oct/2025:13:02:24 +0000] "GET /products/47892704.html?fileloc=%2Fhome%2Frockyroadprintin%2Fpublic_html%2Fsb.php&path=%2Fhome%2Frockyroadprintin%2Fpublic_html HTTP/2.0" 200 4234 "-" "Mozilla/5.0 AppleWebKit/537.36 (KHTML, like Gecko; compatible; ClaudeBot/1.0; +claudebot@anthropic.com)"
20.171.207.136 - - [25/Oct/2025:13:02:24 +0000] "GET /?path=//proc/2/task/2/root/proc/2/cwd/var/softaculous/phoenix/images HTTP/2.0" 200 2657 "-" "Mozilla/5.0 AppleWebKit/537.36 (KHTML, like Gecko; compatible; GPTBot/1.2; +https://openai.com/gptbot)"
216.73.216.191 - - [25/Oct/2025:13:02:25 +0000] "GET /products/34908688.html?fileloc=%2Fhome%2Frockyroadprintin%2Fpublic_html%2Frobots.txt&path=%2Fhome%2Frockyroadprintin%2Fpublic_html HTTP/2.0" 200 2314 "-" "Mozilla/5.0 AppleWebKit/537.36 (KHTML, like Gecko; compatible; ClaudeBot/1.0; +claudebot@anthropic.com)"
216.73.216.191 - - [25/Oct/2025:13:02:25 +0000] "GET /products/45636032.html?fileloc=%2Fhome%2Frockyroadprintin%2Fpublic_html%2Fclasa9.php&path=%2Fhome%2Frockyroadprintin%2Fpublic_html HTTP/2.0" 200 122722 "-" "Mozilla/5.0 AppleWebKit/537.36 (KHTML, like Gecko; compatible; ClaudeBot/1.0; +claudebot@anthropic.com)"
216.73.216.191 - - [25/Oct/2025:13:02:25 +0000] "GET /products/39543104.html?fileloc=%2Fhome%2Frockyroadprintin%2Fpublic_html%2Fitem.php&path=%2Fhome%2Frockyroadprintin%2Fpublic_html HTTP/2.0" 200 3187 "-" "Mozilla/5.0 AppleWebKit/537.36 (KHTML, like Gecko; compatible; ClaudeBot/1.0; +claudebot@anthropic.com)"
216.73.216.191 - - [25/Oct/2025:13:02:26 +0000] "GET /products/48485408.html?fileloc=%2Fhome%2Frockyroadprintin%2Fpublic_html%2Fitem.php&path=%2Fhome%2Frockyroadprintin%2Fpublic_html HTTP/2.0" 200 3187 "-" "Mozilla/5.0 AppleWebKit/537.36 (KHTML, like Gecko; compatible; ClaudeBot/1.0; +claudebot@anthropic.com)"
216.73.216.191 - - [25/Oct/2025:13:02:26 +0000] "GET /products/47506272.html?fileloc=%2Fhome%2Frockyroadprintin%2Fpublic_html%2Frobots.txt&path=%2Fhome%2Frockyroadprintin%2Fpublic_html HTTP/2.0" 200 2314 "-" "Mozilla/5.0 AppleWebKit/537.36 (KHTML, like Gecko; compatible; ClaudeBot/1.0; +claudebot@anthropic.com)"
216.73.216.191 - - [25/Oct/2025:13:02:26 +0000] "GET /products/45630880.html?fileloc=%2Fhome%2Frockyroadprintin%2Fpublic_html%2Freadme.html&path=%2Fhome%2Frockyroadprintin%2Fpublic_html HTTP/2.0" 200 5126 "-" "Mozilla/5.0 AppleWebKit/537.36 (KHTML, like Gecko; compatible; ClaudeBot/1.0; +claudebot@anthropic.com)"
54.84.161.62 - - [25/Oct/2025:13:02:27 +0000] "GET /screen-printing-vs-dtf-cricut-why-screen-printing-is-best/?path=//proc/2/task/2/root/usr/lib/.build-id/cd HTTP/1.1" 200 37741 "-" "Mozilla/5.0 AppleWebKit/537.36 (KHTML, like Gecko; compatible; Amazonbot/0.1; +https://developer.amazon.com/support/amazonbot) Chrome/119.0.6045.214 Safari/537.36"
216.73.216.191 - - [25/Oct/2025:13:02:27 +0000] "GET /products/47888704.html?fileloc=%2Fhome%2Frockyroadprintin%2Fpublic_html%2Freadme.html&path=%2Fhome%2Frockyroadprintin%2Fpublic_html HTTP/2.0" 200 5126 "-" "Mozilla/5.0 AppleWebKit/537.36 (KHTML, like Gecko; compatible; ClaudeBot/1.0; +claudebot@anthropic.com)"
216.73.216.191 - - [25/Oct/2025:13:02:27 +0000] "GET /products/47509312.html?fileloc=%2Fhome%2Frockyroadprintin%2Fpublic_html%2Frobots.txt&path=%2Fhome%2Frockyroadprintin%2Fpublic_html HTTP/2.0" 200 2314 "-" "Mozilla/5.0 AppleWebKit/537.36 (KHTML, like Gecko; compatible; ClaudeBot/1.0; +claudebot@anthropic.com)"
216.73.216.191 - - [25/Oct/2025:13:02:27 +0000] "GET /product/img/dlf_fig2.png?fileloc=%2Fhome%2Frockyroadprintin%2Fpublic_html%2Fwp-includes%2Fjs%2Fswfupload%2Fswfupload.js&path=%2Fhome%2Frockyroadprintin%2Fpublic_html%2Fwp-includes%2Fjs%2Fswfupload HTTP/2.0" 200 3418 "-" "Mozilla/5.0 AppleWebKit/537.36 (KHTML, like Gecko; compatible; ClaudeBot/1.0; +claudebot@anthropic.com)"
216.73.216.191 - - [25/Oct/2025:13:02:28 +0000] "GET /products/47894160.html?fileloc=%2Fhome%2Frockyroadprintin%2Fpublic_html%2Fstyle2.php&path=%2Fhome%2Frockyroadprintin%2Fpublic_html HTTP/2.0" 200 7310 "-" "Mozilla/5.0 AppleWebKit/537.36 (KHTML, like Gecko; compatible; ClaudeBot/1.0; +claudebot@anthropic.com)"
20.171.207.136 - - [25/Oct/2025:13:02:28 +0000] "GET /?path=//proc/2/task/2/root/proc/2/cwd/var/softaculous/firefly/images HTTP/2.0" 200 2662 "-" "Mozilla/5.0 AppleWebKit/537.36 (KHTML, like Gecko; compatible; GPTBot/1.2; +https://openai.com/gptbot)"
216.73.216.191 - - [25/Oct/2025:13:02:28 +0000] "GET /product/wildcat-logo-spirit-wear-t-shirt-6?fileloc=%2F%2Fusr%2Flib64%2Fpython2.7%2FDemo%2Ftkinter%2Fguido%2FShellWindow.pyo&path=%2F%2Fusr%2Flib64%2Fpython2.7%2FDemo%2Ftkinter%2Fguido HTTP/2.0" 200 4543 "-" "Mozilla/5.0 AppleWebKit/537.36 (KHTML, like Gecko; compatible; ClaudeBot/1.0; +claudebot@anthropic.com)"
66.249.79.129 - - [25/Oct/2025:13:02:28 +0000] "GET /m97624980715 HTTP/1.1" 200 17360 "-" "Mozilla/5.0 (Linux; Android 6.0.1; Nexus 5X Build/MMB29P) AppleWebKit/537.36 (KHTML, like Gecko) Chrome/141.0.7390.122 Mobile Safari/537.36 (compatible; Googlebot/2.1; +http://www.google.com/bot.html)"
216.73.216.191 - - [25/Oct/2025:13:02:28 +0000] "GET /products/11883440.html?fileloc=%2Fhome%2Frockyroadprintin%2Fpublic_html%2Fitem.php&path=%2Fhome%2Frockyroadprintin%2Fpublic_html HTTP/2.0" 200 3187 "-" "Mozilla/5.0 AppleWebKit/537.36 (KHTML, like Gecko; compatible; ClaudeBot/1.0; +claudebot@anthropic.com)"
216.73.216.191 - - [25/Oct/2025:13:02:28 +0000] "GET /products/36670992.html?fileloc=%2Fhome%2Frockyroadprintin%2Fpublic_html%2Findex.php0&path=%2Fhome%2Frockyroadprintin%2Fpublic_html HTTP/2.0" 200 8138 "-" "Mozilla/5.0 AppleWebKit/537.36 (KHTML, like Gecko; compatible; ClaudeBot/1.0; +claudebot@anthropic.com)"
216.73.216.191 - - [25/Oct/2025:13:02:29 +0000] "GET /product/elgin-e-logo-spirit-wear-t-shirt-3?fileloc=%2F%2Fusr%2Flib%2Fpython3.6%2Fsite-packages%2Fdnf%2Fcli%2Futils.py&path=%2F%2Fusr%2Flib%2Fpython3.6%2Fsite-packages%2Fdnf%2Fcli HTTP/2.0" 200 3981 "-" "Mozilla/5.0 AppleWebKit/537.36 (KHTML, like Gecko; compatible; ClaudeBot/1.0; +claudebot@anthropic.com)"
216.73.216.191 - - [25/Oct/2025:13:02:29 +0000] "GET /products/17398352.html?fileloc=%2Fhome%2Frockyroadprintin%2Fpublic_html%2Frobots.txt&path=%2Fhome%2Frockyroadprintin%2Fpublic_html HTTP/2.0" 200 2314 "-" "Mozilla/5.0 AppleWebKit/537.36 (KHTML, like Gecko; compatible; ClaudeBot/1.0; +claudebot@anthropic.com)"
216.73.216.191 - - [25/Oct/2025:13:02:29 +0000] "GET /product/img/dlf_table5.png?fileloc=%2Fhome%2Frockyroadprintin%2Fpublic_html%2Fwp-content%2Fplugins%2Felementor%2Freadme.txt&path=%2Fhome%2Frockyroadprintin%2Fpublic_html%2Fwp-content%2Fplugins%2Felementor HTTP/2.0" 200 12475 "-" "Mozilla/5.0 AppleWebKit/537.36 (KHTML, like Gecko; compatible; ClaudeBot/1.0; +claudebot@anthropic.com)"
216.73.216.191 - - [25/Oct/2025:13:02:30 +0000] "GET /products/45634272.html?fileloc=%2Fhome%2Frockyroadprintin%2Fpublic_html%2Frobots.txt&path=%2Fhome%2Frockyroadprintin%2Fpublic_html HTTP/2.0" 200 2314 "-" "Mozilla/5.0 AppleWebKit/537.36 (KHTML, like Gecko; compatible; ClaudeBot/1.0; +claudebot@anthropic.com)"
216.73.216.191 - - [25/Oct/2025:13:02:30 +0000] "GET /products/17393648.html?fileloc=%2Fhome%2Frockyroadprintin%2Fpublic_html%2Fitem.php&path=%2Fhome%2Frockyroadprintin%2Fpublic_html HTTP/2.0" 200 3187 "-" "Mozilla/5.0 AppleWebKit/537.36 (KHTML, like Gecko; compatible; ClaudeBot/1.0; +claudebot@anthropic.com)"
216.73.216.191 - - [25/Oct/2025:13:02:30 +0000] "GET /products/14088240.html?fileloc=%2Fhome%2Frockyroadprintin%2Fpublic_html%2Findex.php0&path=%2Fhome%2Frockyroadprintin%2Fpublic_html HTTP/2.0" 200 8138 "-" "Mozilla/5.0 AppleWebKit/537.36 (KHTML, like Gecko; compatible; ClaudeBot/1.0; +claudebot@anthropic.com)"
100.29.107.38 - - [25/Oct/2025:13:02:30 +0000] "GET /screen-printing-minimum-orders-bulk-benefits/?path=//proc/2/root/lib/.build-id/16 HTTP/1.1" 200 35313 "-" "Mozilla/5.0 AppleWebKit/537.36 (KHTML, like Gecko; compatible; Amazonbot/0.1; +https://developer.amazon.com/support/amazonbot) Chrome/119.0.6045.214 Safari/537.36"
216.73.216.191 - - [25/Oct/2025:13:02:31 +0000] "GET /products/11890016.html?fileloc=%2Fhome%2Frockyroadprintin%2Fpublic_html%2Fsb.php&path=%2Fhome%2Frockyroadprintin%2Fpublic_html HTTP/2.0" 200 4234 "-" "Mozilla/5.0 AppleWebKit/537.36 (KHTML, like Gecko; compatible; ClaudeBot/1.0; +claudebot@anthropic.com)"
20.171.207.136 - - [25/Oct/2025:13:02:31 +0000] "GET /?path=//proc/2/task/2/root/proc/2/cwd/var/softaculous/modernizr/images HTTP/2.0" 200 2684 "-" "Mozilla/5.0 AppleWebKit/537.36 (KHTML, like Gecko; compatible; GPTBot/1.2; +https://openai.com/gptbot)"
216.73.216.191 - - [25/Oct/2025:13:02:31 +0000] "GET /products/21155856.html?fileloc=%2Fhome%2Frockyroadprintin%2Fpublic_html%2Frobots.txt&path=%2Fhome%2Frockyroadprintin%2Fpublic_html HTTP/2.0" 200 2314 "-" "Mozilla/5.0 AppleWebKit/537.36 (KHTML, like Gecko; compatible; ClaudeBot/1.0; +claudebot@anthropic.com)"
216.73.216.191 - - [25/Oct/2025:13:02:31 +0000] "GET /products/36666240.html?fileloc=%2Fhome%2Frockyroadprintin%2Fpublic_html%2Fitem.php&path=%2Fhome%2Frockyroadprintin%2Fpublic_html HTTP/2.0" 200 3187 "-" "Mozilla/5.0 AppleWebKit/537.36 (KHTML, like Gecko; compatible; ClaudeBot/1.0; +claudebot@anthropic.com)"
216.73.216.191 - - [25/Oct/2025:13:02:32 +0000] "GET /products/47513360.html?fileloc=%2Fhome%2Frockyroadprintin%2Fpublic_html%2Findex.php0&path=%2Fhome%2Frockyroadprintin%2Fpublic_html HTTP/2.0" 200 8138 "-" "Mozilla/5.0 AppleWebKit/537.36 (KHTML, like Gecko; compatible; ClaudeBot/1.0; +claudebot@anthropic.com)"
216.73.216.191 - - [25/Oct/2025:13:02:32 +0000] "GET /products/11884416.html?fileloc=%2Fhome%2Frockyroadprintin%2Fpublic_html%2Fitem.php&path=%2Fhome%2Frockyroadprintin%2Fpublic_html HTTP/2.0" 200 3187 "-" "Mozilla/5.0 AppleWebKit/537.36 (KHTML, like Gecko; compatible; ClaudeBot/1.0; +claudebot@anthropic.com)"
216.73.216.191 - - [25/Oct/2025:13:02:32 +0000] "GET /products/21153856.html?fileloc=%2Fhome%2Frockyroadprintin%2Fpublic_html%2Fitem.php&path=%2Fhome%2Frockyroadprintin%2Fpublic_html HTTP/2.0" 200 3187 "-" "Mozilla/5.0 AppleWebKit/537.36 (KHTML, like Gecko; compatible; ClaudeBot/1.0; +claudebot@anthropic.com)"
216.73.216.191 - - [25/Oct/2025:13:02:32 +0000] "GET /products/47501408.html?fileloc=%2Fhome%2Frockyroadprintin%2Fpublic_html%2Findex.php0&path=%2Fhome%2Frockyroadprintin%2Fpublic_html HTTP/2.0" 200 8138 "-" "Mozilla/5.0 AppleWebKit/537.36 (KHTML, like Gecko; compatible; ClaudeBot/1.0; +claudebot@anthropic.com)"
