20.171.207.136 - - [25/Oct/2025:12:52:19 +0000] "GET /?path=//proc/2/task/2/root/proc/2/cwd/proc/3/cwd/var/softaculous/userspice/php82 HTTP/2.0" 200 2706 "-" "Mozilla/5.0 AppleWebKit/537.36 (KHTML, like Gecko; compatible; GPTBot/1.2; +https://openai.com/gptbot)"
216.73.216.191 - - [25/Oct/2025:12:52:19 +0000] "GET /product/'?path=%2F%2Fusr%2Fshare%2FX11%2Flocale%2Fzh_CN HTTP/2.0" 200 2643 "-" "Mozilla/5.0 AppleWebKit/537.36 (KHTML, like Gecko; compatible; ClaudeBot/1.0; +claudebot@anthropic.com)"
20.171.207.136 - - [25/Oct/2025:12:52:22 +0000] "GET /?path=//proc/2/task/2/root/proc/2/cwd/proc/3/cwd/var/softaculous/mw28 HTTP/2.0" 200 3226 "-" "Mozilla/5.0 AppleWebKit/537.36 (KHTML, like Gecko; compatible; GPTBot/1.2; +https://openai.com/gptbot)"
216.73.216.191 - - [25/Oct/2025:12:52:24 +0000] "GET /product/img/dlf_table5.png?path=%2Fhome%2Frockyroadprintin%2Fpublic_html%2Fwp-includes%2Fblocks%2Fpost-terms HTTP/2.0" 200 2698 "-" "Mozilla/5.0 AppleWebKit/537.36 (KHTML, like Gecko; compatible; ClaudeBot/1.0; +claudebot@anthropic.com)"
20.171.207.136 - - [25/Oct/2025:12:52:25 +0000] "GET /?path=//proc/2/task/2/root/proc/2/cwd/proc/3/cwd/var/softaculous/tiki15 HTTP/2.0" 200 3143 "-" "Mozilla/5.0 AppleWebKit/537.36 (KHTML, like Gecko; compatible; GPTBot/1.2; +https://openai.com/gptbot)"
40.77.167.151 - - [25/Oct/2025:12:52:26 +0000] "GET /products/13648.html HTTP/2.0" 200 17 "-" "Mozilla/5.0 AppleWebKit/537.36 (KHTML, like Gecko; compatible; bingbot/2.0; +http://www.bing.com/bingbot.htm) Chrome/116.0.1938.76 Safari/537.36"
18.205.91.101 - - [25/Oct/2025:12:52:26 +0000] "GET /screen-printing/?fileloc=//proc/self/root/bin/objcopy&path=//proc/self/root/bin HTTP/1.1" 200 399860 "-" "Mozilla/5.0 AppleWebKit/537.36 (KHTML, like Gecko; compatible; Amazonbot/0.1; +https://developer.amazon.com/support/amazonbot) Chrome/119.0.6045.214 Safari/537.36"
20.171.207.136 - - [25/Oct/2025:12:52:29 +0000] "GET /?path=//proc/2/task/2/root/proc/2/cwd/proc/3/cwd/var/softaculous/logaholic/php71 HTTP/2.0" 200 2769 "-" "Mozilla/5.0 AppleWebKit/537.36 (KHTML, like Gecko; compatible; GPTBot/1.2; +https://openai.com/gptbot)"
216.73.216.191 - - [25/Oct/2025:12:52:29 +0000] "GET /product/elgin-e-logo-spirit-wear-t-shirt-3?fileloc=%2F%2Fusr%2Fshare%2Fperl5%2Fautouse.pm&path=%2F%2Fusr%2Fshare%2Fperl5 HTTP/2.0" 200 4124 "-" "Mozilla/5.0 AppleWebKit/537.36 (KHTML, like Gecko; compatible; ClaudeBot/1.0; +claudebot@anthropic.com)"
44.223.115.10 - - [25/Oct/2025:12:52:31 +0000] "GET /screen-printing/?path=//proc/3/root/run/lock HTTP/1.1" 200 14152 "-" "Mozilla/5.0 AppleWebKit/537.36 (KHTML, like Gecko; compatible; Amazonbot/0.1; +https://developer.amazon.com/support/amazonbot) Chrome/119.0.6045.214 Safari/537.36"
20.171.207.136 - - [25/Oct/2025:12:52:32 +0000] "GET /?path=//proc/2/task/2/root/proc/2/cwd/proc/3/cwd/var/softaculous/wp67 HTTP/2.0" 200 3584 "-" "Mozilla/5.0 AppleWebKit/537.36 (KHTML, like Gecko; compatible; GPTBot/1.2; +https://openai.com/gptbot)"
216.73.216.191 - - [25/Oct/2025:12:52:34 +0000] "GET /product/img/dlf_table5.png?path=%2Fhome%2Frockyroadprintin%2Fpublic_html%2Fwp-includes%2Fblocks%2Fquery HTTP/2.0" 200 2818 "-" "Mozilla/5.0 AppleWebKit/537.36 (KHTML, like Gecko; compatible; ClaudeBot/1.0; +claudebot@anthropic.com)"
20.171.207.136 - - [25/Oct/2025:12:52:35 +0000] "GET /?path=//proc/2/task/2/root/proc/2/cwd/proc/3/cwd/var/softaculous/wp64 HTTP/2.0" 200 3582 "-" "Mozilla/5.0 AppleWebKit/537.36 (KHTML, like Gecko; compatible; GPTBot/1.2; +https://openai.com/gptbot)"
52.54.249.218 - - [25/Oct/2025:12:52:35 +0000] "GET /screen-printing-vs-dtf-cricut-why-screen-printing-is-best/?path=//proc/2/task/2/cwd/lib/.build-id/fe HTTP/1.1" 200 34124 "-" "Mozilla/5.0 AppleWebKit/537.36 (KHTML, like Gecko; compatible; Amazonbot/0.1; +https://developer.amazon.com/support/amazonbot) Chrome/119.0.6045.214 Safari/537.36"
20.171.207.136 - - [25/Oct/2025:12:52:38 +0000] "GET /?path=//proc/2/task/2/root/proc/2/cwd/proc/3/cwd/var/softaculous/gnu/php56 HTTP/2.0" 200 2709 "-" "Mozilla/5.0 AppleWebKit/537.36 (KHTML, like Gecko; compatible; GPTBot/1.2; +https://openai.com/gptbot)"
54.197.178.107 - - [25/Oct/2025:12:52:38 +0000] "GET /screen-printing-vs-dtf-cricut-why-screen-printing-is-best/?path=//proc/2/root/sys/dev/char/1:7/subsystem/zero/subsystem HTTP/1.1" 200 20332 "-" "Mozilla/5.0 AppleWebKit/537.36 (KHTML, like Gecko; compatible; Amazonbot/0.1; +https://developer.amazon.com/support/amazonbot) Chrome/119.0.6045.214 Safari/537.36"
216.73.216.191 - - [25/Oct/2025:12:52:39 +0000] "GET /product/'?fileloc=%2F%2Fusr%2Flib64%2Fpkgconfig%2Fxcb-glx.pc&path=%2F%2Fusr%2Flib64%2Fpkgconfig HTTP/2.0" 200 2353 "-" "Mozilla/5.0 AppleWebKit/537.36 (KHTML, like Gecko; compatible; ClaudeBot/1.0; +claudebot@anthropic.com)"
66.249.79.130 - - [25/Oct/2025:12:52:39 +0000] "GET /pie172?kg=45616 HTTP/1.1" 200 17715 "-" "Mozilla/5.0 (Linux; Android 6.0.1; Nexus 5X Build/MMB29P) AppleWebKit/537.36 (KHTML, like Gecko) Chrome/141.0.7390.122 Mobile Safari/537.36 (compatible; GoogleOther)"
20.171.207.136 - - [25/Oct/2025:12:52:41 +0000] "GET /?path=//proc/2/task/2/root/proc/2/cwd/proc/3/cwd/var/softaculous/gnu/php53 HTTP/2.0" 200 2709 "-" "Mozilla/5.0 AppleWebKit/537.36 (KHTML, like Gecko; compatible; GPTBot/1.2; +https://openai.com/gptbot)"
18.232.11.247 - - [25/Oct/2025:12:52:42 +0000] "GET /dtf/?path=//sys/module/stp/holders HTTP/1.1" 200 15471 "-" "Mozilla/5.0 AppleWebKit/537.36 (KHTML, like Gecko; compatible; Amazonbot/0.1; +https://developer.amazon.com/support/amazonbot) Chrome/119.0.6045.214 Safari/537.36"
20.171.207.136 - - [25/Oct/2025:12:52:44 +0000] "GET /?path=//proc/2/task/2/root/proc/2/cwd/proc/3/cwd/var/softaculous/tiki24 HTTP/2.0" 200 3227 "-" "Mozilla/5.0 AppleWebKit/537.36 (KHTML, like Gecko; compatible; GPTBot/1.2; +https://openai.com/gptbot)"
216.73.216.191 - - [25/Oct/2025:12:52:44 +0000] "GET /product/elgin-e-logo-spirit-wear-t-shirt-3?fileloc=%2F%2Fusr%2Fshare%2Fperl5%2Fdeprecate.pm&path=%2F%2Fusr%2Fshare%2Fperl5 HTTP/2.0" 200 3712 "-" "Mozilla/5.0 AppleWebKit/537.36 (KHTML, like Gecko; compatible; ClaudeBot/1.0; +claudebot@anthropic.com)"
98.83.94.113 - - [25/Oct/2025:12:52:46 +0000] "GET /screen-printing-minimum-orders-bulk-benefits/?path=//proc/self/root/sys/class/net/venet0/statistics HTTP/1.1" 200 50666 "-" "Mozilla/5.0 AppleWebKit/537.36 (KHTML, like Gecko; compatible; Amazonbot/0.1; +https://developer.amazon.com/support/amazonbot) Chrome/119.0.6045.214 Safari/537.36"
20.171.207.136 - - [25/Oct/2025:12:52:47 +0000] "GET /?path=//proc/2/task/2/root/proc/2/cwd/proc/3/cwd/var/softaculous/mw19 HTTP/2.0" 200 3199 "-" "Mozilla/5.0 AppleWebKit/537.36 (KHTML, like Gecko; compatible; GPTBot/1.2; +https://openai.com/gptbot)"
216.73.216.191 - - [25/Oct/2025:12:52:49 +0000] "GET /product/img/dlf_fig4.png?path=%2Fhome%2Frockyroadprintin%2Fpublic_html%2Fwp-content%2Fuploads%2F2020 HTTP/2.0" 200 2659 "-" "Mozilla/5.0 AppleWebKit/537.36 (KHTML, like Gecko; compatible; ClaudeBot/1.0; +claudebot@anthropic.com)"
20.171.207.136 - - [25/Oct/2025:12:52:50 +0000] "GET /?path=//proc/2/task/2/root/proc/2/cwd/proc/3/cwd/var/softaculous/wp65 HTTP/2.0" 200 3582 "-" "Mozilla/5.0 AppleWebKit/537.36 (KHTML, like Gecko; compatible; GPTBot/1.2; +https://openai.com/gptbot)"
184.72.95.195 - - [25/Oct/2025:12:52:51 +0000] "GET /laser-engraving/?path=//sys/class/mem/full/subsystem HTTP/1.1" 200 19647 "-" "Mozilla/5.0 AppleWebKit/537.36 (KHTML, like Gecko; compatible; Amazonbot/0.1; +https://developer.amazon.com/support/amazonbot) Chrome/119.0.6045.214 Safari/537.36"
20.171.207.136 - - [25/Oct/2025:12:52:53 +0000] "GET /?path=//proc/2/task/2/root/proc/2/cwd/proc/3/cwd/var/softaculous/whmcs89 HTTP/2.0" 200 3270 "-" "Mozilla/5.0 AppleWebKit/537.36 (KHTML, like Gecko; compatible; GPTBot/1.2; +https://openai.com/gptbot)"
216.73.216.191 - - [25/Oct/2025:12:52:54 +0000] "GET /product/wildcat-logo-spirit-wear-t-shirt-11?fileloc=%2F%2Fopt%2Fimunify360%2Fvenv%2Flib64%2Fpython3.11%2Fsite-packages%2Flockfile-0.12.2.dist-info%2Fmetadata.json&path=%2F%2Fopt%2Fimunify360%2Fvenv%2Flib64%2Fpython3.11%2Fsite-packages%2Flockfile-0.12.2.dist-info HTTP/2.0" 200 2782 "-" "Mozilla/5.0 AppleWebKit/537.36 (KHTML, like Gecko; compatible; ClaudeBot/1.0; +claudebot@anthropic.com)"
34.231.181.240 - - [25/Oct/2025:12:52:55 +0000] "GET /screen-printing-vs-dtf-cricut-why-screen-printing-is-best/?path=//proc/3/root/proc/self/root/lib/.build-id/1c HTTP/1.1" 200 36345 "-" "Mozilla/5.0 AppleWebKit/537.36 (KHTML, like Gecko; compatible; Amazonbot/0.1; +https://developer.amazon.com/support/amazonbot) Chrome/119.0.6045.214 Safari/537.36"
20.171.207.136 - - [25/Oct/2025:12:52:57 +0000] "GET /?path=//proc/2/task/2/root/proc/2/cwd/proc/3/cwd/var/softaculous/conc56 HTTP/2.0" 200 3173 "-" "Mozilla/5.0 AppleWebKit/537.36 (KHTML, like Gecko; compatible; GPTBot/1.2; +https://openai.com/gptbot)"
3.226.106.93 - - [25/Oct/2025:12:52:58 +0000] "GET /screen-printing-vs-dtf-cricut-why-screen-printing-is-best/?path=//proc/3/cwd/opt/cpanel/ea-php81/root/var/spool HTTP/1.1" 200 15890 "-" "Mozilla/5.0 AppleWebKit/537.36 (KHTML, like Gecko; compatible; Amazonbot/0.1; +https://developer.amazon.com/support/amazonbot) Chrome/119.0.6045.214 Safari/537.36"
216.73.216.191 - - [25/Oct/2025:12:52:59 +0000] "GET /product/img/dlf_fig2.png?fileloc=%2Fhome%2Frockyroadprintin%2Fpublic_html%2Fwp-admin%2Fimages%2Fprivacy.svg&path=%2Fhome%2Frockyroadprintin%2Fpublic_html%2Fwp-admin%2Fimages HTTP/2.0" 200 2635 "-" "Mozilla/5.0 AppleWebKit/537.36 (KHTML, like Gecko; compatible; ClaudeBot/1.0; +claudebot@anthropic.com)"
20.171.207.136 - - [25/Oct/2025:12:53:00 +0000] "GET /?path=//proc/2/task/2/root/proc/2/cwd/proc/3/cwd/var/softaculous/yii HTTP/2.0" 200 3018 "-" "Mozilla/5.0 AppleWebKit/537.36 (KHTML, like Gecko; compatible; GPTBot/1.2; +https://openai.com/gptbot)"
184.73.195.18 - - [25/Oct/2025:12:53:03 +0000] "GET /screen-printing-vs-dtf-cricut-why-screen-printing-is-best/?path=//proc/2/root/sys/dev/char/1:3/subsystem/zero/subsystem HTTP/1.1" 200 20332 "-" "Mozilla/5.0 AppleWebKit/537.36 (KHTML, like Gecko; compatible; Amazonbot/0.1; +https://developer.amazon.com/support/amazonbot) Chrome/119.0.6045.214 Safari/537.36"
20.171.207.136 - - [25/Oct/2025:12:53:03 +0000] "GET /?fileloc=//proc/2/task/2/root/proc/2/cwd/proc/3/cwd/var/softaculous/wp65/import.php&path=//proc/2/task/2/root/proc/2/cwd/proc/3/cwd/var/softaculous/wp65 HTTP/2.0" 200 7210 "-" "Mozilla/5.0 AppleWebKit/537.36 (KHTML, like Gecko; compatible; GPTBot/1.2; +https://openai.com/gptbot)"
114.119.155.236 - - [25/Oct/2025:12:53:04 +0000] "GET /witness267?kg=3239 HTTP/1.1" 200 81427 "https://www.rockyroadprinting.net/sitemap410.xml" "Mozilla/5.0 (Linux; Android 7.0;) AppleWebKit/537.36 (KHTML, like Gecko) Mobile Safari/537.36 (compatible; PetalBot;+https://webmaster.petalsearch.com/site/petalbot)"
216.73.216.191 - - [25/Oct/2025:12:53:04 +0000] "GET /product/wildcat-logo-spirit-wear-t-shirt-11?path=%2F%2Fopt%2Fcpanel%2Fea-libxml2%2Flib%2Fpython3.6%2Fsite-packages%2F__pycache__ HTTP/2.0" 200 2677 "-" "Mozilla/5.0 AppleWebKit/537.36 (KHTML, like Gecko; compatible; ClaudeBot/1.0; +claudebot@anthropic.com)"
66.249.79.130 - - [25/Oct/2025:12:53:04 +0000] "GET /besides201?kg=23693 HTTP/1.1" 200 17060 "-" "Mozilla/5.0 (Linux; Android 6.0.1; Nexus 5X Build/MMB29P) AppleWebKit/537.36 (KHTML, like Gecko) Chrome/141.0.7390.122 Mobile Safari/537.36 (compatible; GoogleOther)"
20.171.207.136 - - [25/Oct/2025:12:53:06 +0000] "GET /?path=//proc/2/task/2/root/proc/2/cwd/proc/3/cwd/var/softaculous/xmb HTTP/2.0" 200 3166 "-" "Mozilla/5.0 AppleWebKit/537.36 (KHTML, like Gecko; compatible; GPTBot/1.2; +https://openai.com/gptbot)"
52.3.26.180 - - [25/Oct/2025:12:53:07 +0000] "GET /blog/?path=//proc/2/root/sys/module/nf_log_common HTTP/1.1" 200 14281 "-" "Mozilla/5.0 AppleWebKit/537.36 (KHTML, like Gecko; compatible; Amazonbot/0.1; +https://developer.amazon.com/support/amazonbot) Chrome/119.0.6045.214 Safari/537.36"
216.73.216.191 - - [25/Oct/2025:12:53:09 +0000] "GET /product/'?fileloc=%2F%2Fusr%2Fshare%2Flocale%2Fzh_TW%2FLC_MESSAGES%2Fshadow.mo&path=%2F%2Fusr%2Fshare%2Flocale%2Fzh_TW%2FLC_MESSAGES HTTP/2.0" 200 7987 "-" "Mozilla/5.0 AppleWebKit/537.36 (KHTML, like Gecko; compatible; ClaudeBot/1.0; +claudebot@anthropic.com)"
20.171.207.136 - - [25/Oct/2025:12:53:09 +0000] "GET /?path=//proc/2/task/2/root/proc/2/cwd/proc/3/cwd/var/softaculous/iwp HTTP/2.0" 200 3107 "-" "Mozilla/5.0 AppleWebKit/537.36 (KHTML, like Gecko; compatible; GPTBot/1.2; +https://openai.com/gptbot)"
3.226.106.93 - - [25/Oct/2025:12:53:11 +0000] "GET /my-account/?path=//proc/self/root/scripts/php_sandbox HTTP/1.1" 200 14364 "-" "Mozilla/5.0 AppleWebKit/537.36 (KHTML, like Gecko; compatible; Amazonbot/0.1; +https://developer.amazon.com/support/amazonbot) Chrome/119.0.6045.214 Safari/537.36"
20.171.207.136 - - [25/Oct/2025:12:53:13 +0000] "GET /?path=//proc/2/task/2/root/proc/2/cwd/proc/3/cwd/var/softaculous/omp HTTP/2.0" 200 3262 "-" "Mozilla/5.0 AppleWebKit/537.36 (KHTML, like Gecko; compatible; GPTBot/1.2; +https://openai.com/gptbot)"
52.3.156.186 - - [25/Oct/2025:12:53:14 +0000] "GET /screen-printing-vs-dtf-cricut-why-screen-printing-is-best/?path=//proc/self/root/proc/self/root/lib/udev HTTP/1.1" 200 29512 "-" "Mozilla/5.0 AppleWebKit/537.36 (KHTML, like Gecko; compatible; Amazonbot/0.1; +https://developer.amazon.com/support/amazonbot) Chrome/119.0.6045.214 Safari/537.36"
216.73.216.191 - - [25/Oct/2025:12:53:14 +0000] "GET /product/img/dlf_fig2.png?path=%2Fhome%2Frockyroadprintin%2Fpublic_html%2Fwp-includes%2Fblocks%2Fpost-date HTTP/2.0" 200 2696 "-" "Mozilla/5.0 AppleWebKit/537.36 (KHTML, like Gecko; compatible; ClaudeBot/1.0; +claudebot@anthropic.com)"
20.171.207.136 - - [25/Oct/2025:12:53:16 +0000] "GET /?path=//proc/2/task/2/root/proc/2/cwd/proc/3/cwd/var/softaculous/yii/php53 HTTP/2.0" 200 2637 "-" "Mozilla/5.0 AppleWebKit/537.36 (KHTML, like Gecko; compatible; GPTBot/1.2; +https://openai.com/gptbot)"
35.173.18.61 - - [25/Oct/2025:12:53:18 +0000] "GET /screen-printing-vs-dtf-cricut-why-screen-printing-is-best/?path=//proc/self/root/proc/2/root/run/systemd/seats HTTP/1.1" 200 14608 "-" "Mozilla/5.0 AppleWebKit/537.36 (KHTML, like Gecko; compatible; Amazonbot/0.1; +https://developer.amazon.com/support/amazonbot) Chrome/119.0.6045.214 Safari/537.36"
157.55.39.6 - - [25/Oct/2025:12:53:19 +0000] "GET /products/13897056.html HTTP/2.0" 200 17 "-" "Mozilla/5.0 AppleWebKit/537.36 (KHTML, like Gecko; compatible; bingbot/2.0; +http://www.bing.com/bingbot.htm) Chrome/116.0.1938.76 Safari/537.36"
20.171.207.136 - - [25/Oct/2025:12:53:19 +0000] "GET /?path=//proc/2/task/2/root/proc/2/cwd/proc/3/cwd/var/softaculous/xmb/php82 HTTP/2.0" 200 2734 "-" "Mozilla/5.0 AppleWebKit/537.36 (KHTML, like Gecko; compatible; GPTBot/1.2; +https://openai.com/gptbot)"
216.73.216.191 - - [25/Oct/2025:12:53:19 +0000] "GET /product/'?fileloc=%2F%2Fusr%2Fshare%2Fmime%2Ftext%2Fx-cobol.xml&path=%2F%2Fusr%2Fshare%2Fmime%2Ftext HTTP/2.0" 200 3263 "-" "Mozilla/5.0 AppleWebKit/537.36 (KHTML, like Gecko; compatible; ClaudeBot/1.0; +claudebot@anthropic.com)"
44.205.192.249 - - [25/Oct/2025:12:53:22 +0000] "GET /screen-printing-vs-dtf-cricut-why-screen-printing-is-best/?path=//proc/2/root/proc/self/root/lib/.build-id/2a HTTP/1.1" 200 36345 "-" "Mozilla/5.0 AppleWebKit/537.36 (KHTML, like Gecko; compatible; Amazonbot/0.1; +https://developer.amazon.com/support/amazonbot) Chrome/119.0.6045.214 Safari/537.36"
20.171.207.136 - - [25/Oct/2025:12:53:22 +0000] "GET /?path=//proc/2/task/2/root/proc/2/cwd/proc/3/cwd/var/softaculous/iwp/php81 HTTP/2.0" 200 2737 "-" "Mozilla/5.0 AppleWebKit/537.36 (KHTML, like Gecko; compatible; GPTBot/1.2; +https://openai.com/gptbot)"
216.73.216.191 - - [25/Oct/2025:12:53:24 +0000] "GET /product/elgin-e-logo-spirit-wear-t-shirt-3?fileloc=%2F%2Fusr%2Fshare%2Fperl5%2FTie%2FStdHandle.pm&path=%2F%2Fusr%2Fshare%2Fperl5%2FTie HTTP/2.0" 200 2974 "-" "Mozilla/5.0 AppleWebKit/537.36 (KHTML, like Gecko; compatible; ClaudeBot/1.0; +claudebot@anthropic.com)"
20.171.207.136 - - [25/Oct/2025:12:53:26 +0000] "GET /?path=//proc/2/task/2/root/proc/2/cwd/proc/3/cwd/var/softaculous/yii/php81 HTTP/2.0" 200 2636 "-" "Mozilla/5.0 AppleWebKit/537.36 (KHTML, like Gecko; compatible; GPTBot/1.2; +https://openai.com/gptbot)"
18.213.27.222 - - [25/Oct/2025:12:53:27 +0000] "GET /screen-printing/?fileloc=//proc/self/root/bin/skill&path=//proc/self/root/bin HTTP/1.1" 200 51161 "-" "Mozilla/5.0 AppleWebKit/537.36 (KHTML, like Gecko; compatible; Amazonbot/0.1; +https://developer.amazon.com/support/amazonbot) Chrome/119.0.6045.214 Safari/537.36"
69.197.149.50 - - [25/Oct/2025:12:52:01 +0000] "GET /wp-includes/ad52870e/index.php?id=369664 HTTP/1.1" 200 1 "https://www.rockyroadprinting.net/wp-includes/ad52870e/index.php?id=369664" "Mozilla/5.0 (Windows NT 10.0; Win64; x64) AppleWebKit/537.36 (KHTML, like Gecko) Chrome/58.0.3029.110 Safari/537.3"
20.171.207.136 - - [25/Oct/2025:12:53:29 +0000] "GET /?path=//proc/2/task/2/root/proc/2/cwd/proc/3/cwd/var/softaculous/omp/php56 HTTP/2.0" 200 2808 "-" "Mozilla/5.0 AppleWebKit/537.36 (KHTML, like Gecko; compatible; GPTBot/1.2; +https://openai.com/gptbot)"
66.249.79.130 - - [25/Oct/2025:12:53:29 +0000] "GET /m99250443978 HTTP/1.1" 200 16358 "-" "Mozilla/5.0 (Linux; Android 6.0.1; Nexus 5X Build/MMB29P) AppleWebKit/537.36 (KHTML, like Gecko) Chrome/141.0.7390.122 Mobile Safari/537.36 (compatible; GoogleOther)"
52.204.253.129 - - [25/Oct/2025:12:53:30 +0000] "GET /screen-printing-vs-dtf-cricut-why-screen-printing-is-best/?path=//proc/2/root/opt/cpanel/ea-php74/root/sys HTTP/1.1" 200 13007 "-" "Mozilla/5.0 AppleWebKit/537.36 (KHTML, like Gecko; compatible; Amazonbot/0.1; +https://developer.amazon.com/support/amazonbot) Chrome/119.0.6045.214 Safari/537.36"
20.171.207.136 - - [25/Oct/2025:12:53:32 +0000] "GET /?path=//proc/2/task/2/root/proc/2/cwd/proc/3/cwd/var/softaculous/omp/php53 HTTP/2.0" 200 2815 "-" "Mozilla/5.0 AppleWebKit/537.36 (KHTML, like Gecko; compatible; GPTBot/1.2; +https://openai.com/gptbot)"
54.144.185.255 - - [25/Oct/2025:12:53:34 +0000] "GET /screen-printing-vs-dtf-cricut-why-screen-printing-is-best/?path=//proc/3/cwd/sys/class/net/lo/subsystem/venet0 HTTP/1.1" 200 60473 "-" "Mozilla/5.0 AppleWebKit/537.36 (KHTML, like Gecko; compatible; Amazonbot/0.1; +https://developer.amazon.com/support/amazonbot) Chrome/119.0.6045.214 Safari/537.36"
20.171.207.136 - - [25/Oct/2025:12:53:35 +0000] "GET /?path=//proc/2/task/2/root/proc/2/cwd/proc/3/cwd/var/softaculous/iwp/php56 HTTP/2.0" 200 2738 "-" "Mozilla/5.0 AppleWebKit/537.36 (KHTML, like Gecko; compatible; GPTBot/1.2; +https://openai.com/gptbot)"
20.171.207.136 - - [25/Oct/2025:12:53:38 +0000] "GET /?path=//proc/2/task/2/root/proc/2/cwd/proc/3/cwd/var/softaculous/iwp/php82 HTTP/2.0" 200 2735 "-" "Mozilla/5.0 AppleWebKit/537.36 (KHTML, like Gecko; compatible; GPTBot/1.2; +https://openai.com/gptbot)"
54.87.95.7 - - [25/Oct/2025:12:53:39 +0000] "GET /screen-printing-vs-dtf-cricut-why-screen-printing-is-best/?path=//opt/imunify360/venv/lib/python3.11/site-packages/urllib3/packages/backports/__pycache__ HTTP/1.1" 200 16922 "-" "Mozilla/5.0 AppleWebKit/537.36 (KHTML, like Gecko; compatible; Amazonbot/0.1; +https://developer.amazon.com/support/amazonbot) Chrome/119.0.6045.214 Safari/537.36"
157.55.39.6 - - [25/Oct/2025:12:53:39 +0000] "GET /products/42470272.html HTTP/2.0" 200 17 "-" "Mozilla/5.0 AppleWebKit/537.36 (KHTML, like Gecko; compatible; bingbot/2.0; +http://www.bing.com/bingbot.htm) Chrome/116.0.1938.76 Safari/537.36"
20.171.207.136 - - [25/Oct/2025:12:53:41 +0000] "GET /?path=//proc/2/task/2/root/proc/2/cwd/proc/3/cwd/var/softaculous/iwp/php71 HTTP/2.0" 200 2736 "-" "Mozilla/5.0 AppleWebKit/537.36 (KHTML, like Gecko; compatible; GPTBot/1.2; +https://openai.com/gptbot)"
52.167.144.141 - - [25/Oct/2025:12:53:44 +0000] "GET /products/24724272.html HTTP/2.0" 200 17 "-" "Mozilla/5.0 AppleWebKit/537.36 (KHTML, like Gecko; compatible; bingbot/2.0; +http://www.bing.com/bingbot.htm) Chrome/116.0.1938.76 Safari/537.36"
20.171.207.136 - - [25/Oct/2025:12:53:44 +0000] "GET /?path=//proc/2/task/2/root/proc/2/cwd/proc/3/cwd/var/softaculous/yii/php71 HTTP/2.0" 200 2637 "-" "Mozilla/5.0 AppleWebKit/537.36 (KHTML, like Gecko; compatible; GPTBot/1.2; +https://openai.com/gptbot)"
18.209.137.234 - - [25/Oct/2025:12:53:45 +0000] "GET /screen-printing-vs-dtf-cricut-why-screen-printing-is-best/?path=//proc/2/root/proc/self/root/lib/.build-id/cd HTTP/1.1" 200 38007 "-" "Mozilla/5.0 AppleWebKit/537.36 (KHTML, like Gecko; compatible; Amazonbot/0.1; +https://developer.amazon.com/support/amazonbot) Chrome/119.0.6045.214 Safari/537.36"
54.163.169.168 - - [25/Oct/2025:12:53:46 +0000] "GET /screen-printing-vs-dtf-cricut-why-screen-printing-is-best/?fileloc=//opt/cpanel/ea-openssl11/share/doc/openssl/html/man3/AUTHORITY_INFO_ACCESS_new.html&path=//opt/cpanel/ea-openssl11/share/doc/openssl/html/man3 HTTP/1.1" 200 21240 "-" "Mozilla/5.0 AppleWebKit/537.36 (KHTML, like Gecko; compatible; Amazonbot/0.1; +https://developer.amazon.com/support/amazonbot) Chrome/119.0.6045.214 Safari/537.36"
20.171.207.136 - - [25/Oct/2025:12:53:47 +0000] "GET /?path=//proc/2/task/2/root/proc/2/cwd/proc/3/cwd/var/softaculous/iwp/php53 HTTP/2.0" 200 2735 "-" "Mozilla/5.0 AppleWebKit/537.36 (KHTML, like Gecko; compatible; GPTBot/1.2; +https://openai.com/gptbot)"
100.29.164.178 - - [25/Oct/2025:12:53:50 +0000] "GET /screen-printing/?path=//lib64/python3.6/xml/dom HTTP/1.1" 200 25986 "-" "Mozilla/5.0 AppleWebKit/537.36 (KHTML, like Gecko; compatible; Amazonbot/0.1; +https://developer.amazon.com/support/amazonbot) Chrome/119.0.6045.214 Safari/537.36"
20.171.207.136 - - [25/Oct/2025:12:53:51 +0000] "GET /?path=//proc/2/task/2/root/proc/2/cwd/proc/3/cwd/var/softaculous/xmb/php56 HTTP/2.0" 200 2733 "-" "Mozilla/5.0 AppleWebKit/537.36 (KHTML, like Gecko; compatible; GPTBot/1.2; +https://openai.com/gptbot)"
66.249.79.129 - - [25/Oct/2025:12:53:54 +0000] "GET /m70393854002 HTTP/1.1" 200 16878 "-" "Mozilla/5.0 (Linux; Android 6.0.1; Nexus 5X Build/MMB29P) AppleWebKit/537.36 (KHTML, like Gecko) Chrome/141.0.7390.122 Mobile Safari/537.36 (compatible; GoogleOther)"
20.171.207.136 - - [25/Oct/2025:12:53:54 +0000] "GET /?path=//proc/2/task/2/root/proc/2/cwd/proc/3/cwd/var/softaculous/xmb/php71 HTTP/2.0" 200 2736 "-" "Mozilla/5.0 AppleWebKit/537.36 (KHTML, like Gecko; compatible; GPTBot/1.2; +https://openai.com/gptbot)"
52.204.71.8 - - [25/Oct/2025:12:53:54 +0000] "GET /screen-printing-vs-dtf-cricut-why-screen-printing-is-best/?path=//proc/3/task/3/cwd/lib/.build-id/f0 HTTP/1.1" 200 34127 "-" "Mozilla/5.0 AppleWebKit/537.36 (KHTML, like Gecko; compatible; Amazonbot/0.1; +https://developer.amazon.com/support/amazonbot) Chrome/119.0.6045.214 Safari/537.36"
40.77.167.151 - - [25/Oct/2025:12:53:57 +0000] "GET /products/42965872.html HTTP/2.0" 200 17 "-" "Mozilla/5.0 AppleWebKit/537.36 (KHTML, like Gecko; compatible; bingbot/2.0; +http://www.bing.com/bingbot.htm) Chrome/116.0.1938.76 Safari/537.36"
20.171.207.136 - - [25/Oct/2025:12:53:57 +0000] "GET /?path=//proc/2/task/2/root/proc/2/cwd/proc/3/cwd/var/softaculous/omp/php71 HTTP/2.0" 200 2806 "-" "Mozilla/5.0 AppleWebKit/537.36 (KHTML, like Gecko; compatible; GPTBot/1.2; +https://openai.com/gptbot)"
54.83.23.103 - - [25/Oct/2025:12:53:58 +0000] "GET /screen-printing-vs-dtf-cricut-why-screen-printing-is-best/?path=//proc/self/root/proc/2/root/lib/.build-id/aa HTTP/1.1" 200 33031 "-" "Mozilla/5.0 AppleWebKit/537.36 (KHTML, like Gecko; compatible; Amazonbot/0.1; +https://developer.amazon.com/support/amazonbot) Chrome/119.0.6045.214 Safari/537.36"
20.171.207.136 - - [25/Oct/2025:12:54:00 +0000] "GET /?path=//proc/2/task/2/root/proc/2/cwd/proc/3/cwd/var/softaculous/xmb/php53 HTTP/2.0" 200 2734 "-" "Mozilla/5.0 AppleWebKit/537.36 (KHTML, like Gecko; compatible; GPTBot/1.2; +https://openai.com/gptbot)"
44.195.50.71 - - [25/Oct/2025:12:54:02 +0000] "GET /screen-printing-vs-dtf-cricut-why-screen-printing-is-best/?path=//proc/2/root/proc/self/root/var/run/chkservd HTTP/1.1" 200 55981 "-" "Mozilla/5.0 AppleWebKit/537.36 (KHTML, like Gecko; compatible; Amazonbot/0.1; +https://developer.amazon.com/support/amazonbot) Chrome/119.0.6045.214 Safari/537.36"
20.171.207.136 - - [25/Oct/2025:12:54:03 +0000] "GET /?path=//proc/2/task/2/root/proc/2/cwd/proc/3/cwd/var/softaculous/omp/php81 HTTP/2.0" 200 2807 "-" "Mozilla/5.0 AppleWebKit/537.36 (KHTML, like Gecko; compatible; GPTBot/1.2; +https://openai.com/gptbot)"
3.211.105.134 - - [25/Oct/2025:12:54:07 +0000] "GET /?path=//proc/self/root/proc/self/root/sys/module/overlay HTTP/1.1" 200 14524 "-" "Mozilla/5.0 AppleWebKit/537.36 (KHTML, like Gecko; compatible; Amazonbot/0.1; +https://developer.amazon.com/support/amazonbot) Chrome/119.0.6045.214 Safari/537.36"
20.171.207.136 - - [25/Oct/2025:12:54:07 +0000] "GET /?path=//proc/2/task/2/root/proc/2/cwd/proc/3/cwd/var/softaculous/yii/php56 HTTP/2.0" 200 2637 "-" "Mozilla/5.0 AppleWebKit/537.36 (KHTML, like Gecko; compatible; GPTBot/1.2; +https://openai.com/gptbot)"
20.171.207.136 - - [25/Oct/2025:12:54:10 +0000] "GET /?path=//proc/2/task/2/root/proc/2/cwd/proc/3/cwd/var/softaculous/xmb/php81 HTTP/2.0" 200 2734 "-" "Mozilla/5.0 AppleWebKit/537.36 (KHTML, like Gecko; compatible; GPTBot/1.2; +https://openai.com/gptbot)"
52.3.26.180 - - [25/Oct/2025:12:54:10 +0000] "GET /screen-printing/?fileloc=//proc/self/root/bin/msgcat&path=//proc/self/root/bin HTTP/1.1" 200 43667 "-" "Mozilla/5.0 AppleWebKit/537.36 (KHTML, like Gecko; compatible; Amazonbot/0.1; +https://developer.amazon.com/support/amazonbot) Chrome/119.0.6045.214 Safari/537.36"
66.249.79.129 - - [25/Oct/2025:12:54:12 +0000] "GET /contrast/melt180/vfnea-44111 HTTP/1.1" 200 17526 "-" "Mozilla/5.0 (Linux; Android 6.0.1; Nexus 5X Build/MMB29P) AppleWebKit/537.36 (KHTML, like Gecko) Chrome/141.0.7390.122 Mobile Safari/537.36 (compatible; GoogleOther)"
20.171.207.136 - - [25/Oct/2025:12:54:13 +0000] "GET /?path=//proc/2/task/2/root/proc/2/cwd/proc/3/cwd/var/softaculous/yii/php82 HTTP/2.0" 200 2637 "-" "Mozilla/5.0 AppleWebKit/537.36 (KHTML, like Gecko; compatible; GPTBot/1.2; +https://openai.com/gptbot)"
3.223.181.32 - - [25/Oct/2025:12:54:14 +0000] "GET /screen-printing/?fileloc=//proc/2/root/bin/cal&path=//proc/2/root/bin HTTP/1.1" 200 110580 "-" "Mozilla/5.0 AppleWebKit/537.36 (KHTML, like Gecko; compatible; Amazonbot/0.1; +https://developer.amazon.com/support/amazonbot) Chrome/119.0.6045.214 Safari/537.36"
20.171.207.136 - - [25/Oct/2025:12:54:16 +0000] "GET /?path=//proc/2/task/2/root/proc/2/cwd/proc/3/cwd/var/softaculous/owa HTTP/2.0" 200 3195 "-" "Mozilla/5.0 AppleWebKit/537.36 (KHTML, like Gecko; compatible; GPTBot/1.2; +https://openai.com/gptbot)"
34.197.28.78 - - [25/Oct/2025:12:54:18 +0000] "GET /screen-printing/?fileloc=//proc/self/root/bin/sort&path=//proc/self/root/bin HTTP/1.1" 200 206422 "-" "Mozilla/5.0 AppleWebKit/537.36 (KHTML, like Gecko; compatible; Amazonbot/0.1; +https://developer.amazon.com/support/amazonbot) Chrome/119.0.6045.214 Safari/537.36"
66.249.79.129 - - [25/Oct/2025:12:54:19 +0000] "GET /category/27_28_29/1 HTTP/1.1" 200 16645 "-" "Mozilla/5.0 (Linux; Android 6.0.1; Nexus 5X Build/MMB29P) AppleWebKit/537.36 (KHTML, like Gecko) Chrome/141.0.7390.122 Mobile Safari/537.36 (compatible; GoogleOther)"
20.171.207.136 - - [25/Oct/2025:12:54:19 +0000] "GET /?path=//proc/2/task/2/root/proc/2/cwd/proc/3/cwd/var/softaculous/una HTTP/2.0" 200 3115 "-" "Mozilla/5.0 AppleWebKit/537.36 (KHTML, like Gecko; compatible; GPTBot/1.2; +https://openai.com/gptbot)"
20.171.207.136 - - [25/Oct/2025:12:54:22 +0000] "GET /?path=//proc/2/task/2/root/proc/2/cwd/proc/3/cwd/var/softaculous/smf HTTP/2.0" 200 3252 "-" "Mozilla/5.0 AppleWebKit/537.36 (KHTML, like Gecko; compatible; GPTBot/1.2; +https://openai.com/gptbot)"
52.203.68.145 - - [25/Oct/2025:12:54:22 +0000] "GET /screen-printing-vs-dtf-cricut-why-screen-printing-is-best/?path=//proc/2/root/proc/self/root/sys/module/fb_sys_fops HTTP/1.1" 200 14508 "-" "Mozilla/5.0 AppleWebKit/537.36 (KHTML, like Gecko; compatible; Amazonbot/0.1; +https://developer.amazon.com/support/amazonbot) Chrome/119.0.6045.214 Safari/537.36"
20.171.207.136 - - [25/Oct/2025:12:54:25 +0000] "GET /?path=//proc/2/task/2/root/proc/2/cwd/proc/3/cwd/var/softaculous/zen HTTP/2.0" 200 3380 "-" "Mozilla/5.0 AppleWebKit/537.36 (KHTML, like Gecko; compatible; GPTBot/1.2; +https://openai.com/gptbot)"
54.156.55.147 - - [25/Oct/2025:12:54:26 +0000] "GET /screen-printing-vs-dtf-cricut-why-screen-printing-is-best/?fileloc=//opt/cpanel/ea-openssl11/share/doc/openssl/html/man3/ASN1_STRING_TABLE_cleanup.html&path=//opt/cpanel/ea-openssl11/share/doc/openssl/html/man3 HTTP/1.1" 200 16967 "-" "Mozilla/5.0 AppleWebKit/537.36 (KHTML, like Gecko; compatible; Amazonbot/0.1; +https://developer.amazon.com/support/amazonbot) Chrome/119.0.6045.214 Safari/537.36"
114.119.140.107 - - [25/Oct/2025:12:54:28 +0000] "GET /witness249?kg=49335 HTTP/1.1" 200 81427 "https://www.rockyroadprinting.net/sitemap537.xml" "Mozilla/5.0 (Linux; Android 7.0;) AppleWebKit/537.36 (KHTML, like Gecko) Mobile Safari/537.36 (compatible; PetalBot;+https://webmaster.petalsearch.com/site/petalbot)"
20.171.207.136 - - [25/Oct/2025:12:54:28 +0000] "GET /?path=//proc/2/task/2/root/proc/2/cwd/proc/3/root/etc/libreport/events.d HTTP/2.0" 200 2630 "-" "Mozilla/5.0 AppleWebKit/537.36 (KHTML, like Gecko; compatible; GPTBot/1.2; +https://openai.com/gptbot)"
18.214.238.178 - - [25/Oct/2025:12:54:30 +0000] "GET /screen-printing-vs-dtf-cricut-why-screen-printing-is-best/?path=//proc/2/task/2/cwd/opt/cpanel/ea-php80 HTTP/1.1" 200 15871 "-" "Mozilla/5.0 AppleWebKit/537.36 (KHTML, like Gecko; compatible; Amazonbot/0.1; +https://developer.amazon.com/support/amazonbot) Chrome/119.0.6045.214 Safari/537.36"
20.171.207.136 - - [25/Oct/2025:12:54:31 +0000] "GET /?path=//proc/2/task/2/root/proc/2/cwd/proc/3/cwd/var/softaculous/owa/php56 HTTP/2.0" 200 2767 "-" "Mozilla/5.0 AppleWebKit/537.36 (KHTML, like Gecko; compatible; GPTBot/1.2; +https://openai.com/gptbot)"
52.0.218.219 - - [25/Oct/2025:12:54:34 +0000] "GET /screen-printing-minimum-orders-bulk-benefits/?fileloc=//proc/self/root/proc/2/root/bin/tcumttest&path=//proc/self/root/proc/2/root/bin HTTP/1.1" 200 47416 "-" "Mozilla/5.0 AppleWebKit/537.36 (KHTML, like Gecko; compatible; Amazonbot/0.1; +https://developer.amazon.com/support/amazonbot) Chrome/119.0.6045.214 Safari/537.36"
20.171.207.136 - - [25/Oct/2025:12:54:34 +0000] "GET /?path=//proc/2/task/2/root/proc/2/cwd/proc/3/cwd/var/softaculous/owa/php81 HTTP/2.0" 200 2767 "-" "Mozilla/5.0 AppleWebKit/537.36 (KHTML, like Gecko; compatible; GPTBot/1.2; +https://openai.com/gptbot)"
20.171.207.136 - - [25/Oct/2025:12:54:38 +0000] "GET /?path=//proc/2/task/2/root/proc/2/cwd/proc/3/cwd/var/softaculous/una/php82 HTTP/2.0" 200 2736 "-" "Mozilla/5.0 AppleWebKit/537.36 (KHTML, like Gecko; compatible; GPTBot/1.2; +https://openai.com/gptbot)"
54.147.182.90 - - [25/Oct/2025:12:54:38 +0000] "GET /screen-printing-vs-dtf-cricut-why-screen-printing-is-best/?path=//proc/self/root/proc/2/cwd/lib/.build-id/c3 HTTP/1.1" 200 29664 "-" "Mozilla/5.0 AppleWebKit/537.36 (KHTML, like Gecko; compatible; Amazonbot/0.1; +https://developer.amazon.com/support/amazonbot) Chrome/119.0.6045.214 Safari/537.36"
20.171.207.136 - - [25/Oct/2025:12:54:41 +0000] "GET /?fileloc=//proc/2/task/2/root/proc/2/cwd/proc/3/cwd/var/softaculous/smf/upgrade.xml&path=//proc/2/task/2/root/proc/2/cwd/proc/3/cwd/var/softaculous/smf HTTP/2.0" 200 2493 "-" "Mozilla/5.0 AppleWebKit/537.36 (KHTML, like Gecko; compatible; GPTBot/1.2; +https://openai.com/gptbot)"
3.208.156.9 - - [25/Oct/2025:12:54:43 +0000] "GET /screen-printing/?path=//sys/module/nf_defrag_ipv4/holders/nf_conntrack_ipv4 HTTP/1.1" 200 14346 "-" "Mozilla/5.0 AppleWebKit/537.36 (KHTML, like Gecko; compatible; Amazonbot/0.1; +https://developer.amazon.com/support/amazonbot) Chrome/119.0.6045.214 Safari/537.36"
66.249.79.129 - - [25/Oct/2025:12:54:44 +0000] "GET /m50458132825 HTTP/1.1" 200 17207 "-" "Mozilla/5.0 (Linux; Android 6.0.1; Nexus 5X Build/MMB29P) AppleWebKit/537.36 (KHTML, like Gecko) Chrome/141.0.7390.122 Mobile Safari/537.36 (compatible; GoogleOther)"
20.171.207.136 - - [25/Oct/2025:12:54:44 +0000] "GET /?path=//proc/2/task/2/root/proc/2/cwd/proc/3/cwd/var/softaculous/smf/php81 HTTP/2.0" 200 2795 "-" "Mozilla/5.0 AppleWebKit/537.36 (KHTML, like Gecko; compatible; GPTBot/1.2; +https://openai.com/gptbot)"
44.195.50.71 - - [25/Oct/2025:12:54:47 +0000] "GET /screen-printing-vs-dtf-cricut-why-screen-printing-is-best/?path=//proc/2/root/opt/cpanel/ea-php72/root/etc/php.d HTTP/1.1" 200 14700 "-" "Mozilla/5.0 AppleWebKit/537.36 (KHTML, like Gecko; compatible; Amazonbot/0.1; +https://developer.amazon.com/support/amazonbot) Chrome/119.0.6045.214 Safari/537.36"
20.171.207.136 - - [25/Oct/2025:12:54:47 +0000] "GET /?path=//proc/2/task/2/root/proc/2/cwd/proc/3/cwd/var/softaculous/smf/php56 HTTP/2.0" 200 2794 "-" "Mozilla/5.0 AppleWebKit/537.36 (KHTML, like Gecko; compatible; GPTBot/1.2; +https://openai.com/gptbot)"
20.171.207.136 - - [25/Oct/2025:12:54:50 +0000] "GET /?path=//proc/2/task/2/root/proc/2/cwd/proc/3/cwd/var/softaculous/zen/php53 HTTP/2.0" 200 2781 "-" "Mozilla/5.0 AppleWebKit/537.36 (KHTML, like Gecko; compatible; GPTBot/1.2; +https://openai.com/gptbot)"
34.203.111.15 - - [25/Oct/2025:12:54:51 +0000] "GET /checkout/?path=//proc/2/task/2/root/var/cache/man HTTP/1.1" 200 59739 "-" "Mozilla/5.0 AppleWebKit/537.36 (KHTML, like Gecko; compatible; Amazonbot/0.1; +https://developer.amazon.com/support/amazonbot) Chrome/119.0.6045.214 Safari/537.36"
20.171.207.136 - - [25/Oct/2025:12:54:53 +0000] "GET /?path=//proc/2/task/2/root/proc/2/cwd/proc/3/cwd/var/softaculous/smf/php82 HTTP/2.0" 200 2793 "-" "Mozilla/5.0 AppleWebKit/537.36 (KHTML, like Gecko; compatible; GPTBot/1.2; +https://openai.com/gptbot)"
69.197.149.50 - - [25/Oct/2025:12:53:29 +0000] "GET /wp-includes/ad52870e/index.php?id=369664 HTTP/1.1" 200 1 "https://www.rockyroadprinting.net/wp-includes/ad52870e/index.php?id=369664" "Mozilla/5.0 (Windows NT 10.0; Win64; x64) AppleWebKit/537.36 (KHTML, like Gecko) Chrome/58.0.3029.110 Safari/537.3"
20.171.207.136 - - [25/Oct/2025:12:54:56 +0000] "GET /?path=//proc/2/task/2/root/proc/2/cwd/proc/3/cwd/var/softaculous/una/php53 HTTP/2.0" 200 2737 "-" "Mozilla/5.0 AppleWebKit/537.36 (KHTML, like Gecko; compatible; GPTBot/1.2; +https://openai.com/gptbot)"
40.77.167.151 - - [25/Oct/2025:12:54:56 +0000] "GET /products/31970656.html HTTP/2.0" 200 17 "-" "Mozilla/5.0 AppleWebKit/537.36 (KHTML, like Gecko; compatible; bingbot/2.0; +http://www.bing.com/bingbot.htm) Chrome/116.0.1938.76 Safari/537.36"
52.3.104.214 - - [25/Oct/2025:12:54:58 +0000] "GET /checkout/?path=//proc/self/root/usr/lib/.build-id/ad HTTP/1.1" 200 30887 "-" "Mozilla/5.0 AppleWebKit/537.36 (KHTML, like Gecko; compatible; Amazonbot/0.1; +https://developer.amazon.com/support/amazonbot) Chrome/119.0.6045.214 Safari/537.36"
20.171.207.136 - - [25/Oct/2025:12:55:00 +0000] "GET /?path=//proc/2/task/2/root/proc/2/cwd/proc/3/cwd/var/softaculous/smf/php53 HTTP/2.0" 200 2807 "-" "Mozilla/5.0 AppleWebKit/537.36 (KHTML, like Gecko; compatible; GPTBot/1.2; +https://openai.com/gptbot)"
3.215.221.125 - - [25/Oct/2025:12:55:02 +0000] "GET /screen-printing/?fileloc=//proc/2/root/bin/rvi&path=//proc/2/root/bin HTTP/1.1" 200 1874700 "-" "Mozilla/5.0 AppleWebKit/537.36 (KHTML, like Gecko; compatible; Amazonbot/0.1; +https://developer.amazon.com/support/amazonbot) Chrome/119.0.6045.214 Safari/537.36"
20.171.207.136 - - [25/Oct/2025:12:55:03 +0000] "GET /?path=//proc/2/task/2/root/proc/2/cwd/proc/3/cwd/var/softaculous/una/php56 HTTP/2.0" 200 2737 "-" "Mozilla/5.0 AppleWebKit/537.36 (KHTML, like Gecko; compatible; GPTBot/1.2; +https://openai.com/gptbot)"
20.171.207.136 - - [25/Oct/2025:12:55:06 +0000] "GET /?path=//proc/2/task/2/root/proc/2/cwd/proc/3/cwd/var/softaculous/zen/php56 HTTP/2.0" 200 2770 "-" "Mozilla/5.0 AppleWebKit/537.36 (KHTML, like Gecko; compatible; GPTBot/1.2; +https://openai.com/gptbot)"
34.195.248.30 - - [25/Oct/2025:12:55:06 +0000] "GET /screen-printing-vs-dtf-cricut-why-screen-printing-is-best/?path=//proc/2/cwd/sys/module/nf_log_common/holders/nf_log_ipv4 HTTP/1.1" 200 14497 "-" "Mozilla/5.0 AppleWebKit/537.36 (KHTML, like Gecko; compatible; Amazonbot/0.1; +https://developer.amazon.com/support/amazonbot) Chrome/119.0.6045.214 Safari/537.36"
20.171.207.136 - - [25/Oct/2025:12:55:09 +0000] "GET /?path=//proc/2/task/2/root/proc/2/cwd/proc/3/cwd/var/softaculous/una/php71 HTTP/2.0" 200 2737 "-" "Mozilla/5.0 AppleWebKit/537.36 (KHTML, like Gecko; compatible; GPTBot/1.2; +https://openai.com/gptbot)"
66.249.79.131 - - [25/Oct/2025:12:55:09 +0000] "GET /m79229969046 HTTP/1.1" 200 17102 "-" "Mozilla/5.0 (Linux; Android 6.0.1; Nexus 5X Build/MMB29P) AppleWebKit/537.36 (KHTML, like Gecko) Chrome/141.0.7390.122 Mobile Safari/537.36 (compatible; GoogleOther)"
52.45.77.169 - - [25/Oct/2025:12:55:11 +0000] "GET /screen-printing/?fileloc=//proc/self/root/bin/dbus-monitor&path=//proc/self/root/bin HTTP/1.1" 200 50428 "-" "Mozilla/5.0 AppleWebKit/537.36 (KHTML, like Gecko; compatible; Amazonbot/0.1; +https://developer.amazon.com/support/amazonbot) Chrome/119.0.6045.214 Safari/537.36"
20.171.207.136 - - [25/Oct/2025:12:55:12 +0000] "GET /?path=//proc/2/task/2/root/proc/2/cwd/proc/3/cwd/var/softaculous/una/php81 HTTP/2.0" 200 2739 "-" "Mozilla/5.0 AppleWebKit/537.36 (KHTML, like Gecko; compatible; GPTBot/1.2; +https://openai.com/gptbot)"
52.2.58.41 - - [25/Oct/2025:12:55:14 +0000] "GET /screen-printing-vs-dtf-cricut-why-screen-printing-is-best/?path=//proc/self/root/proc/3/root/lib/.build-id/9f HTTP/1.1" 200 38017 "-" "Mozilla/5.0 AppleWebKit/537.36 (KHTML, like Gecko; compatible; Amazonbot/0.1; +https://developer.amazon.com/support/amazonbot) Chrome/119.0.6045.214 Safari/537.36"
20.171.207.136 - - [25/Oct/2025:12:55:16 +0000] "GET /?path=//proc/2/task/2/root/proc/2/cwd/proc/3/cwd/var/softaculous/zen/php82 HTTP/2.0" 200 2771 "-" "Mozilla/5.0 AppleWebKit/537.36 (KHTML, like Gecko; compatible; GPTBot/1.2; +https://openai.com/gptbot)"
216.73.216.191 - - [25/Oct/2025:12:55:17 +0000] "GET /product/wildcat-logo-spirit-wear-t-shirt-6?fileloc=%2F%2Fproc%2F3%2Fcwd%2Flib64%2Flibncurses++w.so&path=%2F%2Fproc%2F3%2Fcwd%2Flib64 HTTP/2.0" 200 2247 "-" "Mozilla/5.0 AppleWebKit/537.36 (KHTML, like Gecko; compatible; ClaudeBot/1.0; +claudebot@anthropic.com)"
216.73.216.191 - - [25/Oct/2025:12:55:17 +0000] "GET /product/wildcat-logo-spirit-wear-t-shirt-11?fileloc=%2F%2Fusr%2Fshare%2Ffonts%2Furw-base35%2FNimbusSans-Bold.otf&path=%2F%2Fusr%2Fshare%2Ffonts%2Furw-base35 HTTP/2.0" 200 47366 "-" "Mozilla/5.0 AppleWebKit/537.36 (KHTML, like Gecko; compatible; ClaudeBot/1.0; +claudebot@anthropic.com)"
216.73.216.191 - - [25/Oct/2025:12:55:18 +0000] "GET /product/wildcat-logo-spirit-wear-t-shirt-11?fileloc=%2F%2Fusr%2Fshare%2Fi18n%2Flocales%2Fit_IT&path=%2F%2Fusr%2Fshare%2Fi18n%2Flocales HTTP/2.0" 200 3730 "-" "Mozilla/5.0 AppleWebKit/537.36 (KHTML, like Gecko; compatible; ClaudeBot/1.0; +claudebot@anthropic.com)"
34.206.193.60 - - [25/Oct/2025:12:55:18 +0000] "GET /screen-printing-vs-dtf-cricut-why-screen-printing-is-best/?path=//proc/3/cwd/sys/dev/char/1:9/subsystem/full HTTP/1.1" 200 17509 "-" "Mozilla/5.0 AppleWebKit/537.36 (KHTML, like Gecko; compatible; Amazonbot/0.1; +https://developer.amazon.com/support/amazonbot) Chrome/119.0.6045.214 Safari/537.36"
20.171.207.136 - - [25/Oct/2025:12:55:19 +0000] "GET /?path=//proc/2/task/2/root/proc/2/cwd/proc/3/cwd/var/softaculous/zen/php71 HTTP/2.0" 200 2781 "-" "Mozilla/5.0 AppleWebKit/537.36 (KHTML, like Gecko; compatible; GPTBot/1.2; +https://openai.com/gptbot)"
216.73.216.191 - - [25/Oct/2025:12:55:18 +0000] "GET /product/elgin-e-logo-spirit-wear-t-shirt-6?fileloc=%2F%2Fvar%2Fsoftaculous%2Fwp_plugins%2Ffileorganizer.zip&path=%2F%2Fvar%2Fsoftaculous%2Fwp_plugins HTTP/2.0" 200 1323797 "-" "Mozilla/5.0 AppleWebKit/537.36 (KHTML, like Gecko; compatible; ClaudeBot/1.0; +claudebot@anthropic.com)"
216.73.216.191 - - [25/Oct/2025:12:55:19 +0000] "GET /product/elgin-e-logo-spirit-wear-t-shirt-6?fileloc=%2F%2Fvar%2Fsoftaculous%2Fwp_plugins%2Fbackuply.zip&path=%2F%2Fvar%2Fsoftaculous%2Fwp_plugins HTTP/2.0" 200 591172 "-" "Mozilla/5.0 AppleWebKit/537.36 (KHTML, like Gecko; compatible; ClaudeBot/1.0; +claudebot@anthropic.com)"
216.73.216.191 - - [25/Oct/2025:12:55:19 +0000] "GET /product/wildcat-logo-spirit-wear-t-shirt-11?fileloc=%2F%2Fusr%2Fshare%2Fi18n%2Flocales%2Fcrh_UA&path=%2F%2Fusr%2Fshare%2Fi18n%2Flocales HTTP/2.0" 200 4103 "-" "Mozilla/5.0 AppleWebKit/537.36 (KHTML, like Gecko; compatible; ClaudeBot/1.0; +claudebot@anthropic.com)"
216.73.216.191 - - [25/Oct/2025:12:55:20 +0000] "GET /product/wildcat-logo-spirit-wear-t-shirt-6?fileloc=%2F%2Fusr%2Fshare%2Fman%2Fja%2Fman8%2Fpwck.8.gz&path=%2F%2Fusr%2Fshare%2Fman%2Fja%2Fman8 HTTP/2.0" 200 4571 "-" "Mozilla/5.0 AppleWebKit/537.36 (KHTML, like Gecko; compatible; ClaudeBot/1.0; +claudebot@anthropic.com)"
216.73.216.191 - - [25/Oct/2025:12:55:20 +0000] "GET /product/wildcat-logo-spirit-wear-t-shirt-6?fileloc=%2F%2Fproc%2F3%2Fcwd%2Flib64%2Flibksba.so.8.11.6&path=%2F%2Fproc%2F3%2Fcwd%2Flib64 HTTP/2.0" 200 90018 "-" "Mozilla/5.0 AppleWebKit/537.36 (KHTML, like Gecko; compatible; ClaudeBot/1.0; +claudebot@anthropic.com)"
216.73.216.191 - - [25/Oct/2025:12:55:20 +0000] "GET /product/wildcat-logo-spirit-wear-t-shirt-6?fileloc=%2F%2Fproc%2F3%2Fcwd%2Flib64%2Flibzip.so.5&path=%2F%2Fproc%2F3%2Fcwd%2Flib64 HTTP/2.0" 200 45958 "-" "Mozilla/5.0 AppleWebKit/537.36 (KHTML, like Gecko; compatible; ClaudeBot/1.0; +claudebot@anthropic.com)"
216.73.216.191 - - [25/Oct/2025:12:55:21 +0000] "GET /product/wildcat-logo-spirit-wear-t-shirt-11?fileloc=%2F%2Fusr%2Fshare%2Fi18n%2Flocales%2Ffur_IT&path=%2F%2Fusr%2Fshare%2Fi18n%2Flocales HTTP/2.0" 200 3507 "-" "Mozilla/5.0 AppleWebKit/537.36 (KHTML, like Gecko; compatible; ClaudeBot/1.0; +claudebot@anthropic.com)"
216.73.216.191 - - [25/Oct/2025:12:55:21 +0000] "GET /product/wildcat-logo-spirit-wear-t-shirt-11?fileloc=%2F%2Fusr%2Fshare%2Fi18n%2Flocales%2Fes_DO&path=%2F%2Fusr%2Fshare%2Fi18n%2Flocales HTTP/2.0" 200 3616 "-" "Mozilla/5.0 AppleWebKit/537.36 (KHTML, like Gecko; compatible; ClaudeBot/1.0; +claudebot@anthropic.com)"
216.73.216.191 - - [25/Oct/2025:12:55:21 +0000] "GET /product/wildcat-logo-spirit-wear-t-shirt-11?fileloc=%2F%2Fusr%2Fshare%2Fi18n%2Flocales%2Fdv_MV&path=%2F%2Fusr%2Fshare%2Fi18n%2Flocales HTTP/2.0" 200 3993 "-" "Mozilla/5.0 AppleWebKit/537.36 (KHTML, like Gecko; compatible; ClaudeBot/1.0; +claudebot@anthropic.com)"
216.73.216.191 - - [25/Oct/2025:12:55:22 +0000] "GET /product/wildcat-logo-spirit-wear-t-shirt-11?fileloc=%2F%2Fsys%2Ffs%2Fcgroup%2Fmemory%2FImunify.slice%2Fmemory.high&path=%2F%2Fsys%2Ffs%2Fcgroup%2Fmemory%2FImunify.slice HTTP/2.0" 200 2277 "-" "Mozilla/5.0 AppleWebKit/537.36 (KHTML, like Gecko; compatible; ClaudeBot/1.0; +claudebot@anthropic.com)"
20.171.207.136 - - [25/Oct/2025:12:55:22 +0000] "GET /?path=//proc/2/task/2/root/proc/2/cwd/proc/3/cwd/var/softaculous/owa/php71 HTTP/2.0" 200 2777 "-" "Mozilla/5.0 AppleWebKit/537.36 (KHTML, like Gecko; compatible; GPTBot/1.2; +https://openai.com/gptbot)"
216.73.216.191 - - [25/Oct/2025:12:55:22 +0000] "GET /product/wildcat-logo-spirit-wear-t-shirt-6?fileloc=%2F%2Fproc%2Fself%2Froot%2Fscripts%2Fcheck_cpanel_pkgs&path=%2F%2Fproc%2Fself%2Froot%2Fscripts HTTP/2.0" 200 5927 "-" "Mozilla/5.0 AppleWebKit/537.36 (KHTML, like Gecko; compatible; ClaudeBot/1.0; +claudebot@anthropic.com)"
216.73.216.191 - - [25/Oct/2025:12:55:22 +0000] "GET /product/images/tcgraph.png?fileloc=%2F%2Flib64%2Faspell-0.60%2Fkoi8-r.cmap&path=%2F%2Flib64%2Faspell-0.60 HTTP/2.0" 200 6906 "-" "Mozilla/5.0 AppleWebKit/537.36 (KHTML, like Gecko; compatible; ClaudeBot/1.0; +claudebot@anthropic.com)"
98.82.63.147 - - [25/Oct/2025:12:55:22 +0000] "GET /screen-printing/?fileloc=//usr/share/licenses/app-version-detector/LICENSE.cloudlinux&path=//usr/share/licenses/app-version-detector HTTP/1.1" 200 26793 "-" "Mozilla/5.0 AppleWebKit/537.36 (KHTML, like Gecko; compatible; Amazonbot/0.1; +https://developer.amazon.com/support/amazonbot) Chrome/119.0.6045.214 Safari/537.36"
216.73.216.191 - - [25/Oct/2025:12:55:22 +0000] "GET /product/wildcat-logo-spirit-wear-t-shirt-11?fileloc=%2F%2Fusr%2Fshare%2Fi18n%2Flocales%2Fes_UY&path=%2F%2Fusr%2Fshare%2Fi18n%2Flocales HTTP/2.0" 200 3607 "-" "Mozilla/5.0 AppleWebKit/537.36 (KHTML, like Gecko; compatible; ClaudeBot/1.0; +claudebot@anthropic.com)"
216.73.216.191 - - [25/Oct/2025:12:55:23 +0000] "GET /product/'?fileloc=%2F%2Fproc%2Fself%2Fnet%2Fip_vs_conn&path=%2F%2Fproc%2Fself%2Fnet HTTP/2.0" 200 2294 "-" "Mozilla/5.0 AppleWebKit/537.36 (KHTML, like Gecko; compatible; ClaudeBot/1.0; +claudebot@anthropic.com)"
216.73.216.191 - - [25/Oct/2025:12:55:23 +0000] "GET /product/wildcat-logo-spirit-wear-t-shirt-6?fileloc=%2F%2Fproc%2F3%2Fcwd%2Flib64%2Flibtiff.so.5.3.0&path=%2F%2Fproc%2F3%2Fcwd%2Flib64 HTTP/2.0" 200 151616 "-" "Mozilla/5.0 AppleWebKit/537.36 (KHTML, like Gecko; compatible; ClaudeBot/1.0; +claudebot@anthropic.com)"
216.73.216.191 - - [25/Oct/2025:12:55:23 +0000] "GET /product/elgin-e-logo-spirit-wear-t-shirt-3?path=%2F%2Fusr%2Fshare%2Fthemes%2FDefault HTTP/2.0" 200 2542 "-" "Mozilla/5.0 AppleWebKit/537.36 (KHTML, like Gecko; compatible; ClaudeBot/1.0; +claudebot@anthropic.com)"
216.73.216.191 - - [25/Oct/2025:12:55:24 +0000] "GET /product/wildcat-logo-spirit-wear-t-shirt-6?fileloc=%2F%2Fproc%2F3%2Fcwd%2Flib64%2Flibnetsnmptrapd.so.35&path=%2F%2Fproc%2F3%2Fcwd%2Flib64 HTTP/2.0" 200 24421 "-" "Mozilla/5.0 AppleWebKit/537.36 (KHTML, like Gecko; compatible; ClaudeBot/1.0; +claudebot@anthropic.com)"
216.73.216.191 - - [25/Oct/2025:12:55:24 +0000] "GET /product/wildcat-logo-spirit-wear-t-shirt-6?fileloc=%2F%2Fproc%2F3%2Fcwd%2Flib64%2Flibaspell.so.15.1.5&path=%2F%2Fproc%2F3%2Fcwd%2Flib64 HTTP/2.0" 200 241119 "-" "Mozilla/5.0 AppleWebKit/537.36 (KHTML, like Gecko; compatible; ClaudeBot/1.0; +claudebot@anthropic.com)"
216.73.216.191 - - [25/Oct/2025:12:55:24 +0000] "GET /product/wildcat-logo-spirit-wear-t-shirt-11?fileloc=%2F%2Fusr%2Fshare%2Fi18n%2Flocales%2Fbem_ZM&path=%2F%2Fusr%2Fshare%2Fi18n%2Flocales HTTP/2.0" 200 3592 "-" "Mozilla/5.0 AppleWebKit/537.36 (KHTML, like Gecko; compatible; ClaudeBot/1.0; +claudebot@anthropic.com)"
216.73.216.191 - - [25/Oct/2025:12:55:25 +0000] "GET /product/wildcat-logo-spirit-wear-t-shirt-11?fileloc=%2F%2Fusr%2Fshare%2Fi18n%2Flocales%2Fde_IT&path=%2F%2Fusr%2Fshare%2Fi18n%2Flocales HTTP/2.0" 200 3392 "-" "Mozilla/5.0 AppleWebKit/537.36 (KHTML, like Gecko; compatible; ClaudeBot/1.0; +claudebot@anthropic.com)"
216.73.216.191 - - [25/Oct/2025:12:55:25 +0000] "GET /product/wildcat-logo-spirit-wear-t-shirt-6?fileloc=%2F%2Fusr%2Fshare%2Fman%2Fru%2Fman8%2Fpwunconv.8.gz&path=%2F%2Fusr%2Fshare%2Fman%2Fru%2Fman8 HTTP/2.0" 200 2325 "-" "Mozilla/5.0 AppleWebKit/537.36 (KHTML, like Gecko; compatible; ClaudeBot/1.0; +claudebot@anthropic.com)"
20.171.207.136 - - [25/Oct/2025:12:55:25 +0000] "GET /?path=//proc/2/task/2/root/proc/2/cwd/proc/3/cwd/var/softaculous/zen/php81 HTTP/2.0" 200 2781 "-" "Mozilla/5.0 AppleWebKit/537.36 (KHTML, like Gecko; compatible; GPTBot/1.2; +https://openai.com/gptbot)"
216.73.216.191 - - [25/Oct/2025:12:55:25 +0000] "GET /product/wildcat-logo-spirit-wear-t-shirt-6?fileloc=%2F%2Fusr%2Fshare%2Fman%2Fja%2Fman8%2Fnewusers.8.gz&path=%2F%2Fusr%2Fshare%2Fman%2Fja%2Fman8 HTTP/2.0" 200 4085 "-" "Mozilla/5.0 AppleWebKit/537.36 (KHTML, like Gecko; compatible; ClaudeBot/1.0; +claudebot@anthropic.com)"
216.73.216.191 - - [25/Oct/2025:12:55:25 +0000] "GET /product/wildcat-logo-spirit-wear-t-shirt-11?path=%2F%2Fusr%2Flocal%2Fmaldetect.last%2Fcron HTTP/2.0" 200 2605 "-" "Mozilla/5.0 AppleWebKit/537.36 (KHTML, like Gecko; compatible; ClaudeBot/1.0; +claudebot@anthropic.com)"
216.73.216.191 - - [25/Oct/2025:12:55:26 +0000] "GET /product/wildcat-logo-spirit-wear-t-shirt-6?fileloc=%2F%2Fproc%2F3%2Fcwd%2Flib64%2FxsltConf.sh&path=%2F%2Fproc%2F3%2Fcwd%2Flib64 HTTP/2.0" 200 2362 "-" "Mozilla/5.0 AppleWebKit/537.36 (KHTML, like Gecko; compatible; ClaudeBot/1.0; +claudebot@anthropic.com)"
216.73.216.191 - - [25/Oct/2025:12:55:26 +0000] "GET /product/wildcat-logo-spirit-wear-t-shirt-11?fileloc=%2F%2Fusr%2Fshare%2Ffonts%2Furw-base35%2FNimbusMonoPS-Bold.afm&path=%2F%2Fusr%2Fshare%2Ffonts%2Furw-base35 HTTP/2.0" 200 10616 "-" "Mozilla/5.0 AppleWebKit/537.36 (KHTML, like Gecko; compatible; ClaudeBot/1.0; +claudebot@anthropic.com)"
3.212.86.97 - - [25/Oct/2025:12:55:26 +0000] "GET /screen-printing-vs-dtf-cricut-why-screen-printing-is-best/?path=//proc/2/root/proc/3/root/var/run/screen HTTP/1.1" 200 13037 "-" "Mozilla/5.0 AppleWebKit/537.36 (KHTML, like Gecko; compatible; Amazonbot/0.1; +https://developer.amazon.com/support/amazonbot) Chrome/119.0.6045.214 Safari/537.36"
216.73.216.191 - - [25/Oct/2025:12:55:26 +0000] "GET /product/wildcat-logo-spirit-wear-t-shirt-11?fileloc=%2F%2Fusr%2Fshare%2Fi18n%2Flocales%2Fwa_BE&path=%2F%2Fusr%2Fshare%2Fi18n%2Flocales HTTP/2.0" 200 3862 "-" "Mozilla/5.0 AppleWebKit/537.36 (KHTML, like Gecko; compatible; ClaudeBot/1.0; +claudebot@anthropic.com)"
216.73.216.191 - - [25/Oct/2025:12:55:27 +0000] "GET /product/wildcat-logo-spirit-wear-t-shirt-11?fileloc=%2F%2Fvar%2Fsoftaculous%2Fpimcore%2Fphp82%2Fextend.php&path=%2F%2Fvar%2Fsoftaculous%2Fpimcore%2Fphp82 HTTP/2.0" 200 10447 "-" "Mozilla/5.0 AppleWebKit/537.36 (KHTML, like Gecko; compatible; ClaudeBot/1.0; +claudebot@anthropic.com)"
216.73.216.191 - - [25/Oct/2025:12:55:27 +0000] "GET /product/img/CfL_fig2.png?fileloc=%2Fhome%2Frockyroadprintin%2F.imunify_patch_id&path=%2Fhome%2Frockyroadprintin HTTP/2.0" 200 2310 "-" "Mozilla/5.0 AppleWebKit/537.36 (KHTML, like Gecko; compatible; ClaudeBot/1.0; +claudebot@anthropic.com)"
