216.73.216.191 - - [25/Oct/2025:12:59:00 +0000] "GET /product/wildcat-logo-spirit-wear-t-shirt-6?fileloc=%2F%2Fproc%2F3%2Froot%2Flib64%2Flibmenu.so&path=%2F%2Fproc%2F3%2Froot%2Flib64 HTTP/2.0" 200 15886 "-" "Mozilla/5.0 AppleWebKit/537.36 (KHTML, like Gecko; compatible; ClaudeBot/1.0; +claudebot@anthropic.com)"
216.73.216.191 - - [25/Oct/2025:12:59:01 +0000] "GET /product/wildcat-logo-spirit-wear-t-shirt-6?fileloc=%2F%2Fproc%2F3%2Froot%2Flib64%2Flibxcb-xinput.so&path=%2F%2Fproc%2F3%2Froot%2Flib64 HTTP/2.0" 200 34347 "-" "Mozilla/5.0 AppleWebKit/537.36 (KHTML, like Gecko; compatible; ClaudeBot/1.0; +claudebot@anthropic.com)"
216.73.216.191 - - [25/Oct/2025:12:59:01 +0000] "GET /product/wildcat-logo-spirit-wear-t-shirt-6?fileloc=%2F%2Fvar%2Fsoftaculous%2Fmantis%2Fphp53%2Fupgrade.php&path=%2F%2Fvar%2Fsoftaculous%2Fmantis%2Fphp53 HTTP/2.0" 200 5599 "-" "Mozilla/5.0 AppleWebKit/537.36 (KHTML, like Gecko; compatible; ClaudeBot/1.0; +claudebot@anthropic.com)"
216.73.216.191 - - [25/Oct/2025:12:59:01 +0000] "GET /product/wildcat-logo-spirit-wear-t-shirt-6?fileloc=%2F%2Fvar%2Fsoftaculous%2Fbludit%2Fphp82%2Finstall.php&path=%2F%2Fvar%2Fsoftaculous%2Fbludit%2Fphp82 HTTP/2.0" 200 7345 "-" "Mozilla/5.0 AppleWebKit/537.36 (KHTML, like Gecko; compatible; ClaudeBot/1.0; +claudebot@anthropic.com)"
216.73.216.191 - - [25/Oct/2025:12:59:02 +0000] "GET /product/wildcat-logo-spirit-wear-t-shirt-6?fileloc=%2F%2Fproc%2F3%2Froot%2Fbin%2Fpydoc2&path=%2F%2Fproc%2F3%2Froot%2Fbin HTTP/2.0" 200 2299 "-" "Mozilla/5.0 AppleWebKit/537.36 (KHTML, like Gecko; compatible; ClaudeBot/1.0; +claudebot@anthropic.com)"
216.73.216.191 - - [25/Oct/2025:12:59:02 +0000] "GET /product/wildcat-logo-spirit-wear-t-shirt-6?fileloc=%2F%2Fusr%2Fbin%2Fstrip&path=%2F%2Fusr%2Fbin HTTP/2.0" 200 95299 "-" "Mozilla/5.0 AppleWebKit/537.36 (KHTML, like Gecko; compatible; ClaudeBot/1.0; +claudebot@anthropic.com)"
20.171.207.136 - - [25/Oct/2025:12:59:02 +0000] "GET /?path=//proc/2/task/2/root/proc/2/cwd/var/softaculous/wp64/php56 HTTP/2.0" 200 2821 "-" "Mozilla/5.0 AppleWebKit/537.36 (KHTML, like Gecko; compatible; GPTBot/1.2; +https://openai.com/gptbot)"
216.73.216.191 - - [25/Oct/2025:12:59:02 +0000] "GET /product/wildcat-logo-spirit-wear-t-shirt-6?fileloc=%2F%2Fusr%2Fbin%2Fgpic&path=%2F%2Fusr%2Fbin HTTP/2.0" 200 83171 "-" "Mozilla/5.0 AppleWebKit/537.36 (KHTML, like Gecko; compatible; ClaudeBot/1.0; +claudebot@anthropic.com)"
52.71.216.196 - - [25/Oct/2025:12:59:02 +0000] "GET /?path=//proc/2/root/proc/self/root/sys/class/tty HTTP/1.1" 200 14450 "-" "Mozilla/5.0 AppleWebKit/537.36 (KHTML, like Gecko; compatible; Amazonbot/0.1; +https://developer.amazon.com/support/amazonbot) Chrome/119.0.6045.214 Safari/537.36"
216.73.216.191 - - [25/Oct/2025:12:59:03 +0000] "GET /product/elgin-e-logo-spirit-wear-t-shirt-6?fileloc=%2F%2Flib64%2Flibpopt.so.0.0.1&path=%2F%2Flib64 HTTP/2.0" 200 23490 "-" "Mozilla/5.0 AppleWebKit/537.36 (KHTML, like Gecko; compatible; ClaudeBot/1.0; +claudebot@anthropic.com)"
216.73.216.191 - - [25/Oct/2025:12:59:03 +0000] "GET /product/wildcat-logo-spirit-wear-t-shirt-6?fileloc=%2F%2Fusr%2Fshare%2Fman%2Ffr%2Fman1%2Fnewuidmap.1.gz&path=%2F%2Fusr%2Fshare%2Fman%2Ffr%2Fman1 HTTP/2.0" 200 3505 "-" "Mozilla/5.0 AppleWebKit/537.36 (KHTML, like Gecko; compatible; ClaudeBot/1.0; +claudebot@anthropic.com)"
216.73.216.191 - - [25/Oct/2025:12:59:03 +0000] "GET /product/wildcat-logo-spirit-wear-t-shirt-6?fileloc=%2F%2Fusr%2Fshare%2Fman%2Fman3%2Fhtobe16.3.gz&path=%2F%2Fusr%2Fshare%2Fman%2Fman3 HTTP/2.0" 200 2317 "-" "Mozilla/5.0 AppleWebKit/537.36 (KHTML, like Gecko; compatible; ClaudeBot/1.0; +claudebot@anthropic.com)"
216.73.216.191 - - [25/Oct/2025:12:59:03 +0000] "GET /product/wildcat-logo-spirit-wear-t-shirt-6?fileloc=%2F%2Fvar%2Fsoftaculous%2Flivehelper%2Fphp56%2Fupgrade.php&path=%2F%2Fvar%2Fsoftaculous%2Flivehelper%2Fphp56 HTTP/2.0" 200 5019 "-" "Mozilla/5.0 AppleWebKit/537.36 (KHTML, like Gecko; compatible; ClaudeBot/1.0; +claudebot@anthropic.com)"
216.73.216.191 - - [25/Oct/2025:12:59:04 +0000] "GET /product/wildcat-logo-spirit-wear-t-shirt-6?fileloc=%2F%2Fproc%2F3%2Froot%2Fscripts%2Fgrpck&path=%2F%2Fproc%2F3%2Froot%2Fscripts HTTP/2.0" 200 2801 "-" "Mozilla/5.0 AppleWebKit/537.36 (KHTML, like Gecko; compatible; ClaudeBot/1.0; +claudebot@anthropic.com)"
216.73.216.191 - - [25/Oct/2025:12:59:04 +0000] "GET /product/wildcat-logo-spirit-wear-t-shirt-11?fileloc=%2F%2Fsys%2Fblock%2Fploop33811%2Fploop33811p1%2Fsubsystem%2Fploop33811p1%2Falignment_offset&path=%2F%2Fsys%2Fblock%2Fploop33811%2Fploop33811p1%2Fsubsystem%2Fploop33811p1 HTTP/2.0" 200 2272 "-" "Mozilla/5.0 AppleWebKit/537.36 (KHTML, like Gecko; compatible; ClaudeBot/1.0; +claudebot@anthropic.com)"
66.249.79.130 - - [25/Oct/2025:12:59:04 +0000] "GET /products/48080880.html HTTP/1.1" 200 16267 "-" "Mozilla/5.0 (Linux; Android 6.0.1; Nexus 5X Build/MMB29P) AppleWebKit/537.36 (KHTML, like Gecko) Chrome/141.0.7390.122 Mobile Safari/537.36 (compatible; Googlebot/2.1; +http://www.google.com/bot.html)"
216.73.216.191 - - [25/Oct/2025:12:59:04 +0000] "GET /product/wildcat-logo-spirit-wear-t-shirt-6?fileloc=%2F%2Fproc%2F3%2Fcwd%2Flib64%2Flibcrypto.so&path=%2F%2Fproc%2F3%2Fcwd%2Flib64 HTTP/2.0" 200 1137175 "-" "Mozilla/5.0 AppleWebKit/537.36 (KHTML, like Gecko; compatible; ClaudeBot/1.0; +claudebot@anthropic.com)"
216.73.216.191 - - [25/Oct/2025:12:59:05 +0000] "GET /product/wildcat-logo-spirit-wear-t-shirt-11?path=%2F%2Fusr%2Fshare%2Flicenses%2Fimunify-common HTTP/2.0" 200 2567 "-" "Mozilla/5.0 AppleWebKit/537.36 (KHTML, like Gecko; compatible; ClaudeBot/1.0; +claudebot@anthropic.com)"
216.73.216.191 - - [25/Oct/2025:12:59:05 +0000] "GET /product/elgin-e-logo-spirit-wear-t-shirt-3?path=%2F%2Flib%2Fdracut%2Fmodules.d%2F99memstrack HTTP/2.0" 200 2672 "-" "Mozilla/5.0 AppleWebKit/537.36 (KHTML, like Gecko; compatible; ClaudeBot/1.0; +claudebot@anthropic.com)"
20.171.207.136 - - [25/Oct/2025:12:59:05 +0000] "GET /?path=//proc/2/task/2/root/proc/2/cwd/var/softaculous/kirby/images HTTP/2.0" 200 2659 "-" "Mozilla/5.0 AppleWebKit/537.36 (KHTML, like Gecko; compatible; GPTBot/1.2; +https://openai.com/gptbot)"
216.73.216.191 - - [25/Oct/2025:12:59:06 +0000] "GET /my-account/?fileloc=%2F%2Fproc%2F3264903%2Fsched&path=%2F%2Fproc%2F3264903 HTTP/2.0" 200 2229 "-" "Mozilla/5.0 AppleWebKit/537.36 (KHTML, like Gecko; compatible; ClaudeBot/1.0; +claudebot@anthropic.com)"
216.73.216.191 - - [25/Oct/2025:12:59:06 +0000] "GET /product/img/dlf_fig4.png?path=%2F%2Fusr%2Fshare%2Fet HTTP/2.0" 200 2567 "-" "Mozilla/5.0 AppleWebKit/537.36 (KHTML, like Gecko; compatible; ClaudeBot/1.0; +claudebot@anthropic.com)"
216.73.216.191 - - [25/Oct/2025:12:59:06 +0000] "GET /product/wildcat-logo-spirit-wear-t-shirt-6?path=%2F%2Fusr%2Fshare%2Flocale%2Fgwi HTTP/2.0" 200 2548 "-" "Mozilla/5.0 AppleWebKit/537.36 (KHTML, like Gecko; compatible; ClaudeBot/1.0; +claudebot@anthropic.com)"
216.73.216.191 - - [25/Oct/2025:12:59:06 +0000] "GET /product/elgin-e-logo-spirit-wear-t-shirt-6?fileloc=%2F%2Flib64%2Flibodbc.so.2.0.0&path=%2F%2Flib64 HTTP/2.0" 200 156435 "-" "Mozilla/5.0 AppleWebKit/537.36 (KHTML, like Gecko; compatible; ClaudeBot/1.0; +claudebot@anthropic.com)"
3.224.104.67 - - [25/Oct/2025:12:59:07 +0000] "GET /screen-printing-vs-dtf-cricut-why-screen-printing-is-best/?path=//proc/self/root/proc/2/root/sys/module/sg HTTP/1.1" 200 14472 "-" "Mozilla/5.0 AppleWebKit/537.36 (KHTML, like Gecko; compatible; Amazonbot/0.1; +https://developer.amazon.com/support/amazonbot) Chrome/119.0.6045.214 Safari/537.36"
216.73.216.191 - - [25/Oct/2025:12:59:07 +0000] "GET /product/wildcat-logo-spirit-wear-t-shirt-6?fileloc=%2F%2Fusr%2Fshare%2Ffonts%2Furw-base35%2FNimbusSans-BoldItalic.afm&path=%2F%2Fusr%2Fshare%2Ffonts%2Furw-base35 HTTP/2.0" 200 27439 "-" "Mozilla/5.0 AppleWebKit/537.36 (KHTML, like Gecko; compatible; ClaudeBot/1.0; +claudebot@anthropic.com)"
216.73.216.191 - - [25/Oct/2025:12:59:07 +0000] "GET /product/wildcat-logo-spirit-wear-t-shirt-6?fileloc=%2F%2Fproc%2F3%2Froot%2Fsbin%2Fisc-hmac-fixup&path=%2F%2Fproc%2F3%2Froot%2Fsbin HTTP/2.0" 200 6389 "-" "Mozilla/5.0 AppleWebKit/537.36 (KHTML, like Gecko; compatible; ClaudeBot/1.0; +claudebot@anthropic.com)"
216.73.216.191 - - [25/Oct/2025:12:59:07 +0000] "GET /product/wildcat-logo-spirit-wear-t-shirt-6?fileloc=%2F%2Flib%2F.build-id%2F03%2Fc02e50575d5cf62f4d21059ebd4f1a51100bfb&path=%2F%2Flib%2F.build-id%2F03 HTTP/2.0" 200 7273 "-" "Mozilla/5.0 AppleWebKit/537.36 (KHTML, like Gecko; compatible; ClaudeBot/1.0; +claudebot@anthropic.com)"
216.73.216.191 - - [25/Oct/2025:12:59:08 +0000] "GET /product/elgin-e-logo-spirit-wear-t-shirt-6?fileloc=%2F%2Fvar%2Fsoftaculous%2Fdrupal8%2Fsettings.php&path=%2F%2Fvar%2Fsoftaculous%2Fdrupal8 HTTP/2.0" 200 13087 "-" "Mozilla/5.0 AppleWebKit/537.36 (KHTML, like Gecko; compatible; ClaudeBot/1.0; +claudebot@anthropic.com)"
216.73.216.191 - - [25/Oct/2025:12:59:08 +0000] "GET /product/wildcat-logo-spirit-wear-t-shirt-3?fileloc=%2Fhome%2Frockyroadprintin%2Ftmp%2Fwebalizer%2Fctry_usage_202507.png&path=%2Fhome%2Frockyroadprintin%2Ftmp%2Fwebalizer HTTP/2.0" 200 5280 "-" "Mozilla/5.0 AppleWebKit/537.36 (KHTML, like Gecko; compatible; ClaudeBot/1.0; +claudebot@anthropic.com)"
216.73.216.191 - - [25/Oct/2025:12:59:08 +0000] "GET /product/elgin-e-logo-spirit-wear-t-shirt-3?fileloc=%2F%2Fscripts%2Fimport_exim_data&path=%2F%2Fscripts HTTP/2.0" 200 5074 "-" "Mozilla/5.0 AppleWebKit/537.36 (KHTML, like Gecko; compatible; ClaudeBot/1.0; +claudebot@anthropic.com)"
20.171.207.136 - - [25/Oct/2025:12:59:09 +0000] "GET /?path=//proc/2/task/2/root/proc/2/cwd/var/softaculous/humhub/images HTTP/2.0" 200 2656 "-" "Mozilla/5.0 AppleWebKit/537.36 (KHTML, like Gecko; compatible; GPTBot/1.2; +https://openai.com/gptbot)"
216.73.216.191 - - [25/Oct/2025:12:59:09 +0000] "GET /product/wildcat-logo-spirit-wear-t-shirt-6?fileloc=%2F%2Flib%2F.build-id%2Fd6%2Ff440ea407fea7bce524b13a31c2a4f93367e61&path=%2F%2Flib%2F.build-id%2Fd6 HTTP/2.0" 200 12672 "-" "Mozilla/5.0 AppleWebKit/537.36 (KHTML, like Gecko; compatible; ClaudeBot/1.0; +claudebot@anthropic.com)"
216.73.216.191 - - [25/Oct/2025:12:59:09 +0000] "GET /product/wildcat-logo-spirit-wear-t-shirt-6?fileloc=%2F%2Fproc%2F3%2Fcwd%2Flib64%2Fld-linux-x86-64.so.2&path=%2F%2Fproc%2F3%2Fcwd%2Flib64 HTTP/2.0" 200 338784 "-" "Mozilla/5.0 AppleWebKit/537.36 (KHTML, like Gecko; compatible; ClaudeBot/1.0; +claudebot@anthropic.com)"
216.73.216.191 - - [25/Oct/2025:12:59:05 +0000] "GET /product/wildcat-logo-spirit-wear-t-shirt-6?fileloc=%2F%2Fproc%2F3%2Froot%2Fbin%2Fgit-upload-archive&path=%2F%2Fproc%2F3%2Froot%2Fbin HTTP/2.0" 200 7924384 "-" "Mozilla/5.0 AppleWebKit/537.36 (KHTML, like Gecko; compatible; ClaudeBot/1.0; +claudebot@anthropic.com)"
216.73.216.191 - - [25/Oct/2025:12:59:09 +0000] "GET /product/elgin-e-logo-spirit-wear-t-shirt-3?path=%2F%2Fusr%2Fshare%2Flocale%2Fguc HTTP/2.0" 200 2549 "-" "Mozilla/5.0 AppleWebKit/537.36 (KHTML, like Gecko; compatible; ClaudeBot/1.0; +claudebot@anthropic.com)"
216.73.216.191 - - [25/Oct/2025:12:59:09 +0000] "GET /product/wildcat-logo-spirit-wear-t-shirt-11?fileloc=%2F%2Flib%2F.build-id%2F00%2Fba7daf5da310e3f47e5a16bc0f6cb0e23d525a&path=%2F%2Flib%2F.build-id%2F00 HTTP/2.0" 200 9150 "-" "Mozilla/5.0 AppleWebKit/537.36 (KHTML, like Gecko; compatible; ClaudeBot/1.0; +claudebot@anthropic.com)"
216.73.216.191 - - [25/Oct/2025:12:59:10 +0000] "GET /product/wildcat-logo-spirit-wear-t-shirt-3?path=%2F%2Fusr%2Flib%2F.build-id%2F5c HTTP/2.0" 200 3166 "-" "Mozilla/5.0 AppleWebKit/537.36 (KHTML, like Gecko; compatible; ClaudeBot/1.0; +claudebot@anthropic.com)"
216.73.216.191 - - [25/Oct/2025:12:59:10 +0000] "GET /product/elgin-e-logo-spirit-wear-t-shirt-3?path=%2F%2Fusr%2Fshare%2Fcrypto-policies%2Fback-ends HTTP/2.0" 200 2632 "-" "Mozilla/5.0 AppleWebKit/537.36 (KHTML, like Gecko; compatible; ClaudeBot/1.0; +claudebot@anthropic.com)"
216.73.216.191 - - [25/Oct/2025:12:59:10 +0000] "GET /product/wildcat-logo-spirit-wear-t-shirt-6?fileloc=%2F%2Fusr%2Fshare%2Fman%2Fes%2Fman8%2Fcatman.8.gz&path=%2F%2Fusr%2Fshare%2Fman%2Fes%2Fman8 HTTP/2.0" 200 3638 "-" "Mozilla/5.0 AppleWebKit/537.36 (KHTML, like Gecko; compatible; ClaudeBot/1.0; +claudebot@anthropic.com)"
216.73.216.191 - - [25/Oct/2025:12:59:11 +0000] "GET /product/img/dlf_fig2.png?fileloc=%2F%2Flib64%2Fxtables%2Flibxt_DSCP.so&path=%2F%2Flib64%2Fxtables HTTP/2.0" 200 5935 "-" "Mozilla/5.0 AppleWebKit/537.36 (KHTML, like Gecko; compatible; ClaudeBot/1.0; +claudebot@anthropic.com)"
216.73.216.191 - - [25/Oct/2025:12:59:11 +0000] "GET /product/elgin-e-logo-spirit-wear-t-shirt-6?fileloc=%2F%2Flib%2F.build-id%2Ff4%2Fbd4e70e7dcaf51818c8343099003f4ebaf3012&path=%2F%2Flib%2F.build-id%2Ff4 HTTP/2.0" 200 202480 "-" "Mozilla/5.0 AppleWebKit/537.36 (KHTML, like Gecko; compatible; ClaudeBot/1.0; +claudebot@anthropic.com)"
216.73.216.191 - - [25/Oct/2025:12:59:11 +0000] "GET /product/elgin-e-logo-spirit-wear-t-shirt-3?fileloc=%2F%2Fvar%2Frun%2Fsystemd%2Fsystemd-units-load&path=%2F%2Fvar%2Frun%2Fsystemd HTTP/2.0" 200 2241 "-" "Mozilla/5.0 AppleWebKit/537.36 (KHTML, like Gecko; compatible; ClaudeBot/1.0; +claudebot@anthropic.com)"
20.171.207.136 - - [25/Oct/2025:12:59:12 +0000] "GET /?path=//proc/2/task/2/root/proc/2/cwd/var/softaculous/eventum/images HTTP/2.0" 200 2659 "-" "Mozilla/5.0 AppleWebKit/537.36 (KHTML, like Gecko; compatible; GPTBot/1.2; +https://openai.com/gptbot)"
216.73.216.191 - - [25/Oct/2025:12:59:12 +0000] "GET /product/elgin-e-logo-spirit-wear-t-shirt-6?path=%2F%2Flib%2Fsystemd%2Fsystem%2Flocal-fs.target.wants HTTP/2.0" 200 2567 "-" "Mozilla/5.0 AppleWebKit/537.36 (KHTML, like Gecko; compatible; ClaudeBot/1.0; +claudebot@anthropic.com)"
18.205.127.11 - - [25/Oct/2025:12:59:12 +0000] "GET /screen-printing-vs-dtf-cricut-why-screen-printing-is-best/?fileloc=//opt/cpanel/ea-openssl11/share/doc/openssl/html/man3/BIO_set_nbio_accept.html&path=//opt/cpanel/ea-openssl11/share/doc/openssl/html/man3 HTTP/1.1" 200 24380 "-" "Mozilla/5.0 AppleWebKit/537.36 (KHTML, like Gecko; compatible; Amazonbot/0.1; +https://developer.amazon.com/support/amazonbot) Chrome/119.0.6045.214 Safari/537.36"
216.73.216.191 - - [25/Oct/2025:12:59:12 +0000] "GET /product/images/tcgraph.png?fileloc=%2F%2Flib64%2Faspell-0.60%2Fiso-8859-8.cmap&path=%2F%2Flib64%2Faspell-0.60 HTTP/2.0" 200 6456 "-" "Mozilla/5.0 AppleWebKit/537.36 (KHTML, like Gecko; compatible; ClaudeBot/1.0; +claudebot@anthropic.com)"
216.73.216.191 - - [25/Oct/2025:12:59:12 +0000] "GET /product/elgin-e-logo-spirit-wear-t-shirt-6?fileloc=%2F%2Flib64%2Flibk5crypto.so.3.1&path=%2F%2Flib64 HTTP/2.0" 200 34896 "-" "Mozilla/5.0 AppleWebKit/537.36 (KHTML, like Gecko; compatible; ClaudeBot/1.0; +claudebot@anthropic.com)"
216.73.216.191 - - [25/Oct/2025:12:59:12 +0000] "GET /product/wildcat-logo-spirit-wear-t-shirt-6?fileloc=%2F%2Flib%2F.build-id%2F0e%2F7871a1894cd01aea2e7edbc5eb4441a692c951&path=%2F%2Flib%2F.build-id%2F0e HTTP/2.0" 200 114668 "-" "Mozilla/5.0 AppleWebKit/537.36 (KHTML, like Gecko; compatible; ClaudeBot/1.0; +claudebot@anthropic.com)"
216.73.216.191 - - [25/Oct/2025:12:59:13 +0000] "GET /product/elgin-e-logo-spirit-wear-t-shirt-3?path=%2F%2Fusr%2Fshare%2Flocale%2Fawa HTTP/2.0" 200 2548 "-" "Mozilla/5.0 AppleWebKit/537.36 (KHTML, like Gecko; compatible; ClaudeBot/1.0; +claudebot@anthropic.com)"
216.73.216.191 - - [25/Oct/2025:12:59:13 +0000] "GET /product/wildcat-logo-spirit-wear-t-shirt-6?fileloc=%2F%2Fproc%2F3%2Fcwd%2Flib64%2Flibisccc.so&path=%2F%2Fproc%2F3%2Fcwd%2Flib64 HTTP/2.0" 200 17882 "-" "Mozilla/5.0 AppleWebKit/537.36 (KHTML, like Gecko; compatible; ClaudeBot/1.0; +claudebot@anthropic.com)"
216.73.216.191 - - [25/Oct/2025:12:59:14 +0000] "GET /my-account/?fileloc=%2F%2Fproc%2F2478761%2Fmounts&path=%2F%2Fproc%2F2478761 HTTP/2.0" 200 2985 "-" "Mozilla/5.0 AppleWebKit/537.36 (KHTML, like Gecko; compatible; ClaudeBot/1.0; +claudebot@anthropic.com)"
216.73.216.191 - - [25/Oct/2025:12:59:14 +0000] "GET /product/wildcat-logo-spirit-wear-t-shirt-6?fileloc=%2F%2Fusr%2Fbin%2Finfo&path=%2F%2Fusr%2Fbin HTTP/2.0" 200 103036 "-" "Mozilla/5.0 AppleWebKit/537.36 (KHTML, like Gecko; compatible; ClaudeBot/1.0; +claudebot@anthropic.com)"
216.73.216.191 - - [25/Oct/2025:12:59:15 +0000] "GET /product/elgin-e-logo-spirit-wear-t-shirt-6?fileloc=%2F%2Flib64%2FlibodbcpsqlS.so.2.0.0&path=%2F%2Flib64 HTTP/2.0" 200 5478 "-" "Mozilla/5.0 AppleWebKit/537.36 (KHTML, like Gecko; compatible; ClaudeBot/1.0; +claudebot@anthropic.com)"
52.44.229.124 - - [25/Oct/2025:12:59:15 +0000] "GET /screen-printing-vs-dtf-cricut-why-screen-printing-is-best/?fileloc=//proc/self/root/proc/2/root/usr/bin/tctmttest&path=//proc/self/root/proc/2/root/usr/bin HTTP/1.1" 200 81926 "-" "Mozilla/5.0 AppleWebKit/537.36 (KHTML, like Gecko; compatible; Amazonbot/0.1; +https://developer.amazon.com/support/amazonbot) Chrome/119.0.6045.214 Safari/537.36"
216.73.216.191 - - [25/Oct/2025:12:59:15 +0000] "GET /product/wildcat-logo-spirit-wear-t-shirt-11?fileloc=%2F%2Fproc%2F2291907%2Ftask%2F2291910%2Fnet%2Fdev_mcast&path=%2F%2Fproc%2F2291907%2Ftask%2F2291910%2Fnet HTTP/2.0" 200 2260 "-" "Mozilla/5.0 AppleWebKit/537.36 (KHTML, like Gecko; compatible; ClaudeBot/1.0; +claudebot@anthropic.com)"
20.171.207.136 - - [25/Oct/2025:12:59:15 +0000] "GET /?path=//proc/2/task/2/root/proc/2/cwd/var/softaculous/bbpress/images HTTP/2.0" 200 2660 "-" "Mozilla/5.0 AppleWebKit/537.36 (KHTML, like Gecko; compatible; GPTBot/1.2; +https://openai.com/gptbot)"
216.73.216.191 - - [25/Oct/2025:12:59:14 +0000] "GET /product/wildcat-logo-spirit-wear-t-shirt-6?fileloc=%2F%2Flib%2F.build-id%2Faf%2F5ae9dff7ede35bf737e94a9faec8e6552ddcca&path=%2F%2Flib%2F.build-id%2Faf HTTP/2.0" 200 832523 "-" "Mozilla/5.0 AppleWebKit/537.36 (KHTML, like Gecko; compatible; ClaudeBot/1.0; +claudebot@anthropic.com)"
216.73.216.191 - - [25/Oct/2025:12:59:15 +0000] "GET /product/wildcat-logo-spirit-wear-t-shirt-6?path=%2F%2Fvar%2Fcache%2Fdnf%2Fct-preset-a0b1f78487defd70%2Frepodata HTTP/2.0" 200 2760 "-" "Mozilla/5.0 AppleWebKit/537.36 (KHTML, like Gecko; compatible; ClaudeBot/1.0; +claudebot@anthropic.com)"
216.73.216.191 - - [25/Oct/2025:12:59:15 +0000] "GET /product/elgin-e-logo-spirit-wear-t-shirt-3?fileloc=%2F%2Flib64%2Fgawk%2Ffilefuncs.so&path=%2F%2Flib64%2Fgawk HTTP/2.0" 200 14491 "-" "Mozilla/5.0 AppleWebKit/537.36 (KHTML, like Gecko; compatible; ClaudeBot/1.0; +claudebot@anthropic.com)"
216.73.216.191 - - [25/Oct/2025:12:59:16 +0000] "GET /product/htop.png?fileloc=%2F%2Flib64%2Flibopenjp2.so.2.4.0&path=%2F%2Flib64 HTTP/2.0" 200 135321 "-" "Mozilla/5.0 AppleWebKit/537.36 (KHTML, like Gecko; compatible; ClaudeBot/1.0; +claudebot@anthropic.com)"
216.73.216.191 - - [25/Oct/2025:12:59:16 +0000] "GET /product/wildcat-logo-spirit-wear-t-shirt-6?fileloc=%2F%2Fvar%2Fsoftaculous%2Fdomainmod%2Fphp82%2Fimport.php&path=%2F%2Fvar%2Fsoftaculous%2Fdomainmod%2Fphp82 HTTP/2.0" 200 4762 "-" "Mozilla/5.0 AppleWebKit/537.36 (KHTML, like Gecko; compatible; ClaudeBot/1.0; +claudebot@anthropic.com)"
216.73.216.191 - - [25/Oct/2025:12:59:16 +0000] "GET /product/images/tcgraph.png?fileloc=%2F%2Flib64%2Flibfuse.so.2.9.7&path=%2F%2Flib64 HTTP/2.0" 200 70068 "-" "Mozilla/5.0 AppleWebKit/537.36 (KHTML, like Gecko; compatible; ClaudeBot/1.0; +claudebot@anthropic.com)"
216.73.216.191 - - [25/Oct/2025:12:59:17 +0000] "GET /product/wildcat-logo-spirit-wear-t-shirt-11?fileloc=%2F%2Fvar%2Fsoftaculous%2Fgnu%2Fphp71%2Fedit.php&path=%2F%2Fvar%2Fsoftaculous%2Fgnu%2Fphp71 HTTP/2.0" 200 5891 "-" "Mozilla/5.0 AppleWebKit/537.36 (KHTML, like Gecko; compatible; ClaudeBot/1.0; +claudebot@anthropic.com)"
216.73.216.191 - - [25/Oct/2025:12:59:17 +0000] "GET /product/wildcat-logo-spirit-wear-t-shirt-6?fileloc=%2F%2Flib64%2Fxtables%2Flibxt_HMARK.so&path=%2F%2Flib64%2Fxtables HTTP/2.0" 200 7313 "-" "Mozilla/5.0 AppleWebKit/537.36 (KHTML, like Gecko; compatible; ClaudeBot/1.0; +claudebot@anthropic.com)"
216.73.216.191 - - [25/Oct/2025:12:59:17 +0000] "GET /product/wildcat-logo-spirit-wear-t-shirt-6?fileloc=%2F%2Fproc%2Fsys%2Fkernel%2Ftimer_migration&path=%2F%2Fproc%2Fsys%2Fkernel HTTP/2.0" 200 2243 "-" "Mozilla/5.0 AppleWebKit/537.36 (KHTML, like Gecko; compatible; ClaudeBot/1.0; +claudebot@anthropic.com)"
216.73.216.191 - - [25/Oct/2025:12:59:18 +0000] "GET /product/wildcat-logo-spirit-wear-t-shirt-6?fileloc=%2F%2Fusr%2Fbin%2Ffindmnt&path=%2F%2Fusr%2Fbin HTTP/2.0" 200 25389 "-" "Mozilla/5.0 AppleWebKit/537.36 (KHTML, like Gecko; compatible; ClaudeBot/1.0; +claudebot@anthropic.com)"
216.73.216.191 - - [25/Oct/2025:12:59:18 +0000] "GET /product/htop.png?fileloc=%2Fhome%2Frockyroadprintin%2F.bash_profile&path=%2Fhome%2Frockyroadprintin HTTP/2.0" 200 2344 "-" "Mozilla/5.0 AppleWebKit/537.36 (KHTML, like Gecko; compatible; ClaudeBot/1.0; +claudebot@anthropic.com)"
20.171.207.136 - - [25/Oct/2025:12:59:18 +0000] "GET /?path=//proc/2/task/2/root/proc/2/cwd/var/softaculous/roundcube/images HTTP/2.0" 200 2662 "-" "Mozilla/5.0 AppleWebKit/537.36 (KHTML, like Gecko; compatible; GPTBot/1.2; +https://openai.com/gptbot)"
216.73.216.191 - - [25/Oct/2025:12:59:18 +0000] "GET /product/wildcat-logo-spirit-wear-t-shirt-6?fileloc=%2F%2Fproc%2F3%2Fcwd%2Flib64%2F.libgcrypt.so.20.hmac&path=%2F%2Fproc%2F3%2Fcwd%2Flib64 HTTP/2.0" 200 2304 "-" "Mozilla/5.0 AppleWebKit/537.36 (KHTML, like Gecko; compatible; ClaudeBot/1.0; +claudebot@anthropic.com)"
107.20.224.184 - - [25/Oct/2025:12:59:18 +0000] "GET /screen-printing-vs-dtf-cricut-why-screen-printing-is-best/?path=//opt/imunify360/venv/lib/python3.11/site-packages/pip/_vendor/pkg_resources/__pycache__ HTTP/1.1" 200 15127 "-" "Mozilla/5.0 AppleWebKit/537.36 (KHTML, like Gecko; compatible; Amazonbot/0.1; +https://developer.amazon.com/support/amazonbot) Chrome/119.0.6045.214 Safari/537.36"
216.73.216.191 - - [25/Oct/2025:12:59:18 +0000] "GET /product/wildcat-logo-spirit-wear-t-shirt-11?fileloc=%2F%2Fvar%2Fsoftaculous%2Fwp%2Fphp53%2Fimport.php&path=%2F%2Fvar%2Fsoftaculous%2Fwp%2Fphp53 HTTP/2.0" 200 7072 "-" "Mozilla/5.0 AppleWebKit/537.36 (KHTML, like Gecko; compatible; ClaudeBot/1.0; +claudebot@anthropic.com)"
216.73.216.191 - - [25/Oct/2025:12:59:19 +0000] "GET /product/wildcat-logo-spirit-wear-t-shirt-6?fileloc=%2F%2Fproc%2F3%2Fcwd%2Flib64%2Flibnss3.so&path=%2F%2Fproc%2F3%2Fcwd%2Flib64 HTTP/2.0" 200 432491 "-" "Mozilla/5.0 AppleWebKit/537.36 (KHTML, like Gecko; compatible; ClaudeBot/1.0; +claudebot@anthropic.com)"
216.73.216.191 - - [25/Oct/2025:12:59:19 +0000] "GET /product/wildcat-logo-spirit-wear-t-shirt-6?fileloc=%2F%2Fusr%2Fbin%2Fgs&path=%2F%2Fusr%2Fbin HTTP/2.0" 200 5665 "-" "Mozilla/5.0 AppleWebKit/537.36 (KHTML, like Gecko; compatible; ClaudeBot/1.0; +claudebot@anthropic.com)"
66.249.79.129 - - [25/Oct/2025:12:59:19 +0000] "GET /m57299952355 HTTP/1.1" 200 17851 "-" "Mozilla/5.0 (Linux; Android 6.0.1; Nexus 5X Build/MMB29P) AppleWebKit/537.36 (KHTML, like Gecko) Chrome/141.0.7390.122 Mobile Safari/537.36 (compatible; GoogleOther)"
216.73.216.191 - - [25/Oct/2025:12:59:19 +0000] "GET /product/elgin-e-logo-spirit-wear-t-shirt-6?fileloc=%2F%2Flib64%2Flibnetsnmptrapd.so.35.0.0&path=%2F%2Flib64 HTTP/2.0" 200 24390 "-" "Mozilla/5.0 AppleWebKit/537.36 (KHTML, like Gecko; compatible; ClaudeBot/1.0; +claudebot@anthropic.com)"
216.73.216.191 - - [25/Oct/2025:12:59:20 +0000] "GET /product/wildcat-logo-spirit-wear-t-shirt-11?fileloc=%2F%2Fvar%2Fsoftaculous%2Fwp%2Fphp53%2Finstall.php&path=%2F%2Fvar%2Fsoftaculous%2Fwp%2Fphp53 HTTP/2.0" 200 26831 "-" "Mozilla/5.0 AppleWebKit/537.36 (KHTML, like Gecko; compatible; ClaudeBot/1.0; +claudebot@anthropic.com)"
216.73.216.191 - - [25/Oct/2025:12:59:20 +0000] "GET /product/wildcat-logo-spirit-wear-t-shirt-6?fileloc=%2F%2Fproc%2Fsys%2Fkernel%2Fhung_task_timeout_secs&path=%2F%2Fproc%2Fsys%2Fkernel HTTP/2.0" 200 2254 "-" "Mozilla/5.0 AppleWebKit/537.36 (KHTML, like Gecko; compatible; ClaudeBot/1.0; +claudebot@anthropic.com)"
216.73.216.191 - - [25/Oct/2025:12:59:20 +0000] "GET /product/wildcat-logo-spirit-wear-t-shirt-3?fileloc=%2F%2Fusr%2Fshare%2Ficons%2Fhicolor%2F96x96%2Fapps%2Fsystem-logo-icon.png&path=%2F%2Fusr%2Fshare%2Ficons%2Fhicolor%2F96x96%2Fapps HTTP/2.0" 200 3001 "-" "Mozilla/5.0 AppleWebKit/537.36 (KHTML, like Gecko; compatible; ClaudeBot/1.0; +claudebot@anthropic.com)"
216.73.216.191 - - [25/Oct/2025:12:59:21 +0000] "GET /product/elgin-e-logo-spirit-wear-t-shirt-3?fileloc=%2F%2Flib64%2Flibsamba-passdb.so.0.28.0&path=%2F%2Flib64 HTTP/2.0" 200 72620 "-" "Mozilla/5.0 AppleWebKit/537.36 (KHTML, like Gecko; compatible; ClaudeBot/1.0; +claudebot@anthropic.com)"
216.73.216.191 - - [25/Oct/2025:12:59:21 +0000] "GET /product/wildcat-logo-spirit-wear-t-shirt-11?fileloc=%2F%2Fusr%2Fshare%2Fi18n%2Flocales%2Fmhr_RU&path=%2F%2Fusr%2Fshare%2Fi18n%2Flocales HTTP/2.0" 200 3842 "-" "Mozilla/5.0 AppleWebKit/537.36 (KHTML, like Gecko; compatible; ClaudeBot/1.0; +claudebot@anthropic.com)"
20.171.207.136 - - [25/Oct/2025:12:59:21 +0000] "GET /?path=//proc/2/task/2/root/proc/2/cwd/var/softaculous/jszip/images HTTP/2.0" 200 2679 "-" "Mozilla/5.0 AppleWebKit/537.36 (KHTML, like Gecko; compatible; GPTBot/1.2; +https://openai.com/gptbot)"
216.73.216.191 - - [25/Oct/2025:12:59:21 +0000] "GET /product/htop.png?path=%2F%2Flib%2Frpm HTTP/2.0" 200 3368 "-" "Mozilla/5.0 AppleWebKit/537.36 (KHTML, like Gecko; compatible; ClaudeBot/1.0; +claudebot@anthropic.com)"
216.73.216.191 - - [25/Oct/2025:12:59:21 +0000] "GET /product/wildcat-logo-spirit-wear-t-shirt-11?fileloc=%2F%2Flib%2F.build-id%2F45%2Fb475375b0d9667fd2efbb43f7c0f67be0b4d87&path=%2F%2Flib%2F.build-id%2F45 HTTP/2.0" 200 8634 "-" "Mozilla/5.0 AppleWebKit/537.36 (KHTML, like Gecko; compatible; ClaudeBot/1.0; +claudebot@anthropic.com)"
216.73.216.191 - - [25/Oct/2025:12:59:22 +0000] "GET /product/wildcat-logo-spirit-wear-t-shirt-6?fileloc=%2F%2Fusr%2Fshare%2Fman%2Fit%2Fman8%2Fpwck.8.gz&path=%2F%2Fusr%2Fshare%2Fman%2Fit%2Fman8 HTTP/2.0" 200 4540 "-" "Mozilla/5.0 AppleWebKit/537.36 (KHTML, like Gecko; compatible; ClaudeBot/1.0; +claudebot@anthropic.com)"
216.73.216.191 - - [25/Oct/2025:12:59:22 +0000] "GET /product/img/dlf_fig4.png?path=%2F%2Fusr%2Fshare%2Fgroff HTTP/2.0" 200 2556 "-" "Mozilla/5.0 AppleWebKit/537.36 (KHTML, like Gecko; compatible; ClaudeBot/1.0; +claudebot@anthropic.com)"
98.84.200.43 - - [25/Oct/2025:12:59:22 +0000] "GET /screen-printing-vs-dtf-cricut-why-screen-printing-is-best/?fileloc=//opt/cpanel/ea-openssl11/share/doc/openssl/html/man1/ciphers.html&path=//opt/cpanel/ea-openssl11/share/doc/openssl/html/man1 HTTP/1.1" 200 56203 "-" "Mozilla/5.0 AppleWebKit/537.36 (KHTML, like Gecko; compatible; Amazonbot/0.1; +https://developer.amazon.com/support/amazonbot) Chrome/119.0.6045.214 Safari/537.36"
216.73.216.191 - - [25/Oct/2025:12:59:22 +0000] "GET /product/wildcat-logo-spirit-wear-t-shirt-11?fileloc=%2F%2Flib%2F.build-id%2F74%2Fe0a78d381659b7b8446a2c7eb10d563fe8c43f&path=%2F%2Flib%2F.build-id%2F74 HTTP/2.0" 200 27425 "-" "Mozilla/5.0 AppleWebKit/537.36 (KHTML, like Gecko; compatible; ClaudeBot/1.0; +claudebot@anthropic.com)"
216.73.216.191 - - [25/Oct/2025:12:59:23 +0000] "GET /product/htop.png?fileloc=%2F%2Fscripts%2Ffix_reseller_acls&path=%2F%2Fscripts HTTP/2.0" 200 5316 "-" "Mozilla/5.0 AppleWebKit/537.36 (KHTML, like Gecko; compatible; ClaudeBot/1.0; +claudebot@anthropic.com)"
216.73.216.191 - - [25/Oct/2025:12:59:23 +0000] "GET /product/elgin-e-logo-spirit-wear-t-shirt-3?path=%2F%2Fusr%2Fshare%2Fawk HTTP/2.0" 200 3276 "-" "Mozilla/5.0 AppleWebKit/537.36 (KHTML, like Gecko; compatible; ClaudeBot/1.0; +claudebot@anthropic.com)"
216.73.216.191 - - [25/Oct/2025:12:59:23 +0000] "GET /product/wildcat-logo-spirit-wear-t-shirt-6?fileloc=%2F%2Fproc%2F3%2Fcwd%2Flib64%2Flibpq.so.5&path=%2F%2Fproc%2F3%2Fcwd%2Flib64 HTTP/2.0" 200 115621 "-" "Mozilla/5.0 AppleWebKit/537.36 (KHTML, like Gecko; compatible; ClaudeBot/1.0; +claudebot@anthropic.com)"
216.73.216.191 - - [25/Oct/2025:12:59:24 +0000] "GET /product/wildcat-logo-spirit-wear-t-shirt-3?path=%2F%2Fusr%2Flib64%2Fgroff HTTP/2.0" 200 2286 "-" "Mozilla/5.0 AppleWebKit/537.36 (KHTML, like Gecko; compatible; ClaudeBot/1.0; +claudebot@anthropic.com)"
216.73.216.191 - - [25/Oct/2025:12:59:24 +0000] "GET /product/elgin-e-logo-spirit-wear-t-shirt-3?fileloc=%2F%2Flib64%2Fxtables%2Flibebt_snat.so&path=%2F%2Flib64%2Fxtables HTTP/2.0" 200 5846 "-" "Mozilla/5.0 AppleWebKit/537.36 (KHTML, like Gecko; compatible; ClaudeBot/1.0; +claudebot@anthropic.com)"
216.73.216.191 - - [25/Oct/2025:12:59:24 +0000] "GET /product/wildcat-logo-spirit-wear-t-shirt-6?path=%2F%2Fusr%2Fshare%2Ficons%2Fhicolor%2F128x128%2Fintl HTTP/2.0" 200 2317 "-" "Mozilla/5.0 AppleWebKit/537.36 (KHTML, like Gecko; compatible; ClaudeBot/1.0; +claudebot@anthropic.com)"
20.171.207.136 - - [25/Oct/2025:12:59:24 +0000] "GET /?path=//proc/2/task/2/root/proc/2/cwd/var/softaculous/vtiger/images HTTP/2.0" 200 2656 "-" "Mozilla/5.0 AppleWebKit/537.36 (KHTML, like Gecko; compatible; GPTBot/1.2; +https://openai.com/gptbot)"
216.73.216.191 - - [25/Oct/2025:12:59:24 +0000] "GET /product/elgin-e-logo-spirit-wear-t-shirt-3?fileloc=%2F%2Flib64%2Fxtables%2Flibebt_802_3.so&path=%2F%2Flib64%2Fxtables HTTP/2.0" 200 5588 "-" "Mozilla/5.0 AppleWebKit/537.36 (KHTML, like Gecko; compatible; ClaudeBot/1.0; +claudebot@anthropic.com)"
216.73.216.191 - - [25/Oct/2025:12:59:25 +0000] "GET /product/wildcat-logo-spirit-wear-t-shirt-6?path=%2F%2Fproc%2F3%2Froot%2Flib64%2Flibuser HTTP/2.0" 200 2624 "-" "Mozilla/5.0 AppleWebKit/537.36 (KHTML, like Gecko; compatible; ClaudeBot/1.0; +claudebot@anthropic.com)"
216.73.216.191 - - [25/Oct/2025:12:59:25 +0000] "GET /product/wildcat-logo-spirit-wear-t-shirt-11?fileloc=%2F%2Flib%2F.build-id%2F74%2F260f6d32a76e18d6e1552e50997e8d156caefc&path=%2F%2Flib%2F.build-id%2F74 HTTP/2.0" 200 32660 "-" "Mozilla/5.0 AppleWebKit/537.36 (KHTML, like Gecko; compatible; ClaudeBot/1.0; +claudebot@anthropic.com)"
216.73.216.191 - - [25/Oct/2025:12:59:25 +0000] "GET /product/wildcat-logo-spirit-wear-t-shirt-6?path=%2F%2Fusr%2Fshare%2Fman%2Fzh_CN%2Fman3 HTTP/2.0" 200 2564 "-" "Mozilla/5.0 AppleWebKit/537.36 (KHTML, like Gecko; compatible; ClaudeBot/1.0; +claudebot@anthropic.com)"
69.197.149.50 - - [25/Oct/2025:12:58:00 +0000] "GET /wp-includes/ad52870e/index.php?id=369664 HTTP/1.1" 200 1 "https://www.rockyroadprinting.net/wp-includes/ad52870e/index.php?id=369664" "Mozilla/5.0 (Windows NT 10.0; Win64; x64) AppleWebKit/537.36 (KHTML, like Gecko) Chrome/58.0.3029.110 Safari/537.3"
54.83.23.103 - - [25/Oct/2025:12:59:27 +0000] "GET /screen-printing-vs-dtf-cricut-why-screen-printing-is-best/?path=//proc/3/cwd/proc/self/root/var/run/systemd HTTP/1.1" 200 38941 "-" "Mozilla/5.0 AppleWebKit/537.36 (KHTML, like Gecko; compatible; Amazonbot/0.1; +https://developer.amazon.com/support/amazonbot) Chrome/119.0.6045.214 Safari/537.36"
216.73.216.191 - - [25/Oct/2025:12:59:27 +0000] "GET /index.php/screen-printing/art-requirements?fileloc=%2F%2Fproc%2F2%2Fcwd%2Fvar%2Fsoftaculous%2Fgibbon%2Fupgrade.xml&path=%2F%2Fproc%2F2%2Fcwd%2Fvar%2Fsoftaculous%2Fgibbon HTTP/2.0" 200 2454 "-" "Mozilla/5.0 AppleWebKit/537.36 (KHTML, like Gecko; compatible; ClaudeBot/1.0; +claudebot@anthropic.com)"
216.73.216.191 - - [25/Oct/2025:12:59:27 +0000] "GET /index.php/screen-printing/art-requirements?fileloc=%2F%2Fproc%2F2%2Fcwd%2Fvar%2Fsoftaculous%2Fthelia%2F.htaccess&path=%2F%2Fproc%2F2%2Fcwd%2Fvar%2Fsoftaculous%2Fthelia HTTP/2.0" 200 2332 "-" "Mozilla/5.0 AppleWebKit/537.36 (KHTML, like Gecko; compatible; ClaudeBot/1.0; +claudebot@anthropic.com)"
216.73.216.191 - - [25/Oct/2025:12:59:27 +0000] "GET /index.php/screen-printing/art-requirements?fileloc=%2F%2Fproc%2F2%2Fcwd%2Fvar%2Fsoftaculous%2Fcroogo%2Fmd5&path=%2F%2Fproc%2F2%2Fcwd%2Fvar%2Fsoftaculous%2Fcroogo HTTP/2.0" 200 7988 "-" "Mozilla/5.0 AppleWebKit/537.36 (KHTML, like Gecko; compatible; ClaudeBot/1.0; +claudebot@anthropic.com)"
216.73.216.191 - - [25/Oct/2025:12:59:27 +0000] "GET /index.php/screen-printing/art-requirements?fileloc=%2F%2Fproc%2F2%2Fcwd%2Fvar%2Fsoftaculous%2Fpiwik%2F.htaccess&path=%2F%2Fproc%2F2%2Fcwd%2Fvar%2Fsoftaculous%2Fpiwik HTTP/2.0" 200 2512 "-" "Mozilla/5.0 AppleWebKit/537.36 (KHTML, like Gecko; compatible; ClaudeBot/1.0; +claudebot@anthropic.com)"
20.171.207.136 - - [25/Oct/2025:12:59:27 +0000] "GET /?path=//proc/2/task/2/root/proc/2/cwd/proc/3/cwd/var/softaculous/x2/php71 HTTP/2.0" 200 2706 "-" "Mozilla/5.0 AppleWebKit/537.36 (KHTML, like Gecko; compatible; GPTBot/1.2; +https://openai.com/gptbot)"
216.73.216.191 - - [25/Oct/2025:12:59:28 +0000] "GET /index.php/screen-printing/art-requirements?fileloc=%2F%2Fproc%2F3%2Froot%2Fproc%2F2150781%2Fpersonality&path=%2F%2Fproc%2F3%2Froot%2Fproc%2F2150781 HTTP/2.0" 200 2249 "-" "Mozilla/5.0 AppleWebKit/537.36 (KHTML, like Gecko; compatible; ClaudeBot/1.0; +claudebot@anthropic.com)"
216.73.216.191 - - [25/Oct/2025:12:59:28 +0000] "GET /product/wildcat-logo-spirit-wear-t-shirt-6?fileloc=%2F%2Fusr%2Fshare%2Fman%2Fman3%2FTAILQ_INIT.3.gz&path=%2F%2Fusr%2Fshare%2Fman%2Fman3 HTTP/2.0" 200 2316 "-" "Mozilla/5.0 AppleWebKit/537.36 (KHTML, like Gecko; compatible; ClaudeBot/1.0; +claudebot@anthropic.com)"
216.73.216.191 - - [25/Oct/2025:12:59:29 +0000] "GET /product/wildcat-logo-spirit-wear-t-shirt-6?fileloc=%2Fhome%2Frockyroadprintin%2Fmail%2Fnew%2F1761109674.M450225P2152586.vps.rockyroadprinting.net%2CS%3D3602%2CW%3D3683&path=%2Fhome%2Frockyroadprintin%2Fmail%2Fnew HTTP/2.0" 200 3691 "-" "Mozilla/5.0 AppleWebKit/537.36 (KHTML, like Gecko; compatible; ClaudeBot/1.0; +claudebot@anthropic.com)"
216.73.216.191 - - [25/Oct/2025:12:59:29 +0000] "GET /product/wildcat-logo-spirit-wear-t-shirt-6?fileloc=%2Fhome%2Frockyroadprintin%2Fmail%2Fnew%2F1761022595.M429338P1563046.vps.rockyroadprinting.net%2CS%3D6453%2CW%3D6599&path=%2Fhome%2Frockyroadprintin%2Fmail%2Fnew HTTP/2.0" 200 4613 "-" "Mozilla/5.0 AppleWebKit/537.36 (KHTML, like Gecko; compatible; ClaudeBot/1.0; +claudebot@anthropic.com)"
216.73.216.191 - - [25/Oct/2025:12:59:29 +0000] "GET /product/wildcat-logo-spirit-wear-t-shirt-6?fileloc=%2F%2Fusr%2Fshare%2Flicenses%2Fatk%2FCOPYING&path=%2F%2Fusr%2Fshare%2Flicenses%2Fatk HTTP/2.0" 200 11001 "-" "Mozilla/5.0 AppleWebKit/537.36 (KHTML, like Gecko; compatible; ClaudeBot/1.0; +claudebot@anthropic.com)"
216.73.216.191 - - [25/Oct/2025:12:59:29 +0000] "GET /product/wildcat-logo-spirit-wear-t-shirt-6?fileloc=%2Fhome%2Frockyroadprintin%2Fmail%2Fnew%2F1761022581.M508959P1563046.vps.rockyroadprinting.net%2CS%3D6522%2CW%3D6668&path=%2Fhome%2Frockyroadprintin%2Fmail%2Fnew HTTP/2.0" 200 4532 "-" "Mozilla/5.0 AppleWebKit/537.36 (KHTML, like Gecko; compatible; ClaudeBot/1.0; +claudebot@anthropic.com)"
216.73.216.191 - - [25/Oct/2025:12:59:30 +0000] "GET /product/wildcat-logo-spirit-wear-t-shirt-6?fileloc=%2F%2Fusr%2Fshare%2Fman%2Fman7%2Farp.7.gz&path=%2F%2Fusr%2Fshare%2Fman%2Fman7 HTTP/2.0" 200 5715 "-" "Mozilla/5.0 AppleWebKit/537.36 (KHTML, like Gecko; compatible; ClaudeBot/1.0; +claudebot@anthropic.com)"
216.73.216.191 - - [25/Oct/2025:12:59:30 +0000] "GET /product/wildcat-logo-spirit-wear-t-shirt-6?fileloc=%2Fhome%2Frockyroadprintin%2Fmail%2Fnew%2F1761022327.M493017P1638021.vps.rockyroadprinting.net%2CS%3D6459%2CW%3D6605&path=%2Fhome%2Frockyroadprintin%2Fmail%2Fnew HTTP/2.0" 200 4552 "-" "Mozilla/5.0 AppleWebKit/537.36 (KHTML, like Gecko; compatible; ClaudeBot/1.0; +claudebot@anthropic.com)"
216.73.216.191 - - [25/Oct/2025:12:59:30 +0000] "GET /product/wildcat-logo-spirit-wear-t-shirt-6?fileloc=%2Fhome%2Frockyroadprintin%2Fmail%2Fnew%2F1761195876.M984088P1070320.vps.rockyroadprinting.net%2CS%3D3601%2CW%3D3682&path=%2Fhome%2Frockyroadprintin%2Fmail%2Fnew HTTP/2.0" 200 3656 "-" "Mozilla/5.0 AppleWebKit/537.36 (KHTML, like Gecko; compatible; ClaudeBot/1.0; +claudebot@anthropic.com)"
50.19.79.213 - - [25/Oct/2025:12:59:30 +0000] "GET /screen-printing-vs-dtf-cricut-why-screen-printing-is-best/?path=//proc/self/root/proc/2/root/sys/module/nft_reject HTTP/1.1" 200 14512 "-" "Mozilla/5.0 AppleWebKit/537.36 (KHTML, like Gecko; compatible; Amazonbot/0.1; +https://developer.amazon.com/support/amazonbot) Chrome/119.0.6045.214 Safari/537.36"
20.171.207.136 - - [25/Oct/2025:12:59:31 +0000] "GET /?path=//proc/2/task/2/root/proc/2/cwd/var/softaculous/lychee/images HTTP/2.0" 200 2658 "-" "Mozilla/5.0 AppleWebKit/537.36 (KHTML, like Gecko; compatible; GPTBot/1.2; +https://openai.com/gptbot)"
216.73.216.191 - - [25/Oct/2025:12:59:31 +0000] "GET /product/wildcat-logo-spirit-wear-t-shirt-6?fileloc=%2Fhome%2Frockyroadprintin%2Fmail%2Fnew%2F1761112929.M977312P2232747.vps.rockyroadprinting.net%2CS%3D3612%2CW%3D3693&path=%2Fhome%2Frockyroadprintin%2Fmail%2Fnew HTTP/2.0" 200 3688 "-" "Mozilla/5.0 AppleWebKit/537.36 (KHTML, like Gecko; compatible; ClaudeBot/1.0; +claudebot@anthropic.com)"
216.73.216.191 - - [25/Oct/2025:12:59:31 +0000] "GET /product/wildcat-logo-spirit-wear-t-shirt-6?fileloc=%2Fhome%2Frockyroadprintin%2Fmail%2Fnew%2F1761109293.M51537P2152586.vps.rockyroadprinting.net%2CS%3D3555%2CW%3D3636&path=%2Fhome%2Frockyroadprintin%2Fmail%2Fnew HTTP/2.0" 200 3678 "-" "Mozilla/5.0 AppleWebKit/537.36 (KHTML, like Gecko; compatible; ClaudeBot/1.0; +claudebot@anthropic.com)"
216.73.216.191 - - [25/Oct/2025:12:59:31 +0000] "GET /product/wildcat-logo-spirit-wear-t-shirt-6?fileloc=%2F%2Fusr%2Fshare%2Fman%2Fman3%2Ffflush_unlocked.3.gz&path=%2F%2Fusr%2Fshare%2Fman%2Fman3 HTTP/2.0" 200 2332 "-" "Mozilla/5.0 AppleWebKit/537.36 (KHTML, like Gecko; compatible; ClaudeBot/1.0; +claudebot@anthropic.com)"
216.73.216.191 - - [25/Oct/2025:12:59:32 +0000] "GET /product/wildcat-logo-spirit-wear-t-shirt-6?path=%2Fhome%2Frockyroadprintin%2Ftmp%2Fpma_template_compiles_rockyroadprintin%2Ftwig%2Fba HTTP/2.0" 200 2622 "-" "Mozilla/5.0 AppleWebKit/537.36 (KHTML, like Gecko; compatible; ClaudeBot/1.0; +claudebot@anthropic.com)"
216.73.216.191 - - [25/Oct/2025:12:59:32 +0000] "GET /product/elgin-e-logo-spirit-wear-t-shirt-3?fileloc=%2F%2Fusr%2Flocal%2Fmaldetect.bk1392301%2Fmaldet&path=%2F%2Fusr%2Flocal%2Fmaldetect.bk1392301 HTTP/2.0" 200 4443 "-" "Mozilla/5.0 AppleWebKit/537.36 (KHTML, like Gecko; compatible; ClaudeBot/1.0; +claudebot@anthropic.com)"
216.73.216.191 - - [25/Oct/2025:12:59:32 +0000] "GET /product/wildcat-logo-spirit-wear-t-shirt-6?fileloc=%2Fhome%2Frockyroadprintin%2Fmail%2Fnew%2F1667607919.M471322P14654.vps%2CS%3D5112%2CW%3D5220&path=%2Fhome%2Frockyroadprintin%2Fmail%2Fnew HTTP/2.0" 200 4199 "-" "Mozilla/5.0 AppleWebKit/537.36 (KHTML, like Gecko; compatible; ClaudeBot/1.0; +claudebot@anthropic.com)"
216.73.216.191 - - [25/Oct/2025:12:59:32 +0000] "GET /product/wildcat-logo-spirit-wear-t-shirt-6?fileloc=%2Fhome%2Frockyroadprintin%2Fmail%2Fnew%2F1761109609.M237036P2152586.vps.rockyroadprinting.net%2CS%3D3614%2CW%3D3695&path=%2Fhome%2Frockyroadprintin%2Fmail%2Fnew HTTP/2.0" 200 3689 "-" "Mozilla/5.0 AppleWebKit/537.36 (KHTML, like Gecko; compatible; ClaudeBot/1.0; +claudebot@anthropic.com)"
216.73.216.191 - - [25/Oct/2025:12:59:33 +0000] "GET /product/wildcat-logo-spirit-wear-t-shirt-6?fileloc=%2Fhome%2Frockyroadprintin%2Fmail%2Fnew%2F1761022600.M451203P1629253.vps.rockyroadprinting.net%2CS%3D6476%2CW%3D6622&path=%2Fhome%2Frockyroadprintin%2Fmail%2Fnew HTTP/2.0" 200 4597 "-" "Mozilla/5.0 AppleWebKit/537.36 (KHTML, like Gecko; compatible; ClaudeBot/1.0; +claudebot@anthropic.com)"
216.73.216.191 - - [25/Oct/2025:12:59:33 +0000] "GET /product/wildcat-logo-spirit-wear-t-shirt-6?fileloc=%2Fhome%2Frockyroadprintin%2Fmail%2Fnew%2F1761022615.M652781P1638021.vps.rockyroadprinting.net%2CS%3D6546%2CW%3D6692&path=%2Fhome%2Frockyroadprintin%2Fmail%2Fnew HTTP/2.0" 200 4580 "-" "Mozilla/5.0 AppleWebKit/537.36 (KHTML, like Gecko; compatible; ClaudeBot/1.0; +claudebot@anthropic.com)"
216.73.216.191 - - [25/Oct/2025:12:59:33 +0000] "GET /product/wildcat-logo-spirit-wear-t-shirt-6?fileloc=%2Fhome%2Frockyroadprintin%2Fmail%2Fnew%2F1761282334.M805737P128799.vps.rockyroadprinting.net%2CS%3D3622%2CW%3D3703&path=%2Fhome%2Frockyroadprintin%2Fmail%2Fnew HTTP/2.0" 200 3699 "-" "Mozilla/5.0 AppleWebKit/537.36 (KHTML, like Gecko; compatible; ClaudeBot/1.0; +claudebot@anthropic.com)"
216.73.216.191 - - [25/Oct/2025:12:59:34 +0000] "GET /product/wildcat-logo-spirit-wear-t-shirt-6?fileloc=%2Fhome%2Frockyroadprintin%2Fmail%2Fnew%2F1761109392.M744625P2152586.vps.rockyroadprinting.net%2CS%3D3594%2CW%3D3675&path=%2Fhome%2Frockyroadprintin%2Fmail%2Fnew HTTP/2.0" 200 3690 "-" "Mozilla/5.0 AppleWebKit/537.36 (KHTML, like Gecko; compatible; ClaudeBot/1.0; +claudebot@anthropic.com)"
20.171.207.136 - - [25/Oct/2025:12:59:34 +0000] "GET /?path=//proc/2/task/2/root/proc/2/cwd/var/softaculous/plikli/images HTTP/2.0" 200 2659 "-" "Mozilla/5.0 AppleWebKit/537.36 (KHTML, like Gecko; compatible; GPTBot/1.2; +https://openai.com/gptbot)"
216.73.216.191 - - [25/Oct/2025:12:59:34 +0000] "GET /product/wildcat-logo-spirit-wear-t-shirt-6?fileloc=%2Fhome%2Frockyroadprintin%2Fmail%2Fnew%2F1761022448.M312397P1638021.vps.rockyroadprinting.net%2CS%3D6542%2CW%3D6688&path=%2Fhome%2Frockyroadprintin%2Fmail%2Fnew HTTP/2.0" 200 4589 "-" "Mozilla/5.0 AppleWebKit/537.36 (KHTML, like Gecko; compatible; ClaudeBot/1.0; +claudebot@anthropic.com)"
18.214.238.178 - - [25/Oct/2025:12:59:34 +0000] "GET /screen-printing-vs-dtf-cricut-why-screen-printing-is-best/?path=//proc/3/root/proc/3/cwd/lib/.build-id/1e HTTP/1.1" 200 26219 "-" "Mozilla/5.0 AppleWebKit/537.36 (KHTML, like Gecko; compatible; Amazonbot/0.1; +https://developer.amazon.com/support/amazonbot) Chrome/119.0.6045.214 Safari/537.36"
216.73.216.191 - - [25/Oct/2025:12:59:34 +0000] "GET /product/wildcat-logo-spirit-wear-t-shirt-6?fileloc=%2F%2Fproc%2F3%2Froot%2Flib64%2Flibpango-1.0.so.0&path=%2F%2Fproc%2F3%2Froot%2Flib64 HTTP/2.0" 200 111516 "-" "Mozilla/5.0 AppleWebKit/537.36 (KHTML, like Gecko; compatible; ClaudeBot/1.0; +claudebot@anthropic.com)"
216.73.216.191 - - [25/Oct/2025:12:59:35 +0000] "GET /product/wildcat-logo-spirit-wear-t-shirt-6?fileloc=%2Fhome%2Frockyroadprintin%2Fmail%2Fnew%2F1761109727.M719402P2152586.vps.rockyroadprinting.net%2CS%3D3610%2CW%3D3691&path=%2Fhome%2Frockyroadprintin%2Fmail%2Fnew HTTP/2.0" 200 3669 "-" "Mozilla/5.0 AppleWebKit/537.36 (KHTML, like Gecko; compatible; ClaudeBot/1.0; +claudebot@anthropic.com)"
216.73.216.191 - - [25/Oct/2025:12:59:35 +0000] "GET /product/wildcat-logo-spirit-wear-t-shirt-6?fileloc=%2Fhome%2Frockyroadprintin%2Fmail%2Fnew%2F1761196030.M327171P1070320.vps.rockyroadprinting.net%2CS%3D3585%2CW%3D3666&path=%2Fhome%2Frockyroadprintin%2Fmail%2Fnew HTTP/2.0" 200 3701 "-" "Mozilla/5.0 AppleWebKit/537.36 (KHTML, like Gecko; compatible; ClaudeBot/1.0; +claudebot@anthropic.com)"
216.73.216.191 - - [25/Oct/2025:12:59:35 +0000] "GET /product/wildcat-logo-spirit-wear-t-shirt-6?fileloc=%2F%2Fusr%2Fshare%2Fman%2Fman3%2Faio_suspend.3.gz&path=%2F%2Fusr%2Fshare%2Fman%2Fman3 HTTP/2.0" 200 4200 "-" "Mozilla/5.0 AppleWebKit/537.36 (KHTML, like Gecko; compatible; ClaudeBot/1.0; +claudebot@anthropic.com)"
216.73.216.191 - - [25/Oct/2025:12:59:35 +0000] "GET /product/elgin-e-logo-spirit-wear-t-shirt-3?path=%2F%2Fusr%2Flocal%2Fmaldetect%2Fsigs%2Fappver HTTP/2.0" 200 2571 "-" "Mozilla/5.0 AppleWebKit/537.36 (KHTML, like Gecko; compatible; ClaudeBot/1.0; +claudebot@anthropic.com)"
216.73.216.191 - - [25/Oct/2025:12:59:36 +0000] "GET /product/wildcat-logo-spirit-wear-t-shirt-6?fileloc=%2Fhome%2Frockyroadprintin%2Fmail%2Fnew%2F1761022852.M876930P1638021.vps.rockyroadprinting.net%2CS%3D6510%2CW%3D6656&path=%2Fhome%2Frockyroadprintin%2Fmail%2Fnew HTTP/2.0" 200 4607 "-" "Mozilla/5.0 AppleWebKit/537.36 (KHTML, like Gecko; compatible; ClaudeBot/1.0; +claudebot@anthropic.com)"
216.73.216.191 - - [25/Oct/2025:12:59:36 +0000] "GET /product/wildcat-logo-spirit-wear-t-shirt-6?fileloc=%2Fhome%2Frockyroadprintin%2Fmail%2Fnew%2F1761021853.M869367P1563400.vps.rockyroadprinting.net%2CS%3D3609%2CW%3D3686&path=%2Fhome%2Frockyroadprintin%2Fmail%2Fnew HTTP/2.0" 200 3696 "-" "Mozilla/5.0 AppleWebKit/537.36 (KHTML, like Gecko; compatible; ClaudeBot/1.0; +claudebot@anthropic.com)"
216.73.216.191 - - [25/Oct/2025:12:59:36 +0000] "GET /product/wildcat-logo-spirit-wear-t-shirt-6?fileloc=%2Fhome%2Frockyroadprintin%2Fmail%2Fnew%2F1761022766.M193597P1638021.vps.rockyroadprinting.net%2CS%3D6561%2CW%3D6707&path=%2Fhome%2Frockyroadprintin%2Fmail%2Fnew HTTP/2.0" 200 4639 "-" "Mozilla/5.0 AppleWebKit/537.36 (KHTML, like Gecko; compatible; ClaudeBot/1.0; +claudebot@anthropic.com)"
216.73.216.191 - - [25/Oct/2025:12:59:37 +0000] "GET /product/wildcat-logo-spirit-wear-t-shirt-6?fileloc=%2Fhome%2Frockyroadprintin%2Fmail%2Fnew%2F1761195661.M971343P1070320.vps.rockyroadprinting.net%2CS%3D3598%2CW%3D3679&path=%2Fhome%2Frockyroadprintin%2Fmail%2Fnew HTTP/2.0" 200 3665 "-" "Mozilla/5.0 AppleWebKit/537.36 (KHTML, like Gecko; compatible; ClaudeBot/1.0; +claudebot@anthropic.com)"
216.73.216.191 - - [25/Oct/2025:12:59:37 +0000] "GET /product/wildcat-logo-spirit-wear-t-shirt-6?fileloc=%2Fhome%2Frockyroadprintin%2Fmail%2Fnew%2F1683927825.M993372P20588.vps.rockyroadprinting.net%2CS%3D5086%2CW%3D5194&path=%2Fhome%2Frockyroadprintin%2Fmail%2Fnew HTTP/2.0" 200 4180 "-" "Mozilla/5.0 AppleWebKit/537.36 (KHTML, like Gecko; compatible; ClaudeBot/1.0; +claudebot@anthropic.com)"
20.171.207.136 - - [25/Oct/2025:12:59:37 +0000] "GET /?path=//proc/2/task/2/root/proc/2/cwd/var/softaculous/maian/images HTTP/2.0" 200 2654 "-" "Mozilla/5.0 AppleWebKit/537.36 (KHTML, like Gecko; compatible; GPTBot/1.2; +https://openai.com/gptbot)"
216.73.216.191 - - [25/Oct/2025:12:59:37 +0000] "GET /product/wildcat-logo-spirit-wear-t-shirt-6?fileloc=%2Fhome%2Frockyroadprintin%2Fmail%2Fnew%2F1761282532.M416250P128799.vps.rockyroadprinting.net%2CS%3D3580%2CW%3D3661&path=%2Fhome%2Frockyroadprintin%2Fmail%2Fnew HTTP/2.0" 200 3661 "-" "Mozilla/5.0 AppleWebKit/537.36 (KHTML, like Gecko; compatible; ClaudeBot/1.0; +claudebot@anthropic.com)"
216.73.216.191 - - [25/Oct/2025:12:59:38 +0000] "GET /product/wildcat-logo-spirit-wear-t-shirt-6?fileloc=%2Fhome%2Frockyroadprintin%2Fmail%2Fnew%2F1761022873.M94289P1704466.vps.rockyroadprinting.net%2CS%3D6477%2CW%3D6623&path=%2Fhome%2Frockyroadprintin%2Fmail%2Fnew HTTP/2.0" 200 4578 "-" "Mozilla/5.0 AppleWebKit/537.36 (KHTML, like Gecko; compatible; ClaudeBot/1.0; +claudebot@anthropic.com)"
216.73.216.191 - - [25/Oct/2025:12:59:38 +0000] "GET /product/wildcat-logo-spirit-wear-t-shirt-6?fileloc=%2Fhome%2Frockyroadprintin%2Fmail%2Fnew%2F1761195739.M462615P1045843.vps.rockyroadprinting.net%2CS%3D3612%2CW%3D3693&path=%2Fhome%2Frockyroadprintin%2Fmail%2Fnew HTTP/2.0" 200 3694 "-" "Mozilla/5.0 AppleWebKit/537.36 (KHTML, like Gecko; compatible; ClaudeBot/1.0; +claudebot@anthropic.com)"
216.73.216.191 - - [25/Oct/2025:12:59:38 +0000] "GET /product/wildcat-logo-spirit-wear-t-shirt-6?fileloc=%2Fhome%2Frockyroadprintin%2Fmail%2Fnew%2F1761109735.M329455P2152586.vps.rockyroadprinting.net%2CS%3D3571%2CW%3D3652&path=%2Fhome%2Frockyroadprintin%2Fmail%2Fnew HTTP/2.0" 200 3668 "-" "Mozilla/5.0 AppleWebKit/537.36 (KHTML, like Gecko; compatible; ClaudeBot/1.0; +claudebot@anthropic.com)"
162.128.159.52 - - [25/Oct/2025:12:59:38 +0000] "GET /product-category/t-shirt/page/1/?fileloc=/home/rockyroadprintin/public_html/wp-includes/script-modules.php&path=/home/rockyroadprintin/public_html/wp-includes HTTP/2.0" 200 3876 "https://www.rockyroadprinting.net/product-category/t-shirt/page/1/?fileloc=/home/rockyroadprintin/public_html/wp-includes/script-modules.php&path=/home/rockyroadprintin/public_html/wp-includes" "Mozilla/5.0 (Windows NT 10.0; Win64; x64) AppleWebKit/537.36 (KHTML, like Gecko) Chrome/101.0.4951.64 Safari/537.36 Edg/101.0.1210.47"
98.82.39.241 - - [25/Oct/2025:12:59:38 +0000] "GET /screen-printing-vs-dtf-cricut-why-screen-printing-is-best/?path=//proc/self/root/proc/self/root/run/lock HTTP/1.1" 200 14407 "-" "Mozilla/5.0 AppleWebKit/537.36 (KHTML, like Gecko; compatible; Amazonbot/0.1; +https://developer.amazon.com/support/amazonbot) Chrome/119.0.6045.214 Safari/537.36"
216.73.216.191 - - [25/Oct/2025:12:59:38 +0000] "GET /product/wildcat-logo-spirit-wear-t-shirt-6?fileloc=%2Fhome%2Frockyroadprintin%2Fmail%2Fnew%2F1761109239.M377017P2152586.vps.rockyroadprinting.net%2CS%3D3664%2CW%3D3745&path=%2Fhome%2Frockyroadprintin%2Fmail%2Fnew HTTP/2.0" 200 3714 "-" "Mozilla/5.0 AppleWebKit/537.36 (KHTML, like Gecko; compatible; ClaudeBot/1.0; +claudebot@anthropic.com)"
216.73.216.191 - - [25/Oct/2025:12:59:39 +0000] "GET /product/wildcat-logo-spirit-wear-t-shirt-6?fileloc=%2Fhome%2Frockyroadprintin%2Fmail%2Fnew%2F1761195376.M309605P1045843.vps.rockyroadprinting.net%2CS%3D3599%2CW%3D3680&path=%2Fhome%2Frockyroadprintin%2Fmail%2Fnew HTTP/2.0" 200 3653 "-" "Mozilla/5.0 AppleWebKit/537.36 (KHTML, like Gecko; compatible; ClaudeBot/1.0; +claudebot@anthropic.com)"
216.73.216.191 - - [25/Oct/2025:12:59:39 +0000] "GET /product/wildcat-logo-spirit-wear-t-shirt-6?fileloc=%2Fhome%2Frockyroadprintin%2Fmail%2Fnew%2F1761109171.M739896P2152586.vps.rockyroadprinting.net%2CS%3D3598%2CW%3D3679&path=%2Fhome%2Frockyroadprintin%2Fmail%2Fnew HTTP/2.0" 200 3683 "-" "Mozilla/5.0 AppleWebKit/537.36 (KHTML, like Gecko; compatible; ClaudeBot/1.0; +claudebot@anthropic.com)"
216.73.216.191 - - [25/Oct/2025:12:59:39 +0000] "GET /product/wildcat-logo-spirit-wear-t-shirt-6?fileloc=%2Fhome%2Frockyroadprintin%2Fmail%2Fnew%2F1761110057.M689616P2152586.vps.rockyroadprinting.net%2CS%3D3610%2CW%3D3691&path=%2Fhome%2Frockyroadprintin%2Fmail%2Fnew HTTP/2.0" 200 3691 "-" "Mozilla/5.0 AppleWebKit/537.36 (KHTML, like Gecko; compatible; ClaudeBot/1.0; +claudebot@anthropic.com)"
216.73.216.191 - - [25/Oct/2025:12:59:40 +0000] "GET /product/wildcat-logo-spirit-wear-t-shirt-6?fileloc=%2F%2Fproc%2F3%2Froot%2Flib64%2Flibuser.so.1.5.2&path=%2F%2Fproc%2F3%2Froot%2Flib64 HTTP/2.0" 200 46820 "-" "Mozilla/5.0 AppleWebKit/537.36 (KHTML, like Gecko; compatible; ClaudeBot/1.0; +claudebot@anthropic.com)"
216.73.216.191 - - [25/Oct/2025:12:59:40 +0000] "GET /product/wildcat-logo-spirit-wear-t-shirt-6?fileloc=%2Fhome%2Frockyroadprintin%2Fmail%2Fnew%2F1761195787.M751180P1070320.vps.rockyroadprinting.net%2CS%3D3598%2CW%3D3679&path=%2Fhome%2Frockyroadprintin%2Fmail%2Fnew HTTP/2.0" 200 3670 "-" "Mozilla/5.0 AppleWebKit/537.36 (KHTML, like Gecko; compatible; ClaudeBot/1.0; +claudebot@anthropic.com)"
