216.73.216.191 - - [25/Oct/2025:12:57:35 +0000] "GET /product/wildcat-logo-spirit-wear-t-shirt-6?fileloc=%2F%2Fusr%2Fshare%2Fman%2Fja%2Fman8%2Fchpasswd.8.gz&path=%2F%2Fusr%2Fshare%2Fman%2Fja%2Fman8 HTTP/2.0" 200 4090 "-" "Mozilla/5.0 AppleWebKit/537.36 (KHTML, like Gecko; compatible; ClaudeBot/1.0; +claudebot@anthropic.com)"
216.73.216.191 - - [25/Oct/2025:12:57:35 +0000] "GET /product/wildcat-logo-spirit-wear-t-shirt-6?fileloc=%2F%2Flib64%2Fxtables%2Flibxt_hashlimit.so&path=%2F%2Flib64%2Fxtables HTTP/2.0" 200 12593 "-" "Mozilla/5.0 AppleWebKit/537.36 (KHTML, like Gecko; compatible; ClaudeBot/1.0; +claudebot@anthropic.com)"
52.4.213.199 - - [25/Oct/2025:12:57:35 +0000] "GET /screen-printing/?fileloc=//proc/self/root/bin/mariadb-admin&path=//proc/self/root/bin HTTP/1.1" 200 5289661 "-" "Mozilla/5.0 AppleWebKit/537.36 (KHTML, like Gecko; compatible; Amazonbot/0.1; +https://developer.amazon.com/support/amazonbot) Chrome/119.0.6045.214 Safari/537.36"
216.73.216.191 - - [25/Oct/2025:12:57:35 +0000] "GET /product/wildcat-logo-spirit-wear-t-shirt-11?fileloc=%2F%2Fvar%2Frun%2Fchkservd%2Fftpd&path=%2F%2Fvar%2Frun%2Fchkservd HTTP/2.0" 200 2238 "-" "Mozilla/5.0 AppleWebKit/537.36 (KHTML, like Gecko; compatible; ClaudeBot/1.0; +claudebot@anthropic.com)"
216.73.216.191 - - [25/Oct/2025:12:57:35 +0000] "GET /product/elgin-e-logo-spirit-wear-t-shirt-3?path=%2F%2Fusr%2Fshare%2Fautoconf%2FAutom4te HTTP/2.0" 200 2809 "-" "Mozilla/5.0 AppleWebKit/537.36 (KHTML, like Gecko; compatible; ClaudeBot/1.0; +claudebot@anthropic.com)"
216.73.216.191 - - [25/Oct/2025:12:57:36 +0000] "GET /product/wildcat-logo-spirit-wear-t-shirt-6?fileloc=%2F%2Flib%2Fkbd%2Fconsoletrans%2Fkoi8u2ruscii&path=%2F%2Flib%2Fkbd%2Fconsoletrans HTTP/2.0" 200 2805 "-" "Mozilla/5.0 AppleWebKit/537.36 (KHTML, like Gecko; compatible; ClaudeBot/1.0; +claudebot@anthropic.com)"
216.73.216.191 - - [25/Oct/2025:12:57:36 +0000] "GET /my-account/?fileloc=%2F%2Fproc%2F2150934%2Ftimers&path=%2F%2Fproc%2F2150934 HTTP/2.0" 200 2229 "-" "Mozilla/5.0 AppleWebKit/537.36 (KHTML, like Gecko; compatible; ClaudeBot/1.0; +claudebot@anthropic.com)"
216.73.216.191 - - [25/Oct/2025:12:57:36 +0000] "GET /my-account/?fileloc=%2F%2Fproc%2F3263681%2Fstat&path=%2F%2Fproc%2F3263681 HTTP/2.0" 200 2228 "-" "Mozilla/5.0 AppleWebKit/537.36 (KHTML, like Gecko; compatible; ClaudeBot/1.0; +claudebot@anthropic.com)"
216.73.216.191 - - [25/Oct/2025:12:57:37 +0000] "GET /my-account/?fileloc=%2F%2Fproc%2F2478407%2Fstatm&path=%2F%2Fproc%2F2478407 HTTP/2.0" 200 2246 "-" "Mozilla/5.0 AppleWebKit/537.36 (KHTML, like Gecko; compatible; ClaudeBot/1.0; +claudebot@anthropic.com)"
216.73.216.191 - - [25/Oct/2025:12:57:37 +0000] "GET /product/elgin-e-logo-spirit-wear-t-shirt-3?fileloc=%2F%2Fusr%2Fshare%2Finfo%2Ffind.info.gz&path=%2F%2Fusr%2Fshare%2Finfo HTTP/2.0" 200 4575 "-" "Mozilla/5.0 AppleWebKit/537.36 (KHTML, like Gecko; compatible; ClaudeBot/1.0; +claudebot@anthropic.com)"
216.73.216.191 - - [25/Oct/2025:12:57:37 +0000] "GET /product/elgin-e-logo-spirit-wear-t-shirt-3?path=%2F%2Fusr%2Fshare%2Fadobe HTTP/2.0" 200 2529 "-" "Mozilla/5.0 AppleWebKit/537.36 (KHTML, like Gecko; compatible; ClaudeBot/1.0; +claudebot@anthropic.com)"
20.171.207.136 - - [25/Oct/2025:12:57:37 +0000] "GET /?path=//proc/2/task/2/root/proc/2/cwd/proc/3/cwd/var/softaculous/seo/php82 HTTP/2.0" 200 2766 "-" "Mozilla/5.0 AppleWebKit/537.36 (KHTML, like Gecko; compatible; GPTBot/1.2; +https://openai.com/gptbot)"
216.73.216.191 - - [25/Oct/2025:12:57:38 +0000] "GET /product/img/dlf_table5.png?fileloc=%2F%2Fbin%2Fpython-html2text&path=%2F%2Fbin HTTP/2.0" 200 2442 "-" "Mozilla/5.0 AppleWebKit/537.36 (KHTML, like Gecko; compatible; ClaudeBot/1.0; +claudebot@anthropic.com)"
216.73.216.191 - - [25/Oct/2025:12:57:38 +0000] "GET /product/img/dlf_fig2.png?fileloc=%2F%2Flib64%2Fxtables%2Flibxt_udp.so&path=%2F%2Flib64%2Fxtables HTTP/2.0" 200 5998 "-" "Mozilla/5.0 AppleWebKit/537.36 (KHTML, like Gecko; compatible; ClaudeBot/1.0; +claudebot@anthropic.com)"
216.73.216.191 - - [25/Oct/2025:12:57:38 +0000] "GET /product/img/dlf_fig2.png?fileloc=%2F%2Flib64%2Fxtables%2Flibxt_HMARK.so&path=%2F%2Flib64%2Fxtables HTTP/2.0" 200 7313 "-" "Mozilla/5.0 AppleWebKit/537.36 (KHTML, like Gecko; compatible; ClaudeBot/1.0; +claudebot@anthropic.com)"
54.210.152.179 - - [25/Oct/2025:12:57:38 +0000] "GET /screen-printing-vs-dtf-cricut-why-screen-printing-is-best/?path=//proc/2/root/proc/self/root/lib/.build-id/84 HTTP/1.1" 200 36348 "-" "Mozilla/5.0 AppleWebKit/537.36 (KHTML, like Gecko; compatible; Amazonbot/0.1; +https://developer.amazon.com/support/amazonbot) Chrome/119.0.6045.214 Safari/537.36"
216.73.216.191 - - [25/Oct/2025:12:57:38 +0000] "GET /product/wildcat-logo-spirit-wear-t-shirt-6?fileloc=%2F%2Fproc%2F3%2Fcwd%2Flib64%2Flibcollection.so.4&path=%2F%2Fproc%2F3%2Fcwd%2Flib64 HTTP/2.0" 200 21588 "-" "Mozilla/5.0 AppleWebKit/537.36 (KHTML, like Gecko; compatible; ClaudeBot/1.0; +claudebot@anthropic.com)"
216.73.216.191 - - [25/Oct/2025:12:57:39 +0000] "GET /product/'?fileloc=%2F%2Fproc%2F1863480%2Fattr%2Fexec&path=%2F%2Fproc%2F1863480%2Fattr HTTP/2.0" 200 2237 "-" "Mozilla/5.0 AppleWebKit/537.36 (KHTML, like Gecko; compatible; ClaudeBot/1.0; +claudebot@anthropic.com)"
216.73.216.191 - - [25/Oct/2025:12:57:39 +0000] "GET /my-account/?fileloc=%2F%2Fproc%2F2478413%2Fcomm&path=%2F%2Fproc%2F2478413 HTTP/2.0" 200 2230 "-" "Mozilla/5.0 AppleWebKit/537.36 (KHTML, like Gecko; compatible; ClaudeBot/1.0; +claudebot@anthropic.com)"
66.249.79.129 - - [25/Oct/2025:12:57:39 +0000] "GET /about/protocol39/81wxq-28360/ HTTP/1.1" 200 17427 "-" "Mozilla/5.0 (Linux; Android 6.0.1; Nexus 5X Build/MMB29P) AppleWebKit/537.36 (KHTML, like Gecko) Chrome/141.0.7390.122 Mobile Safari/537.36 (compatible; GoogleOther)"
216.73.216.191 - - [25/Oct/2025:12:57:39 +0000] "GET /product/wildcat-logo-spirit-wear-t-shirt-6?fileloc=%2F%2Fusr%2Fbin%2Fed&path=%2F%2Fusr%2Fbin HTTP/2.0" 200 25219 "-" "Mozilla/5.0 AppleWebKit/537.36 (KHTML, like Gecko; compatible; ClaudeBot/1.0; +claudebot@anthropic.com)"
216.73.216.191 - - [25/Oct/2025:12:57:40 +0000] "GET /product/'?fileloc=%2F%2Fproc%2F2929499%2Fnet%2Figmp&path=%2F%2Fproc%2F2929499%2Fnet HTTP/2.0" 200 2317 "-" "Mozilla/5.0 AppleWebKit/537.36 (KHTML, like Gecko; compatible; ClaudeBot/1.0; +claudebot@anthropic.com)"
216.73.216.191 - - [25/Oct/2025:12:57:40 +0000] "GET /product/img/gm_math3.png?path=%2Fhome%2Frockyroadprintin%2Fwww%2F.tmb HTTP/2.0" 200 2994 "-" "Mozilla/5.0 AppleWebKit/537.36 (KHTML, like Gecko; compatible; ClaudeBot/1.0; +claudebot@anthropic.com)"
216.73.216.191 - - [25/Oct/2025:12:57:40 +0000] "GET /product/wildcat-logo-spirit-wear-t-shirt-11?fileloc=%2F%2Flib%2F.build-id%2F00%2F7ca38daec81e716f3818de0e783090bc05f45b&path=%2F%2Flib%2F.build-id%2F00 HTTP/2.0" 200 13790 "-" "Mozilla/5.0 AppleWebKit/537.36 (KHTML, like Gecko; compatible; ClaudeBot/1.0; +claudebot@anthropic.com)"
20.171.207.136 - - [25/Oct/2025:12:57:41 +0000] "GET /?path=//proc/2/task/2/root/proc/2/cwd/proc/3/cwd/var/softaculous/pie HTTP/2.0" 200 2996 "-" "Mozilla/5.0 AppleWebKit/537.36 (KHTML, like Gecko; compatible; GPTBot/1.2; +https://openai.com/gptbot)"
216.73.216.191 - - [25/Oct/2025:12:57:41 +0000] "GET /product/img/dlf_fig4.png?path=%2F%2Fusr%2Fshare%2Fbison HTTP/2.0" 200 3075 "-" "Mozilla/5.0 AppleWebKit/537.36 (KHTML, like Gecko; compatible; ClaudeBot/1.0; +claudebot@anthropic.com)"
216.73.216.191 - - [25/Oct/2025:12:57:41 +0000] "GET /product/elgin-e-logo-spirit-wear-t-shirt-3?path=%2F%2Fusr%2Fshare%2Fdoc HTTP/2.0" 200 15295 "-" "Mozilla/5.0 AppleWebKit/537.36 (KHTML, like Gecko; compatible; ClaudeBot/1.0; +claudebot@anthropic.com)"
216.73.216.191 - - [25/Oct/2025:12:57:41 +0000] "GET /product/wildcat-logo-spirit-wear-t-shirt-6?fileloc=%2F%2Fusr%2Fshare%2Fman%2Fit%2Fman1%2Fzsoelim.1.gz&path=%2F%2Fusr%2Fshare%2Fman%2Fit%2Fman1 HTTP/2.0" 200 3501 "-" "Mozilla/5.0 AppleWebKit/537.36 (KHTML, like Gecko; compatible; ClaudeBot/1.0; +claudebot@anthropic.com)"
216.73.216.191 - - [25/Oct/2025:12:57:42 +0000] "GET /product/wildcat-logo-spirit-wear-t-shirt-6?fileloc=%2F%2Fproc%2F3%2Fcwd%2Flib64%2Fliblwres.so.161.0.4&path=%2F%2Fproc%2F3%2Fcwd%2Flib64 HTTP/2.0" 200 32799 "-" "Mozilla/5.0 AppleWebKit/537.36 (KHTML, like Gecko; compatible; ClaudeBot/1.0; +claudebot@anthropic.com)"
216.73.216.191 - - [25/Oct/2025:12:57:42 +0000] "GET /product/wildcat-logo-spirit-wear-t-shirt-6?fileloc=%2F%2Fproc%2F3%2Fcwd%2Flib64%2Flibxcb-dri3.so.0&path=%2F%2Fproc%2F3%2Fcwd%2Flib64 HTTP/2.0" 200 7135 "-" "Mozilla/5.0 AppleWebKit/537.36 (KHTML, like Gecko; compatible; ClaudeBot/1.0; +claudebot@anthropic.com)"
216.73.216.191 - - [25/Oct/2025:12:57:42 +0000] "GET /product/wildcat-logo-spirit-wear-t-shirt-6?fileloc=%2F%2Fusr%2Fbin%2Fxzdec&path=%2F%2Fusr%2Fbin HTTP/2.0" 200 7191 "-" "Mozilla/5.0 AppleWebKit/537.36 (KHTML, like Gecko; compatible; ClaudeBot/1.0; +claudebot@anthropic.com)"
3.210.29.96 - - [25/Oct/2025:12:57:42 +0000] "GET /screen-printing-vs-dtf-cricut-why-screen-printing-is-best/?path=//proc/self/root/proc/3/root/sys/module/iptable_filter/holders HTTP/1.1" 200 13180 "-" "Mozilla/5.0 AppleWebKit/537.36 (KHTML, like Gecko; compatible; Amazonbot/0.1; +https://developer.amazon.com/support/amazonbot) Chrome/119.0.6045.214 Safari/537.36"
216.73.216.191 - - [25/Oct/2025:12:57:42 +0000] "GET /product/img/gm_math5.png?path=%2Fhome%2Frockyroadprintin%2Fwww%2F.tmb HTTP/2.0" 200 2994 "-" "Mozilla/5.0 AppleWebKit/537.36 (KHTML, like Gecko; compatible; ClaudeBot/1.0; +claudebot@anthropic.com)"
216.73.216.191 - - [25/Oct/2025:12:57:43 +0000] "GET /product/elgin-e-logo-spirit-wear-t-shirt-3?path=%2F%2Fvar%2Fsoftaculous%2Fsymfony3%2Fphp81 HTTP/2.0" 200 2566 "-" "Mozilla/5.0 AppleWebKit/537.36 (KHTML, like Gecko; compatible; ClaudeBot/1.0; +claudebot@anthropic.com)"
216.73.216.191 - - [25/Oct/2025:12:57:43 +0000] "GET /product/wildcat-logo-spirit-wear-t-shirt-6?fileloc=%2F%2Fvar%2Fcache%2Fdnf%2Fimunify360-rollout-3.solv&path=%2F%2Fvar%2Fcache%2Fdnf HTTP/2.0" 200 5759 "-" "Mozilla/5.0 AppleWebKit/537.36 (KHTML, like Gecko; compatible; ClaudeBot/1.0; +claudebot@anthropic.com)"
216.73.216.191 - - [25/Oct/2025:12:57:44 +0000] "GET /product/wildcat-logo-spirit-wear-t-shirt-6?fileloc=%2F%2Fproc%2F3%2Fcwd%2Flib64%2Flibxcb-sync.so&path=%2F%2Fproc%2F3%2Fcwd%2Flib64 HTTP/2.0" 200 9296 "-" "Mozilla/5.0 AppleWebKit/537.36 (KHTML, like Gecko; compatible; ClaudeBot/1.0; +claudebot@anthropic.com)"
20.171.207.136 - - [25/Oct/2025:12:57:44 +0000] "GET /?path=//proc/2/task/2/root/proc/2/cwd/proc/3/root/etc/iproute2 HTTP/2.0" 200 2849 "-" "Mozilla/5.0 AppleWebKit/537.36 (KHTML, like Gecko; compatible; GPTBot/1.2; +https://openai.com/gptbot)"
216.73.216.191 - - [25/Oct/2025:12:57:44 +0000] "GET /product/wildcat-logo-spirit-wear-t-shirt-6?fileloc=%2F%2Fproc%2F3%2Fcwd%2Flib64%2Flibodbcdrvcfg2S.so.2&path=%2F%2Fproc%2F3%2Fcwd%2Flib64 HTTP/2.0" 200 4720 "-" "Mozilla/5.0 AppleWebKit/537.36 (KHTML, like Gecko; compatible; ClaudeBot/1.0; +claudebot@anthropic.com)"
216.73.216.191 - - [25/Oct/2025:12:57:44 +0000] "GET /product/wildcat-logo-spirit-wear-t-shirt-6?fileloc=%2F%2Fproc%2F3%2Fcwd%2Flib64%2Flibodbcinst.so&path=%2F%2Fproc%2F3%2Fcwd%2Flib64 HTTP/2.0" 200 33166 "-" "Mozilla/5.0 AppleWebKit/537.36 (KHTML, like Gecko; compatible; ClaudeBot/1.0; +claudebot@anthropic.com)"
216.73.216.191 - - [25/Oct/2025:12:57:44 +0000] "GET /product/elgin-e-logo-spirit-wear-t-shirt-6?fileloc=%2F%2Flib%2F.build-id%2Ffa%2F10c3fa38b53d5829faeb50571359848289b173&path=%2F%2Flib%2F.build-id%2Ffa HTTP/2.0" 200 4698 "-" "Mozilla/5.0 AppleWebKit/537.36 (KHTML, like Gecko; compatible; ClaudeBot/1.0; +claudebot@anthropic.com)"
66.249.79.129 - - [25/Oct/2025:12:57:45 +0000] "GET /ctg/search/similarImageSearchResultView/?ctgItemCd=2825128 HTTP/1.1" 200 16301 "-" "Mozilla/5.0 (Linux; Android 6.0.1; Nexus 5X Build/MMB29P) AppleWebKit/537.36 (KHTML, like Gecko) Chrome/141.0.7390.122 Mobile Safari/537.36 (compatible; GoogleOther)"
216.73.216.191 - - [25/Oct/2025:12:57:45 +0000] "GET /my-account/?fileloc=%2F%2Fproc%2F3909943%2Fcoredump_filter&path=%2F%2Fproc%2F3909943 HTTP/2.0" 200 2235 "-" "Mozilla/5.0 AppleWebKit/537.36 (KHTML, like Gecko; compatible; ClaudeBot/1.0; +claudebot@anthropic.com)"
216.73.216.191 - - [25/Oct/2025:12:57:45 +0000] "GET /product/wildcat-logo-spirit-wear-t-shirt-6?fileloc=%2F%2Fproc%2F3%2Fcwd%2Flib64%2Flibtirpc.so.3&path=%2F%2Fproc%2F3%2Fcwd%2Flib64 HTTP/2.0" 200 85168 "-" "Mozilla/5.0 AppleWebKit/537.36 (KHTML, like Gecko; compatible; ClaudeBot/1.0; +claudebot@anthropic.com)"
216.73.216.191 - - [25/Oct/2025:12:57:45 +0000] "GET /product/wildcat-logo-spirit-wear-t-shirt-6?fileloc=%2F%2Fusr%2Fshare%2Fman%2Fzh_CN%2Fman8%2Fmandb.8.gz&path=%2F%2Fusr%2Fshare%2Fman%2Fzh_CN%2Fman8 HTTP/2.0" 200 4804 "-" "Mozilla/5.0 AppleWebKit/537.36 (KHTML, like Gecko; compatible; ClaudeBot/1.0; +claudebot@anthropic.com)"
216.73.216.191 - - [25/Oct/2025:12:57:46 +0000] "GET /product/wildcat-logo-spirit-wear-t-shirt-6?fileloc=%2F%2Fusr%2Fshare%2Fman%2Fzh_CN%2Fman8%2Fchgpasswd.8.gz&path=%2F%2Fusr%2Fshare%2Fman%2Fzh_CN%2Fman8 HTTP/2.0" 200 4822 "-" "Mozilla/5.0 AppleWebKit/537.36 (KHTML, like Gecko; compatible; ClaudeBot/1.0; +claudebot@anthropic.com)"
216.73.216.191 - - [25/Oct/2025:12:57:46 +0000] "GET /product/elgin-e-logo-spirit-wear-t-shirt-3?path=%2F%2Fvar%2Fsoftaculous%2Fsymfony3%2Fphp53 HTTP/2.0" 200 2566 "-" "Mozilla/5.0 AppleWebKit/537.36 (KHTML, like Gecko; compatible; ClaudeBot/1.0; +claudebot@anthropic.com)"
216.73.216.191 - - [25/Oct/2025:12:57:46 +0000] "GET /product/wildcat-logo-spirit-wear-t-shirt-11?fileloc=%2F%2Fusr%2Fshare%2Fi18n%2Flocales%2Fli_NL&path=%2F%2Fusr%2Fshare%2Fi18n%2Flocales HTTP/2.0" 200 3390 "-" "Mozilla/5.0 AppleWebKit/537.36 (KHTML, like Gecko; compatible; ClaudeBot/1.0; +claudebot@anthropic.com)"
54.166.104.83 - - [25/Oct/2025:12:57:46 +0000] "GET /screen-printing/?fileloc=//var/cache/dnf/imunify360-rollout-7-filenames.solvx&path=//var/cache/dnf HTTP/1.1" 200 12472 "-" "Mozilla/5.0 AppleWebKit/537.36 (KHTML, like Gecko; compatible; Amazonbot/0.1; +https://developer.amazon.com/support/amazonbot) Chrome/119.0.6045.214 Safari/537.36"
216.73.216.191 - - [25/Oct/2025:12:57:47 +0000] "GET /my-account/?path=%2F%2Fvar%2Fsoftaculous%2Fgibbon HTTP/2.0" 200 3104 "-" "Mozilla/5.0 AppleWebKit/537.36 (KHTML, like Gecko; compatible; ClaudeBot/1.0; +claudebot@anthropic.com)"
216.73.216.191 - - [25/Oct/2025:12:57:47 +0000] "GET /product/wildcat-logo-spirit-wear-t-shirt-6?fileloc=%2F%2Fproc%2F3%2Fcwd%2Flib64%2FlibodbcpsqlS.so&path=%2F%2Fproc%2F3%2Fcwd%2Flib64 HTTP/2.0" 200 5510 "-" "Mozilla/5.0 AppleWebKit/537.36 (KHTML, like Gecko; compatible; ClaudeBot/1.0; +claudebot@anthropic.com)"
20.171.207.136 - - [25/Oct/2025:12:57:47 +0000] "GET /?path=//proc/2/task/2/root/proc/2/cwd/var/softaculous/wp65/php56 HTTP/2.0" 200 2824 "-" "Mozilla/5.0 AppleWebKit/537.36 (KHTML, like Gecko; compatible; GPTBot/1.2; +https://openai.com/gptbot)"
216.73.216.191 - - [25/Oct/2025:12:57:47 +0000] "GET /product/wildcat-logo-spirit-wear-t-shirt-11?fileloc=%2F%2Fusr%2Fshare%2Fi18n%2Flocales%2Fxh_ZA&path=%2F%2Fusr%2Fshare%2Fi18n%2Flocales HTTP/2.0" 200 4828 "-" "Mozilla/5.0 AppleWebKit/537.36 (KHTML, like Gecko; compatible; ClaudeBot/1.0; +claudebot@anthropic.com)"
216.73.216.191 - - [25/Oct/2025:12:57:47 +0000] "GET /product/img/CfL_fig2.png?fileloc=%2Fhome%2Frockyroadprintin%2F.bashrc&path=%2Fhome%2Frockyroadprintin HTTP/2.0" 200 2375 "-" "Mozilla/5.0 AppleWebKit/537.36 (KHTML, like Gecko; compatible; ClaudeBot/1.0; +claudebot@anthropic.com)"
216.73.216.191 - - [25/Oct/2025:12:57:48 +0000] "GET /product/wildcat-logo-spirit-wear-t-shirt-6?fileloc=%2F%2Fusr%2Fbin%2Ffind&path=%2F%2Fusr%2Fbin HTTP/2.0" 200 92868 "-" "Mozilla/5.0 AppleWebKit/537.36 (KHTML, like Gecko; compatible; ClaudeBot/1.0; +claudebot@anthropic.com)"
216.73.216.191 - - [25/Oct/2025:12:57:48 +0000] "GET /product/wildcat-logo-spirit-wear-t-shirt-6?fileloc=%2F%2Flib64%2Fxtables%2Flibxt_SET.so&path=%2F%2Flib64%2Fxtables HTTP/2.0" 200 8965 "-" "Mozilla/5.0 AppleWebKit/537.36 (KHTML, like Gecko; compatible; ClaudeBot/1.0; +claudebot@anthropic.com)"
216.73.216.191 - - [25/Oct/2025:12:57:48 +0000] "GET /product/elgin-e-logo-spirit-wear-t-shirt-3?path=%2F%2Fvar%2Fsoftaculous%2Fsymfony3%2Fphp71 HTTP/2.0" 200 2566 "-" "Mozilla/5.0 AppleWebKit/537.36 (KHTML, like Gecko; compatible; ClaudeBot/1.0; +claudebot@anthropic.com)"
216.73.216.191 - - [25/Oct/2025:12:57:49 +0000] "GET /product/images/tcgraph.png?fileloc=%2F%2Flib%2Fsystemd%2Fpurge-nobody-user&path=%2F%2Flib%2Fsystemd HTTP/2.0" 200 3153 "-" "Mozilla/5.0 AppleWebKit/537.36 (KHTML, like Gecko; compatible; ClaudeBot/1.0; +claudebot@anthropic.com)"
216.73.216.191 - - [25/Oct/2025:12:57:49 +0000] "GET /product/wildcat-logo-spirit-wear-t-shirt-6?path=%2F%2Fusr%2Fshare%2Ficons%2Fhicolor%2F32x32%2Femotes HTTP/2.0" 200 2318 "-" "Mozilla/5.0 AppleWebKit/537.36 (KHTML, like Gecko; compatible; ClaudeBot/1.0; +claudebot@anthropic.com)"
216.73.216.191 - - [25/Oct/2025:12:57:49 +0000] "GET /product/wildcat-logo-spirit-wear-t-shirt-6?fileloc=%2F%2Flib%2Fsystemd%2Fsystem%2Faibolit-resident.service&path=%2F%2Flib%2Fsystemd%2Fsystem HTTP/2.0" 200 2244 "-" "Mozilla/5.0 AppleWebKit/537.36 (KHTML, like Gecko; compatible; ClaudeBot/1.0; +claudebot@anthropic.com)"
216.73.216.191 - - [25/Oct/2025:12:57:50 +0000] "GET /product/wildcat-logo-spirit-wear-t-shirt-6?fileloc=%2F%2Fproc%2F3%2Fcwd%2Flib64%2FlibXmu.so.6&path=%2F%2Fproc%2F3%2Fcwd%2Flib64 HTTP/2.0" 200 44874 "-" "Mozilla/5.0 AppleWebKit/537.36 (KHTML, like Gecko; compatible; ClaudeBot/1.0; +claudebot@anthropic.com)"
216.73.216.191 - - [25/Oct/2025:12:57:50 +0000] "GET /product/wildcat-logo-spirit-wear-t-shirt-6?fileloc=%2F%2Fproc%2F3%2Fcwd%2Flib64%2Flibrpmio.so.8&path=%2F%2Fproc%2F3%2Fcwd%2Flib64 HTTP/2.0" 200 77090 "-" "Mozilla/5.0 AppleWebKit/537.36 (KHTML, like Gecko; compatible; ClaudeBot/1.0; +claudebot@anthropic.com)"
20.171.207.136 - - [25/Oct/2025:12:57:50 +0000] "GET /?path=//proc/2/task/2/root/proc/2/cwd/proc/3/cwd/var/softaculous/b2e/php81 HTTP/2.0" 200 2737 "-" "Mozilla/5.0 AppleWebKit/537.36 (KHTML, like Gecko; compatible; GPTBot/1.2; +https://openai.com/gptbot)"
216.73.216.191 - - [25/Oct/2025:12:57:50 +0000] "GET /product/wildcat-logo-spirit-wear-t-shirt-11?fileloc=%2F%2Fusr%2Flocal%2Fmaldetect.bk1864647%2FCHANGELOG&path=%2F%2Fusr%2Flocal%2Fmaldetect.bk1864647 HTTP/2.0" 200 18479 "-" "Mozilla/5.0 AppleWebKit/537.36 (KHTML, like Gecko; compatible; ClaudeBot/1.0; +claudebot@anthropic.com)"
216.73.216.191 - - [25/Oct/2025:12:57:50 +0000] "GET /product/wildcat-logo-spirit-wear-t-shirt-6?path=%2F%2Fvar%2Fimunify360%2Ffiles%2Fsigs%2Fv1%2Fheuristic HTTP/2.0" 200 2627 "-" "Mozilla/5.0 AppleWebKit/537.36 (KHTML, like Gecko; compatible; ClaudeBot/1.0; +claudebot@anthropic.com)"
3.217.82.254 - - [25/Oct/2025:12:57:51 +0000] "GET /screen-printing/?path=//usr/share/locale/es_PE/LC_MESSAGES HTTP/1.1" 200 12851 "-" "Mozilla/5.0 AppleWebKit/537.36 (KHTML, like Gecko; compatible; Amazonbot/0.1; +https://developer.amazon.com/support/amazonbot) Chrome/119.0.6045.214 Safari/537.36"
216.73.216.191 - - [25/Oct/2025:12:57:51 +0000] "GET /my-account/?fileloc=%2F%2Fproc%2F2478400%2Fmounts&path=%2F%2Fproc%2F2478400 HTTP/2.0" 200 2985 "-" "Mozilla/5.0 AppleWebKit/537.36 (KHTML, like Gecko; compatible; ClaudeBot/1.0; +claudebot@anthropic.com)"
216.73.216.191 - - [25/Oct/2025:12:57:51 +0000] "GET /product/wildcat-logo-spirit-wear-t-shirt-6?path=%2F%2Flib%2Fsystemd%2Fsystem%2Fsockets.target.wants HTTP/2.0" 200 2761 "-" "Mozilla/5.0 AppleWebKit/537.36 (KHTML, like Gecko; compatible; ClaudeBot/1.0; +claudebot@anthropic.com)"
216.73.216.191 - - [25/Oct/2025:12:57:51 +0000] "GET /my-account/?fileloc=%2F%2Fproc%2F3264896%2Fstatm&path=%2F%2Fproc%2F3264896 HTTP/2.0" 200 2229 "-" "Mozilla/5.0 AppleWebKit/537.36 (KHTML, like Gecko; compatible; ClaudeBot/1.0; +claudebot@anthropic.com)"
216.73.216.191 - - [25/Oct/2025:12:57:52 +0000] "GET /product/elgin-e-logo-spirit-wear-t-shirt-6?fileloc=%2F%2Frun%2Fsystemd%2Fjournal%2Fstreams%2F8%3A93924599&path=%2F%2Frun%2Fsystemd%2Fjournal%2Fstreams HTTP/2.0" 200 2248 "-" "Mozilla/5.0 AppleWebKit/537.36 (KHTML, like Gecko; compatible; ClaudeBot/1.0; +claudebot@anthropic.com)"
216.73.216.191 - - [25/Oct/2025:12:57:52 +0000] "GET /product/elgin-e-logo-spirit-wear-t-shirt-3?fileloc=%2F%2Fsys%2Ffs%2Fcgroup%2Fpids%2Fpids.max&path=%2F%2Fsys%2Ffs%2Fcgroup%2Fpids HTTP/2.0" 200 2251 "-" "Mozilla/5.0 AppleWebKit/537.36 (KHTML, like Gecko; compatible; ClaudeBot/1.0; +claudebot@anthropic.com)"
216.73.216.191 - - [25/Oct/2025:12:57:52 +0000] "GET /product/elgin-e-logo-spirit-wear-t-shirt-6?fileloc=%2F%2Flib%2F.build-id%2Ff4%2F47a8bf95c652b2706267e47f25aa805d8e3ecf&path=%2F%2Flib%2F.build-id%2Ff4 HTTP/2.0" 200 61296 "-" "Mozilla/5.0 AppleWebKit/537.36 (KHTML, like Gecko; compatible; ClaudeBot/1.0; +claudebot@anthropic.com)"
69.197.149.50 - - [25/Oct/2025:12:56:26 +0000] "GET /wp-includes/ad52870e/index.php?id=369664 HTTP/1.1" 200 1 "https://www.rockyroadprinting.net/wp-includes/ad52870e/index.php?id=369664" "Mozilla/5.0 (Windows NT 10.0; Win64; x64) AppleWebKit/537.36 (KHTML, like Gecko) Chrome/58.0.3029.110 Safari/537.3"
216.73.216.191 - - [25/Oct/2025:12:57:53 +0000] "GET /product/img/r_arrow.png?path=%2F%2Flib%2Fkernel%2Finstall.d HTTP/2.0" 200 2719 "-" "Mozilla/5.0 AppleWebKit/537.36 (KHTML, like Gecko; compatible; ClaudeBot/1.0; +claudebot@anthropic.com)"
216.73.216.191 - - [25/Oct/2025:12:57:53 +0000] "GET /product/img/dlf_fig4.png?path=%2F%2Fusr%2Fshare%2Fdbus-1 HTTP/2.0" 200 2716 "-" "Mozilla/5.0 AppleWebKit/537.36 (KHTML, like Gecko; compatible; ClaudeBot/1.0; +claudebot@anthropic.com)"
20.171.207.136 - - [25/Oct/2025:12:57:53 +0000] "GET /?path=//proc/2/task/2/root/proc/2/cwd/proc/3/cwd/var/softaculous/b2e/php71 HTTP/2.0" 200 2737 "-" "Mozilla/5.0 AppleWebKit/537.36 (KHTML, like Gecko; compatible; GPTBot/1.2; +https://openai.com/gptbot)"
216.73.216.191 - - [25/Oct/2025:12:57:53 +0000] "GET /product/wildcat-logo-spirit-wear-t-shirt-11?fileloc=%2F%2Fvar%2Fsoftaculous%2Fwp67%2Fphp82%2Fclone.php&path=%2F%2Fvar%2Fsoftaculous%2Fwp67%2Fphp82 HTTP/2.0" 200 28397 "-" "Mozilla/5.0 AppleWebKit/537.36 (KHTML, like Gecko; compatible; ClaudeBot/1.0; +claudebot@anthropic.com)"
216.73.216.191 - - [25/Oct/2025:12:57:53 +0000] "GET /product/wildcat-logo-spirit-wear-t-shirt-6?fileloc=%2F%2Fusr%2Fshare%2Fman%2Fja%2Fman8%2Fgrpunconv.8.gz&path=%2F%2Fusr%2Fshare%2Fman%2Fja%2Fman8 HTTP/2.0" 200 2325 "-" "Mozilla/5.0 AppleWebKit/537.36 (KHTML, like Gecko; compatible; ClaudeBot/1.0; +claudebot@anthropic.com)"
216.73.216.191 - - [25/Oct/2025:12:57:54 +0000] "GET /product/elgin-e-logo-spirit-wear-t-shirt-6?fileloc=%2F%2Flib%2F.build-id%2Fb9%2Fbd53f4d9ad138d890e5e0ddebbe068db058069&path=%2F%2Flib%2F.build-id%2Fb9 HTTP/2.0" 200 35245 "-" "Mozilla/5.0 AppleWebKit/537.36 (KHTML, like Gecko; compatible; ClaudeBot/1.0; +claudebot@anthropic.com)"
216.73.216.191 - - [25/Oct/2025:12:57:54 +0000] "GET /product/wildcat-logo-spirit-wear-t-shirt-3?path=%2F%2Fusr%2Fshare%2Flocale%2Fhup%2FLC_MESSAGES HTTP/2.0" 200 2314 "-" "Mozilla/5.0 AppleWebKit/537.36 (KHTML, like Gecko; compatible; ClaudeBot/1.0; +claudebot@anthropic.com)"
216.73.216.191 - - [25/Oct/2025:12:57:54 +0000] "GET /product/'?fileloc=%2F%2Fproc%2Fself%2Fuid_map&path=%2F%2Fproc%2Fself HTTP/2.0" 200 2243 "-" "Mozilla/5.0 AppleWebKit/537.36 (KHTML, like Gecko; compatible; ClaudeBot/1.0; +claudebot@anthropic.com)"
52.7.33.248 - - [25/Oct/2025:12:57:55 +0000] "GET /screen-printing/?fileloc=//proc/self/root/bin/strip&path=//proc/self/root/bin HTTP/1.1" 200 399902 "-" "Mozilla/5.0 AppleWebKit/537.36 (KHTML, like Gecko; compatible; Amazonbot/0.1; +https://developer.amazon.com/support/amazonbot) Chrome/119.0.6045.214 Safari/537.36"
216.73.216.191 - - [25/Oct/2025:12:57:55 +0000] "GET /product/elgin-e-logo-spirit-wear-t-shirt-6?fileloc=%2F%2Flib%2Fdracut%2Fdracut-version.sh&path=%2F%2Flib%2Fdracut HTTP/2.0" 200 2268 "-" "Mozilla/5.0 AppleWebKit/537.36 (KHTML, like Gecko; compatible; ClaudeBot/1.0; +claudebot@anthropic.com)"
216.73.216.191 - - [25/Oct/2025:12:57:55 +0000] "GET /product/elgin-e-logo-spirit-wear-t-shirt-3?fileloc=%2F%2Flib%2Fexim%2Fbin%2Fsrs&path=%2F%2Flib%2Fexim%2Fbin HTTP/2.0" 200 15186 "-" "Mozilla/5.0 AppleWebKit/537.36 (KHTML, like Gecko; compatible; ClaudeBot/1.0; +claudebot@anthropic.com)"
216.73.216.191 - - [25/Oct/2025:12:57:55 +0000] "GET /product/wildcat-logo-spirit-wear-t-shirt-6?fileloc=%2F%2Fusr%2Fbin%2Ftcamgr&path=%2F%2Fusr%2Fbin HTTP/2.0" 200 10298 "-" "Mozilla/5.0 AppleWebKit/537.36 (KHTML, like Gecko; compatible; ClaudeBot/1.0; +claudebot@anthropic.com)"
216.73.216.191 - - [25/Oct/2025:12:57:56 +0000] "GET /product/img/dlf_fig2.png?fileloc=%2F%2Flib64%2Fxtables%2Flibipt_DNAT.so&path=%2F%2Flib64%2Fxtables HTTP/2.0" 200 7844 "-" "Mozilla/5.0 AppleWebKit/537.36 (KHTML, like Gecko; compatible; ClaudeBot/1.0; +claudebot@anthropic.com)"
216.73.216.191 - - [25/Oct/2025:12:57:56 +0000] "GET /product/elgin-e-logo-spirit-wear-t-shirt-3?path=%2F%2Fusr%2Fshare%2Fsmartmontools HTTP/2.0" 200 2552 "-" "Mozilla/5.0 AppleWebKit/537.36 (KHTML, like Gecko; compatible; ClaudeBot/1.0; +claudebot@anthropic.com)"
20.171.207.136 - - [25/Oct/2025:12:57:56 +0000] "GET /?path=//proc/2/task/2/root/proc/2/cwd/proc/3/cwd/var/softaculous/x2/php56 HTTP/2.0" 200 2707 "-" "Mozilla/5.0 AppleWebKit/537.36 (KHTML, like Gecko; compatible; GPTBot/1.2; +https://openai.com/gptbot)"
216.73.216.191 - - [25/Oct/2025:12:57:56 +0000] "GET /my-account/?fileloc=%2F%2Fproc%2F3268024%2Fschedstat&path=%2F%2Fproc%2F3268024 HTTP/2.0" 200 2233 "-" "Mozilla/5.0 AppleWebKit/537.36 (KHTML, like Gecko; compatible; ClaudeBot/1.0; +claudebot@anthropic.com)"
216.73.216.191 - - [25/Oct/2025:12:57:56 +0000] "GET /product/img/r_arrow.png?fileloc=%2F%2Flib64%2Frsyslog%2Fpmcisconames.so&path=%2F%2Flib64%2Frsyslog HTTP/2.0" 200 6027 "-" "Mozilla/5.0 AppleWebKit/537.36 (KHTML, like Gecko; compatible; ClaudeBot/1.0; +claudebot@anthropic.com)"
216.73.216.191 - - [25/Oct/2025:12:57:57 +0000] "GET /product/wildcat-logo-spirit-wear-t-shirt-6?fileloc=%2F%2Fproc%2F3%2Fcwd%2Flib64%2Flibformw.so.6&path=%2F%2Fproc%2F3%2Fcwd%2Flib64 HTTP/2.0" 200 32062 "-" "Mozilla/5.0 AppleWebKit/537.36 (KHTML, like Gecko; compatible; ClaudeBot/1.0; +claudebot@anthropic.com)"
216.73.216.191 - - [25/Oct/2025:12:57:57 +0000] "GET /product/wildcat-logo-spirit-wear-t-shirt-6?fileloc=%2F%2Fproc%2F3%2Fcwd%2Flib64%2Flibisc.so&path=%2F%2Fproc%2F3%2Fcwd%2Flib64 HTTP/2.0" 200 193132 "-" "Mozilla/5.0 AppleWebKit/537.36 (KHTML, like Gecko; compatible; ClaudeBot/1.0; +claudebot@anthropic.com)"
216.73.216.191 - - [25/Oct/2025:12:57:57 +0000] "GET /product/elgin-e-logo-spirit-wear-t-shirt-3?path=%2F%2Fusr%2Fshare%2Fscreen HTTP/2.0" 200 2531 "-" "Mozilla/5.0 AppleWebKit/537.36 (KHTML, like Gecko; compatible; ClaudeBot/1.0; +claudebot@anthropic.com)"
216.73.216.191 - - [25/Oct/2025:12:57:58 +0000] "GET /product/wildcat-logo-spirit-wear-t-shirt-6?fileloc=%2F%2Flib64%2Fxtables%2Flibxt_recent.so&path=%2F%2Flib64%2Fxtables HTTP/2.0" 200 6847 "-" "Mozilla/5.0 AppleWebKit/537.36 (KHTML, like Gecko; compatible; ClaudeBot/1.0; +claudebot@anthropic.com)"
216.73.216.191 - - [25/Oct/2025:12:57:58 +0000] "GET /product/img/dlf_fig2.png?fileloc=%2F%2Flib64%2Fxtables%2Flibxt_bpf.so&path=%2F%2Flib64%2Fxtables HTTP/2.0" 200 6672 "-" "Mozilla/5.0 AppleWebKit/537.36 (KHTML, like Gecko; compatible; ClaudeBot/1.0; +claudebot@anthropic.com)"
216.73.216.191 - - [25/Oct/2025:12:57:58 +0000] "GET /my-account/?fileloc=%2F%2Fproc%2F3268024%2Fcgroup&path=%2F%2Fproc%2F3268024 HTTP/2.0" 200 2228 "-" "Mozilla/5.0 AppleWebKit/537.36 (KHTML, like Gecko; compatible; ClaudeBot/1.0; +claudebot@anthropic.com)"
54.88.84.219 - - [25/Oct/2025:12:57:58 +0000] "GET /dtf/?path=//usr/share/authselect/default/nis HTTP/1.1" 200 27969 "-" "Mozilla/5.0 AppleWebKit/537.36 (KHTML, like Gecko; compatible; Amazonbot/0.1; +https://developer.amazon.com/support/amazonbot) Chrome/119.0.6045.214 Safari/537.36"
216.73.216.191 - - [25/Oct/2025:12:57:59 +0000] "GET /product/wildcat-logo-spirit-wear-t-shirt-6?fileloc=%2F%2Flib64%2Fxtables%2Flibipt_ECN.so&path=%2F%2Flib64%2Fxtables HTTP/2.0" 200 5500 "-" "Mozilla/5.0 AppleWebKit/537.36 (KHTML, like Gecko; compatible; ClaudeBot/1.0; +claudebot@anthropic.com)"
216.73.216.191 - - [25/Oct/2025:12:57:59 +0000] "GET /product/wildcat-logo-spirit-wear-t-shirt-11?fileloc=%2F%2Fusr%2Fshare%2Ffonts%2Furw-base35%2FC059-Bold.afm&path=%2F%2Fusr%2Fshare%2Ffonts%2Furw-base35 HTTP/2.0" 200 26807 "-" "Mozilla/5.0 AppleWebKit/537.36 (KHTML, like Gecko; compatible; ClaudeBot/1.0; +claudebot@anthropic.com)"
20.171.207.136 - - [25/Oct/2025:12:57:59 +0000] "GET /?path=//proc/2/task/2/root/proc/2/cwd/proc/3/cwd/var/softaculous/pie/php81 HTTP/2.0" 200 2675 "-" "Mozilla/5.0 AppleWebKit/537.36 (KHTML, like Gecko; compatible; GPTBot/1.2; +https://openai.com/gptbot)"
216.73.216.191 - - [25/Oct/2025:12:57:59 +0000] "GET /my-account/?fileloc=%2F%2Fproc%2F2291093%2Fmem&path=%2F%2Fproc%2F2291093 HTTP/2.0" 200 2228 "-" "Mozilla/5.0 AppleWebKit/537.36 (KHTML, like Gecko; compatible; ClaudeBot/1.0; +claudebot@anthropic.com)"
216.73.216.191 - - [25/Oct/2025:12:58:00 +0000] "GET /product/img/sq_weight_fig2.png?fileloc=%2F%2Fbin%2Falt-php-mysql-reconfigure&path=%2F%2Fbin HTTP/2.0" 200 8888 "-" "Mozilla/5.0 AppleWebKit/537.36 (KHTML, like Gecko; compatible; ClaudeBot/1.0; +claudebot@anthropic.com)"
216.73.216.191 - - [25/Oct/2025:12:58:00 +0000] "GET /product/img/image26.png?fileloc=%2F%2Fusr%2Fsbin%2Fmkswap&path=%2F%2Fusr%2Fsbin HTTP/2.0" 200 34481 "-" "Mozilla/5.0 AppleWebKit/537.36 (KHTML, like Gecko; compatible; ClaudeBot/1.0; +claudebot@anthropic.com)"
66.249.79.130 - - [25/Oct/2025:12:58:00 +0000] "GET /bar/negotiate260/iythb-31125/ HTTP/1.1" 200 24246 "-" "Mozilla/5.0 (Linux; Android 6.0.1; Nexus 5X Build/MMB29P) AppleWebKit/537.36 (KHTML, like Gecko) Chrome/141.0.7390.122 Mobile Safari/537.36 (compatible; GoogleOther)"
216.73.216.191 - - [25/Oct/2025:12:58:00 +0000] "GET /my-account/?fileloc=%2F%2Fproc%2F2150932%2Flimits&path=%2F%2Fproc%2F2150932 HTTP/2.0" 200 2489 "-" "Mozilla/5.0 AppleWebKit/537.36 (KHTML, like Gecko; compatible; ClaudeBot/1.0; +claudebot@anthropic.com)"
216.73.216.191 - - [25/Oct/2025:12:58:01 +0000] "GET /product/img/r_arrow.png?fileloc=%2F%2Flib64%2Frsyslog%2Flmtcpsrv.so&path=%2F%2Flib64%2Frsyslog HTTP/2.0" 200 16227 "-" "Mozilla/5.0 AppleWebKit/537.36 (KHTML, like Gecko; compatible; ClaudeBot/1.0; +claudebot@anthropic.com)"
216.73.216.191 - - [25/Oct/2025:12:58:00 +0000] "GET /product/elgin-e-logo-spirit-wear-t-shirt-6?fileloc=%2F%2Flib%2F.build-id%2Fda%2F35d1e4e499ee3430b0931b03f4eb6a9262ff80&path=%2F%2Flib%2F.build-id%2Fda HTTP/2.0" 200 494196 "-" "Mozilla/5.0 AppleWebKit/537.36 (KHTML, like Gecko; compatible; ClaudeBot/1.0; +claudebot@anthropic.com)"
216.73.216.191 - - [25/Oct/2025:12:58:01 +0000] "GET /product/wildcat-logo-spirit-wear-t-shirt-6?fileloc=%2F%2Fusr%2Fbin%2Far&path=%2F%2Fusr%2Fbin HTTP/2.0" 200 26554 "-" "Mozilla/5.0 AppleWebKit/537.36 (KHTML, like Gecko; compatible; ClaudeBot/1.0; +claudebot@anthropic.com)"
216.73.216.191 - - [25/Oct/2025:12:58:01 +0000] "GET /product/wildcat-logo-spirit-wear-t-shirt-6?fileloc=%2F%2Fvar%2Fcache%2Fdnf%2Fimunify360-rollout-2.solv&path=%2F%2Fvar%2Fcache%2Fdnf HTTP/2.0" 200 5764 "-" "Mozilla/5.0 AppleWebKit/537.36 (KHTML, like Gecko; compatible; ClaudeBot/1.0; +claudebot@anthropic.com)"
216.73.216.191 - - [25/Oct/2025:12:58:02 +0000] "GET /my-account/?path=%2F%2Fproc%2F3264898%2Ffdinfo HTTP/2.0" 200 2287 "-" "Mozilla/5.0 AppleWebKit/537.36 (KHTML, like Gecko; compatible; ClaudeBot/1.0; +claudebot@anthropic.com)"
216.73.216.191 - - [25/Oct/2025:12:58:02 +0000] "GET /product/elgin-e-logo-spirit-wear-t-shirt-3?path=%2F%2Fusr%2Fshare%2Flocale%2Fde_DE%2FLC_MESSAGES HTTP/2.0" 200 2318 "-" "Mozilla/5.0 AppleWebKit/537.36 (KHTML, like Gecko; compatible; ClaudeBot/1.0; +claudebot@anthropic.com)"
216.73.216.191 - - [25/Oct/2025:12:58:02 +0000] "GET /my-account/?fileloc=%2F%2Fproc%2F2478413%2Fstatus&path=%2F%2Fproc%2F2478413 HTTP/2.0" 200 2702 "-" "Mozilla/5.0 AppleWebKit/537.36 (KHTML, like Gecko; compatible; ClaudeBot/1.0; +claudebot@anthropic.com)"
20.171.207.136 - - [25/Oct/2025:12:58:02 +0000] "GET /?path=//proc/2/task/2/root/proc/2/cwd/proc/3/cwd/var/softaculous/pie/php71 HTTP/2.0" 200 2676 "-" "Mozilla/5.0 AppleWebKit/537.36 (KHTML, like Gecko; compatible; GPTBot/1.2; +https://openai.com/gptbot)"
216.73.216.191 - - [25/Oct/2025:12:58:03 +0000] "GET /product/elgin-e-logo-spirit-wear-t-shirt-3?path=%2F%2Fusr%2Fshare%2Fterminfo%2Fe HTTP/2.0" 200 2584 "-" "Mozilla/5.0 AppleWebKit/537.36 (KHTML, like Gecko; compatible; ClaudeBot/1.0; +claudebot@anthropic.com)"
216.73.216.191 - - [25/Oct/2025:12:58:03 +0000] "GET /my-account/?fileloc=%2F%2Fproc%2F2478413%2Fmountstats&path=%2F%2Fproc%2F2478413 HTTP/2.0" 200 2231 "-" "Mozilla/5.0 AppleWebKit/537.36 (KHTML, like Gecko; compatible; ClaudeBot/1.0; +claudebot@anthropic.com)"
107.20.181.148 - - [25/Oct/2025:12:58:03 +0000] "GET /screen-printing/?fileloc=//proc/self/root/bin/python2&path=//proc/self/root/bin HTTP/1.1" 200 21911 "-" "Mozilla/5.0 AppleWebKit/537.36 (KHTML, like Gecko; compatible; Amazonbot/0.1; +https://developer.amazon.com/support/amazonbot) Chrome/119.0.6045.214 Safari/537.36"
216.73.216.191 - - [25/Oct/2025:12:58:03 +0000] "GET /product/wildcat-logo-spirit-wear-t-shirt-6?fileloc=%2F%2Fvar%2Fsoftaculous%2Fsymfony24%2Fmd5&path=%2F%2Fvar%2Fsoftaculous%2Fsymfony24 HTTP/2.0" 200 3728 "-" "Mozilla/5.0 AppleWebKit/537.36 (KHTML, like Gecko; compatible; ClaudeBot/1.0; +claudebot@anthropic.com)"
216.73.216.191 - - [25/Oct/2025:12:58:03 +0000] "GET /product/wildcat-logo-spirit-wear-t-shirt-11?fileloc=%2F%2Fvar%2Fsoftaculous%2Finstantcms%2Fphp71%2Finstall.php&path=%2F%2Fvar%2Fsoftaculous%2Finstantcms%2Fphp71 HTTP/2.0" 200 7069 "-" "Mozilla/5.0 AppleWebKit/537.36 (KHTML, like Gecko; compatible; ClaudeBot/1.0; +claudebot@anthropic.com)"
216.73.216.191 - - [25/Oct/2025:12:58:04 +0000] "GET /product/wildcat-logo-spirit-wear-t-shirt-11?fileloc=%2F%2Fsys%2Ffs%2Fcgroup%2Fmemory%2FImunify.slice%2Fmemory.failcnt&path=%2F%2Fsys%2Ffs%2Fcgroup%2Fmemory%2FImunify.slice HTTP/2.0" 200 2266 "-" "Mozilla/5.0 AppleWebKit/537.36 (KHTML, like Gecko; compatible; ClaudeBot/1.0; +claudebot@anthropic.com)"
66.249.79.130 - - [25/Oct/2025:12:58:04 +0000] "GET /education/metaphor81/89xlq-32742/ HTTP/1.1" 200 17319 "-" "Mozilla/5.0 (Linux; Android 6.0.1; Nexus 5X Build/MMB29P) AppleWebKit/537.36 (KHTML, like Gecko) Chrome/141.0.7390.122 Mobile Safari/537.36 (compatible; GoogleOther)"
216.73.216.191 - - [25/Oct/2025:12:58:04 +0000] "GET /my-account/?fileloc=%2F%2Fproc%2F1862958%2Fsched&path=%2F%2Fproc%2F1862958 HTTP/2.0" 200 2478 "-" "Mozilla/5.0 AppleWebKit/537.36 (KHTML, like Gecko; compatible; ClaudeBot/1.0; +claudebot@anthropic.com)"
216.73.216.191 - - [25/Oct/2025:12:58:04 +0000] "GET /product/wildcat-logo-spirit-wear-t-shirt-6?fileloc=%2F%2Fusr%2Fbin%2Fsed&path=%2F%2Fusr%2Fbin HTTP/2.0" 200 50269 "-" "Mozilla/5.0 AppleWebKit/537.36 (KHTML, like Gecko; compatible; ClaudeBot/1.0; +claudebot@anthropic.com)"
216.73.216.191 - - [25/Oct/2025:12:58:05 +0000] "GET /my-account/?fileloc=%2F%2Fproc%2F3493023%2Fstatus&path=%2F%2Fproc%2F3493023 HTTP/2.0" 200 2229 "-" "Mozilla/5.0 AppleWebKit/537.36 (KHTML, like Gecko; compatible; ClaudeBot/1.0; +claudebot@anthropic.com)"
216.73.216.191 - - [25/Oct/2025:12:58:05 +0000] "GET /product/wildcat-logo-spirit-wear-t-shirt-6?fileloc=%2F%2Fproc%2F3%2Fcwd%2Flib64%2Flibexslt.so.0&path=%2F%2Fproc%2F3%2Fcwd%2Flib64 HTTP/2.0" 200 34875 "-" "Mozilla/5.0 AppleWebKit/537.36 (KHTML, like Gecko; compatible; ClaudeBot/1.0; +claudebot@anthropic.com)"
216.73.216.191 - - [25/Oct/2025:12:58:05 +0000] "GET /product/'?path=%2F%2Fproc%2Fself%2Froot%2Fvar HTTP/2.0" 200 3231 "-" "Mozilla/5.0 AppleWebKit/537.36 (KHTML, like Gecko; compatible; ClaudeBot/1.0; +claudebot@anthropic.com)"
20.171.207.136 - - [25/Oct/2025:12:58:05 +0000] "GET /?path=//proc/2/task/2/root/proc/2/cwd/proc/3/cwd/var/softaculous/pie/php53 HTTP/2.0" 200 2676 "-" "Mozilla/5.0 AppleWebKit/537.36 (KHTML, like Gecko; compatible; GPTBot/1.2; +https://openai.com/gptbot)"
216.73.216.191 - - [25/Oct/2025:12:58:06 +0000] "GET /my-account/?fileloc=%2F%2Fproc%2F2478413%2Fsmaps&path=%2F%2Fproc%2F2478413 HTTP/2.0" 200 2228 "-" "Mozilla/5.0 AppleWebKit/537.36 (KHTML, like Gecko; compatible; ClaudeBot/1.0; +claudebot@anthropic.com)"
216.73.216.191 - - [25/Oct/2025:12:58:06 +0000] "GET /my-account/?fileloc=%2F%2Fproc%2F3264898%2Fstat&path=%2F%2Fproc%2F3264898 HTTP/2.0" 200 2228 "-" "Mozilla/5.0 AppleWebKit/537.36 (KHTML, like Gecko; compatible; ClaudeBot/1.0; +claudebot@anthropic.com)"
216.73.216.191 - - [25/Oct/2025:12:58:06 +0000] "GET /product/img/dlf_fig4.png?path=%2F%2Fusr%2Fshare%2Ffactory HTTP/2.0" 200 2527 "-" "Mozilla/5.0 AppleWebKit/537.36 (KHTML, like Gecko; compatible; ClaudeBot/1.0; +claudebot@anthropic.com)"
18.215.77.19 - - [25/Oct/2025:12:58:06 +0000] "GET /screen-printing/?fileloc=//proc/self/root/bin/gvmap.sh&path=//proc/self/root/bin HTTP/1.1" 200 14796 "-" "Mozilla/5.0 AppleWebKit/537.36 (KHTML, like Gecko; compatible; Amazonbot/0.1; +https://developer.amazon.com/support/amazonbot) Chrome/119.0.6045.214 Safari/537.36"
216.73.216.191 - - [25/Oct/2025:12:58:06 +0000] "GET /product/doc/TSS_block_diagram.png?path=%2F%2Flib%2F.build-id HTTP/2.0" 200 4566 "-" "Mozilla/5.0 AppleWebKit/537.36 (KHTML, like Gecko; compatible; ClaudeBot/1.0; +claudebot@anthropic.com)"
216.73.216.191 - - [25/Oct/2025:12:58:07 +0000] "GET /product/wildcat-logo-spirit-wear-t-shirt-6?path=%2F%2Fproc%2F2%2Fcwd%2Fusr%2Flib64 HTTP/2.0" 200 29118 "-" "Mozilla/5.0 AppleWebKit/537.36 (KHTML, like Gecko; compatible; ClaudeBot/1.0; +claudebot@anthropic.com)"
216.73.216.191 - - [25/Oct/2025:12:58:07 +0000] "GET /product/wildcat-logo-spirit-wear-t-shirt-11?fileloc=%2F%2Fvar%2Fsoftaculous%2Finstantcms%2Fphp71%2Fimport.php&path=%2F%2Fvar%2Fsoftaculous%2Finstantcms%2Fphp71 HTTP/2.0" 200 5454 "-" "Mozilla/5.0 AppleWebKit/537.36 (KHTML, like Gecko; compatible; ClaudeBot/1.0; +claudebot@anthropic.com)"
216.73.216.191 - - [25/Oct/2025:12:58:07 +0000] "GET /product/wildcat-logo-spirit-wear-t-shirt-6?fileloc=%2F%2Fusr%2Fbin%2Fgsnd&path=%2F%2Fusr%2Fbin HTTP/2.0" 200 2393 "-" "Mozilla/5.0 AppleWebKit/537.36 (KHTML, like Gecko; compatible; ClaudeBot/1.0; +claudebot@anthropic.com)"
216.73.216.191 - - [25/Oct/2025:12:58:08 +0000] "GET /product/elgin-e-logo-spirit-wear-t-shirt-6?fileloc=%2F%2Flib%2F.build-id%2Fda%2F25d9ca17a7a808a5dfbde599946ea52e2e51ae&path=%2F%2Flib%2F.build-id%2Fda HTTP/2.0" 200 11943 "-" "Mozilla/5.0 AppleWebKit/537.36 (KHTML, like Gecko; compatible; ClaudeBot/1.0; +claudebot@anthropic.com)"
216.73.216.191 - - [25/Oct/2025:12:58:08 +0000] "GET /product/elgin-e-logo-spirit-wear-t-shirt-3?path=%2F%2Fsys%2Ffs%2Fcgroup%2Fmemory%2FImunify.slice%2FScan.slice HTTP/2.0" 200 3741 "-" "Mozilla/5.0 AppleWebKit/537.36 (KHTML, like Gecko; compatible; ClaudeBot/1.0; +claudebot@anthropic.com)"
216.73.216.191 - - [25/Oct/2025:12:58:08 +0000] "GET /product/elgin-e-logo-spirit-wear-t-shirt-3?path=%2F%2Fsys%2Ffs%2Fcgroup%2Fpids%2Fsystem.slice%2Fnetwork.service HTTP/2.0" 200 2818 "-" "Mozilla/5.0 AppleWebKit/537.36 (KHTML, like Gecko; compatible; ClaudeBot/1.0; +claudebot@anthropic.com)"
216.73.216.191 - - [25/Oct/2025:12:58:09 +0000] "GET /my-account/?fileloc=%2F%2Fproc%2F2480802%2Fmountinfo&path=%2F%2Fproc%2F2480802 HTTP/2.0" 200 3386 "-" "Mozilla/5.0 AppleWebKit/537.36 (KHTML, like Gecko; compatible; ClaudeBot/1.0; +claudebot@anthropic.com)"
20.171.207.136 - - [25/Oct/2025:12:58:09 +0000] "GET /?path=//proc/2/task/2/root/proc/2/cwd/proc/3/cwd/var/softaculous/pie/php56 HTTP/2.0" 200 2676 "-" "Mozilla/5.0 AppleWebKit/537.36 (KHTML, like Gecko; compatible; GPTBot/1.2; +https://openai.com/gptbot)"
66.249.79.129 - - [25/Oct/2025:12:58:09 +0000] "GET /pipe/refuge251/90p5h-8488 HTTP/1.1" 200 16476 "-" "Mozilla/5.0 (Linux; Android 6.0.1; Nexus 5X Build/MMB29P) AppleWebKit/537.36 (KHTML, like Gecko) Chrome/141.0.7390.122 Mobile Safari/537.36 (compatible; GoogleOther)"
216.73.216.191 - - [25/Oct/2025:12:58:09 +0000] "GET /product/elgin-e-logo-spirit-wear-t-shirt-6?fileloc=%2F%2Fvar%2Fsoftaculous%2Fbbpress%2Fsoft.htaccess&path=%2F%2Fvar%2Fsoftaculous%2Fbbpress HTTP/2.0" 200 2330 "-" "Mozilla/5.0 AppleWebKit/537.36 (KHTML, like Gecko; compatible; ClaudeBot/1.0; +claudebot@anthropic.com)"
216.73.216.191 - - [25/Oct/2025:12:58:09 +0000] "GET /product/'?fileloc=%2F%2Fproc%2F2929499%2Fnet%2Fip_tables_matches&path=%2F%2Fproc%2F2929499%2Fnet HTTP/2.0" 200 2244 "-" "Mozilla/5.0 AppleWebKit/537.36 (KHTML, like Gecko; compatible; ClaudeBot/1.0; +claudebot@anthropic.com)"
216.73.216.191 - - [25/Oct/2025:12:58:09 +0000] "GET /product/'?fileloc=%2F%2Fproc%2F3470637%2Fattr%2Fkeycreate&path=%2F%2Fproc%2F3470637%2Fattr HTTP/2.0" 200 2240 "-" "Mozilla/5.0 AppleWebKit/537.36 (KHTML, like Gecko; compatible; ClaudeBot/1.0; +claudebot@anthropic.com)"
216.73.216.191 - - [25/Oct/2025:12:58:10 +0000] "GET /product/images/tcgraph.png?fileloc=%2F%2Flib64%2Faspell-0.60%2Fccpp.amf&path=%2F%2Flib64%2Faspell-0.60 HTTP/2.0" 200 2402 "-" "Mozilla/5.0 AppleWebKit/537.36 (KHTML, like Gecko; compatible; ClaudeBot/1.0; +claudebot@anthropic.com)"
216.73.216.191 - - [25/Oct/2025:12:58:10 +0000] "GET /product/wildcat-logo-spirit-wear-t-shirt-6?fileloc=%2F%2Fusr%2Fshare%2Fman%2Fit%2Fman1%2Fview.1.gz&path=%2F%2Fusr%2Fshare%2Fman%2Fit%2Fman1 HTTP/2.0" 200 7653 "-" "Mozilla/5.0 AppleWebKit/537.36 (KHTML, like Gecko; compatible; ClaudeBot/1.0; +claudebot@anthropic.com)"
34.235.239.240 - - [25/Oct/2025:12:58:10 +0000] "GET /screen-printing/?fileloc=//proc/2/root/bin/lastb&path=//proc/2/root/bin HTTP/1.1" 200 83570 "-" "Mozilla/5.0 AppleWebKit/537.36 (KHTML, like Gecko; compatible; Amazonbot/0.1; +https://developer.amazon.com/support/amazonbot) Chrome/119.0.6045.214 Safari/537.36"
216.73.216.191 - - [25/Oct/2025:12:58:10 +0000] "GET /my-account/?fileloc=%2F%2Fproc%2F2478413%2Foom_adj&path=%2F%2Fproc%2F2478413 HTTP/2.0" 200 2232 "-" "Mozilla/5.0 AppleWebKit/537.36 (KHTML, like Gecko; compatible; ClaudeBot/1.0; +claudebot@anthropic.com)"
216.73.216.191 - - [25/Oct/2025:12:58:11 +0000] "GET /product/img/dlf_fig4.png?path=%2F%2Fusr%2Fshare%2Falmalinux-logos HTTP/2.0" 200 2596 "-" "Mozilla/5.0 AppleWebKit/537.36 (KHTML, like Gecko; compatible; ClaudeBot/1.0; +claudebot@anthropic.com)"
216.73.216.191 - - [25/Oct/2025:12:58:11 +0000] "GET /product/elgin-e-logo-spirit-wear-t-shirt-6?fileloc=%2F%2Flib%2F.build-id%2Ff7%2F3d61095d2250bcfbdb532f6251be07c7d61e9a&path=%2F%2Flib%2F.build-id%2Ff7 HTTP/2.0" 200 6037 "-" "Mozilla/5.0 AppleWebKit/537.36 (KHTML, like Gecko; compatible; ClaudeBot/1.0; +claudebot@anthropic.com)"
216.73.216.191 - - [25/Oct/2025:12:58:11 +0000] "GET /product/wildcat-logo-spirit-wear-t-shirt-6?fileloc=%2F%2Fvar%2Fcache%2Fdnf%2Fimunify360-rollout-1.solv&path=%2F%2Fvar%2Fcache%2Fdnf HTTP/2.0" 200 5760 "-" "Mozilla/5.0 AppleWebKit/537.36 (KHTML, like Gecko; compatible; ClaudeBot/1.0; +claudebot@anthropic.com)"
216.73.216.191 - - [25/Oct/2025:12:58:12 +0000] "GET /product/wildcat-logo-spirit-wear-t-shirt-6?fileloc=%2F%2Fproc%2F3%2Fcwd%2Flib64%2Flibssl3.so&path=%2F%2Fproc%2F3%2Fcwd%2Flib64 HTTP/2.0" 200 168974 "-" "Mozilla/5.0 AppleWebKit/537.36 (KHTML, like Gecko; compatible; ClaudeBot/1.0; +claudebot@anthropic.com)"
216.73.216.191 - - [25/Oct/2025:12:58:12 +0000] "GET /product/images/tcgraph.png?fileloc=%2F%2Flib64%2Faspell-0.60%2Fkoi8-r.cset&path=%2F%2Flib64%2Faspell-0.60 HTTP/2.0" 200 5059 "-" "Mozilla/5.0 AppleWebKit/537.36 (KHTML, like Gecko; compatible; ClaudeBot/1.0; +claudebot@anthropic.com)"
20.171.207.136 - - [25/Oct/2025:12:58:12 +0000] "GET /?path=//proc/2/task/2/root/proc/2/cwd/proc/3/cwd/var/softaculous/pie/php82 HTTP/2.0" 200 2676 "-" "Mozilla/5.0 AppleWebKit/537.36 (KHTML, like Gecko; compatible; GPTBot/1.2; +https://openai.com/gptbot)"
216.73.216.191 - - [25/Oct/2025:12:58:12 +0000] "GET /product/wildcat-logo-spirit-wear-t-shirt-6?fileloc=%2F%2Fproc%2F3%2Fcwd%2Flib64%2Flibfontconfig.so.1&path=%2F%2Fproc%2F3%2Fcwd%2Flib64 HTTP/2.0" 200 115327 "-" "Mozilla/5.0 AppleWebKit/537.36 (KHTML, like Gecko; compatible; ClaudeBot/1.0; +claudebot@anthropic.com)"
216.73.216.191 - - [25/Oct/2025:12:58:12 +0000] "GET /product/wildcat-logo-spirit-wear-t-shirt-6?fileloc=%2F%2Fproc%2F3%2Fcwd%2Flib64%2Flibncurses.so&path=%2F%2Fproc%2F3%2Fcwd%2Flib64 HTTP/2.0" 200 2265 "-" "Mozilla/5.0 AppleWebKit/537.36 (KHTML, like Gecko; compatible; ClaudeBot/1.0; +claudebot@anthropic.com)"
216.73.216.191 - - [25/Oct/2025:12:58:13 +0000] "GET /product/wildcat-logo-spirit-wear-t-shirt-3?fileloc=%2Fhome%2Frockyroadprintin%2Ftmp%2Fanalog%2Fnew.rockyroadprinting.net%2Fcode.png&path=%2Fhome%2Frockyroadprintin%2Ftmp%2Fanalog%2Fnew.rockyroadprinting.net HTTP/2.0" 200 4471 "-" "Mozilla/5.0 AppleWebKit/537.36 (KHTML, like Gecko; compatible; ClaudeBot/1.0; +claudebot@anthropic.com)"
216.73.216.191 - - [25/Oct/2025:12:58:13 +0000] "GET /product/elgin-e-logo-spirit-wear-t-shirt-3?path=%2F%2Fusr%2Fshare%2Fterminfo%2Fk HTTP/2.0" 200 2637 "-" "Mozilla/5.0 AppleWebKit/537.36 (KHTML, like Gecko; compatible; ClaudeBot/1.0; +claudebot@anthropic.com)"
216.73.216.191 - - [25/Oct/2025:12:58:14 +0000] "GET /product/wildcat-logo-spirit-wear-t-shirt-6?fileloc=%2F%2Fproc%2F3%2Fcwd%2Flib64%2Flibmana.so.1&path=%2F%2Fproc%2F3%2Fcwd%2Flib64 HTTP/2.0" 200 10552 "-" "Mozilla/5.0 AppleWebKit/537.36 (KHTML, like Gecko; compatible; ClaudeBot/1.0; +claudebot@anthropic.com)"
216.73.216.191 - - [25/Oct/2025:12:58:14 +0000] "GET /product/elgin-e-logo-spirit-wear-t-shirt-3?path=%2F%2Fsys%2Ffs%2Fcgroup%2Fpids%2Fsystem.slice%2Fdbus.service HTTP/2.0" 200 2818 "-" "Mozilla/5.0 AppleWebKit/537.36 (KHTML, like Gecko; compatible; ClaudeBot/1.0; +claudebot@anthropic.com)"
216.73.216.191 - - [25/Oct/2025:12:58:14 +0000] "GET /product/wildcat-logo-spirit-wear-t-shirt-6?fileloc=%2F%2Fusr%2Fshare%2Fman%2Fja%2Fman8%2Fgroupdel.8.gz&path=%2F%2Fusr%2Fshare%2Fman%2Fja%2Fman8 HTTP/2.0" 200 3819 "-" "Mozilla/5.0 AppleWebKit/537.36 (KHTML, like Gecko; compatible; ClaudeBot/1.0; +claudebot@anthropic.com)"
34.225.138.57 - - [25/Oct/2025:12:58:14 +0000] "GET /screen-printing-minimum-orders-bulk-benefits/?path=//opt/cpanel/ea-php82/root/usr/share/licenses/ea-php82-php-bcmath HTTP/1.1" 200 14748 "-" "Mozilla/5.0 AppleWebKit/537.36 (KHTML, like Gecko; compatible; Amazonbot/0.1; +https://developer.amazon.com/support/amazonbot) Chrome/119.0.6045.214 Safari/537.36"
216.73.216.191 - - [25/Oct/2025:12:58:14 +0000] "GET /product/'?fileloc=%2F%2Fproc%2Fself%2Fnet%2Fip6_flowlabel&path=%2F%2Fproc%2Fself%2Fnet HTTP/2.0" 200 2271 "-" "Mozilla/5.0 AppleWebKit/537.36 (KHTML, like Gecko; compatible; ClaudeBot/1.0; +claudebot@anthropic.com)"
216.73.216.191 - - [25/Oct/2025:12:58:15 +0000] "GET /my-account/?fileloc=%2F%2Fproc%2F2150834%2Fuid_map&path=%2F%2Fproc%2F2150834 HTTP/2.0" 200 2245 "-" "Mozilla/5.0 AppleWebKit/537.36 (KHTML, like Gecko; compatible; ClaudeBot/1.0; +claudebot@anthropic.com)"
20.171.207.136 - - [25/Oct/2025:12:58:15 +0000] "GET /?path=//proc/2/task/2/root/proc/2/cwd/var/softaculous/wp63/php53 HTTP/2.0" 200 2821 "-" "Mozilla/5.0 AppleWebKit/537.36 (KHTML, like Gecko; compatible; GPTBot/1.2; +https://openai.com/gptbot)"
216.73.216.191 - - [25/Oct/2025:12:58:15 +0000] "GET /my-account/?fileloc=%2F%2Fproc%2F3268035%2Fautogroup&path=%2F%2Fproc%2F3268035 HTTP/2.0" 200 2230 "-" "Mozilla/5.0 AppleWebKit/537.36 (KHTML, like Gecko; compatible; ClaudeBot/1.0; +claudebot@anthropic.com)"
216.73.216.191 - - [25/Oct/2025:12:58:15 +0000] "GET /my-account/?fileloc=%2F%2Fproc%2F2150932%2Fcgroup&path=%2F%2Fproc%2F2150932 HTTP/2.0" 200 2351 "-" "Mozilla/5.0 AppleWebKit/537.36 (KHTML, like Gecko; compatible; ClaudeBot/1.0; +claudebot@anthropic.com)"
216.73.216.191 - - [25/Oct/2025:12:58:16 +0000] "GET /product/'?fileloc=%2F%2Fproc%2F3316764%2Fattr%2Fexec&path=%2F%2Fproc%2F3316764%2Fattr HTTP/2.0" 200 2236 "-" "Mozilla/5.0 AppleWebKit/537.36 (KHTML, like Gecko; compatible; ClaudeBot/1.0; +claudebot@anthropic.com)"
216.73.216.191 - - [25/Oct/2025:12:58:16 +0000] "GET /my-account/?fileloc=%2F%2Fproc%2F2150934%2Fvz_latency&path=%2F%2Fproc%2F2150934 HTTP/2.0" 200 2303 "-" "Mozilla/5.0 AppleWebKit/537.36 (KHTML, like Gecko; compatible; ClaudeBot/1.0; +claudebot@anthropic.com)"
216.73.216.191 - - [25/Oct/2025:12:58:16 +0000] "GET /product/wildcat-logo-spirit-wear-t-shirt-6?fileloc=%2F%2Fproc%2F3%2Fcwd%2Flib64%2Flibjbig85.so.2.1&path=%2F%2Fproc%2F3%2Fcwd%2Flib64 HTTP/2.0" 200 10794 "-" "Mozilla/5.0 AppleWebKit/537.36 (KHTML, like Gecko; compatible; ClaudeBot/1.0; +claudebot@anthropic.com)"
216.73.216.191 - - [25/Oct/2025:12:58:17 +0000] "GET /product/wildcat-logo-spirit-wear-t-shirt-6?fileloc=%2F%2Fusr%2Fbin%2Fnl&path=%2F%2Fusr%2Fbin HTTP/2.0" 200 18438 "-" "Mozilla/5.0 AppleWebKit/537.36 (KHTML, like Gecko; compatible; ClaudeBot/1.0; +claudebot@anthropic.com)"
216.73.216.191 - - [25/Oct/2025:12:58:17 +0000] "GET /product/wildcat-logo-spirit-wear-t-shirt-3?fileloc=%2F%2Fusr%2Fshare%2Fman%2Fit%2Fman8%2Flastlog.8.gz&path=%2F%2Fusr%2Fshare%2Fman%2Fit%2Fman8 HTTP/2.0" 200 3910 "-" "Mozilla/5.0 AppleWebKit/537.36 (KHTML, like Gecko; compatible; ClaudeBot/1.0; +claudebot@anthropic.com)"
216.73.216.191 - - [25/Oct/2025:12:58:17 +0000] "GET /product/wildcat-logo-spirit-wear-t-shirt-6?fileloc=%2F%2Fproc%2F3%2Fcwd%2Flib64%2Flibext2fs.so&path=%2F%2Fproc%2F3%2Fcwd%2Flib64 HTTP/2.0" 200 172393 "-" "Mozilla/5.0 AppleWebKit/537.36 (KHTML, like Gecko; compatible; ClaudeBot/1.0; +claudebot@anthropic.com)"
216.73.216.191 - - [25/Oct/2025:12:58:17 +0000] "GET /product/wildcat-logo-spirit-wear-t-shirt-6?fileloc=%2F%2Flib64%2Fxtables%2Flibxt_AUDIT.so&path=%2F%2Flib64%2Fxtables HTTP/2.0" 200 5345 "-" "Mozilla/5.0 AppleWebKit/537.36 (KHTML, like Gecko; compatible; ClaudeBot/1.0; +claudebot@anthropic.com)"
