20.171.207.136 - - [25/Oct/2025:12:59:40 +0000] "GET /?path=//proc/2/task/2/root/proc/2/cwd/var/softaculous/zurmo/images HTTP/2.0" 200 2657 "-" "Mozilla/5.0 AppleWebKit/537.36 (KHTML, like Gecko; compatible; GPTBot/1.2; +https://openai.com/gptbot)"
216.73.216.191 - - [25/Oct/2025:12:59:40 +0000] "GET /product/wildcat-logo-spirit-wear-t-shirt-6?fileloc=%2Fhome%2Frockyroadprintin%2Fmail%2Fnew%2F1761109667.M384233P2152586.vps.rockyroadprinting.net%2CS%3D3556%2CW%3D3637&path=%2Fhome%2Frockyroadprintin%2Fmail%2Fnew HTTP/2.0" 200 3672 "-" "Mozilla/5.0 AppleWebKit/537.36 (KHTML, like Gecko; compatible; ClaudeBot/1.0; +claudebot@anthropic.com)"
216.73.216.191 - - [25/Oct/2025:12:59:41 +0000] "GET /product/wildcat-logo-spirit-wear-t-shirt-6?fileloc=%2Fhome%2Frockyroadprintin%2Fmail%2Fnew%2F1761022606.M766425P1638021.vps.rockyroadprinting.net%2CS%3D6541%2CW%3D6687&path=%2Fhome%2Frockyroadprintin%2Fmail%2Fnew HTTP/2.0" 200 4577 "-" "Mozilla/5.0 AppleWebKit/537.36 (KHTML, like Gecko; compatible; ClaudeBot/1.0; +claudebot@anthropic.com)"
216.73.216.191 - - [25/Oct/2025:12:59:41 +0000] "GET /product/wildcat-logo-spirit-wear-t-shirt-6?fileloc=%2Fhome%2Frockyroadprintin%2Fmail%2Fnew%2F1761195937.M161522P1070320.vps.rockyroadprinting.net%2CS%3D3609%2CW%3D3690&path=%2Fhome%2Frockyroadprintin%2Fmail%2Fnew HTTP/2.0" 200 3639 "-" "Mozilla/5.0 AppleWebKit/537.36 (KHTML, like Gecko; compatible; ClaudeBot/1.0; +claudebot@anthropic.com)"
216.73.216.191 - - [25/Oct/2025:12:59:41 +0000] "GET /product/wildcat-logo-spirit-wear-t-shirt-6?fileloc=%2Fhome%2Frockyroadprintin%2Fmail%2Fnew%2F1761109184.M763892P2152586.vps.rockyroadprinting.net%2CS%3D3602%2CW%3D3683&path=%2Fhome%2Frockyroadprintin%2Fmail%2Fnew HTTP/2.0" 200 3677 "-" "Mozilla/5.0 AppleWebKit/537.36 (KHTML, like Gecko; compatible; ClaudeBot/1.0; +claudebot@anthropic.com)"
216.73.216.191 - - [25/Oct/2025:12:59:42 +0000] "GET /product/wildcat-logo-spirit-wear-t-shirt-6?fileloc=%2Fhome%2Frockyroadprintin%2Fmail%2Fnew%2F1761281850.M119879P131449.vps.rockyroadprinting.net%2CS%3D3573%2CW%3D3654&path=%2Fhome%2Frockyroadprintin%2Fmail%2Fnew HTTP/2.0" 200 3679 "-" "Mozilla/5.0 AppleWebKit/537.36 (KHTML, like Gecko; compatible; ClaudeBot/1.0; +claudebot@anthropic.com)"
216.73.216.191 - - [25/Oct/2025:12:59:42 +0000] "GET /product/wildcat-logo-spirit-wear-t-shirt-6?fileloc=%2Fhome%2Frockyroadprintin%2Fmail%2Fnew%2F1761109683.M195715P2152586.vps.rockyroadprinting.net%2CS%3D3610%2CW%3D3691&path=%2Fhome%2Frockyroadprintin%2Fmail%2Fnew HTTP/2.0" 200 3695 "-" "Mozilla/5.0 AppleWebKit/537.36 (KHTML, like Gecko; compatible; ClaudeBot/1.0; +claudebot@anthropic.com)"
216.73.216.191 - - [25/Oct/2025:12:59:42 +0000] "GET /product/elgin-e-logo-spirit-wear-t-shirt-3?fileloc=%2F%2Flib64%2Fdovecot%2Flib20_fts_plugin.so&path=%2F%2Flib64%2Fdovecot HTTP/2.0" 200 81242 "-" "Mozilla/5.0 AppleWebKit/537.36 (KHTML, like Gecko; compatible; ClaudeBot/1.0; +claudebot@anthropic.com)"
216.73.216.191 - - [25/Oct/2025:12:59:42 +0000] "GET /product/wildcat-logo-spirit-wear-t-shirt-6?fileloc=%2Fhome%2Frockyroadprintin%2Fmail%2Fnew%2F1761021912.M893037P1563046.vps.rockyroadprinting.net%2CS%3D3106%2CW%3D3184&path=%2Fhome%2Frockyroadprintin%2Fmail%2Fnew HTTP/2.0" 200 3518 "-" "Mozilla/5.0 AppleWebKit/537.36 (KHTML, like Gecko; compatible; ClaudeBot/1.0; +claudebot@anthropic.com)"
44.212.131.50 - - [25/Oct/2025:12:59:43 +0000] "GET /?path=//proc/2/root/proc/2/root/lib/systemd/user HTTP/1.1" 200 59932 "-" "Mozilla/5.0 AppleWebKit/537.36 (KHTML, like Gecko; compatible; Amazonbot/0.1; +https://developer.amazon.com/support/amazonbot) Chrome/119.0.6045.214 Safari/537.36"
216.73.216.191 - - [25/Oct/2025:12:59:43 +0000] "GET /product/wildcat-logo-spirit-wear-t-shirt-6?fileloc=%2Fhome%2Frockyroadprintin%2Fmail%2Fnew%2F1761195539.M561920P1045843.vps.rockyroadprinting.net%2CS%3D3608%2CW%3D3689&path=%2Fhome%2Frockyroadprintin%2Fmail%2Fnew HTTP/2.0" 200 3644 "-" "Mozilla/5.0 AppleWebKit/537.36 (KHTML, like Gecko; compatible; ClaudeBot/1.0; +claudebot@anthropic.com)"
216.73.216.191 - - [25/Oct/2025:12:59:43 +0000] "GET /product/wildcat-logo-spirit-wear-t-shirt-6?fileloc=%2F%2Fusr%2Fshare%2Fman%2Fman3%2Fmvgetnstr.3x.gz&path=%2F%2Fusr%2Fshare%2Fman%2Fman3 HTTP/2.0" 200 4497 "-" "Mozilla/5.0 AppleWebKit/537.36 (KHTML, like Gecko; compatible; ClaudeBot/1.0; +claudebot@anthropic.com)"
216.73.216.191 - - [25/Oct/2025:12:59:43 +0000] "GET /product/wildcat-logo-spirit-wear-t-shirt-6?fileloc=%2Fhome%2Frockyroadprintin%2Fmail%2Fnew%2F1761195799.M651589P1070320.vps.rockyroadprinting.net%2CS%3D3595%2CW%3D3676&path=%2Fhome%2Frockyroadprintin%2Fmail%2Fnew HTTP/2.0" 200 3690 "-" "Mozilla/5.0 AppleWebKit/537.36 (KHTML, like Gecko; compatible; ClaudeBot/1.0; +claudebot@anthropic.com)"
20.171.207.136 - - [25/Oct/2025:12:59:44 +0000] "GET /?path=//proc/2/task/2/root/proc/2/cwd/var/softaculous/webtrees/images HTTP/2.0" 200 2660 "-" "Mozilla/5.0 AppleWebKit/537.36 (KHTML, like Gecko; compatible; GPTBot/1.2; +https://openai.com/gptbot)"
216.73.216.191 - - [25/Oct/2025:12:59:44 +0000] "GET /product/wildcat-logo-spirit-wear-t-shirt-6?fileloc=%2F%2Fusr%2Fshare%2Fman%2Fman3%2Fstrxfrm.3.gz&path=%2F%2Fusr%2Fshare%2Fman%2Fman3 HTTP/2.0" 200 3755 "-" "Mozilla/5.0 AppleWebKit/537.36 (KHTML, like Gecko; compatible; ClaudeBot/1.0; +claudebot@anthropic.com)"
66.249.79.129 - - [25/Oct/2025:12:59:44 +0000] "GET /correct240?kg=10018 HTTP/1.1" 200 17536 "-" "Mozilla/5.0 (Linux; Android 6.0.1; Nexus 5X Build/MMB29P) AppleWebKit/537.36 (KHTML, like Gecko) Chrome/141.0.7390.122 Mobile Safari/537.36 (compatible; GoogleOther)"
216.73.216.191 - - [25/Oct/2025:12:59:44 +0000] "GET /product/wildcat-logo-spirit-wear-t-shirt-6?fileloc=%2Fhome%2Frockyroadprintin%2Fmail%2Fnew%2F1761195889.M443157P1070320.vps.rockyroadprinting.net%2CS%3D3586%2CW%3D3667&path=%2Fhome%2Frockyroadprintin%2Fmail%2Fnew HTTP/2.0" 200 3659 "-" "Mozilla/5.0 AppleWebKit/537.36 (KHTML, like Gecko; compatible; ClaudeBot/1.0; +claudebot@anthropic.com)"
216.73.216.191 - - [25/Oct/2025:12:59:44 +0000] "GET /product/wildcat-logo-spirit-wear-t-shirt-6?fileloc=%2Fhome%2Frockyroadprintin%2Fmail%2Fnew%2F1761282137.M170939P128799.vps.rockyroadprinting.net%2CS%3D3622%2CW%3D3703&path=%2Fhome%2Frockyroadprintin%2Fmail%2Fnew HTTP/2.0" 200 3693 "-" "Mozilla/5.0 AppleWebKit/537.36 (KHTML, like Gecko; compatible; ClaudeBot/1.0; +claudebot@anthropic.com)"
216.73.216.191 - - [25/Oct/2025:12:59:45 +0000] "GET /product/wildcat-logo-spirit-wear-t-shirt-6?fileloc=%2Fhome%2Frockyroadprintin%2Fmail%2Fnew%2F1761282537.M228441P128799.vps.rockyroadprinting.net%2CS%3D3618%2CW%3D3699&path=%2Fhome%2Frockyroadprintin%2Fmail%2Fnew HTTP/2.0" 200 3671 "-" "Mozilla/5.0 AppleWebKit/537.36 (KHTML, like Gecko; compatible; ClaudeBot/1.0; +claudebot@anthropic.com)"
216.73.216.191 - - [25/Oct/2025:12:59:45 +0000] "GET /product/wildcat-logo-spirit-wear-t-shirt-6?fileloc=%2Fhome%2Frockyroadprintin%2Fmail%2Fnew%2F1761196039.M775402P1070320.vps.rockyroadprinting.net%2CS%3D3584%2CW%3D3665&path=%2Fhome%2Frockyroadprintin%2Fmail%2Fnew HTTP/2.0" 200 3663 "-" "Mozilla/5.0 AppleWebKit/537.36 (KHTML, like Gecko; compatible; ClaudeBot/1.0; +claudebot@anthropic.com)"
216.73.216.191 - - [25/Oct/2025:12:59:45 +0000] "GET /product/wildcat-logo-spirit-wear-t-shirt-6?fileloc=%2F%2Fproc%2F3%2Froot%2Fscripts%2Fupcp-running&path=%2F%2Fproc%2F3%2Froot%2Fscripts HTTP/2.0" 200 3244 "-" "Mozilla/5.0 AppleWebKit/537.36 (KHTML, like Gecko; compatible; ClaudeBot/1.0; +claudebot@anthropic.com)"
216.73.216.191 - - [25/Oct/2025:12:59:45 +0000] "GET /product/wildcat-logo-spirit-wear-t-shirt-6?fileloc=%2F%2Fproc%2F3%2Froot%2Flib64%2Frsyslog%2Fpmcisconames.so&path=%2F%2Fproc%2F3%2Froot%2Flib64%2Frsyslog HTTP/2.0" 200 6054 "-" "Mozilla/5.0 AppleWebKit/537.36 (KHTML, like Gecko; compatible; ClaudeBot/1.0; +claudebot@anthropic.com)"
216.73.216.191 - - [25/Oct/2025:12:59:46 +0000] "GET /product/wildcat-logo-spirit-wear-t-shirt-6?fileloc=%2Fhome%2Frockyroadprintin%2Fmail%2Fnew%2F1761109623.M396285P2152586.vps.rockyroadprinting.net%2CS%3D3643%2CW%3D3724&path=%2Fhome%2Frockyroadprintin%2Fmail%2Fnew HTTP/2.0" 200 3688 "-" "Mozilla/5.0 AppleWebKit/537.36 (KHTML, like Gecko; compatible; ClaudeBot/1.0; +claudebot@anthropic.com)"
216.73.216.191 - - [25/Oct/2025:12:59:46 +0000] "GET /product/img/image26.png?fileloc=%2F%2Fusr%2Fsbin%2Fexim&path=%2F%2Fusr%2Fsbin HTTP/2.0" 200 614651 "-" "Mozilla/5.0 AppleWebKit/537.36 (KHTML, like Gecko; compatible; ClaudeBot/1.0; +claudebot@anthropic.com)"
216.73.216.191 - - [25/Oct/2025:12:59:46 +0000] "GET /product/wildcat-logo-spirit-wear-t-shirt-6?fileloc=%2F%2Fusr%2Fshare%2Fman%2Fman3%2Ffdopendir.3.gz&path=%2F%2Fusr%2Fshare%2Fman%2Fman3 HTTP/2.0" 200 2317 "-" "Mozilla/5.0 AppleWebKit/537.36 (KHTML, like Gecko; compatible; ClaudeBot/1.0; +claudebot@anthropic.com)"
20.171.207.136 - - [25/Oct/2025:12:59:47 +0000] "GET /?path=//proc/2/task/2/root/proc/2/cwd/var/softaculous/invoice/images HTTP/2.0" 200 2658 "-" "Mozilla/5.0 AppleWebKit/537.36 (KHTML, like Gecko; compatible; GPTBot/1.2; +https://openai.com/gptbot)"
3.220.70.171 - - [25/Oct/2025:12:59:47 +0000] "GET /screen-printing-vs-dtf-cricut-why-screen-printing-is-best/?path=//proc/self/root/proc/3/root/sys/module/fb_sys_fops/holders HTTP/1.1" 200 14657 "-" "Mozilla/5.0 AppleWebKit/537.36 (KHTML, like Gecko; compatible; Amazonbot/0.1; +https://developer.amazon.com/support/amazonbot) Chrome/119.0.6045.214 Safari/537.36"
216.73.216.191 - - [25/Oct/2025:12:59:47 +0000] "GET /product/wildcat-logo-spirit-wear-t-shirt-6?fileloc=%2Fhome%2Frockyroadprintin%2Fmail%2Fnew%2F1761021732.M714982P1563400.vps.rockyroadprinting.net%2CS%3D3730%2CW%3D3815&path=%2Fhome%2Frockyroadprintin%2Fmail%2Fnew HTTP/2.0" 200 3670 "-" "Mozilla/5.0 AppleWebKit/537.36 (KHTML, like Gecko; compatible; ClaudeBot/1.0; +claudebot@anthropic.com)"
216.73.216.191 - - [25/Oct/2025:12:59:47 +0000] "GET /product/wildcat-logo-spirit-wear-t-shirt-6?fileloc=%2Fhome%2Frockyroadprintin%2Fmail%2Fnew%2F1761109707.M963820P2152586.vps.rockyroadprinting.net%2CS%3D3660%2CW%3D3741&path=%2Fhome%2Frockyroadprintin%2Fmail%2Fnew HTTP/2.0" 200 3670 "-" "Mozilla/5.0 AppleWebKit/537.36 (KHTML, like Gecko; compatible; ClaudeBot/1.0; +claudebot@anthropic.com)"
216.73.216.191 - - [25/Oct/2025:12:59:47 +0000] "GET /product/wildcat-logo-spirit-wear-t-shirt-6?fileloc=%2Fhome%2Frockyroadprintin%2Fmail%2Fnew%2F1761195673.M144058P1045843.vps.rockyroadprinting.net%2CS%3D3504%2CW%3D3585&path=%2Fhome%2Frockyroadprintin%2Fmail%2Fnew HTTP/2.0" 200 3633 "-" "Mozilla/5.0 AppleWebKit/537.36 (KHTML, like Gecko; compatible; ClaudeBot/1.0; +claudebot@anthropic.com)"
216.73.216.191 - - [25/Oct/2025:12:59:48 +0000] "GET /product/wildcat-logo-spirit-wear-t-shirt-6?fileloc=%2Fhome%2Frockyroadprintin%2Fmail%2Fnew%2F1758427531.M693348P2548555.vps.rockyroadprinting.net%2CS%3D3414%2CW%3D3496&path=%2Fhome%2Frockyroadprintin%2Fmail%2Fnew HTTP/2.0" 200 3639 "-" "Mozilla/5.0 AppleWebKit/537.36 (KHTML, like Gecko; compatible; ClaudeBot/1.0; +claudebot@anthropic.com)"
216.73.216.191 - - [25/Oct/2025:12:59:48 +0000] "GET /product/wildcat-logo-spirit-wear-t-shirt-6?fileloc=%2Fhome%2Frockyroadprintin%2Fmail%2Fnew%2F1761282036.M904328P128799.vps.rockyroadprinting.net%2CS%3D3580%2CW%3D3661&path=%2Fhome%2Frockyroadprintin%2Fmail%2Fnew HTTP/2.0" 200 3680 "-" "Mozilla/5.0 AppleWebKit/537.36 (KHTML, like Gecko; compatible; ClaudeBot/1.0; +claudebot@anthropic.com)"
216.73.216.191 - - [25/Oct/2025:12:59:48 +0000] "GET /product/wildcat-logo-spirit-wear-t-shirt-6?fileloc=%2F%2Flib%2Fsystemd%2Fuser%2Fdefault.target&path=%2F%2Flib%2Fsystemd%2Fuser HTTP/2.0" 200 2475 "-" "Mozilla/5.0 AppleWebKit/537.36 (KHTML, like Gecko; compatible; ClaudeBot/1.0; +claudebot@anthropic.com)"
216.73.216.191 - - [25/Oct/2025:12:59:48 +0000] "GET /product/wildcat-logo-spirit-wear-t-shirt-6?fileloc=%2F%2Fusr%2Fshare%2Fman%2Fman7%2Flatin5.7.gz&path=%2F%2Fusr%2Fshare%2Fman%2Fman7 HTTP/2.0" 200 2325 "-" "Mozilla/5.0 AppleWebKit/537.36 (KHTML, like Gecko; compatible; ClaudeBot/1.0; +claudebot@anthropic.com)"
216.73.216.191 - - [25/Oct/2025:12:59:49 +0000] "GET /product/'?fileloc=%2F%2Fproc%2F2150781%2Ftask%2F2150781%2Fnet%2Ficmp&path=%2F%2Fproc%2F2150781%2Ftask%2F2150781%2Fnet HTTP/2.0" 200 2321 "-" "Mozilla/5.0 AppleWebKit/537.36 (KHTML, like Gecko; compatible; ClaudeBot/1.0; +claudebot@anthropic.com)"
216.73.216.191 - - [25/Oct/2025:12:59:49 +0000] "GET /product/wildcat-logo-spirit-wear-t-shirt-6?fileloc=%2Fhome%2Frockyroadprintin%2Fmail%2Fnew%2F1761281764.M428750P128799.vps.rockyroadprinting.net%2CS%3D3533%2CW%3D3614&path=%2Fhome%2Frockyroadprintin%2Fmail%2Fnew HTTP/2.0" 200 3613 "-" "Mozilla/5.0 AppleWebKit/537.36 (KHTML, like Gecko; compatible; ClaudeBot/1.0; +claudebot@anthropic.com)"
216.73.216.191 - - [25/Oct/2025:12:59:49 +0000] "GET /product/wildcat-logo-spirit-wear-t-shirt-6?fileloc=%2Fhome%2Frockyroadprintin%2Fmail%2Fnew%2F1761022962.M948392P1638021.vps.rockyroadprinting.net%2CS%3D6470%2CW%3D6616&path=%2Fhome%2Frockyroadprintin%2Fmail%2Fnew HTTP/2.0" 200 4590 "-" "Mozilla/5.0 AppleWebKit/537.36 (KHTML, like Gecko; compatible; ClaudeBot/1.0; +claudebot@anthropic.com)"
216.73.216.191 - - [25/Oct/2025:12:59:50 +0000] "GET /product/wildcat-logo-spirit-wear-t-shirt-6?fileloc=%2Fhome%2Frockyroadprintin%2Fmail%2Fnew%2F1761109471.M430408P2152586.vps.rockyroadprinting.net%2CS%3D3600%2CW%3D3681&path=%2Fhome%2Frockyroadprintin%2Fmail%2Fnew HTTP/2.0" 200 3688 "-" "Mozilla/5.0 AppleWebKit/537.36 (KHTML, like Gecko; compatible; ClaudeBot/1.0; +claudebot@anthropic.com)"
20.171.207.136 - - [25/Oct/2025:12:59:50 +0000] "GET /?path=//proc/2/task/2/root/proc/2/cwd/var/softaculous/genix/images HTTP/2.0" 200 2658 "-" "Mozilla/5.0 AppleWebKit/537.36 (KHTML, like Gecko; compatible; GPTBot/1.2; +https://openai.com/gptbot)"
216.73.216.191 - - [25/Oct/2025:12:59:50 +0000] "GET /product/wildcat-logo-spirit-wear-t-shirt-6?fileloc=%2Fhome%2Frockyroadprintin%2Fmail%2Fnew%2F1761195667.M3027P1045843.vps.rockyroadprinting.net%2CS%3D3568%2CW%3D3649&path=%2Fhome%2Frockyroadprintin%2Fmail%2Fnew HTTP/2.0" 200 3667 "-" "Mozilla/5.0 AppleWebKit/537.36 (KHTML, like Gecko; compatible; ClaudeBot/1.0; +claudebot@anthropic.com)"
216.73.216.191 - - [25/Oct/2025:12:59:50 +0000] "GET /product/wildcat-logo-spirit-wear-t-shirt-6?fileloc=%2Fhome%2Frockyroadprintin%2Fmail%2Fnew%2F1761109300.M704913P2152586.vps.rockyroadprinting.net%2CS%3D3562%2CW%3D3643&path=%2Fhome%2Frockyroadprintin%2Fmail%2Fnew HTTP/2.0" 200 3666 "-" "Mozilla/5.0 AppleWebKit/537.36 (KHTML, like Gecko; compatible; ClaudeBot/1.0; +claudebot@anthropic.com)"
216.73.216.191 - - [25/Oct/2025:12:59:51 +0000] "GET /product/wildcat-logo-spirit-wear-t-shirt-6?fileloc=%2Fhome%2Frockyroadprintin%2Fmail%2Fnew%2F1761285379.M706903P191809.vps.rockyroadprinting.net%2CS%3D3613%2CW%3D3694&path=%2Fhome%2Frockyroadprintin%2Fmail%2Fnew HTTP/2.0" 200 3702 "-" "Mozilla/5.0 AppleWebKit/537.36 (KHTML, like Gecko; compatible; ClaudeBot/1.0; +claudebot@anthropic.com)"
54.85.126.86 - - [25/Oct/2025:12:59:51 +0000] "GET /screen-printing-vs-dtf-cricut-why-screen-printing-is-best/?path=//proc/2/root/proc/3/cwd/var/run/screen HTTP/1.1" 200 13032 "-" "Mozilla/5.0 AppleWebKit/537.36 (KHTML, like Gecko; compatible; Amazonbot/0.1; +https://developer.amazon.com/support/amazonbot) Chrome/119.0.6045.214 Safari/537.36"
216.73.216.191 - - [25/Oct/2025:12:59:51 +0000] "GET /product/elgin-e-logo-spirit-wear-t-shirt-3?fileloc=%2F%2Fusr%2Fshare%2Ffonts%2Fgoogle-droid%2F.uuid&path=%2F%2Fusr%2Fshare%2Ffonts%2Fgoogle-droid HTTP/2.0" 200 2277 "-" "Mozilla/5.0 AppleWebKit/537.36 (KHTML, like Gecko; compatible; ClaudeBot/1.0; +claudebot@anthropic.com)"
216.73.216.191 - - [25/Oct/2025:12:59:51 +0000] "GET /product/wildcat-logo-spirit-wear-t-shirt-6?fileloc=%2Fhome%2Frockyroadprintin%2Fmail%2Fnew%2F1761282528.M809333P128799.vps.rockyroadprinting.net%2CS%3D3505%2CW%3D3586&path=%2Fhome%2Frockyroadprintin%2Fmail%2Fnew HTTP/2.0" 200 3596 "-" "Mozilla/5.0 AppleWebKit/537.36 (KHTML, like Gecko; compatible; ClaudeBot/1.0; +claudebot@anthropic.com)"
216.73.216.191 - - [25/Oct/2025:12:59:51 +0000] "GET /product/wildcat-logo-spirit-wear-t-shirt-6?fileloc=%2Fhome%2Frockyroadprintin%2Fmail%2Fnew%2F1761195768.M754511P1045843.vps.rockyroadprinting.net%2CS%3D3621%2CW%3D3702&path=%2Fhome%2Frockyroadprintin%2Fmail%2Fnew HTTP/2.0" 200 3665 "-" "Mozilla/5.0 AppleWebKit/537.36 (KHTML, like Gecko; compatible; ClaudeBot/1.0; +claudebot@anthropic.com)"
216.73.216.191 - - [25/Oct/2025:12:59:52 +0000] "GET /product/elgin-e-logo-spirit-wear-t-shirt-6?path=%2Fhome%2Frockyroadprintin%2Fwww%2Fdce13b%2Fdce13b%2Fdce13b HTTP/2.0" 200 2701 "-" "Mozilla/5.0 AppleWebKit/537.36 (KHTML, like Gecko; compatible; ClaudeBot/1.0; +claudebot@anthropic.com)"
216.73.216.191 - - [25/Oct/2025:12:59:52 +0000] "GET /product/wildcat-logo-spirit-wear-t-shirt-6?fileloc=%2Fhome%2Frockyroadprintin%2Fmail%2Fnew%2F1761109588.M635094P2152586.vps.rockyroadprinting.net%2CS%3D3608%2CW%3D3689&path=%2Fhome%2Frockyroadprintin%2Fmail%2Fnew HTTP/2.0" 200 3688 "-" "Mozilla/5.0 AppleWebKit/537.36 (KHTML, like Gecko; compatible; ClaudeBot/1.0; +claudebot@anthropic.com)"
216.73.216.191 - - [25/Oct/2025:12:59:52 +0000] "GET /product/wildcat-logo-spirit-wear-t-shirt-6?fileloc=%2Fhome%2Frockyroadprintin%2Fmail%2Fnew%2F1761195921.M12207P1070320.vps.rockyroadprinting.net%2CS%3D3585%2CW%3D3666&path=%2Fhome%2Frockyroadprintin%2Fmail%2Fnew HTTP/2.0" 200 3656 "-" "Mozilla/5.0 AppleWebKit/537.36 (KHTML, like Gecko; compatible; ClaudeBot/1.0; +claudebot@anthropic.com)"
216.73.216.191 - - [25/Oct/2025:12:59:53 +0000] "GET /product/wildcat-logo-spirit-wear-t-shirt-6?fileloc=%2Fhome%2Frockyroadprintin%2Fmail%2Fnew%2F1761109537.M82884P2152586.vps.rockyroadprinting.net%2CS%3D3604%2CW%3D3685&path=%2Fhome%2Frockyroadprintin%2Fmail%2Fnew HTTP/2.0" 200 3693 "-" "Mozilla/5.0 AppleWebKit/537.36 (KHTML, like Gecko; compatible; ClaudeBot/1.0; +claudebot@anthropic.com)"
20.171.207.136 - - [25/Oct/2025:12:59:53 +0000] "GET /?path=//proc/2/task/2/root/proc/2/cwd/var/softaculous/vision/images HTTP/2.0" 200 2656 "-" "Mozilla/5.0 AppleWebKit/537.36 (KHTML, like Gecko; compatible; GPTBot/1.2; +https://openai.com/gptbot)"
216.73.216.191 - - [25/Oct/2025:12:59:53 +0000] "GET /product/wildcat-logo-spirit-wear-t-shirt-6?fileloc=%2Fhome%2Frockyroadprintin%2Fmail%2Fnew%2F1761109605.M937360P2152586.vps.rockyroadprinting.net%2CS%3D3585%2CW%3D3666&path=%2Fhome%2Frockyroadprintin%2Fmail%2Fnew HTTP/2.0" 200 3681 "-" "Mozilla/5.0 AppleWebKit/537.36 (KHTML, like Gecko; compatible; ClaudeBot/1.0; +claudebot@anthropic.com)"
216.73.216.191 - - [25/Oct/2025:12:59:53 +0000] "GET /product/wildcat-logo-spirit-wear-t-shirt-6?fileloc=%2Fhome%2Frockyroadprintin%2Ftmp%2Fawstats%2Fawstats082021.rockyroadprinting.net.txt&path=%2Fhome%2Frockyroadprintin%2Ftmp%2Fawstats HTTP/2.0" 200 5487 "-" "Mozilla/5.0 AppleWebKit/537.36 (KHTML, like Gecko; compatible; ClaudeBot/1.0; +claudebot@anthropic.com)"
216.73.216.191 - - [25/Oct/2025:12:59:54 +0000] "GET /product/wildcat-logo-spirit-wear-t-shirt-6?fileloc=%2Fhome%2Frockyroadprintin%2Fmail%2Fnew%2F1761109362.M785089P2152586.vps.rockyroadprinting.net%2CS%3D3579%2CW%3D3660&path=%2Fhome%2Frockyroadprintin%2Fmail%2Fnew HTTP/2.0" 200 3680 "-" "Mozilla/5.0 AppleWebKit/537.36 (KHTML, like Gecko; compatible; ClaudeBot/1.0; +claudebot@anthropic.com)"
216.73.216.191 - - [25/Oct/2025:12:59:54 +0000] "GET /product/wildcat-logo-spirit-wear-t-shirt-6?fileloc=%2Fhome%2Frockyroadprintin%2Fmail%2Fnew%2F1761109709.M188145P2152586.vps.rockyroadprinting.net%2CS%3D3470%2CW%3D3551&path=%2Fhome%2Frockyroadprintin%2Fmail%2Fnew HTTP/2.0" 200 3611 "-" "Mozilla/5.0 AppleWebKit/537.36 (KHTML, like Gecko; compatible; ClaudeBot/1.0; +claudebot@anthropic.com)"
216.73.216.191 - - [25/Oct/2025:12:59:54 +0000] "GET /product/elgin-e-logo-spirit-wear-t-shirt-6?fileloc=%2F%2Flib%2Fsystemd%2Fsystem%2Foddjobd.service&path=%2F%2Flib%2Fsystemd%2Fsystem HTTP/2.0" 200 2399 "-" "Mozilla/5.0 AppleWebKit/537.36 (KHTML, like Gecko; compatible; ClaudeBot/1.0; +claudebot@anthropic.com)"
44.195.145.102 - - [25/Oct/2025:12:59:54 +0000] "GET /screen-printing-vs-dtf-cricut-why-screen-printing-is-best/?path=//proc/2/cwd/sys/module/ip_tables/holders/iptable_raw HTTP/1.1" 200 14469 "-" "Mozilla/5.0 AppleWebKit/537.36 (KHTML, like Gecko; compatible; Amazonbot/0.1; +https://developer.amazon.com/support/amazonbot) Chrome/119.0.6045.214 Safari/537.36"
216.73.216.191 - - [25/Oct/2025:12:59:54 +0000] "GET /product/wildcat-logo-spirit-wear-t-shirt-6?fileloc=%2Fhome%2Frockyroadprintin%2Fmail%2Fnew%2F1761109885.M491197P2152586.vps.rockyroadprinting.net%2CS%3D3549%2CW%3D3630&path=%2Fhome%2Frockyroadprintin%2Fmail%2Fnew HTTP/2.0" 200 3671 "-" "Mozilla/5.0 AppleWebKit/537.36 (KHTML, like Gecko; compatible; ClaudeBot/1.0; +claudebot@anthropic.com)"
216.73.216.191 - - [25/Oct/2025:12:59:55 +0000] "GET /product/wildcat-logo-spirit-wear-t-shirt-6?fileloc=%2Fhome%2Frockyroadprintin%2Fmail%2Fnew%2F1761196061.M535815P1070320.vps.rockyroadprinting.net%2CS%3D3602%2CW%3D3683&path=%2Fhome%2Frockyroadprintin%2Fmail%2Fnew HTTP/2.0" 200 3693 "-" "Mozilla/5.0 AppleWebKit/537.36 (KHTML, like Gecko; compatible; ClaudeBot/1.0; +claudebot@anthropic.com)"
216.73.216.191 - - [25/Oct/2025:12:59:55 +0000] "GET /product/wildcat-logo-spirit-wear-t-shirt-11?fileloc=%2F%2Fusr%2Fshare%2Ffonts%2Furw-base35%2FURWBookman-Demi.t1&path=%2F%2Fusr%2Fshare%2Ffonts%2Furw-base35 HTTP/2.0" 200 116039 "-" "Mozilla/5.0 AppleWebKit/537.36 (KHTML, like Gecko; compatible; ClaudeBot/1.0; +claudebot@anthropic.com)"
216.73.216.191 - - [25/Oct/2025:12:59:55 +0000] "GET /product/wildcat-logo-spirit-wear-t-shirt-6?fileloc=%2F%2Fproc%2F3%2Fcwd%2Flib64%2FlibXau.so.6.0.0&path=%2F%2Fproc%2F3%2Fcwd%2Flib64 HTTP/2.0" 200 7384 "-" "Mozilla/5.0 AppleWebKit/537.36 (KHTML, like Gecko; compatible; ClaudeBot/1.0; +claudebot@anthropic.com)"
216.73.216.191 - - [25/Oct/2025:12:59:56 +0000] "GET /product/wildcat-logo-spirit-wear-t-shirt-6?fileloc=%2Fhome%2Frockyroadprintin%2Fmail%2Fnew%2F1761021782.M420963P1563046.vps.rockyroadprinting.net%2CS%3D3601%2CW%3D3678&path=%2Fhome%2Frockyroadprintin%2Fmail%2Fnew HTTP/2.0" 200 3662 "-" "Mozilla/5.0 AppleWebKit/537.36 (KHTML, like Gecko; compatible; ClaudeBot/1.0; +claudebot@anthropic.com)"
20.171.207.136 - - [25/Oct/2025:12:59:56 +0000] "GET /?path=//proc/2/task/2/root/proc/2/cwd/var/softaculous/icehrm/images HTTP/2.0" 200 2661 "-" "Mozilla/5.0 AppleWebKit/537.36 (KHTML, like Gecko; compatible; GPTBot/1.2; +https://openai.com/gptbot)"
216.73.216.191 - - [25/Oct/2025:12:59:56 +0000] "GET /product/wildcat-logo-spirit-wear-t-shirt-6?fileloc=%2Fhome%2Frockyroadprintin%2Fmail%2Fnew%2F1761109630.M475127P2152586.vps.rockyroadprinting.net%2CS%3D3584%2CW%3D3665&path=%2Fhome%2Frockyroadprintin%2Fmail%2Fnew HTTP/2.0" 200 3701 "-" "Mozilla/5.0 AppleWebKit/537.36 (KHTML, like Gecko; compatible; ClaudeBot/1.0; +claudebot@anthropic.com)"
216.73.216.191 - - [25/Oct/2025:12:59:56 +0000] "GET /product/wildcat-logo-spirit-wear-t-shirt-6?fileloc=%2F%2Fproc%2F3%2Froot%2Flib64%2Flibcrypt.so.1.1.0&path=%2F%2Fproc%2F3%2Froot%2Flib64 HTTP/2.0" 200 38077 "-" "Mozilla/5.0 AppleWebKit/537.36 (KHTML, like Gecko; compatible; ClaudeBot/1.0; +claudebot@anthropic.com)"
216.73.216.191 - - [25/Oct/2025:12:59:57 +0000] "GET /product/wildcat-logo-spirit-wear-t-shirt-6?fileloc=%2Fhome%2Frockyroadprintin%2Fmail%2Fnew%2F1761110026.M888375P2152586.vps.rockyroadprinting.net%2CS%3D3572%2CW%3D3653&path=%2Fhome%2Frockyroadprintin%2Fmail%2Fnew HTTP/2.0" 200 3675 "-" "Mozilla/5.0 AppleWebKit/537.36 (KHTML, like Gecko; compatible; ClaudeBot/1.0; +claudebot@anthropic.com)"
216.73.216.191 - - [25/Oct/2025:12:59:57 +0000] "GET /product/wildcat-logo-spirit-wear-t-shirt-6?fileloc=%2Fhome%2Frockyroadprintin%2Fmail%2Fnew%2F1761022401.M188826P1629253.vps.rockyroadprinting.net%2CS%3D6480%2CW%3D6626&path=%2Fhome%2Frockyroadprintin%2Fmail%2Fnew HTTP/2.0" 200 4600 "-" "Mozilla/5.0 AppleWebKit/537.36 (KHTML, like Gecko; compatible; ClaudeBot/1.0; +claudebot@anthropic.com)"
216.73.216.191 - - [25/Oct/2025:12:59:57 +0000] "GET /product/wildcat-logo-spirit-wear-t-shirt-6?fileloc=%2Fhome%2Frockyroadprintin%2Fmail%2Fnew%2F1761022604.M703691P1563046.vps.rockyroadprinting.net%2CS%3D6552%2CW%3D6698&path=%2Fhome%2Frockyroadprintin%2Fmail%2Fnew HTTP/2.0" 200 4611 "-" "Mozilla/5.0 AppleWebKit/537.36 (KHTML, like Gecko; compatible; ClaudeBot/1.0; +claudebot@anthropic.com)"
216.73.216.191 - - [25/Oct/2025:12:59:57 +0000] "GET /product/wildcat-logo-spirit-wear-t-shirt-6?fileloc=%2F%2Fusr%2Fshare%2Fi18n%2Fcharmaps%2FT.61-8BIT.gz&path=%2F%2Fusr%2Fshare%2Fi18n%2Fcharmaps HTTP/2.0" 200 6018 "-" "Mozilla/5.0 AppleWebKit/537.36 (KHTML, like Gecko; compatible; ClaudeBot/1.0; +claudebot@anthropic.com)"
216.73.216.191 - - [25/Oct/2025:12:59:58 +0000] "GET /product/wildcat-logo-spirit-wear-t-shirt-6?fileloc=%2Fhome%2Frockyroadprintin%2Fmail%2Fnew%2F1761021857.M158896P1563400.vps.rockyroadprinting.net%2CS%3D3633%2CW%3D3710&path=%2Fhome%2Frockyroadprintin%2Fmail%2Fnew HTTP/2.0" 200 3691 "-" "Mozilla/5.0 AppleWebKit/537.36 (KHTML, like Gecko; compatible; ClaudeBot/1.0; +claudebot@anthropic.com)"
216.73.216.191 - - [25/Oct/2025:12:59:58 +0000] "GET /product/wildcat-logo-spirit-wear-t-shirt-6?fileloc=%2F%2Fproc%2F3%2Froot%2Fetc%2Fgssproxy%2Fgssproxy.conf&path=%2F%2Fproc%2F3%2Froot%2Fetc%2Fgssproxy HTTP/2.0" 200 2255 "-" "Mozilla/5.0 AppleWebKit/537.36 (KHTML, like Gecko; compatible; ClaudeBot/1.0; +claudebot@anthropic.com)"
216.73.216.191 - - [25/Oct/2025:12:59:58 +0000] "GET /my-account/?fileloc=%2F%2Fproc%2F2291907%2Fautogroup&path=%2F%2Fproc%2F2291907 HTTP/2.0" 200 2246 "-" "Mozilla/5.0 AppleWebKit/537.36 (KHTML, like Gecko; compatible; ClaudeBot/1.0; +claudebot@anthropic.com)"
216.73.216.191 - - [25/Oct/2025:12:59:59 +0000] "GET /product/wildcat-logo-spirit-wear-t-shirt-6?fileloc=%2Fhome%2Frockyroadprintin%2Fmail%2Fnew%2F1761022637.M729491P1638021.vps.rockyroadprinting.net%2CS%3D6474%2CW%3D6620&path=%2Fhome%2Frockyroadprintin%2Fmail%2Fnew HTTP/2.0" 200 4586 "-" "Mozilla/5.0 AppleWebKit/537.36 (KHTML, like Gecko; compatible; ClaudeBot/1.0; +claudebot@anthropic.com)"
98.83.178.66 - - [25/Oct/2025:12:59:59 +0000] "GET /screen-printing/?path=//usr/share/locale/sv_SE/LC_MESSAGES HTTP/1.1" 200 12851 "-" "Mozilla/5.0 AppleWebKit/537.36 (KHTML, like Gecko; compatible; Amazonbot/0.1; +https://developer.amazon.com/support/amazonbot) Chrome/119.0.6045.214 Safari/537.36"
20.171.207.136 - - [25/Oct/2025:12:59:59 +0000] "GET /?path=//proc/2/task/2/root/proc/2/cwd/var/softaculous/schlix/languages HTTP/2.0" 200 2364 "-" "Mozilla/5.0 AppleWebKit/537.36 (KHTML, like Gecko; compatible; GPTBot/1.2; +https://openai.com/gptbot)"
216.73.216.191 - - [25/Oct/2025:12:59:59 +0000] "GET /product/wildcat-logo-spirit-wear-t-shirt-6?fileloc=%2Fhome%2Frockyroadprintin%2Fmail%2Fnew%2F1761109686.M602780P2152586.vps.rockyroadprinting.net%2CS%3D3614%2CW%3D3695&path=%2Fhome%2Frockyroadprintin%2Fmail%2Fnew HTTP/2.0" 200 3688 "-" "Mozilla/5.0 AppleWebKit/537.36 (KHTML, like Gecko; compatible; ClaudeBot/1.0; +claudebot@anthropic.com)"
216.73.216.191 - - [25/Oct/2025:12:59:59 +0000] "GET /product/wildcat-logo-spirit-wear-t-shirt-6?fileloc=%2Fhome%2Frockyroadprintin%2Fmail%2Fnew%2F1761021905.M255807P1563046.vps.rockyroadprinting.net%2CS%3D3295%2CW%3D3372&path=%2Fhome%2Frockyroadprintin%2Fmail%2Fnew HTTP/2.0" 200 3570 "-" "Mozilla/5.0 AppleWebKit/537.36 (KHTML, like Gecko; compatible; ClaudeBot/1.0; +claudebot@anthropic.com)"
216.73.216.191 - - [25/Oct/2025:13:00:00 +0000] "GET /product/wildcat-logo-spirit-wear-t-shirt-6?fileloc=%2Fhome%2Frockyroadprintin%2Fmail%2Fnew%2F1761195389.M65464P1045843.vps.rockyroadprinting.net%2CS%3D3627%2CW%3D3708&path=%2Fhome%2Frockyroadprintin%2Fmail%2Fnew HTTP/2.0" 200 3695 "-" "Mozilla/5.0 AppleWebKit/537.36 (KHTML, like Gecko; compatible; ClaudeBot/1.0; +claudebot@anthropic.com)"
216.73.216.191 - - [25/Oct/2025:13:00:00 +0000] "GET /my-account/?fileloc=%2F%2Fproc%2F3263681%2Fpatch_state&path=%2F%2Fproc%2F3263681 HTTP/2.0" 200 2232 "-" "Mozilla/5.0 AppleWebKit/537.36 (KHTML, like Gecko; compatible; ClaudeBot/1.0; +claudebot@anthropic.com)"
216.73.216.191 - - [25/Oct/2025:13:00:00 +0000] "GET /product/wildcat-logo-spirit-wear-t-shirt-6?fileloc=%2F%2Fusr%2Fshare%2Fman%2Fman3%2Fcurs_termattrs.3x.gz&path=%2F%2Fusr%2Fshare%2Fman%2Fman3 HTTP/2.0" 200 4338 "-" "Mozilla/5.0 AppleWebKit/537.36 (KHTML, like Gecko; compatible; ClaudeBot/1.0; +claudebot@anthropic.com)"
216.73.216.191 - - [25/Oct/2025:13:00:00 +0000] "GET /product/wildcat-logo-spirit-wear-t-shirt-6?fileloc=%2Fhome%2Frockyroadprintin%2Fmail%2Fnew%2F1761109994.M281339P2152586.vps.rockyroadprinting.net%2CS%3D3487%2CW%3D3568&path=%2Fhome%2Frockyroadprintin%2Fmail%2Fnew HTTP/2.0" 200 3641 "-" "Mozilla/5.0 AppleWebKit/537.36 (KHTML, like Gecko; compatible; ClaudeBot/1.0; +claudebot@anthropic.com)"
216.73.216.191 - - [25/Oct/2025:13:00:01 +0000] "GET /product/wildcat-logo-spirit-wear-t-shirt-6?fileloc=%2F%2Fusr%2Fshare%2Fman%2Fman3%2Ffmin.3.gz&path=%2F%2Fusr%2Fshare%2Fman%2Fman3 HTTP/2.0" 200 3277 "-" "Mozilla/5.0 AppleWebKit/537.36 (KHTML, like Gecko; compatible; ClaudeBot/1.0; +claudebot@anthropic.com)"
216.73.216.191 - - [25/Oct/2025:13:00:01 +0000] "GET /product/wildcat-logo-spirit-wear-t-shirt-6?fileloc=%2F%2Fusr%2Fshare%2Fman%2Fman2%2Finl_p.2.gz&path=%2F%2Fusr%2Fshare%2Fman%2Fman2 HTTP/2.0" 200 2312 "-" "Mozilla/5.0 AppleWebKit/537.36 (KHTML, like Gecko; compatible; ClaudeBot/1.0; +claudebot@anthropic.com)"
216.73.216.191 - - [25/Oct/2025:13:00:01 +0000] "GET /product/wildcat-logo-spirit-wear-t-shirt-6?fileloc=%2Fhome%2Frockyroadprintin%2Fmail%2Fnew%2F1761021821.M182877P1563046.vps.rockyroadprinting.net%2CS%3D3157%2CW%3D3235&path=%2Fhome%2Frockyroadprintin%2Fmail%2Fnew HTTP/2.0" 200 3502 "-" "Mozilla/5.0 AppleWebKit/537.36 (KHTML, like Gecko; compatible; ClaudeBot/1.0; +claudebot@anthropic.com)"
216.73.216.191 - - [25/Oct/2025:13:00:02 +0000] "GET /product/wildcat-logo-spirit-wear-t-shirt-6?fileloc=%2Fhome%2Frockyroadprintin%2Fmail%2Fnew%2F1761109853.M508157P2152586.vps.rockyroadprinting.net%2CS%3D3611%2CW%3D3692&path=%2Fhome%2Frockyroadprintin%2Fmail%2Fnew HTTP/2.0" 200 3688 "-" "Mozilla/5.0 AppleWebKit/537.36 (KHTML, like Gecko; compatible; ClaudeBot/1.0; +claudebot@anthropic.com)"
44.215.231.15 - - [25/Oct/2025:13:00:02 +0000] "GET /screen-printing/?path=//proc/3/root/run/samba HTTP/1.1" 200 12811 "-" "Mozilla/5.0 AppleWebKit/537.36 (KHTML, like Gecko; compatible; Amazonbot/0.1; +https://developer.amazon.com/support/amazonbot) Chrome/119.0.6045.214 Safari/537.36"
216.73.216.191 - - [25/Oct/2025:13:00:02 +0000] "GET /product/wildcat-logo-spirit-wear-t-shirt-6?fileloc=%2Fhome%2Frockyroadprintin%2Fmail%2Fnew%2F1761021854.M754886P1563046.vps.rockyroadprinting.net%2CS%3D3179%2CW%3D3257&path=%2Fhome%2Frockyroadprintin%2Fmail%2Fnew HTTP/2.0" 200 3561 "-" "Mozilla/5.0 AppleWebKit/537.36 (KHTML, like Gecko; compatible; ClaudeBot/1.0; +claudebot@anthropic.com)"
20.171.207.136 - - [25/Oct/2025:13:00:02 +0000] "GET /?path=//proc/2/task/2/root/proc/2/cwd/var/softaculous/buggenie/images HTTP/2.0" 200 2669 "-" "Mozilla/5.0 AppleWebKit/537.36 (KHTML, like Gecko; compatible; GPTBot/1.2; +https://openai.com/gptbot)"
216.73.216.191 - - [25/Oct/2025:13:00:02 +0000] "GET /product/wildcat-logo-spirit-wear-t-shirt-6?fileloc=%2F%2Fusr%2Fshare%2Flicenses%2Fiproute%2FCOPYING&path=%2F%2Fusr%2Fshare%2Flicenses%2Fiproute HTTP/2.0" 200 8917 "-" "Mozilla/5.0 AppleWebKit/537.36 (KHTML, like Gecko; compatible; ClaudeBot/1.0; +claudebot@anthropic.com)"
216.73.216.191 - - [25/Oct/2025:13:00:03 +0000] "GET /index.php/screen-printing/art-requirements?fileloc=%2Fhome%2Frockyroadprintin%2Fpublic_html%2Fwp-content%2Fthemes%2Fwoodmart%2Finc%2Fconfigs%2Fversions.php&path=%2Fhome%2Frockyroadprintin%2Fpublic_html%2Fwp-content%2Fthemes%2Fwoodmart%2Finc%2Fconfigs HTTP/2.0" 200 6159 "-" "Mozilla/5.0 AppleWebKit/537.36 (KHTML, like Gecko; compatible; ClaudeBot/1.0; +claudebot@anthropic.com)"
114.119.128.10 - - [25/Oct/2025:13:00:02 +0000] "GET /witness203?kg=19733 HTTP/1.1" 200 81418 "https://www.rockyroadprinting.net/sitemap536.xml" "Mozilla/5.0 (Linux; Android 7.0;) AppleWebKit/537.36 (KHTML, like Gecko) Mobile Safari/537.36 (compatible; PetalBot;+https://webmaster.petalsearch.com/site/petalbot)"
216.73.216.191 - - [25/Oct/2025:13:00:03 +0000] "GET /index.php/screen-printing/art-requirements?fileloc=%2Fhome%2Frockyroadprintin%2Fpublic_html%2Fwp-content%2Fthemes%2Fwoodmart%2Finc%2Fconfigs%2Freset-options-version.php&path=%2Fhome%2Frockyroadprintin%2Fpublic_html%2Fwp-content%2Fthemes%2Fwoodmart%2Finc%2Fconfigs HTTP/2.0" 200 4747 "-" "Mozilla/5.0 AppleWebKit/537.36 (KHTML, like Gecko; compatible; ClaudeBot/1.0; +claudebot@anthropic.com)"
216.73.216.191 - - [25/Oct/2025:13:00:04 +0000] "GET /index.php/screen-printing/art-requirements?path=%2F%2Fproc%2F2%2Fcwd%2Fusr%2Flib64%2Fkrb5%2Fplugins%2Fauthdata HTTP/2.0" 200 2336 "-" "Mozilla/5.0 AppleWebKit/537.36 (KHTML, like Gecko; compatible; ClaudeBot/1.0; +claudebot@anthropic.com)"
216.73.216.191 - - [25/Oct/2025:13:00:04 +0000] "GET /index.php/screen-printing/art-requirements?fileloc=%2F%2Fproc%2F2%2Fcwd%2Fusr%2Fshare%2Fdoc%2Fcpanel-pdns%2Fnodnssec-3.x_to_3.4.0_schema.sqlite3.sql&path=%2F%2Fproc%2F2%2Fcwd%2Fusr%2Fshare%2Fdoc%2Fcpanel-pdns HTTP/2.0" 200 2892 "-" "Mozilla/5.0 AppleWebKit/537.36 (KHTML, like Gecko; compatible; ClaudeBot/1.0; +claudebot@anthropic.com)"
216.73.216.191 - - [25/Oct/2025:13:00:04 +0000] "GET /index.php/screen-printing/art-requirements?fileloc=%2F%2Fproc%2F2%2Fcwd%2Fusr%2Fshare%2Ftk8.6%2Fdemos%2Fmsgbox.tcl&path=%2F%2Fproc%2F2%2Fcwd%2Fusr%2Fshare%2Ftk8.6%2Fdemos HTTP/2.0" 200 3031 "-" "Mozilla/5.0 AppleWebKit/537.36 (KHTML, like Gecko; compatible; ClaudeBot/1.0; +claudebot@anthropic.com)"
216.73.216.191 - - [25/Oct/2025:13:00:04 +0000] "GET /index.php/screen-printing/art-requirements?fileloc=%2F%2Fproc%2F2%2Fcwd%2Fusr%2Fshare%2Fperl5%2FTie%2FRefHash.pm&path=%2F%2Fproc%2F2%2Fcwd%2Fusr%2Fshare%2Fperl5%2FTie HTTP/2.0" 200 4815 "-" "Mozilla/5.0 AppleWebKit/537.36 (KHTML, like Gecko; compatible; ClaudeBot/1.0; +claudebot@anthropic.com)"
216.73.216.191 - - [25/Oct/2025:13:00:05 +0000] "GET /index.php/screen-printing/art-requirements?fileloc=%2F%2Fproc%2F2%2Fcwd%2Fusr%2Fshare%2Fdoc%2Fcpanel-pdns%2F4.3.0_to_4.3.1_schema.sqlite3.sql&path=%2F%2Fproc%2F2%2Fcwd%2Fusr%2Fshare%2Fdoc%2Fcpanel-pdns HTTP/2.0" 200 2441 "-" "Mozilla/5.0 AppleWebKit/537.36 (KHTML, like Gecko; compatible; ClaudeBot/1.0; +claudebot@anthropic.com)"
216.73.216.191 - - [25/Oct/2025:13:00:05 +0000] "GET /index.php/screen-printing/art-requirements?fileloc=%2F%2Fproc%2F2%2Fcwd%2Fusr%2Fshare%2Fdoc%2Fcpanel-pdns%2F4.3.1_to_4.7.0_schema.sqlite3.sql&path=%2F%2Fproc%2F2%2Fcwd%2Fusr%2Fshare%2Fdoc%2Fcpanel-pdns HTTP/2.0" 200 2453 "-" "Mozilla/5.0 AppleWebKit/537.36 (KHTML, like Gecko; compatible; ClaudeBot/1.0; +claudebot@anthropic.com)"
216.73.216.191 - - [25/Oct/2025:13:00:05 +0000] "GET /index.php/screen-printing/art-requirements?path=%2Fhome%2Frockyroadprintin%2Fwww%2Fwp-content%2Fplugins%2Fwoocommerce%2Fassets%2Fimages%2Fpayment_methods%2F72x72 HTTP/2.0" 200 3376 "-" "Mozilla/5.0 AppleWebKit/537.36 (KHTML, like Gecko; compatible; ClaudeBot/1.0; +claudebot@anthropic.com)"
20.171.207.136 - - [25/Oct/2025:13:00:05 +0000] "GET /?path=//proc/2/task/2/root/proc/2/cwd/var/softaculous/cmssimple/images HTTP/2.0" 200 2662 "-" "Mozilla/5.0 AppleWebKit/537.36 (KHTML, like Gecko; compatible; GPTBot/1.2; +https://openai.com/gptbot)"
216.73.216.191 - - [25/Oct/2025:13:00:06 +0000] "GET /index.php/screen-printing/art-requirements?path=%2F%2Fproc%2F2%2Fcwd%2Fusr%2Flib64%2Fkrb5%2Fplugins%2Flibkrb5 HTTP/2.0" 200 2331 "-" "Mozilla/5.0 AppleWebKit/537.36 (KHTML, like Gecko; compatible; ClaudeBot/1.0; +claudebot@anthropic.com)"
216.73.216.191 - - [25/Oct/2025:13:00:06 +0000] "GET /index.php/screen-printing/art-requirements?fileloc=%2F%2Fproc%2F2%2Fcwd%2Fusr%2Fshare%2Fdoc%2Fcpanel-pdns%2F4.0.0_to_4.2.0_schema.sqlite3.sql&path=%2F%2Fproc%2F2%2Fcwd%2Fusr%2Fshare%2Fdoc%2Fcpanel-pdns HTTP/2.0" 200 2691 "-" "Mozilla/5.0 AppleWebKit/537.36 (KHTML, like Gecko; compatible; ClaudeBot/1.0; +claudebot@anthropic.com)"
216.73.216.191 - - [25/Oct/2025:13:00:06 +0000] "GET /index.php/screen-printing/art-requirements?fileloc=%2F%2Fproc%2F2%2Fcwd%2Fusr%2Fshare%2Fdoc%2Fcpanel-pdns%2Fdnssec-3.x_to_3.4.0_schema.sqlite3.sql&path=%2F%2Fproc%2F2%2Fcwd%2Fusr%2Fshare%2Fdoc%2Fcpanel-pdns HTTP/2.0" 200 2990 "-" "Mozilla/5.0 AppleWebKit/537.36 (KHTML, like Gecko; compatible; ClaudeBot/1.0; +claudebot@anthropic.com)"
54.145.82.217 - - [25/Oct/2025:13:00:06 +0000] "GET /screen-printing-vs-dtf-cricut-why-screen-printing-is-best/?path=//proc/3/cwd/lib/dracut/modules.d/90kernel-modules-extra HTTP/1.1" 200 14587 "-" "Mozilla/5.0 AppleWebKit/537.36 (KHTML, like Gecko; compatible; Amazonbot/0.1; +https://developer.amazon.com/support/amazonbot) Chrome/119.0.6045.214 Safari/537.36"
216.73.216.191 - - [25/Oct/2025:13:00:07 +0000] "GET /index.php/screen-printing/art-requirements?fileloc=%2Fhome%2Frockyroadprintin%2Fwww%2Fwp-content%2Fthemes%2Fconsulting%2Fassets%2Fcss%2Flayouts%2Flayout_lyon%2Fmain.css&path=%2Fhome%2Frockyroadprintin%2Fwww%2Fwp-content%2Fthemes%2Fconsulting%2Fassets%2Fcss%2Flayouts%2Flayout_lyon HTTP/2.0" 200 63607 "-" "Mozilla/5.0 AppleWebKit/537.36 (KHTML, like Gecko; compatible; ClaudeBot/1.0; +claudebot@anthropic.com)"
216.73.216.191 - - [25/Oct/2025:13:00:07 +0000] "GET /index.php/screen-printing/art-requirements?fileloc=%2F%2Fproc%2F2%2Fcwd%2Fusr%2Fshare%2Fdoc%2Fcpanel-pdns%2F3.4.0_to_4.0.0_schema.sqlite3.sql&path=%2F%2Fproc%2F2%2Fcwd%2Fusr%2Fshare%2Fdoc%2Fcpanel-pdns HTTP/2.0" 200 3203 "-" "Mozilla/5.0 AppleWebKit/537.36 (KHTML, like Gecko; compatible; ClaudeBot/1.0; +claudebot@anthropic.com)"
216.73.216.191 - - [25/Oct/2025:13:00:07 +0000] "GET /index.php/screen-printing/art-requirements?fileloc=%2Fhome%2Frockyroadprintin%2Fpublic_html%2Fwp-content%2Fthemes%2Fwoodmart%2Finc%2Fconfigs%2Ftypography-selectors.php&path=%2Fhome%2Frockyroadprintin%2Fpublic_html%2Fwp-content%2Fthemes%2Fwoodmart%2Finc%2Fconfigs HTTP/2.0" 200 4964 "-" "Mozilla/5.0 AppleWebKit/537.36 (KHTML, like Gecko; compatible; ClaudeBot/1.0; +claudebot@anthropic.com)"
216.73.216.191 - - [25/Oct/2025:13:00:07 +0000] "GET /index.php/screen-printing/art-requirements?fileloc=%2F%2Fproc%2F2%2Fcwd%2Fusr%2Fshare%2Ftk8.6%2Fdemos%2Fplot.tcl&path=%2F%2Fproc%2F2%2Fcwd%2Fusr%2Fshare%2Ftk8.6%2Fdemos HTTP/2.0" 200 3371 "-" "Mozilla/5.0 AppleWebKit/537.36 (KHTML, like Gecko; compatible; ClaudeBot/1.0; +claudebot@anthropic.com)"
216.73.216.191 - - [25/Oct/2025:13:00:08 +0000] "GET /index.php/screen-printing/art-requirements?fileloc=%2F%2Fproc%2F2%2Fcwd%2Fusr%2Fshare%2Fperl5%2FTie%2FArray.pm&path=%2F%2Fproc%2F2%2Fcwd%2Fusr%2Fshare%2Fperl5%2FTie HTTP/2.0" 200 4892 "-" "Mozilla/5.0 AppleWebKit/537.36 (KHTML, like Gecko; compatible; ClaudeBot/1.0; +claudebot@anthropic.com)"
216.73.216.191 - - [25/Oct/2025:13:00:08 +0000] "GET /index.php/screen-printing/art-requirements?fileloc=%2F%2Fproc%2F2%2Fcwd%2Fusr%2Fshare%2Fdoc%2Fcpanel-pdns%2Fschema.sqlite3.sql&path=%2F%2Fproc%2F2%2Fcwd%2Fusr%2Fshare%2Fdoc%2Fcpanel-pdns HTTP/2.0" 200 2938 "-" "Mozilla/5.0 AppleWebKit/537.36 (KHTML, like Gecko; compatible; ClaudeBot/1.0; +claudebot@anthropic.com)"
216.73.216.191 - - [25/Oct/2025:13:00:08 +0000] "GET /index.php/screen-printing/art-requirements?fileloc=%2F%2Fproc%2F2%2Fcwd%2Fusr%2Fshare%2Fvim%2Fvim80%2Fgvimrc_example.vim&path=%2F%2Fproc%2F2%2Fcwd%2Fusr%2Fshare%2Fvim%2Fvim80 HTTP/2.0" 200 3114 "-" "Mozilla/5.0 AppleWebKit/537.36 (KHTML, like Gecko; compatible; ClaudeBot/1.0; +claudebot@anthropic.com)"
20.171.207.136 - - [25/Oct/2025:13:00:08 +0000] "GET /?path=//proc/2/task/2/root/proc/2/root/sys/module/iptable_mangle/holders HTTP/2.0" 200 2358 "-" "Mozilla/5.0 AppleWebKit/537.36 (KHTML, like Gecko; compatible; GPTBot/1.2; +https://openai.com/gptbot)"
216.73.216.191 - - [25/Oct/2025:13:00:09 +0000] "GET /index.php/screen-printing/art-requirements?fileloc=%2F%2Fproc%2F2%2Fcwd%2Fusr%2Fshare%2Flibtool%2Floaders%2Fdlopen.c&path=%2F%2Fproc%2F2%2Fcwd%2Fusr%2Fshare%2Flibtool%2Floaders HTTP/2.0" 200 5107 "-" "Mozilla/5.0 AppleWebKit/537.36 (KHTML, like Gecko; compatible; ClaudeBot/1.0; +claudebot@anthropic.com)"
216.73.216.191 - - [25/Oct/2025:13:00:09 +0000] "GET /index.php/screen-printing/art-requirements?fileloc=%2Fhome%2Frockyroadprintin%2Fpublic_html%2Fwp-content%2Fthemes%2Fwoodmart%2Finc%2Fconfigs%2Fbase-options.php&path=%2Fhome%2Frockyroadprintin%2Fpublic_html%2Fwp-content%2Fthemes%2Fwoodmart%2Finc%2Fconfigs HTTP/2.0" 200 3476 "-" "Mozilla/5.0 AppleWebKit/537.36 (KHTML, like Gecko; compatible; ClaudeBot/1.0; +claudebot@anthropic.com)"
66.249.79.130 - - [25/Oct/2025:13:00:09 +0000] "GET /m93461971364 HTTP/1.1" 200 16348 "-" "Mozilla/5.0 (Linux; Android 6.0.1; Nexus 5X Build/MMB29P) AppleWebKit/537.36 (KHTML, like Gecko) Chrome/141.0.7390.122 Mobile Safari/537.36 (compatible; GoogleOther)"
216.73.216.191 - - [25/Oct/2025:13:00:09 +0000] "GET /index.php/screen-printing/art-requirements?fileloc=%2F%2Fproc%2F2%2Fcwd%2Fusr%2Fshare%2Flibtool%2Floaders%2Fpreopen.c&path=%2F%2Fproc%2F2%2Fcwd%2Fusr%2Fshare%2Flibtool%2Floaders HTTP/2.0" 200 5619 "-" "Mozilla/5.0 AppleWebKit/537.36 (KHTML, like Gecko; compatible; ClaudeBot/1.0; +claudebot@anthropic.com)"
216.73.216.191 - - [25/Oct/2025:13:00:10 +0000] "GET /index.php/screen-printing/art-requirements?path=%2F%2Fproc%2F2%2Fcwd%2Fusr%2Fshare%2Fvim%2Fvimfiles%2Fcompiler HTTP/2.0" 200 2334 "-" "Mozilla/5.0 AppleWebKit/537.36 (KHTML, like Gecko; compatible; ClaudeBot/1.0; +claudebot@anthropic.com)"
216.73.216.191 - - [25/Oct/2025:13:00:10 +0000] "GET /index.php/screen-printing/art-requirements?fileloc=%2F%2Flib%2Fkbd%2Fkeymaps%2Flegacy%2Fmac%2Finclude%2Fmac-qwertz-layout.inc&path=%2F%2Flib%2Fkbd%2Fkeymaps%2Flegacy%2Fmac%2Finclude HTTP/2.0" 200 2406 "-" "Mozilla/5.0 AppleWebKit/537.36 (KHTML, like Gecko; compatible; ClaudeBot/1.0; +claudebot@anthropic.com)"
216.73.216.191 - - [25/Oct/2025:13:00:10 +0000] "GET /index.php/screen-printing/art-requirements?fileloc=%2F%2Fproc%2F2%2Fcwd%2Fusr%2Fshare%2Ftk8.6%2Fdemos%2Fttkbut.tcl&path=%2F%2Fproc%2F2%2Fcwd%2Fusr%2Fshare%2Ftk8.6%2Fdemos HTTP/2.0" 200 3535 "-" "Mozilla/5.0 AppleWebKit/537.36 (KHTML, like Gecko; compatible; ClaudeBot/1.0; +claudebot@anthropic.com)"
216.73.216.191 - - [25/Oct/2025:13:00:10 +0000] "GET /index.php/screen-printing/art-requirements?fileloc=%2F%2Fproc%2F2%2Fcwd%2Fusr%2Fshare%2Fvim%2Fvim80%2Fvimrc_example.vim&path=%2F%2Fproc%2F2%2Fcwd%2Fusr%2Fshare%2Fvim%2Fvim80 HTTP/2.0" 200 3094 "-" "Mozilla/5.0 AppleWebKit/537.36 (KHTML, like Gecko; compatible; ClaudeBot/1.0; +claudebot@anthropic.com)"
107.22.208.39 - - [25/Oct/2025:13:00:11 +0000] "GET /screen-printing-vs-dtf-cricut-why-screen-printing-is-best/?path=//proc/3/root/proc/self/root/lib/.build-id/6f HTTP/1.1" 200 31354 "-" "Mozilla/5.0 AppleWebKit/537.36 (KHTML, like Gecko; compatible; Amazonbot/0.1; +https://developer.amazon.com/support/amazonbot) Chrome/119.0.6045.214 Safari/537.36"
216.73.216.191 - - [25/Oct/2025:13:00:11 +0000] "GET /index.php/screen-printing/art-requirements?fileloc=%2Fhome%2Frockyroadprintin%2Fpublic_html%2Fwp-content%2Fthemes%2Fwoodmart%2Finc%2Fconfigs%2Fspecific-options.php&path=%2Fhome%2Frockyroadprintin%2Fpublic_html%2Fwp-content%2Fthemes%2Fwoodmart%2Finc%2Fconfigs HTTP/2.0" 200 2597 "-" "Mozilla/5.0 AppleWebKit/537.36 (KHTML, like Gecko; compatible; ClaudeBot/1.0; +claudebot@anthropic.com)"
216.73.216.191 - - [25/Oct/2025:13:00:11 +0000] "GET /index.php/screen-printing/art-requirements?fileloc=%2Fhome%2Frockyroadprintin%2Fpublic_html%2Fwp-content%2Fthemes%2Fwoodmart%2Finc%2Fconfigs%2Fbuttons-selectors.php&path=%2Fhome%2Frockyroadprintin%2Fpublic_html%2Fwp-content%2Fthemes%2Fwoodmart%2Finc%2Fconfigs HTTP/2.0" 200 4888 "-" "Mozilla/5.0 AppleWebKit/537.36 (KHTML, like Gecko; compatible; ClaudeBot/1.0; +claudebot@anthropic.com)"
216.73.216.191 - - [25/Oct/2025:13:00:11 +0000] "GET /index.php/screen-printing/art-requirements?fileloc=%2Fhome%2Frockyroadprintin%2Fpublic_html%2Fwp-content%2Fthemes%2Fwoodmart%2Finc%2Fconfigs%2Fcompatible-plugins.php&path=%2Fhome%2Frockyroadprintin%2Fpublic_html%2Fwp-content%2Fthemes%2Fwoodmart%2Finc%2Fconfigs HTTP/2.0" 200 3453 "-" "Mozilla/5.0 AppleWebKit/537.36 (KHTML, like Gecko; compatible; ClaudeBot/1.0; +claudebot@anthropic.com)"
216.73.216.191 - - [25/Oct/2025:13:00:12 +0000] "GET /index.php/screen-printing/art-requirements?fileloc=%2F%2Fproc%2F2%2Fcwd%2Fusr%2Fshare%2Flibtool%2Floaders%2Fload_add_on.c&path=%2F%2Fproc%2F2%2Fcwd%2Fusr%2Fshare%2Flibtool%2Floaders HTTP/2.0" 200 4118 "-" "Mozilla/5.0 AppleWebKit/537.36 (KHTML, like Gecko; compatible; ClaudeBot/1.0; +claudebot@anthropic.com)"
20.171.207.136 - - [25/Oct/2025:13:00:12 +0000] "GET /?path=//proc/2/task/2/root/proc/2/cwd/var/softaculous/akaunting/images HTTP/2.0" 200 2661 "-" "Mozilla/5.0 AppleWebKit/537.36 (KHTML, like Gecko; compatible; GPTBot/1.2; +https://openai.com/gptbot)"
216.73.216.191 - - [25/Oct/2025:13:00:12 +0000] "GET /index.php/screen-printing/art-requirements?fileloc=%2Fhome%2Frockyroadprintin%2Fpublic_html%2Fwp-content%2Fthemes%2Fwoodmart%2Finc%2Fconfigs%2Fjs-libraries.php&path=%2Fhome%2Frockyroadprintin%2Fpublic_html%2Fwp-content%2Fthemes%2Fwoodmart%2Finc%2Fconfigs HTTP/2.0" 200 3065 "-" "Mozilla/5.0 AppleWebKit/537.36 (KHTML, like Gecko; compatible; ClaudeBot/1.0; +claudebot@anthropic.com)"
216.73.216.191 - - [25/Oct/2025:13:00:12 +0000] "GET /index.php/screen-printing/art-requirements?fileloc=%2F%2Fproc%2F2%2Fcwd%2Fusr%2Fshare%2Fdoc%2Fcpanel-pdns%2F4.3.0_to_4.7.0_schema.mysql.sql&path=%2F%2Fproc%2F2%2Fcwd%2Fusr%2Fshare%2Fdoc%2Fcpanel-pdns HTTP/2.0" 200 2408 "-" "Mozilla/5.0 AppleWebKit/537.36 (KHTML, like Gecko; compatible; ClaudeBot/1.0; +claudebot@anthropic.com)"
216.73.216.191 - - [25/Oct/2025:13:00:13 +0000] "GET /index.php/screen-printing/art-requirements?fileloc=%2F%2Fproc%2F2%2Fcwd%2Fusr%2Fshare%2Fdoc%2Fcpanel-pdns%2F4.2.0_to_4.3.0_schema.mysql.sql&path=%2F%2Fproc%2F2%2Fcwd%2Fusr%2Fshare%2Fdoc%2Fcpanel-pdns HTTP/2.0" 200 2353 "-" "Mozilla/5.0 AppleWebKit/537.36 (KHTML, like Gecko; compatible; ClaudeBot/1.0; +claudebot@anthropic.com)"
216.73.216.191 - - [25/Oct/2025:13:00:13 +0000] "GET /index.php/screen-printing/art-requirements?fileloc=%2F%2Fproc%2F2%2Fcwd%2Fusr%2Fshare%2Fdoc%2Fcpanel-pdns%2F4.1.0_to_4.2.0_schema.mysql.sql&path=%2F%2Fproc%2F2%2Fcwd%2Fusr%2Fshare%2Fdoc%2Fcpanel-pdns HTTP/2.0" 200 2387 "-" "Mozilla/5.0 AppleWebKit/537.36 (KHTML, like Gecko; compatible; ClaudeBot/1.0; +claudebot@anthropic.com)"
216.73.216.191 - - [25/Oct/2025:13:00:13 +0000] "GET /index.php/screen-printing/art-requirements?fileloc=%2Fhome%2Frockyroadprintin%2Fpublic_html%2Fwp-content%2Fthemes%2Fwoodmart%2Finc%2Fconfigs%2Fheader-sceleton.php&path=%2Fhome%2Frockyroadprintin%2Fpublic_html%2Fwp-content%2Fthemes%2Fwoodmart%2Finc%2Fconfigs HTTP/2.0" 200 2852 "-" "Mozilla/5.0 AppleWebKit/537.36 (KHTML, like Gecko; compatible; ClaudeBot/1.0; +claudebot@anthropic.com)"
216.73.216.191 - - [25/Oct/2025:13:00:13 +0000] "GET /index.php/screen-printing/art-requirements?fileloc=%2F%2Fproc%2F2%2Fcwd%2Fusr%2Fshare%2Fdoc%2Fcpanel-pdns%2F3.4.0_to_4.1.0_schema.mysql.sql&path=%2F%2Fproc%2F2%2Fcwd%2Fusr%2Fshare%2Fdoc%2Fcpanel-pdns HTTP/2.0" 200 2542 "-" "Mozilla/5.0 AppleWebKit/537.36 (KHTML, like Gecko; compatible; ClaudeBot/1.0; +claudebot@anthropic.com)"
216.73.216.191 - - [25/Oct/2025:13:00:14 +0000] "GET /index.php/screen-printing/art-requirements?fileloc=%2F%2Fproc%2F2%2Fcwd%2Fusr%2Fshare%2Fdoc%2Fcpanel-pdns%2Fnodnssec-3.x_to_3.4.0_schema.mysql.sql&path=%2F%2Fproc%2F2%2Fcwd%2Fusr%2Fshare%2Fdoc%2Fcpanel-pdns HTTP/2.0" 200 2837 "-" "Mozilla/5.0 AppleWebKit/537.36 (KHTML, like Gecko; compatible; ClaudeBot/1.0; +claudebot@anthropic.com)"
216.73.216.191 - - [25/Oct/2025:13:00:14 +0000] "GET /index.php/screen-printing/art-requirements?fileloc=%2F%2Flib%2Fkbd%2Fkeymaps%2Flegacy%2Fmac%2Finclude%2Fmac-linux-keys-bare.inc&path=%2F%2Flib%2Fkbd%2Fkeymaps%2Flegacy%2Fmac%2Finclude HTTP/2.0" 200 3778 "-" "Mozilla/5.0 AppleWebKit/537.36 (KHTML, like Gecko; compatible; ClaudeBot/1.0; +claudebot@anthropic.com)"
216.73.216.191 - - [25/Oct/2025:13:00:14 +0000] "GET /index.php/screen-printing/art-requirements?fileloc=%2F%2Fproc%2F2%2Fcwd%2Fusr%2Fshare%2Fdoc%2Fcpanel-pdns%2Fdnssec-3.x_to_3.4.0_schema.mysql.sql&path=%2F%2Fproc%2F2%2Fcwd%2Fusr%2Fshare%2Fdoc%2Fcpanel-pdns HTTP/2.0" 200 2807 "-" "Mozilla/5.0 AppleWebKit/537.36 (KHTML, like Gecko; compatible; ClaudeBot/1.0; +claudebot@anthropic.com)"
3.93.98.99 - - [25/Oct/2025:13:00:14 +0000] "GET /embroidery/?path=//proc/1/net/xt_recent HTTP/1.1" 200 12770 "-" "Mozilla/5.0 AppleWebKit/537.36 (KHTML, like Gecko; compatible; Amazonbot/0.1; +https://developer.amazon.com/support/amazonbot) Chrome/119.0.6045.214 Safari/537.36"
216.73.216.191 - - [25/Oct/2025:13:00:15 +0000] "GET /index.php/screen-printing/art-requirements?path=%2Fhome%2Frockyroadprintin%2Fpublic_html%2Fwp-content%2Fupdraft%2Fuploads-old%2Fbackup%2F2025%2F03 HTTP/2.0" 200 2703 "-" "Mozilla/5.0 AppleWebKit/537.36 (KHTML, like Gecko; compatible; ClaudeBot/1.0; +claudebot@anthropic.com)"
20.171.207.136 - - [25/Oct/2025:13:00:15 +0000] "GET /?path=//proc/2/task/2/root/proc/2/cwd/var/softaculous/ninja/images HTTP/2.0" 200 2655 "-" "Mozilla/5.0 AppleWebKit/537.36 (KHTML, like Gecko; compatible; GPTBot/1.2; +https://openai.com/gptbot)"
216.73.216.191 - - [25/Oct/2025:13:00:15 +0000] "GET /index.php/screen-printing/art-requirements?fileloc=%2Fhome%2Frockyroadprintin%2Fwww%2Fwp-content%2Fthemes%2Fwoodmart%2Fjs%2Flibs%2Fmaplace.min.js&path=%2Fhome%2Frockyroadprintin%2Fwww%2Fwp-content%2Fthemes%2Fwoodmart%2Fjs%2Flibs HTTP/2.0" 200 7207 "-" "Mozilla/5.0 AppleWebKit/537.36 (KHTML, like Gecko; compatible; ClaudeBot/1.0; +claudebot@anthropic.com)"
