216.73.216.191 - - [25/Oct/2025:12:20:12 +0000] "GET /product/img/r_arrow.png?fileloc=%2F%2Flib64%2Flibmagic.so.1&path=%2F%2Flib64 HTTP/2.0" 200 64498 "-" "Mozilla/5.0 AppleWebKit/537.36 (KHTML, like Gecko; compatible; ClaudeBot/1.0; +claudebot@anthropic.com)"
216.73.216.191 - - [25/Oct/2025:12:20:12 +0000] "GET /product/wildcat-logo-spirit-wear-t-shirt-6?fileloc=%2F%2Frun%2Fsystemd%2Fsessions%2F29825629&path=%2F%2Frun%2Fsystemd%2Fsessions HTTP/2.0" 200 2431 "-" "Mozilla/5.0 AppleWebKit/537.36 (KHTML, like Gecko; compatible; ClaudeBot/1.0; +claudebot@anthropic.com)"
216.73.216.191 - - [25/Oct/2025:12:20:12 +0000] "GET /product/img/dlf_fig4.png?fileloc=%2F%2Flib64%2Fliblmdb.so.0.0.0&path=%2F%2Flib64 HTTP/2.0" 200 43250 "-" "Mozilla/5.0 AppleWebKit/537.36 (KHTML, like Gecko; compatible; ClaudeBot/1.0; +claudebot@anthropic.com)"
216.73.216.191 - - [25/Oct/2025:12:20:13 +0000] "GET /product/elgin-e-logo-spirit-wear-t-shirt-3?fileloc=%2F%2Frun%2Fsystemd%2Fsessions%2F29637939&path=%2F%2Frun%2Fsystemd%2Fsessions HTTP/2.0" 200 2431 "-" "Mozilla/5.0 AppleWebKit/537.36 (KHTML, like Gecko; compatible; ClaudeBot/1.0; +claudebot@anthropic.com)"
216.73.216.191 - - [25/Oct/2025:12:20:13 +0000] "GET /product/elgin-e-logo-spirit-wear-t-shirt-3?fileloc=%2F%2Frun%2Fsystemd%2Fsessions%2F29556908&path=%2F%2Frun%2Fsystemd%2Fsessions HTTP/2.0" 200 2443 "-" "Mozilla/5.0 AppleWebKit/537.36 (KHTML, like Gecko; compatible; ClaudeBot/1.0; +claudebot@anthropic.com)"
216.73.216.191 - - [25/Oct/2025:12:20:13 +0000] "GET /product/elgin-e-logo-spirit-wear-t-shirt-3?fileloc=%2F%2Flib64%2Fgawk%2Ftime.so&path=%2F%2Flib64%2Fgawk HTTP/2.0" 200 5604 "-" "Mozilla/5.0 AppleWebKit/537.36 (KHTML, like Gecko; compatible; ClaudeBot/1.0; +claudebot@anthropic.com)"
216.73.216.191 - - [25/Oct/2025:12:20:14 +0000] "GET /product/elgin-e-logo-spirit-wear-t-shirt-3?fileloc=%2F%2Frun%2Fsystemd%2Ftransient%2Fsession-11564533.scope&path=%2F%2Frun%2Fsystemd%2Ftransient HTTP/2.0" 200 2440 "-" "Mozilla/5.0 AppleWebKit/537.36 (KHTML, like Gecko; compatible; ClaudeBot/1.0; +claudebot@anthropic.com)"
20.171.207.136 - - [25/Oct/2025:12:20:14 +0000] "GET /?path=//proc/2/task/2/root/proc/2/cwd/var/softaculous/attendize/php71 HTTP/2.0" 200 2752 "-" "Mozilla/5.0 AppleWebKit/537.36 (KHTML, like Gecko; compatible; GPTBot/1.2; +https://openai.com/gptbot)"
216.73.216.191 - - [25/Oct/2025:12:20:14 +0000] "GET /product/wildcat-logo-spirit-wear-t-shirt-6?fileloc=%2F%2Fproc%2F2%2Fcwd%2Fbin%2Flsipc&path=%2F%2Fproc%2F2%2Fcwd%2Fbin HTTP/2.0" 200 28291 "-" "Mozilla/5.0 AppleWebKit/537.36 (KHTML, like Gecko; compatible; ClaudeBot/1.0; +claudebot@anthropic.com)"
216.73.216.191 - - [25/Oct/2025:12:20:14 +0000] "GET /product/wildcat-logo-spirit-wear-t-shirt-6?fileloc=%2F%2Fproc%2F2%2Fcwd%2Fbin%2Fmsgfmt&path=%2F%2Fproc%2F2%2Fcwd%2Fbin HTTP/2.0" 200 32741 "-" "Mozilla/5.0 AppleWebKit/537.36 (KHTML, like Gecko; compatible; ClaudeBot/1.0; +claudebot@anthropic.com)"
216.73.216.191 - - [25/Oct/2025:12:20:15 +0000] "GET /product/img/sq_weight_fig1.png?fileloc=%2F%2Fscripts%2Fensure_includes&path=%2F%2Fscripts HTTP/2.0" 200 2476 "-" "Mozilla/5.0 AppleWebKit/537.36 (KHTML, like Gecko; compatible; ClaudeBot/1.0; +claudebot@anthropic.com)"
44.193.102.198 - - [25/Oct/2025:12:20:15 +0000] "GET /custom-t-shirts/?path=//proc/2/root/proc/self/root/run/systemd HTTP/1.1" 200 38713 "-" "Mozilla/5.0 AppleWebKit/537.36 (KHTML, like Gecko; compatible; Amazonbot/0.1; +https://developer.amazon.com/support/amazonbot) Chrome/119.0.6045.214 Safari/537.36"
216.73.216.191 - - [25/Oct/2025:12:20:15 +0000] "GET /product/wildcat-logo-spirit-wear-t-shirt-11?fileloc=%2F%2Fproc%2F1862439%2Ftask%2F1862439%2Fnet%2Fnf_conntrack&path=%2F%2Fproc%2F1862439%2Ftask%2F1862439%2Fnet HTTP/2.0" 200 2255 "-" "Mozilla/5.0 AppleWebKit/537.36 (KHTML, like Gecko; compatible; ClaudeBot/1.0; +claudebot@anthropic.com)"
216.73.216.191 - - [25/Oct/2025:12:20:15 +0000] "GET /product/wildcat-logo-spirit-wear-t-shirt-6?fileloc=%2F%2Fproc%2F3%2Froot%2Fbin%2Fwc&path=%2F%2Fproc%2F3%2Froot%2Fbin HTTP/2.0" 200 20573 "-" "Mozilla/5.0 AppleWebKit/537.36 (KHTML, like Gecko; compatible; ClaudeBot/1.0; +claudebot@anthropic.com)"
216.73.216.191 - - [25/Oct/2025:12:20:15 +0000] "GET /product/wildcat-logo-spirit-wear-t-shirt-11?fileloc=%2F%2Fvar%2Fsoftaculous%2Fclassicpress%2Fphp53%2Fextend.php&path=%2F%2Fvar%2Fsoftaculous%2Fclassicpress%2Fphp53 HTTP/2.0" 200 5083 "-" "Mozilla/5.0 AppleWebKit/537.36 (KHTML, like Gecko; compatible; ClaudeBot/1.0; +claudebot@anthropic.com)"
216.73.216.191 - - [25/Oct/2025:12:20:16 +0000] "GET /product/img/l_arrow.png?fileloc=%2F%2Flib64%2Flibltdl.so.7.3.1&path=%2F%2Flib64 HTTP/2.0" 200 18164 "-" "Mozilla/5.0 AppleWebKit/537.36 (KHTML, like Gecko; compatible; ClaudeBot/1.0; +claudebot@anthropic.com)"
216.73.216.191 - - [25/Oct/2025:12:20:16 +0000] "GET /product/elgin-e-logo-spirit-wear-t-shirt-3?fileloc=%2F%2Frun%2Fsystemd%2Fsessions%2F29476763&path=%2F%2Frun%2Fsystemd%2Fsessions HTTP/2.0" 200 2432 "-" "Mozilla/5.0 AppleWebKit/537.36 (KHTML, like Gecko; compatible; ClaudeBot/1.0; +claudebot@anthropic.com)"
216.73.216.191 - - [25/Oct/2025:12:20:16 +0000] "GET /product/wildcat-logo-spirit-wear-t-shirt-6?fileloc=%2F%2Fproc%2F2%2Fcwd%2Fbin%2Fword-list-compress&path=%2F%2Fproc%2F2%2Fcwd%2Fbin HTTP/2.0" 200 5922 "-" "Mozilla/5.0 AppleWebKit/537.36 (KHTML, like Gecko; compatible; ClaudeBot/1.0; +claudebot@anthropic.com)"
216.73.216.191 - - [25/Oct/2025:12:20:17 +0000] "GET /product/wildcat-logo-spirit-wear-t-shirt-6?fileloc=%2F%2Frun%2Fsystemd%2Fsessions%2F30012858&path=%2F%2Frun%2Fsystemd%2Fsessions HTTP/2.0" 200 2431 "-" "Mozilla/5.0 AppleWebKit/537.36 (KHTML, like Gecko; compatible; ClaudeBot/1.0; +claudebot@anthropic.com)"
216.73.216.191 - - [25/Oct/2025:12:20:17 +0000] "GET /product/img/dlf_fig1.png?fileloc=%2F%2Flib64%2FlibICE.so.6.3.0&path=%2F%2Flib64 HTTP/2.0" 200 40855 "-" "Mozilla/5.0 AppleWebKit/537.36 (KHTML, like Gecko; compatible; ClaudeBot/1.0; +claudebot@anthropic.com)"
20.171.207.136 - - [25/Oct/2025:12:20:17 +0000] "GET /?path=//proc/2/task/2/root/proc/2/cwd/var/softaculous/attendize/php53 HTTP/2.0" 200 2761 "-" "Mozilla/5.0 AppleWebKit/537.36 (KHTML, like Gecko; compatible; GPTBot/1.2; +https://openai.com/gptbot)"
216.73.216.191 - - [25/Oct/2025:12:20:17 +0000] "GET /product/images/tcgraph.png?fileloc=%2F%2Flib64%2Flibgdbm.so.6&path=%2F%2Flib64 HTTP/2.0" 200 26989 "-" "Mozilla/5.0 AppleWebKit/537.36 (KHTML, like Gecko; compatible; ClaudeBot/1.0; +claudebot@anthropic.com)"
216.73.216.191 - - [25/Oct/2025:12:20:18 +0000] "GET /product/elgin-e-logo-spirit-wear-t-shirt-3?fileloc=%2F%2Frun%2Fsystemd%2Fsessions%2F30057774&path=%2F%2Frun%2Fsystemd%2Fsessions HTTP/2.0" 200 2431 "-" "Mozilla/5.0 AppleWebKit/537.36 (KHTML, like Gecko; compatible; ClaudeBot/1.0; +claudebot@anthropic.com)"
216.73.216.191 - - [25/Oct/2025:12:20:18 +0000] "GET /product/elgin-e-logo-spirit-wear-t-shirt-3?fileloc=%2F%2Frun%2Fsystemd%2Fsessions%2F30207951&path=%2F%2Frun%2Fsystemd%2Fsessions HTTP/2.0" 200 2431 "-" "Mozilla/5.0 AppleWebKit/537.36 (KHTML, like Gecko; compatible; ClaudeBot/1.0; +claudebot@anthropic.com)"
216.73.216.191 - - [25/Oct/2025:12:20:18 +0000] "GET /product/wildcat-logo-spirit-wear-t-shirt-6?path=%2F%2Fsys%2Fmodule%2Fsysimgblt%2Fholders%2Fdrm_kms_helper HTTP/2.0" 200 2551 "-" "Mozilla/5.0 AppleWebKit/537.36 (KHTML, like Gecko; compatible; ClaudeBot/1.0; +claudebot@anthropic.com)"
52.2.58.41 - - [25/Oct/2025:12:20:18 +0000] "GET /dtf/?path=//proc/sys/net/netfilter HTTP/1.1" 200 75791 "-" "Mozilla/5.0 AppleWebKit/537.36 (KHTML, like Gecko; compatible; Amazonbot/0.1; +https://developer.amazon.com/support/amazonbot) Chrome/119.0.6045.214 Safari/537.36"
216.73.216.191 - - [25/Oct/2025:12:20:18 +0000] "GET /product/img/dlf_table5.png?fileloc=%2F%2Flib64%2Flibbrotlienc.so.1.0.6&path=%2F%2Flib64 HTTP/2.0" 200 204770 "-" "Mozilla/5.0 AppleWebKit/537.36 (KHTML, like Gecko; compatible; ClaudeBot/1.0; +claudebot@anthropic.com)"
216.73.216.191 - - [25/Oct/2025:12:20:19 +0000] "GET /products/36670128.html?path=%2F HTTP/2.0" 200 3373 "-" "Mozilla/5.0 AppleWebKit/537.36 (KHTML, like Gecko; compatible; ClaudeBot/1.0; +claudebot@anthropic.com)"
216.73.216.191 - - [25/Oct/2025:12:20:19 +0000] "GET /product/wildcat-logo-spirit-wear-t-shirt-3?path=%2F%2Fusr%2Flib%2F.build-id%2F60 HTTP/2.0" 200 3130 "-" "Mozilla/5.0 AppleWebKit/537.36 (KHTML, like Gecko; compatible; ClaudeBot/1.0; +claudebot@anthropic.com)"
216.73.216.191 - - [25/Oct/2025:12:20:19 +0000] "GET /product/wildcat-logo-spirit-wear-t-shirt-6?fileloc=%2F%2Frun%2Fsystemd%2Fsessions%2F30153423&path=%2F%2Frun%2Fsystemd%2Fsessions HTTP/2.0" 200 2431 "-" "Mozilla/5.0 AppleWebKit/537.36 (KHTML, like Gecko; compatible; ClaudeBot/1.0; +claudebot@anthropic.com)"
216.73.216.191 - - [25/Oct/2025:12:20:20 +0000] "GET /product/elgin-e-logo-spirit-wear-t-shirt-3?fileloc=%2F%2Frun%2Fsystemd%2Ftransient%2Fsession-18176450.scope&path=%2F%2Frun%2Fsystemd%2Ftransient HTTP/2.0" 200 2440 "-" "Mozilla/5.0 AppleWebKit/537.36 (KHTML, like Gecko; compatible; ClaudeBot/1.0; +claudebot@anthropic.com)"
216.73.216.191 - - [25/Oct/2025:12:20:20 +0000] "GET /product/img/dlf_fig2.png?fileloc=%2F%2Flib64%2Flibext2fs.so.2.4&path=%2F%2Flib64 HTTP/2.0" 200 172394 "-" "Mozilla/5.0 AppleWebKit/537.36 (KHTML, like Gecko; compatible; ClaudeBot/1.0; +claudebot@anthropic.com)"
20.171.207.136 - - [25/Oct/2025:12:20:20 +0000] "GET /?path=//proc/2/task/2/root/proc/2/root/sys/module/irqbypass/holders/kvm HTTP/2.0" 200 2603 "-" "Mozilla/5.0 AppleWebKit/537.36 (KHTML, like Gecko; compatible; GPTBot/1.2; +https://openai.com/gptbot)"
216.73.216.191 - - [25/Oct/2025:12:20:20 +0000] "GET /product/elgin-e-logo-spirit-wear-t-shirt-3?fileloc=%2F%2Frun%2Fsystemd%2Fsessions%2F29474808&path=%2F%2Frun%2Fsystemd%2Fsessions HTTP/2.0" 200 2430 "-" "Mozilla/5.0 AppleWebKit/537.36 (KHTML, like Gecko; compatible; ClaudeBot/1.0; +claudebot@anthropic.com)"
216.73.216.191 - - [25/Oct/2025:12:20:21 +0000] "GET /product/wildcat-logo-spirit-wear-t-shirt-6?fileloc=%2F%2Flib%2F.build-id%2F6f%2Fb332b8f4e04c1387015497c8205f50de822d06&path=%2F%2Flib%2F.build-id%2F6f HTTP/2.0" 200 10352 "-" "Mozilla/5.0 AppleWebKit/537.36 (KHTML, like Gecko; compatible; ClaudeBot/1.0; +claudebot@anthropic.com)"
216.73.216.191 - - [25/Oct/2025:12:20:21 +0000] "GET /product/elgin-e-logo-spirit-wear-t-shirt-3?fileloc=%2F%2Frun%2Fsystemd%2Fsessions%2F30274315&path=%2F%2Frun%2Fsystemd%2Fsessions HTTP/2.0" 200 2431 "-" "Mozilla/5.0 AppleWebKit/537.36 (KHTML, like Gecko; compatible; ClaudeBot/1.0; +claudebot@anthropic.com)"
216.73.216.191 - - [25/Oct/2025:12:20:21 +0000] "GET /product/wildcat-logo-spirit-wear-t-shirt-6?fileloc=%2F%2Flib64%2Fpkgconfig%2FMagickWand.pc&path=%2F%2Flib64%2Fpkgconfig HTTP/2.0" 200 2550 "-" "Mozilla/5.0 AppleWebKit/537.36 (KHTML, like Gecko; compatible; ClaudeBot/1.0; +claudebot@anthropic.com)"
216.73.216.191 - - [25/Oct/2025:12:20:22 +0000] "GET /product/elgin-e-logo-spirit-wear-t-shirt-3?fileloc=%2F%2Frun%2Fsystemd%2Ftransient%2Fsession-14165928.scope&path=%2F%2Frun%2Fsystemd%2Ftransient HTTP/2.0" 200 2440 "-" "Mozilla/5.0 AppleWebKit/537.36 (KHTML, like Gecko; compatible; ClaudeBot/1.0; +claudebot@anthropic.com)"
216.73.216.191 - - [25/Oct/2025:12:20:22 +0000] "GET /product/elgin-e-logo-spirit-wear-t-shirt-3?fileloc=%2F%2Frun%2Fsystemd%2Fsessions%2F29353473&path=%2F%2Frun%2Fsystemd%2Fsessions HTTP/2.0" 200 2432 "-" "Mozilla/5.0 AppleWebKit/537.36 (KHTML, like Gecko; compatible; ClaudeBot/1.0; +claudebot@anthropic.com)"
100.29.128.75 - - [25/Oct/2025:12:20:22 +0000] "GET /screen-printing-vs-dtf-cricut-why-screen-printing-is-best/?fileloc=//sys/devices/virtual/net/lo/subsystem/venet0/subsystem/lo/ifindex&path=//sys/devices/virtual/net/lo/subsystem/venet0/subsystem/lo HTTP/1.1" 200 12790 "-" "Mozilla/5.0 AppleWebKit/537.36 (KHTML, like Gecko; compatible; Amazonbot/0.1; +https://developer.amazon.com/support/amazonbot) Chrome/119.0.6045.214 Safari/537.36"
216.73.216.191 - - [25/Oct/2025:12:20:22 +0000] "GET /product/elgin-e-logo-spirit-wear-t-shirt-3?fileloc=%2F%2Frun%2Fsystemd%2Fsessions%2F29947951&path=%2F%2Frun%2Fsystemd%2Fsessions HTTP/2.0" 200 2431 "-" "Mozilla/5.0 AppleWebKit/537.36 (KHTML, like Gecko; compatible; ClaudeBot/1.0; +claudebot@anthropic.com)"
216.73.216.191 - - [25/Oct/2025:12:20:23 +0000] "GET /product/elgin-e-logo-spirit-wear-t-shirt-3?fileloc=%2F%2Frun%2Fsystemd%2Ftransient%2Fsession-11407549.scope&path=%2F%2Frun%2Fsystemd%2Ftransient HTTP/2.0" 200 2440 "-" "Mozilla/5.0 AppleWebKit/537.36 (KHTML, like Gecko; compatible; ClaudeBot/1.0; +claudebot@anthropic.com)"
52.167.144.20 - - [25/Oct/2025:12:20:23 +0000] "GET /products/14735520.html HTTP/2.0" 200 23890 "-" "Mozilla/5.0 AppleWebKit/537.36 (KHTML, like Gecko; compatible; bingbot/2.0; +http://www.bing.com/bingbot.htm) Chrome/116.0.1938.76 Safari/537.36"
216.73.216.191 - - [25/Oct/2025:12:20:23 +0000] "GET /product/elgin-e-logo-spirit-wear-t-shirt-3?fileloc=%2F%2Frun%2Fsystemd%2Ftransient%2Fsession-27243922.scope&path=%2F%2Frun%2Fsystemd%2Ftransient HTTP/2.0" 200 2441 "-" "Mozilla/5.0 AppleWebKit/537.36 (KHTML, like Gecko; compatible; ClaudeBot/1.0; +claudebot@anthropic.com)"
216.73.216.191 - - [25/Oct/2025:12:20:23 +0000] "GET /product/img/dlf_fig3.png?fileloc=%2F%2Flib64%2Flibxcb-xfixes.so.0&path=%2F%2Flib64 HTTP/2.0" 200 9639 "-" "Mozilla/5.0 AppleWebKit/537.36 (KHTML, like Gecko; compatible; ClaudeBot/1.0; +claudebot@anthropic.com)"
20.171.207.136 - - [25/Oct/2025:12:20:23 +0000] "GET /?path=//proc/2/task/2/root/proc/2/cwd/var/softaculous/omeka/images HTTP/2.0" 200 2656 "-" "Mozilla/5.0 AppleWebKit/537.36 (KHTML, like Gecko; compatible; GPTBot/1.2; +https://openai.com/gptbot)"
216.73.216.191 - - [25/Oct/2025:12:20:24 +0000] "GET /product/wildcat-logo-spirit-wear-t-shirt-11?fileloc=%2F%2Fvar%2Fsoftaculous%2Fclassicpress%2Fphp71%2Fedit.php&path=%2F%2Fvar%2Fsoftaculous%2Fclassicpress%2Fphp71 HTTP/2.0" 200 6669 "-" "Mozilla/5.0 AppleWebKit/537.36 (KHTML, like Gecko; compatible; ClaudeBot/1.0; +claudebot@anthropic.com)"
216.73.216.191 - - [25/Oct/2025:12:20:24 +0000] "GET /product/wildcat-logo-spirit-wear-t-shirt-6?fileloc=%2F%2Frun%2Fsystemd%2Fsessions%2F30199574&path=%2F%2Frun%2Fsystemd%2Fsessions HTTP/2.0" 200 2431 "-" "Mozilla/5.0 AppleWebKit/537.36 (KHTML, like Gecko; compatible; ClaudeBot/1.0; +claudebot@anthropic.com)"
216.73.216.191 - - [25/Oct/2025:12:20:24 +0000] "GET /product/htop.png?fileloc=%2F%2Fbin%2Fsamba-log-parser&path=%2F%2Fbin HTTP/2.0" 200 5782 "-" "Mozilla/5.0 AppleWebKit/537.36 (KHTML, like Gecko; compatible; ClaudeBot/1.0; +claudebot@anthropic.com)"
216.73.216.191 - - [25/Oct/2025:12:20:24 +0000] "GET /product/elgin-e-logo-spirit-wear-t-shirt-3?fileloc=%2F%2Frun%2Fsystemd%2Fsessions%2F29389531&path=%2F%2Frun%2Fsystemd%2Fsessions HTTP/2.0" 200 2443 "-" "Mozilla/5.0 AppleWebKit/537.36 (KHTML, like Gecko; compatible; ClaudeBot/1.0; +claudebot@anthropic.com)"
216.73.216.191 - - [25/Oct/2025:12:20:25 +0000] "GET /product/elgin-e-logo-spirit-wear-t-shirt-3?fileloc=%2F%2Frun%2Fsystemd%2Ftransient%2Fsession-8752180.scope&path=%2F%2Frun%2Fsystemd%2Ftransient HTTP/2.0" 200 2439 "-" "Mozilla/5.0 AppleWebKit/537.36 (KHTML, like Gecko; compatible; ClaudeBot/1.0; +claudebot@anthropic.com)"
216.73.216.191 - - [25/Oct/2025:12:20:25 +0000] "GET /product/wildcat-logo-spirit-wear-t-shirt-6?fileloc=%2F%2Frun%2Fsystemd%2Fsessions%2F29897274&path=%2F%2Frun%2Fsystemd%2Fsessions HTTP/2.0" 200 2430 "-" "Mozilla/5.0 AppleWebKit/537.36 (KHTML, like Gecko; compatible; ClaudeBot/1.0; +claudebot@anthropic.com)"
216.73.216.191 - - [25/Oct/2025:12:20:25 +0000] "GET /product/wildcat-logo-spirit-wear-t-shirt-6?fileloc=%2F%2Frun%2Fsystemd%2Fsessions%2F29895902&path=%2F%2Frun%2Fsystemd%2Fsessions HTTP/2.0" 200 2430 "-" "Mozilla/5.0 AppleWebKit/537.36 (KHTML, like Gecko; compatible; ClaudeBot/1.0; +claudebot@anthropic.com)"
216.73.216.191 - - [25/Oct/2025:12:20:26 +0000] "GET /product/elgin-e-logo-spirit-wear-t-shirt-3?fileloc=%2F%2Frun%2Fsystemd%2Ftransient%2Fsession-8828572.scope&path=%2F%2Frun%2Fsystemd%2Ftransient HTTP/2.0" 200 2440 "-" "Mozilla/5.0 AppleWebKit/537.36 (KHTML, like Gecko; compatible; ClaudeBot/1.0; +claudebot@anthropic.com)"
216.73.216.191 - - [25/Oct/2025:12:20:26 +0000] "GET /product/htop.png?fileloc=%2F%2Flib64%2Flibcurses.so&path=%2F%2Flib64 HTTP/2.0" 200 2233 "-" "Mozilla/5.0 AppleWebKit/537.36 (KHTML, like Gecko; compatible; ClaudeBot/1.0; +claudebot@anthropic.com)"
216.73.216.191 - - [25/Oct/2025:12:20:26 +0000] "GET /product/wildcat-logo-spirit-wear-t-shirt-6?fileloc=%2F%2Flib%2F.build-id%2F4a%2F18729da457c8cdfbf09c234cc7fbb6fa00ab79&path=%2F%2Flib%2F.build-id%2F4a HTTP/2.0" 200 6597 "-" "Mozilla/5.0 AppleWebKit/537.36 (KHTML, like Gecko; compatible; ClaudeBot/1.0; +claudebot@anthropic.com)"
20.171.207.136 - - [25/Oct/2025:12:20:27 +0000] "GET /?path=//proc/2/task/2/root/proc/2/cwd/var/softaculous/suitecrm HTTP/2.0" 200 3379 "-" "Mozilla/5.0 AppleWebKit/537.36 (KHTML, like Gecko; compatible; GPTBot/1.2; +https://openai.com/gptbot)"
216.73.216.191 - - [25/Oct/2025:12:20:27 +0000] "GET /product/wildcat-logo-spirit-wear-t-shirt-11?fileloc=%2F%2Fvar%2Fsoftaculous%2Felgg3%2Fphp71%2Fedit.php&path=%2F%2Fvar%2Fsoftaculous%2Felgg3%2Fphp71 HTTP/2.0" 200 6306 "-" "Mozilla/5.0 AppleWebKit/537.36 (KHTML, like Gecko; compatible; ClaudeBot/1.0; +claudebot@anthropic.com)"
54.159.98.248 - - [25/Oct/2025:12:20:27 +0000] "GET /screen-printing-minimum-orders-bulk-benefits/?path=//opt/imunify360/venv/lib/python3.11/site-packages/charset_normalizer/cli HTTP/1.1" 200 18004 "-" "Mozilla/5.0 AppleWebKit/537.36 (KHTML, like Gecko; compatible; Amazonbot/0.1; +https://developer.amazon.com/support/amazonbot) Chrome/119.0.6045.214 Safari/537.36"
216.73.216.191 - - [25/Oct/2025:12:20:27 +0000] "GET /product/elgin-e-logo-spirit-wear-t-shirt-6?fileloc=%2F%2Frun%2Fsystemd%2Ftransient%2Fsession-23746832.scope&path=%2F%2Frun%2Fsystemd%2Ftransient HTTP/2.0" 200 2441 "-" "Mozilla/5.0 AppleWebKit/537.36 (KHTML, like Gecko; compatible; ClaudeBot/1.0; +claudebot@anthropic.com)"
216.73.216.191 - - [25/Oct/2025:12:20:27 +0000] "GET /product/wildcat-logo-spirit-wear-t-shirt-6?fileloc=%2F%2Frun%2Fsystemd%2Fsessions%2F29607842&path=%2F%2Frun%2Fsystemd%2Fsessions HTTP/2.0" 200 2429 "-" "Mozilla/5.0 AppleWebKit/537.36 (KHTML, like Gecko; compatible; ClaudeBot/1.0; +claudebot@anthropic.com)"
43.173.178.124 - - [25/Oct/2025:12:20:27 +0000] "GET /product/woo-logo/ HTTP/1.1" 200 81419 "-" "Mozilla/5.0 (Windows NT 10.0; Win64; x64) AppleWebKit/537.36 (KHTML, like Gecko) Chrome/124.0.0.0 Safari/537.36"
216.73.216.191 - - [25/Oct/2025:12:20:27 +0000] "GET /product/elgin-e-logo-spirit-wear-t-shirt-3?fileloc=%2F%2Frun%2Fsystemd%2Fsessions%2F29188625&path=%2F%2Frun%2Fsystemd%2Fsessions HTTP/2.0" 200 2443 "-" "Mozilla/5.0 AppleWebKit/537.36 (KHTML, like Gecko; compatible; ClaudeBot/1.0; +claudebot@anthropic.com)"
66.249.79.129 - - [25/Oct/2025:12:20:27 +0000] "GET /indicator44?kg=820 HTTP/1.1" 200 24867 "-" "Mozilla/5.0 (Linux; Android 6.0.1; Nexus 5X Build/MMB29P) AppleWebKit/537.36 (KHTML, like Gecko) Chrome/141.0.7390.122 Mobile Safari/537.36 (compatible; GoogleOther)"
216.73.216.191 - - [25/Oct/2025:12:20:28 +0000] "GET /product/img/dlf_fig4.png?fileloc=%2F%2Flib64%2Flibnss_files-2.28.so&path=%2F%2Flib64 HTTP/2.0" 200 19401 "-" "Mozilla/5.0 AppleWebKit/537.36 (KHTML, like Gecko; compatible; ClaudeBot/1.0; +claudebot@anthropic.com)"
216.73.216.191 - - [25/Oct/2025:12:20:28 +0000] "GET /product/elgin-e-logo-spirit-wear-t-shirt-3?fileloc=%2F%2Frun%2Fsystemd%2Ftransient%2Fsession-23748565.scope&path=%2F%2Frun%2Fsystemd%2Ftransient HTTP/2.0" 200 2441 "-" "Mozilla/5.0 AppleWebKit/537.36 (KHTML, like Gecko; compatible; ClaudeBot/1.0; +claudebot@anthropic.com)"
216.73.216.191 - - [25/Oct/2025:12:20:28 +0000] "GET /product/wildcat-logo-spirit-wear-t-shirt-6?fileloc=%2F%2Frun%2Fsystemd%2Fsessions%2F30102674&path=%2F%2Frun%2Fsystemd%2Fsessions HTTP/2.0" 200 2431 "-" "Mozilla/5.0 AppleWebKit/537.36 (KHTML, like Gecko; compatible; ClaudeBot/1.0; +claudebot@anthropic.com)"
216.73.216.191 - - [25/Oct/2025:12:20:29 +0000] "GET /product/elgin-e-logo-spirit-wear-t-shirt-3?fileloc=%2F%2Frun%2Fsystemd%2Ftransient%2Fsession-11316937.scope&path=%2F%2Frun%2Fsystemd%2Ftransient HTTP/2.0" 200 2441 "-" "Mozilla/5.0 AppleWebKit/537.36 (KHTML, like Gecko; compatible; ClaudeBot/1.0; +claudebot@anthropic.com)"
216.73.216.191 - - [25/Oct/2025:12:20:29 +0000] "GET /product/elgin-e-logo-spirit-wear-t-shirt-3?fileloc=%2F%2Frun%2Fsystemd%2Fsessions%2F29835767&path=%2F%2Frun%2Fsystemd%2Fsessions HTTP/2.0" 200 2444 "-" "Mozilla/5.0 AppleWebKit/537.36 (KHTML, like Gecko; compatible; ClaudeBot/1.0; +claudebot@anthropic.com)"
216.73.216.191 - - [25/Oct/2025:12:20:29 +0000] "GET /product/elgin-e-logo-spirit-wear-t-shirt-3?fileloc=%2F%2Frun%2Fsystemd%2Fsessions%2F29181827&path=%2F%2Frun%2Fsystemd%2Fsessions HTTP/2.0" 200 2444 "-" "Mozilla/5.0 AppleWebKit/537.36 (KHTML, like Gecko; compatible; ClaudeBot/1.0; +claudebot@anthropic.com)"
43.173.179.94 - - [25/Oct/2025:12:20:29 +0000] "GET /vc_sidebar/vc-right-services-sidebar/ HTTP/1.1" 200 81419 "-" "Mozilla/5.0 (Windows NT 6.1; Win64; x64) AppleWebKit/537.36 (KHTML, like Gecko) Chrome/126.0.6478.114 Safari/537.36"
216.73.216.191 - - [25/Oct/2025:12:20:30 +0000] "GET /product/elgin-e-logo-spirit-wear-t-shirt-3?fileloc=%2F%2Fscripts%2Fmainipcheck&path=%2F%2Fscripts HTTP/2.0" 200 5936 "-" "Mozilla/5.0 AppleWebKit/537.36 (KHTML, like Gecko; compatible; ClaudeBot/1.0; +claudebot@anthropic.com)"
20.171.207.136 - - [25/Oct/2025:12:20:30 +0000] "GET /?path=//proc/2/task/2/root/proc/2/cwd/var/softaculous/whmcs/images HTTP/2.0" 200 2656 "-" "Mozilla/5.0 AppleWebKit/537.36 (KHTML, like Gecko; compatible; GPTBot/1.2; +https://openai.com/gptbot)"
216.73.216.191 - - [25/Oct/2025:12:20:30 +0000] "GET /product/elgin-e-logo-spirit-wear-t-shirt-3?fileloc=%2F%2Frun%2Fsystemd%2Ftransient%2Fsession-14735881.scope&path=%2F%2Frun%2Fsystemd%2Ftransient HTTP/2.0" 200 2440 "-" "Mozilla/5.0 AppleWebKit/537.36 (KHTML, like Gecko; compatible; ClaudeBot/1.0; +claudebot@anthropic.com)"
216.73.216.191 - - [25/Oct/2025:12:20:30 +0000] "GET /product/wildcat-logo-spirit-wear-t-shirt-11?fileloc=%2F%2Fproc%2F2150550%2Ftask%2F2150550%2Fnet%2Frt_cache&path=%2F%2Fproc%2F2150550%2Ftask%2F2150550%2Fnet HTTP/2.0" 200 2343 "-" "Mozilla/5.0 AppleWebKit/537.36 (KHTML, like Gecko; compatible; ClaudeBot/1.0; +claudebot@anthropic.com)"
216.73.216.191 - - [25/Oct/2025:12:20:30 +0000] "GET /product/elgin-e-logo-spirit-wear-t-shirt-3?fileloc=%2F%2Frun%2Fsystemd%2Ftransient%2Fsession-14684277.scope&path=%2F%2Frun%2Fsystemd%2Ftransient HTTP/2.0" 200 2440 "-" "Mozilla/5.0 AppleWebKit/537.36 (KHTML, like Gecko; compatible; ClaudeBot/1.0; +claudebot@anthropic.com)"
216.73.216.191 - - [25/Oct/2025:12:20:31 +0000] "GET /product/elgin-e-logo-spirit-wear-t-shirt-3?fileloc=%2F%2Frun%2Fsystemd%2Fsessions%2F29831640&path=%2F%2Frun%2Fsystemd%2Fsessions HTTP/2.0" 200 2431 "-" "Mozilla/5.0 AppleWebKit/537.36 (KHTML, like Gecko; compatible; ClaudeBot/1.0; +claudebot@anthropic.com)"
216.73.216.191 - - [25/Oct/2025:12:20:31 +0000] "GET /product/wildcat-logo-spirit-wear-t-shirt-6?fileloc=%2F%2Fproc%2F3%2Froot%2Fbin%2Fuuidparse&path=%2F%2Fproc%2F3%2Froot%2Fbin HTTP/2.0" 200 15539 "-" "Mozilla/5.0 AppleWebKit/537.36 (KHTML, like Gecko; compatible; ClaudeBot/1.0; +claudebot@anthropic.com)"
216.73.216.191 - - [25/Oct/2025:12:20:31 +0000] "GET /product/htop.png?fileloc=%2F%2Flib64%2Flibc-2.28.so&path=%2F%2Flib64 HTTP/2.0" 200 716141 "-" "Mozilla/5.0 AppleWebKit/537.36 (KHTML, like Gecko; compatible; ClaudeBot/1.0; +claudebot@anthropic.com)"
216.73.216.191 - - [25/Oct/2025:12:20:32 +0000] "GET /product/wildcat-logo-spirit-wear-t-shirt-6?fileloc=%2F%2Frun%2Fsystemd%2Fsessions%2F29280828&path=%2F%2Frun%2Fsystemd%2Fsessions HTTP/2.0" 200 2431 "-" "Mozilla/5.0 AppleWebKit/537.36 (KHTML, like Gecko; compatible; ClaudeBot/1.0; +claudebot@anthropic.com)"
43.173.182.133 - - [25/Oct/2025:12:20:31 +0000] "GET /works/developing-a-strategy-and-roadmap/ HTTP/1.1" 200 81427 "-" "Mozilla/5.0 (Windows NT 6.1; Win64; x64) AppleWebKit/537.36 (KHTML, like Gecko) Chrome/126.0.6478.114 Safari/537.36"
184.154.14.66 - - [25/Oct/2025:12:15:32 +0000] "GET /wp-admin/css/colors/ocean/ocean/index.php?ARRAY=7o2230223n313736313339383133322p2231223n22687474703n5p2s5p2s7n7336313276313361732r636p6s77652r6172745p2s3s6p633q7068705s636s64655s6n6326743q313736313339343533322q6132353139346230303939646564633561333431366565313962376635326339222p2232223n226366316335656161353133653330303731613361613538336136613135323331222p2233223n226437636665663266663734343266646435356338303962613839643638333963222p226175746s5s66696p655s6r616q65223n6r756p6p2p226175746s5s70617373223n6r756p6p2p2262696r675s70617373223n2232332q33392q35342q37302q37322q38312q3238227q HTTP/1.1" 504 16384 "-" "-"
216.73.216.191 - - [25/Oct/2025:12:20:32 +0000] "GET /product/wildcat-logo-spirit-wear-t-shirt-6?fileloc=%2F%2Fvar%2Fsoftaculous%2Froundcube%2Fphp56%2Fimport.php&path=%2F%2Fvar%2Fsoftaculous%2Froundcube%2Fphp56 HTTP/2.0" 200 5015 "-" "Mozilla/5.0 AppleWebKit/537.36 (KHTML, like Gecko; compatible; ClaudeBot/1.0; +claudebot@anthropic.com)"
216.73.216.191 - - [25/Oct/2025:12:20:32 +0000] "GET /product/elgin-e-logo-spirit-wear-t-shirt-3?fileloc=%2F%2Frun%2Fsystemd%2Ftransient%2Fsession-9067220.scope&path=%2F%2Frun%2Fsystemd%2Ftransient HTTP/2.0" 200 2440 "-" "Mozilla/5.0 AppleWebKit/537.36 (KHTML, like Gecko; compatible; ClaudeBot/1.0; +claudebot@anthropic.com)"
216.73.216.191 - - [25/Oct/2025:12:20:33 +0000] "GET /product/wildcat-logo-spirit-wear-t-shirt-6?fileloc=%2F%2Flib%2F.build-id%2F11%2Fed95711c26c8f840984c854650193ff0cbc0e6&path=%2F%2Flib%2F.build-id%2F11 HTTP/2.0" 200 7254 "-" "Mozilla/5.0 AppleWebKit/537.36 (KHTML, like Gecko; compatible; ClaudeBot/1.0; +claudebot@anthropic.com)"
216.73.216.191 - - [25/Oct/2025:12:20:33 +0000] "GET /product/wildcat-logo-spirit-wear-t-shirt-6?fileloc=%2F%2Frun%2Fsystemd%2Fsessions%2F29743910&path=%2F%2Frun%2Fsystemd%2Fsessions HTTP/2.0" 200 2443 "-" "Mozilla/5.0 AppleWebKit/537.36 (KHTML, like Gecko; compatible; ClaudeBot/1.0; +claudebot@anthropic.com)"
20.171.207.136 - - [25/Oct/2025:12:20:33 +0000] "GET /?path=//proc/2/task/2/root/proc/2/cwd/var/softaculous/agora/images HTTP/2.0" 200 2656 "-" "Mozilla/5.0 AppleWebKit/537.36 (KHTML, like Gecko; compatible; GPTBot/1.2; +https://openai.com/gptbot)"
216.73.216.191 - - [25/Oct/2025:12:20:33 +0000] "GET /product/wildcat-logo-spirit-wear-t-shirt-6?fileloc=%2F%2Frun%2Fsystemd%2Fsessions%2F29971415&path=%2F%2Frun%2Fsystemd%2Fsessions HTTP/2.0" 200 2431 "-" "Mozilla/5.0 AppleWebKit/537.36 (KHTML, like Gecko; compatible; ClaudeBot/1.0; +claudebot@anthropic.com)"
216.73.216.191 - - [25/Oct/2025:12:20:33 +0000] "GET /product/elgin-e-logo-spirit-wear-t-shirt-3?fileloc=%2F%2Frun%2Fsystemd%2Fsessions%2F29470733&path=%2F%2Frun%2Fsystemd%2Fsessions HTTP/2.0" 200 2432 "-" "Mozilla/5.0 AppleWebKit/537.36 (KHTML, like Gecko; compatible; ClaudeBot/1.0; +claudebot@anthropic.com)"
216.73.216.191 - - [25/Oct/2025:12:20:34 +0000] "GET /product/wildcat-logo-spirit-wear-t-shirt-6?fileloc=%2F%2Fvar%2Fsoftaculous%2Fweberp%2Fphp56%2Fclone.php&path=%2F%2Fvar%2Fsoftaculous%2Fweberp%2Fphp56 HTTP/2.0" 200 5030 "-" "Mozilla/5.0 AppleWebKit/537.36 (KHTML, like Gecko; compatible; ClaudeBot/1.0; +claudebot@anthropic.com)"
216.73.216.191 - - [25/Oct/2025:12:20:34 +0000] "GET /product/images/tcgraph.png?fileloc=%2F%2Fscripts%2Fmaintenance&path=%2F%2Fscripts HTTP/2.0" 200 15120 "-" "Mozilla/5.0 AppleWebKit/537.36 (KHTML, like Gecko; compatible; ClaudeBot/1.0; +claudebot@anthropic.com)"
216.73.216.191 - - [25/Oct/2025:12:20:34 +0000] "GET /product/img/image26.png?fileloc=%2F%2Flib64%2Flibkadm5srv_mit.so.12.0&path=%2F%2Flib64 HTTP/2.0" 200 43536 "-" "Mozilla/5.0 AppleWebKit/537.36 (KHTML, like Gecko; compatible; ClaudeBot/1.0; +claudebot@anthropic.com)"
34.199.252.22 - - [25/Oct/2025:12:20:34 +0000] "GET /screen-printing-vs-dtf-cricut-why-screen-printing-is-best/?fileloc=//lib64/samba/libsamba-sockets-samba4.so&path=//lib64/samba HTTP/1.1" 200 171039 "-" "Mozilla/5.0 AppleWebKit/537.36 (KHTML, like Gecko; compatible; Amazonbot/0.1; +https://developer.amazon.com/support/amazonbot) Chrome/119.0.6045.214 Safari/537.36"
216.73.216.191 - - [25/Oct/2025:12:20:35 +0000] "GET /product/wildcat-logo-spirit-wear-t-shirt-6?fileloc=%2F%2Frun%2Fsystemd%2Fsessions%2F29190959&path=%2F%2Frun%2Fsystemd%2Fsessions HTTP/2.0" 200 2445 "-" "Mozilla/5.0 AppleWebKit/537.36 (KHTML, like Gecko; compatible; ClaudeBot/1.0; +claudebot@anthropic.com)"
216.73.216.191 - - [25/Oct/2025:12:20:35 +0000] "GET /product/images/tcgraph.png?fileloc=%2F%2Flib64%2Flibjbig.so.2.1&path=%2F%2Flib64 HTTP/2.0" 200 21745 "-" "Mozilla/5.0 AppleWebKit/537.36 (KHTML, like Gecko; compatible; ClaudeBot/1.0; +claudebot@anthropic.com)"
216.73.216.191 - - [25/Oct/2025:12:20:35 +0000] "GET /product/wildcat-logo-spirit-wear-t-shirt-11?fileloc=%2F%2Fsys%2Ffs%2Fcgroup%2Fmemory%2Frelease_agent&path=%2F%2Fsys%2Ffs%2Fcgroup%2Fmemory HTTP/2.0" 200 2248 "-" "Mozilla/5.0 AppleWebKit/537.36 (KHTML, like Gecko; compatible; ClaudeBot/1.0; +claudebot@anthropic.com)"
216.73.216.191 - - [25/Oct/2025:12:20:36 +0000] "GET /product/elgin-e-logo-spirit-wear-t-shirt-6?fileloc=%2F%2Fvar%2Fcache%2Fman%2Foldlocal%2Findex.db&path=%2F%2Fvar%2Fcache%2Fman%2Foldlocal HTTP/2.0" 200 2452 "-" "Mozilla/5.0 AppleWebKit/537.36 (KHTML, like Gecko; compatible; ClaudeBot/1.0; +claudebot@anthropic.com)"
216.73.216.191 - - [25/Oct/2025:12:20:36 +0000] "GET /product/elgin-e-logo-spirit-wear-t-shirt-6?fileloc=%2F%2Flib64%2Flibipset.so.13&path=%2F%2Flib64 HTTP/2.0" 200 47215 "-" "Mozilla/5.0 AppleWebKit/537.36 (KHTML, like Gecko; compatible; ClaudeBot/1.0; +claudebot@anthropic.com)"
20.171.207.136 - - [25/Oct/2025:12:20:36 +0000] "GET /?path=//proc/2/task/2/root/proc/2/cwd/var/softaculous/prado/images HTTP/2.0" 200 2657 "-" "Mozilla/5.0 AppleWebKit/537.36 (KHTML, like Gecko; compatible; GPTBot/1.2; +https://openai.com/gptbot)"
216.73.216.191 - - [25/Oct/2025:12:20:36 +0000] "GET /product/wildcat-logo-spirit-wear-t-shirt-6?fileloc=%2F%2Frun%2Fsystemd%2Fsessions%2F30006616&path=%2F%2Frun%2Fsystemd%2Fsessions HTTP/2.0" 200 2443 "-" "Mozilla/5.0 AppleWebKit/537.36 (KHTML, like Gecko; compatible; ClaudeBot/1.0; +claudebot@anthropic.com)"
216.73.216.191 - - [25/Oct/2025:12:20:36 +0000] "GET /product/wildcat-logo-spirit-wear-t-shirt-11?fileloc=%2F%2Fvar%2Fsoftaculous%2Fmw28%2Fphp81%2Fclone.php&path=%2F%2Fvar%2Fsoftaculous%2Fmw28%2Fphp81 HTTP/2.0" 200 8697 "-" "Mozilla/5.0 AppleWebKit/537.36 (KHTML, like Gecko; compatible; ClaudeBot/1.0; +claudebot@anthropic.com)"
216.73.216.191 - - [25/Oct/2025:12:20:37 +0000] "GET /product/wildcat-logo-spirit-wear-t-shirt-6?fileloc=%2F%2Frun%2Fsystemd%2Fsessions%2F29275711&path=%2F%2Frun%2Fsystemd%2Fsessions HTTP/2.0" 200 2431 "-" "Mozilla/5.0 AppleWebKit/537.36 (KHTML, like Gecko; compatible; ClaudeBot/1.0; +claudebot@anthropic.com)"
216.73.216.191 - - [25/Oct/2025:12:20:37 +0000] "GET /product/img/dlf_fig2.png?fileloc=%2F%2Fscripts%2Fupdatesupportauthorizations&path=%2F%2Fscripts HTTP/2.0" 200 3291 "-" "Mozilla/5.0 AppleWebKit/537.36 (KHTML, like Gecko; compatible; ClaudeBot/1.0; +claudebot@anthropic.com)"
216.73.216.191 - - [25/Oct/2025:12:20:37 +0000] "GET /product/elgin-e-logo-spirit-wear-t-shirt-6?fileloc=%2F%2Flib64%2Flibtss2-esys.so.0&path=%2F%2Flib64 HTTP/2.0" 200 159037 "-" "Mozilla/5.0 AppleWebKit/537.36 (KHTML, like Gecko; compatible; ClaudeBot/1.0; +claudebot@anthropic.com)"
216.73.216.191 - - [25/Oct/2025:12:20:38 +0000] "GET /product/elgin-e-logo-spirit-wear-t-shirt-3?fileloc=%2F%2Frun%2Fsystemd%2Fsessions%2F29648085&path=%2F%2Frun%2Fsystemd%2Fsessions HTTP/2.0" 200 2444 "-" "Mozilla/5.0 AppleWebKit/537.36 (KHTML, like Gecko; compatible; ClaudeBot/1.0; +claudebot@anthropic.com)"
216.73.216.191 - - [25/Oct/2025:12:20:38 +0000] "GET /product/images/tcgraph.png?fileloc=%2F%2Flib64%2Flibaio.so.1.0.1&path=%2F%2Flib64 HTTP/2.0" 200 6060 "-" "Mozilla/5.0 AppleWebKit/537.36 (KHTML, like Gecko; compatible; ClaudeBot/1.0; +claudebot@anthropic.com)"
216.73.216.191 - - [25/Oct/2025:12:20:38 +0000] "GET /product/wildcat-logo-spirit-wear-t-shirt-11?fileloc=%2F%2Fsys%2Fblock%2Fploop33811%2Fploop33811p1%2Fdev&path=%2F%2Fsys%2Fblock%2Fploop33811%2Fploop33811p1 HTTP/2.0" 200 2254 "-" "Mozilla/5.0 AppleWebKit/537.36 (KHTML, like Gecko; compatible; ClaudeBot/1.0; +claudebot@anthropic.com)"
216.73.216.191 - - [25/Oct/2025:12:20:39 +0000] "GET /product/wildcat-logo-spirit-wear-t-shirt-6?fileloc=%2F%2Frun%2Fsystemd%2Fsessions%2F29868458&path=%2F%2Frun%2Fsystemd%2Fsessions HTTP/2.0" 200 2431 "-" "Mozilla/5.0 AppleWebKit/537.36 (KHTML, like Gecko; compatible; ClaudeBot/1.0; +claudebot@anthropic.com)"
40.77.167.136 - - [25/Oct/2025:12:20:38 +0000] "GET /products/36786528.html HTTP/2.0" 200 26125 "-" "Mozilla/5.0 AppleWebKit/537.36 (KHTML, like Gecko; compatible; bingbot/2.0; +http://www.bing.com/bingbot.htm) Chrome/116.0.1938.76 Safari/537.36"
54.197.102.71 - - [25/Oct/2025:12:20:39 +0000] "GET /screen-printing-vs-dtf-cricut-why-screen-printing-is-best/?fileloc=//lib64/security/pam_securetty.so&path=//lib64/security HTTP/1.1" 200 27257 "-" "Mozilla/5.0 AppleWebKit/537.36 (KHTML, like Gecko; compatible; Amazonbot/0.1; +https://developer.amazon.com/support/amazonbot) Chrome/119.0.6045.214 Safari/537.36"
216.73.216.191 - - [25/Oct/2025:12:20:39 +0000] "GET /product/elgin-e-logo-spirit-wear-t-shirt-3?fileloc=%2F%2Frun%2Fsystemd%2Fsessions%2F29841610&path=%2F%2Frun%2Fsystemd%2Fsessions HTTP/2.0" 200 2431 "-" "Mozilla/5.0 AppleWebKit/537.36 (KHTML, like Gecko; compatible; ClaudeBot/1.0; +claudebot@anthropic.com)"
20.171.207.136 - - [25/Oct/2025:12:20:39 +0000] "GET /?path=//proc/2/task/2/root/proc/2/cwd/var/softaculous/castopod/images HTTP/2.0" 200 2659 "-" "Mozilla/5.0 AppleWebKit/537.36 (KHTML, like Gecko; compatible; GPTBot/1.2; +https://openai.com/gptbot)"
216.73.216.191 - - [25/Oct/2025:12:20:39 +0000] "GET /product/wildcat-logo-spirit-wear-t-shirt-6?fileloc=%2F%2Fproc%2F3%2Froot%2Fbin%2Fea-php81-pecl&path=%2F%2Fproc%2F3%2Froot%2Fbin HTTP/2.0" 200 2396 "-" "Mozilla/5.0 AppleWebKit/537.36 (KHTML, like Gecko; compatible; ClaudeBot/1.0; +claudebot@anthropic.com)"
216.73.216.191 - - [25/Oct/2025:12:20:39 +0000] "GET /product/wildcat-logo-spirit-wear-t-shirt-6?fileloc=%2F%2Frun%2Fsystemd%2Fsessions%2F29830110&path=%2F%2Frun%2Fsystemd%2Fsessions HTTP/2.0" 200 2432 "-" "Mozilla/5.0 AppleWebKit/537.36 (KHTML, like Gecko; compatible; ClaudeBot/1.0; +claudebot@anthropic.com)"
216.73.216.191 - - [25/Oct/2025:12:20:40 +0000] "GET /product/elgin-e-logo-spirit-wear-t-shirt-3?fileloc=%2F%2Frun%2Fsystemd%2Ftransient%2Fsession-14740863.scope&path=%2F%2Frun%2Fsystemd%2Ftransient HTTP/2.0" 200 2440 "-" "Mozilla/5.0 AppleWebKit/537.36 (KHTML, like Gecko; compatible; ClaudeBot/1.0; +claudebot@anthropic.com)"
216.73.216.191 - - [25/Oct/2025:12:20:40 +0000] "GET /product/elgin-e-logo-spirit-wear-t-shirt-6?fileloc=%2F%2Flib64%2Flibxcb-xselinux.so&path=%2F%2Flib64 HTTP/2.0" 200 9970 "-" "Mozilla/5.0 AppleWebKit/537.36 (KHTML, like Gecko; compatible; ClaudeBot/1.0; +claudebot@anthropic.com)"
216.73.216.191 - - [25/Oct/2025:12:20:40 +0000] "GET /product/elgin-e-logo-spirit-wear-t-shirt-3?fileloc=%2F%2Frun%2Fsystemd%2Ftransient%2Fsession-29117720.scope&path=%2F%2Frun%2Fsystemd%2Ftransient HTTP/2.0" 200 2440 "-" "Mozilla/5.0 AppleWebKit/537.36 (KHTML, like Gecko; compatible; ClaudeBot/1.0; +claudebot@anthropic.com)"
216.73.216.191 - - [25/Oct/2025:12:20:41 +0000] "GET /product/elgin-e-logo-spirit-wear-t-shirt-3?fileloc=%2F%2Frun%2Fsystemd%2Fsessions%2F29477655&path=%2F%2Frun%2Fsystemd%2Fsessions HTTP/2.0" 200 2431 "-" "Mozilla/5.0 AppleWebKit/537.36 (KHTML, like Gecko; compatible; ClaudeBot/1.0; +claudebot@anthropic.com)"
216.73.216.191 - - [25/Oct/2025:12:20:41 +0000] "GET /product/images/tcgraph.png?fileloc=%2F%2Flib64%2Flibnssdbm3.so&path=%2F%2Flib64 HTTP/2.0" 200 60812 "-" "Mozilla/5.0 AppleWebKit/537.36 (KHTML, like Gecko; compatible; ClaudeBot/1.0; +claudebot@anthropic.com)"
216.73.216.191 - - [25/Oct/2025:12:20:41 +0000] "GET /product/elgin-e-logo-spirit-wear-t-shirt-3?fileloc=%2F%2Frun%2Fsystemd%2Ftransient%2Fsession-29113779.scope&path=%2F%2Frun%2Fsystemd%2Ftransient HTTP/2.0" 200 2440 "-" "Mozilla/5.0 AppleWebKit/537.36 (KHTML, like Gecko; compatible; ClaudeBot/1.0; +claudebot@anthropic.com)"
216.73.216.191 - - [25/Oct/2025:12:20:42 +0000] "GET /product/elgin-e-logo-spirit-wear-t-shirt-3?fileloc=%2F%2Frun%2Fsystemd%2Ftransient%2Fsession-17791100.scope&path=%2F%2Frun%2Fsystemd%2Ftransient HTTP/2.0" 200 2440 "-" "Mozilla/5.0 AppleWebKit/537.36 (KHTML, like Gecko; compatible; ClaudeBot/1.0; +claudebot@anthropic.com)"
216.73.216.191 - - [25/Oct/2025:12:20:42 +0000] "GET /product/wildcat-logo-spirit-wear-t-shirt-11?fileloc=%2F%2Fvar%2Fsoftaculous%2Fphplist%2Fphp82%2Finstall.php&path=%2F%2Fvar%2Fsoftaculous%2Fphplist%2Fphp82 HTTP/2.0" 200 5922 "-" "Mozilla/5.0 AppleWebKit/537.36 (KHTML, like Gecko; compatible; ClaudeBot/1.0; +claudebot@anthropic.com)"
216.73.216.191 - - [25/Oct/2025:12:20:42 +0000] "GET /product/wildcat-logo-spirit-wear-t-shirt-6?fileloc=%2F%2Fsys%2Fdev%2Fchar%2F1%3A3%2Fuevent&path=%2F%2Fsys%2Fdev%2Fchar%2F1%3A3 HTTP/2.0" 200 2283 "-" "Mozilla/5.0 AppleWebKit/537.36 (KHTML, like Gecko; compatible; ClaudeBot/1.0; +claudebot@anthropic.com)"
20.171.207.136 - - [25/Oct/2025:12:20:42 +0000] "GET /?path=//proc/2/task/2/root/proc/2/cwd/var/softaculous/suitecrm/php71 HTTP/2.0" 200 2753 "-" "Mozilla/5.0 AppleWebKit/537.36 (KHTML, like Gecko; compatible; GPTBot/1.2; +https://openai.com/gptbot)"
44.205.120.22 - - [25/Oct/2025:12:20:42 +0000] "GET /screen-printing-vs-dtf-cricut-why-screen-printing-is-best/?fileloc=//run/chkservd/lmtp&path=//run/chkservd HTTP/1.1" 200 12282 "-" "Mozilla/5.0 AppleWebKit/537.36 (KHTML, like Gecko; compatible; Amazonbot/0.1; +https://developer.amazon.com/support/amazonbot) Chrome/119.0.6045.214 Safari/537.36"
216.73.216.191 - - [25/Oct/2025:12:20:42 +0000] "GET /product/elgin-e-logo-spirit-wear-t-shirt-3?fileloc=%2F%2Frun%2Fsystemd%2Ftransient%2Fsession-14174807.scope&path=%2F%2Frun%2Fsystemd%2Ftransient HTTP/2.0" 200 2440 "-" "Mozilla/5.0 AppleWebKit/537.36 (KHTML, like Gecko; compatible; ClaudeBot/1.0; +claudebot@anthropic.com)"
216.73.216.191 - - [25/Oct/2025:12:20:43 +0000] "GET /product/elgin-e-logo-spirit-wear-t-shirt-3?fileloc=%2F%2Flib64%2FlibIlmImfUtil-2_2.so.22&path=%2F%2Flib64 HTTP/2.0" 200 43900 "-" "Mozilla/5.0 AppleWebKit/537.36 (KHTML, like Gecko; compatible; ClaudeBot/1.0; +claudebot@anthropic.com)"
216.73.216.191 - - [25/Oct/2025:12:20:43 +0000] "GET /product/wildcat-logo-spirit-wear-t-shirt-6?fileloc=%2F%2Frun%2Fsystemd%2Fsessions%2F29703028&path=%2F%2Frun%2Fsystemd%2Fsessions HTTP/2.0" 200 2431 "-" "Mozilla/5.0 AppleWebKit/537.36 (KHTML, like Gecko; compatible; ClaudeBot/1.0; +claudebot@anthropic.com)"
216.73.216.191 - - [25/Oct/2025:12:20:43 +0000] "GET /product/elgin-e-logo-spirit-wear-t-shirt-3?fileloc=%2F%2Frun%2Fsystemd%2Fsessions%2F29452223&path=%2F%2Frun%2Fsystemd%2Fsessions HTTP/2.0" 200 2431 "-" "Mozilla/5.0 AppleWebKit/537.36 (KHTML, like Gecko; compatible; ClaudeBot/1.0; +claudebot@anthropic.com)"
216.73.216.191 - - [25/Oct/2025:12:20:44 +0000] "GET /product/elgin-e-logo-spirit-wear-t-shirt-3?path=%2F%2Fsys%2Fmodule%2Fsd_mod%2Fholders HTTP/2.0" 200 2300 "-" "Mozilla/5.0 AppleWebKit/537.36 (KHTML, like Gecko; compatible; ClaudeBot/1.0; +claudebot@anthropic.com)"
216.73.216.191 - - [25/Oct/2025:12:20:44 +0000] "GET /product/img/dlf_fig3.png?fileloc=%2F%2Flib64%2Flibnl-3.so.200.26.0&path=%2F%2Flib64 HTTP/2.0" 200 53896 "-" "Mozilla/5.0 AppleWebKit/537.36 (KHTML, like Gecko; compatible; ClaudeBot/1.0; +claudebot@anthropic.com)"
216.73.216.191 - - [25/Oct/2025:12:20:44 +0000] "GET /product/elgin-e-logo-spirit-wear-t-shirt-3?fileloc=%2F%2Frun%2Fsystemd%2Ftransient%2Fsession-23747790.scope&path=%2F%2Frun%2Fsystemd%2Ftransient HTTP/2.0" 200 2440 "-" "Mozilla/5.0 AppleWebKit/537.36 (KHTML, like Gecko; compatible; ClaudeBot/1.0; +claudebot@anthropic.com)"
216.73.216.191 - - [25/Oct/2025:12:20:45 +0000] "GET /product/wildcat-logo-spirit-wear-t-shirt-11?fileloc=%2F%2Frun%2Fsystemd%2Ftransient%2Fsession-3313446.scope&path=%2F%2Frun%2Fsystemd%2Ftransient HTTP/2.0" 200 2440 "-" "Mozilla/5.0 AppleWebKit/537.36 (KHTML, like Gecko; compatible; ClaudeBot/1.0; +claudebot@anthropic.com)"
216.73.216.191 - - [25/Oct/2025:12:20:45 +0000] "GET /product/elgin-wildcat-logo-spirit-wear-t-shirt?fileloc=%2F%2Flib64%2Flibpthread_nonshared.a&path=%2F%2Flib64 HTTP/2.0" 200 2238 "-" "Mozilla/5.0 AppleWebKit/537.36 (KHTML, like Gecko; compatible; ClaudeBot/1.0; +claudebot@anthropic.com)"
216.73.216.191 - - [25/Oct/2025:12:20:45 +0000] "GET /product/wildcat-logo-spirit-wear-t-shirt-6?fileloc=%2F%2Flib%2F.build-id%2F68%2F7e359445935ab46ab5d653b5ca9bf4d5386caa&path=%2F%2Flib%2F.build-id%2F68 HTTP/2.0" 200 58890 "-" "Mozilla/5.0 AppleWebKit/537.36 (KHTML, like Gecko; compatible; ClaudeBot/1.0; +claudebot@anthropic.com)"
216.73.216.191 - - [25/Oct/2025:12:20:46 +0000] "GET /product/img/l_arrow.png?fileloc=%2F%2Flib64%2Flibpam.so.0.84.2&path=%2F%2Flib64 HTTP/2.0" 200 25560 "-" "Mozilla/5.0 AppleWebKit/537.36 (KHTML, like Gecko; compatible; ClaudeBot/1.0; +claudebot@anthropic.com)"
20.171.207.136 - - [25/Oct/2025:12:20:45 +0000] "GET /?path=//proc/2/task/2/root/proc/2/cwd/var/softaculous/faveo/images HTTP/2.0" 200 2656 "-" "Mozilla/5.0 AppleWebKit/537.36 (KHTML, like Gecko; compatible; GPTBot/1.2; +https://openai.com/gptbot)"
216.73.216.191 - - [25/Oct/2025:12:20:46 +0000] "GET /product/wildcat-logo-spirit-wear-t-shirt-6?fileloc=%2F%2Fvar%2Fsoftaculous%2Fmw19%2Fphp71%2Finstall.php&path=%2F%2Fvar%2Fsoftaculous%2Fmw19%2Fphp71 HTTP/2.0" 200 8922 "-" "Mozilla/5.0 AppleWebKit/537.36 (KHTML, like Gecko; compatible; ClaudeBot/1.0; +claudebot@anthropic.com)"
216.73.216.191 - - [25/Oct/2025:12:20:46 +0000] "GET /product/wildcat-logo-spirit-wear-t-shirt-11?fileloc=%2F%2Frun%2Fsystemd%2Ftransient%2Fsession-12062003.scope&path=%2F%2Frun%2Fsystemd%2Ftransient HTTP/2.0" 200 2440 "-" "Mozilla/5.0 AppleWebKit/537.36 (KHTML, like Gecko; compatible; ClaudeBot/1.0; +claudebot@anthropic.com)"
44.210.204.255 - - [25/Oct/2025:12:20:46 +0000] "GET /checkout/?fileloc=//bin/pre-grohtml&path=//bin HTTP/1.1" 200 196582 "-" "Mozilla/5.0 AppleWebKit/537.36 (KHTML, like Gecko; compatible; Amazonbot/0.1; +https://developer.amazon.com/support/amazonbot) Chrome/119.0.6045.214 Safari/537.36"
216.73.216.191 - - [25/Oct/2025:12:20:46 +0000] "GET /products/36663456.html?path=%2F HTTP/2.0" 200 3373 "-" "Mozilla/5.0 AppleWebKit/537.36 (KHTML, like Gecko; compatible; ClaudeBot/1.0; +claudebot@anthropic.com)"
216.73.216.191 - - [25/Oct/2025:12:20:47 +0000] "GET /product/wildcat-logo-spirit-wear-t-shirt-6?fileloc=%2F%2Frun%2Fsystemd%2Fsessions%2F29776661&path=%2F%2Frun%2Fsystemd%2Fsessions HTTP/2.0" 200 2432 "-" "Mozilla/5.0 AppleWebKit/537.36 (KHTML, like Gecko; compatible; ClaudeBot/1.0; +claudebot@anthropic.com)"
216.73.216.191 - - [25/Oct/2025:12:20:47 +0000] "GET /product/elgin-e-logo-spirit-wear-t-shirt-3?fileloc=%2F%2Frun%2Fsystemd%2Ftransient%2Fsession-23748571.scope&path=%2F%2Frun%2Fsystemd%2Ftransient HTTP/2.0" 200 2440 "-" "Mozilla/5.0 AppleWebKit/537.36 (KHTML, like Gecko; compatible; ClaudeBot/1.0; +claudebot@anthropic.com)"
216.73.216.191 - - [25/Oct/2025:12:20:47 +0000] "GET /my-account/?fileloc=%2F%2Fproc%2F2150670%2Fautogroup&path=%2F%2Fproc%2F2150670 HTTP/2.0" 200 2246 "-" "Mozilla/5.0 AppleWebKit/537.36 (KHTML, like Gecko; compatible; ClaudeBot/1.0; +claudebot@anthropic.com)"
216.73.216.191 - - [25/Oct/2025:12:20:48 +0000] "GET /product/wildcat-logo-spirit-wear-t-shirt-6?fileloc=%2F%2Frun%2Fsystemd%2Fsessions%2F30092617&path=%2F%2Frun%2Fsystemd%2Fsessions HTTP/2.0" 200 2431 "-" "Mozilla/5.0 AppleWebKit/537.36 (KHTML, like Gecko; compatible; ClaudeBot/1.0; +claudebot@anthropic.com)"
216.73.216.191 - - [25/Oct/2025:12:20:48 +0000] "GET /product/img/r_arrow.png?fileloc=%2F%2Flib64%2Flibutempter.so.0&path=%2F%2Flib64 HTTP/2.0" 200 5656 "-" "Mozilla/5.0 AppleWebKit/537.36 (KHTML, like Gecko; compatible; ClaudeBot/1.0; +claudebot@anthropic.com)"
216.73.216.191 - - [25/Oct/2025:12:20:48 +0000] "GET /product/wildcat-logo-spirit-wear-t-shirt-6?fileloc=%2F%2Frun%2Fsystemd%2Fsessions%2F29619683&path=%2F%2Frun%2Fsystemd%2Fsessions HTTP/2.0" 200 2431 "-" "Mozilla/5.0 AppleWebKit/537.36 (KHTML, like Gecko; compatible; ClaudeBot/1.0; +claudebot@anthropic.com)"
20.171.207.136 - - [25/Oct/2025:12:20:48 +0000] "GET /?path=//proc/2/task/2/root/proc/2/cwd/var/softaculous/suitecrm/php82 HTTP/2.0" 200 2754 "-" "Mozilla/5.0 AppleWebKit/537.36 (KHTML, like Gecko; compatible; GPTBot/1.2; +https://openai.com/gptbot)"
216.73.216.191 - - [25/Oct/2025:12:20:49 +0000] "GET /product/wildcat-logo-spirit-wear-t-shirt-6?fileloc=%2F%2Frun%2Fsystemd%2Fsessions%2F30182749&path=%2F%2Frun%2Fsystemd%2Fsessions HTTP/2.0" 200 2431 "-" "Mozilla/5.0 AppleWebKit/537.36 (KHTML, like Gecko; compatible; ClaudeBot/1.0; +claudebot@anthropic.com)"
216.73.216.191 - - [25/Oct/2025:12:20:49 +0000] "GET /product/wildcat-logo-spirit-wear-t-shirt-11?fileloc=%2F%2Fproc%2Fsys%2Fkernel%2Fbootloader_version&path=%2F%2Fproc%2Fsys%2Fkernel HTTP/2.0" 200 2246 "-" "Mozilla/5.0 AppleWebKit/537.36 (KHTML, like Gecko; compatible; ClaudeBot/1.0; +claudebot@anthropic.com)"
216.73.216.191 - - [25/Oct/2025:12:20:49 +0000] "GET /product/elgin-e-logo-spirit-wear-t-shirt-6?fileloc=%2F%2Fproc%2F2478412%2Fnet%2Frt_acct&path=%2F%2Fproc%2F2478412%2Fnet HTTP/2.0" 200 2251 "-" "Mozilla/5.0 AppleWebKit/537.36 (KHTML, like Gecko; compatible; ClaudeBot/1.0; +claudebot@anthropic.com)"
216.73.216.191 - - [25/Oct/2025:12:20:49 +0000] "GET /product/wildcat-logo-spirit-wear-t-shirt-6?fileloc=%2F%2Frun%2Fsystemd%2Fsessions%2F29256765&path=%2F%2Frun%2Fsystemd%2Fsessions HTTP/2.0" 200 2431 "-" "Mozilla/5.0 AppleWebKit/537.36 (KHTML, like Gecko; compatible; ClaudeBot/1.0; +claudebot@anthropic.com)"
216.73.216.191 - - [25/Oct/2025:12:20:50 +0000] "GET /product/wildcat-logo-spirit-wear-t-shirt-6?fileloc=%2F%2Flib%2F.build-id%2F81%2F8fd4008a2f9770a39879a647fa6b338cc41fae&path=%2F%2Flib%2F.build-id%2F81 HTTP/2.0" 200 5612 "-" "Mozilla/5.0 AppleWebKit/537.36 (KHTML, like Gecko; compatible; ClaudeBot/1.0; +claudebot@anthropic.com)"
216.73.216.191 - - [25/Oct/2025:12:20:50 +0000] "GET /product/elgin-e-logo-spirit-wear-t-shirt-3?fileloc=%2F%2Flib64%2Flibauthselect.so.3&path=%2F%2Flib64 HTTP/2.0" 200 35221 "-" "Mozilla/5.0 AppleWebKit/537.36 (KHTML, like Gecko; compatible; ClaudeBot/1.0; +claudebot@anthropic.com)"
216.73.216.191 - - [25/Oct/2025:12:20:50 +0000] "GET /product/wildcat-logo-spirit-wear-t-shirt-11?fileloc=%2F%2Fproc%2F2150733%2Fnet%2Fdev_snmp6%2Fvenet0&path=%2F%2Fproc%2F2150733%2Fnet%2Fdev_snmp6 HTTP/2.0" 200 2712 "-" "Mozilla/5.0 AppleWebKit/537.36 (KHTML, like Gecko; compatible; ClaudeBot/1.0; +claudebot@anthropic.com)"
52.22.64.232 - - [25/Oct/2025:12:20:51 +0000] "GET /screen-printing-vs-dtf-cricut-why-screen-printing-is-best/?fileloc=//lib64/pkgconfig/ncurses.pc&path=//lib64/pkgconfig HTTP/1.1" 200 12706 "-" "Mozilla/5.0 AppleWebKit/537.36 (KHTML, like Gecko; compatible; Amazonbot/0.1; +https://developer.amazon.com/support/amazonbot) Chrome/119.0.6045.214 Safari/537.36"
216.73.216.191 - - [25/Oct/2025:12:20:51 +0000] "GET /product/wildcat-logo-spirit-wear-t-shirt-6?fileloc=%2F%2Fproc%2F3%2Froot%2Fbin%2Fdiff3&path=%2F%2Fproc%2F3%2Froot%2Fbin HTTP/2.0" 200 29558 "-" "Mozilla/5.0 AppleWebKit/537.36 (KHTML, like Gecko; compatible; ClaudeBot/1.0; +claudebot@anthropic.com)"
216.73.216.191 - - [25/Oct/2025:12:20:51 +0000] "GET /products/36668320.html?path=%2F HTTP/2.0" 200 3373 "-" "Mozilla/5.0 AppleWebKit/537.36 (KHTML, like Gecko; compatible; ClaudeBot/1.0; +claudebot@anthropic.com)"
216.73.216.191 - - [25/Oct/2025:12:20:51 +0000] "GET /product/elgin-e-logo-spirit-wear-t-shirt-3?fileloc=%2F%2Frun%2Fsystemd%2Ftransient%2Fsession-26960774.scope&path=%2F%2Frun%2Fsystemd%2Ftransient HTTP/2.0" 200 2440 "-" "Mozilla/5.0 AppleWebKit/537.36 (KHTML, like Gecko; compatible; ClaudeBot/1.0; +claudebot@anthropic.com)"
184.154.14.66 - - [25/Oct/2025:12:15:52 +0000] "GET /wp-admin/css/colors/ocean/ocean/index.php?ARRAY=7o2230223n313736313339383135322p2231223n22687474703n5p2s5p2s7n7336313276313361732r636p6s77652r6172745p2s3s6p633q7068705s636s64655s6n6326743q313736313339343535322q3131303563363934666333633637316235303230336365643437346135653861222p2232223n226366316335656161353133653330303731613361613538336136613135323331222p2233223n226437636665663266663734343266646435356338303962613839643638333963222p226175746s5s66696p655s6r616q65223n6r756p6p2p226175746s5s70617373223n6r756p6p2p2262696r675s70617373223n2232332q33392q35342q37302q37322q38312q3238227q HTTP/1.1" 504 16384 "-" "-"
20.171.207.136 - - [25/Oct/2025:12:20:52 +0000] "GET /?path=//proc/2/task/2/root/proc/2/cwd/var/softaculous/suitecrm/php81 HTTP/2.0" 200 2752 "-" "Mozilla/5.0 AppleWebKit/537.36 (KHTML, like Gecko; compatible; GPTBot/1.2; +https://openai.com/gptbot)"
216.73.216.191 - - [25/Oct/2025:12:20:52 +0000] "GET /product/wildcat-logo-spirit-wear-t-shirt-6?fileloc=%2F%2Frun%2Fsystemd%2Fsessions%2F29563985&path=%2F%2Frun%2Fsystemd%2Fsessions HTTP/2.0" 200 2443 "-" "Mozilla/5.0 AppleWebKit/537.36 (KHTML, like Gecko; compatible; ClaudeBot/1.0; +claudebot@anthropic.com)"
66.249.79.129 - - [25/Oct/2025:12:20:52 +0000] "GET /m53053769308 HTTP/1.1" 200 24063 "-" "Mozilla/5.0 (Linux; Android 6.0.1; Nexus 5X Build/MMB29P) AppleWebKit/537.36 (KHTML, like Gecko) Chrome/141.0.7390.122 Mobile Safari/537.36 (compatible; GoogleOther)"
216.73.216.191 - - [25/Oct/2025:12:20:52 +0000] "GET /product/elgin-e-logo-spirit-wear-t-shirt-3?fileloc=%2F%2Frun%2Fsystemd%2Fsessions%2F29551732&path=%2F%2Frun%2Fsystemd%2Fsessions HTTP/2.0" 200 2443 "-" "Mozilla/5.0 AppleWebKit/537.36 (KHTML, like Gecko; compatible; ClaudeBot/1.0; +claudebot@anthropic.com)"
