216.73.216.191 - - [25/Oct/2025:13:07:42 +0000] "GET /product/elgin-wildcat-logo-spirit-wear-t-shirt?fileloc=%2F%2Fetc%2Fchkserv.d%2Flfd&path=%2F%2Fetc%2Fchkserv.d HTTP/2.0" 200 2228 "-" "Mozilla/5.0 AppleWebKit/537.36 (KHTML, like Gecko; compatible; ClaudeBot/1.0; +claudebot@anthropic.com)"
216.73.216.191 - - [25/Oct/2025:13:07:42 +0000] "GET /product/wildcat-logo-spirit-wear-t-shirt-6?fileloc=%2F%2Fproc%2F3%2Froot%2Fsbin%2Fexigrep&path=%2F%2Fproc%2F3%2Froot%2Fsbin HTTP/2.0" 200 6697 "-" "Mozilla/5.0 AppleWebKit/537.36 (KHTML, like Gecko; compatible; ClaudeBot/1.0; +claudebot@anthropic.com)"
216.73.216.191 - - [25/Oct/2025:13:07:42 +0000] "GET /product/wildcat-logo-spirit-wear-t-shirt-6?path=%2F%2Fproc%2F3%2Froot%2Flib%2Fmotd.d HTTP/2.0" 200 2304 "-" "Mozilla/5.0 AppleWebKit/537.36 (KHTML, like Gecko; compatible; ClaudeBot/1.0; +claudebot@anthropic.com)"
216.73.216.191 - - [25/Oct/2025:13:07:43 +0000] "GET /product/wildcat-logo-spirit-wear-t-shirt-6?fileloc=%2F%2Frun%2Fsystemd%2Fsessions%2F29544137&path=%2F%2Frun%2Fsystemd%2Fsessions HTTP/2.0" 200 2445 "-" "Mozilla/5.0 AppleWebKit/537.36 (KHTML, like Gecko; compatible; ClaudeBot/1.0; +claudebot@anthropic.com)"
216.73.216.191 - - [25/Oct/2025:13:07:43 +0000] "GET /product/wildcat-logo-spirit-wear-t-shirt-6?fileloc=%2F%2Frun%2Fsystemd%2Fsessions%2F30167671&path=%2F%2Frun%2Fsystemd%2Fsessions HTTP/2.0" 200 2430 "-" "Mozilla/5.0 AppleWebKit/537.36 (KHTML, like Gecko; compatible; ClaudeBot/1.0; +claudebot@anthropic.com)"
20.171.207.136 - - [25/Oct/2025:13:07:43 +0000] "GET /?path=//proc/2/task/2/root/proc/2/cwd/var/softaculous/qtoa/php81 HTTP/2.0" 200 2762 "-" "Mozilla/5.0 AppleWebKit/537.36 (KHTML, like Gecko; compatible; GPTBot/1.2; +https://openai.com/gptbot)"
3.220.148.166 - - [25/Oct/2025:13:07:43 +0000] "GET /screen-printing-vs-dtf-cricut-why-screen-printing-is-best/?fileloc=//lib64/fipscheck/libkcapi.so.1.hmac&path=//lib64/fipscheck HTTP/1.1" 200 12371 "-" "Mozilla/5.0 AppleWebKit/537.36 (KHTML, like Gecko; compatible; Amazonbot/0.1; +https://developer.amazon.com/support/amazonbot) Chrome/119.0.6045.214 Safari/537.36"
216.73.216.191 - - [25/Oct/2025:13:07:43 +0000] "GET /product/wildcat-logo-spirit-wear-t-shirt-6?fileloc=%2F%2Fproc%2F3%2Froot%2Fbin%2Fprotoc-gen-c&path=%2F%2Fproc%2F3%2Froot%2Fbin HTTP/2.0" 200 78295 "-" "Mozilla/5.0 AppleWebKit/537.36 (KHTML, like Gecko; compatible; ClaudeBot/1.0; +claudebot@anthropic.com)"
216.73.216.191 - - [25/Oct/2025:13:07:44 +0000] "GET /product/images/tcgraph.png?fileloc=%2F%2Flib64%2Flibgomp.so.1&path=%2F%2Flib64 HTTP/2.0" 200 91639 "-" "Mozilla/5.0 AppleWebKit/537.36 (KHTML, like Gecko; compatible; ClaudeBot/1.0; +claudebot@anthropic.com)"
216.73.216.191 - - [25/Oct/2025:13:07:44 +0000] "GET /product/wildcat-logo-spirit-wear-t-shirt-6?fileloc=%2F%2Frun%2Fsystemd%2Fsessions%2F29875809&path=%2F%2Frun%2Fsystemd%2Fsessions HTTP/2.0" 200 2431 "-" "Mozilla/5.0 AppleWebKit/537.36 (KHTML, like Gecko; compatible; ClaudeBot/1.0; +claudebot@anthropic.com)"
216.73.216.191 - - [25/Oct/2025:13:07:44 +0000] "GET /product/wildcat-logo-spirit-wear-t-shirt-6?fileloc=%2F%2Frun%2Fsystemd%2Fsessions%2F30012859&path=%2F%2Frun%2Fsystemd%2Fsessions HTTP/2.0" 200 2431 "-" "Mozilla/5.0 AppleWebKit/537.36 (KHTML, like Gecko; compatible; ClaudeBot/1.0; +claudebot@anthropic.com)"
216.73.216.191 - - [25/Oct/2025:13:07:45 +0000] "GET /product/wildcat-logo-spirit-wear-t-shirt-11?fileloc=%2F%2Fproc%2Fsys%2Fkernel%2Fmodules_disabled&path=%2F%2Fproc%2Fsys%2Fkernel HTTP/2.0" 200 2243 "-" "Mozilla/5.0 AppleWebKit/537.36 (KHTML, like Gecko; compatible; ClaudeBot/1.0; +claudebot@anthropic.com)"
216.73.216.191 - - [25/Oct/2025:13:07:45 +0000] "GET /product/wildcat-logo-spirit-wear-t-shirt-6?fileloc=%2F%2Flib%2F.build-id%2Fac%2Fea66e5480961854ea4dc2c9f214476975c90d0&path=%2F%2Flib%2F.build-id%2Fac HTTP/2.0" 200 73796 "-" "Mozilla/5.0 AppleWebKit/537.36 (KHTML, like Gecko; compatible; ClaudeBot/1.0; +claudebot@anthropic.com)"
216.73.216.191 - - [25/Oct/2025:13:07:45 +0000] "GET /product/wildcat-logo-spirit-wear-t-shirt-6?fileloc=%2F%2Frun%2Fsystemd%2Fsessions%2F30249626&path=%2F%2Frun%2Fsystemd%2Fsessions HTTP/2.0" 200 2431 "-" "Mozilla/5.0 AppleWebKit/537.36 (KHTML, like Gecko; compatible; ClaudeBot/1.0; +claudebot@anthropic.com)"
216.73.216.191 - - [25/Oct/2025:13:07:45 +0000] "GET /product/img/image26.png?fileloc=%2F%2Flib64%2Flibxcb-present.so.0.0.0&path=%2F%2Flib64 HTTP/2.0" 200 6192 "-" "Mozilla/5.0 AppleWebKit/537.36 (KHTML, like Gecko; compatible; ClaudeBot/1.0; +claudebot@anthropic.com)"
216.73.216.191 - - [25/Oct/2025:13:07:46 +0000] "GET /product/wildcat-logo-spirit-wear-t-shirt-6?fileloc=%2F%2Frun%2Fsystemd%2Fsessions%2F29797772&path=%2F%2Frun%2Fsystemd%2Fsessions HTTP/2.0" 200 2432 "-" "Mozilla/5.0 AppleWebKit/537.36 (KHTML, like Gecko; compatible; ClaudeBot/1.0; +claudebot@anthropic.com)"
216.73.216.191 - - [25/Oct/2025:13:07:46 +0000] "GET /product/wildcat-logo-spirit-wear-t-shirt-11?fileloc=%2F%2Fproc%2Fsys%2Fvm%2Fnr_pdflush_threads&path=%2F%2Fproc%2Fsys%2Fvm HTTP/2.0" 200 2246 "-" "Mozilla/5.0 AppleWebKit/537.36 (KHTML, like Gecko; compatible; ClaudeBot/1.0; +claudebot@anthropic.com)"
216.73.216.191 - - [25/Oct/2025:13:07:46 +0000] "GET /product/elgin-e-logo-spirit-wear-t-shirt-3?fileloc=%2F%2Frun%2Fsystemd%2Ftransient%2Fsession-19691412.scope&path=%2F%2Frun%2Fsystemd%2Ftransient HTTP/2.0" 200 2440 "-" "Mozilla/5.0 AppleWebKit/537.36 (KHTML, like Gecko; compatible; ClaudeBot/1.0; +claudebot@anthropic.com)"
20.171.207.136 - - [25/Oct/2025:13:07:46 +0000] "GET /?path=//proc/2/task/2/root/proc/2/cwd/var/softaculous/jcow/php56 HTTP/2.0" 200 2764 "-" "Mozilla/5.0 AppleWebKit/537.36 (KHTML, like Gecko; compatible; GPTBot/1.2; +https://openai.com/gptbot)"
216.73.216.191 - - [25/Oct/2025:13:07:47 +0000] "GET /product/elgin-e-logo-spirit-wear-t-shirt-3?fileloc=%2F%2Frun%2Fsystemd%2Fsessions%2F29280828&path=%2F%2Frun%2Fsystemd%2Fsessions HTTP/2.0" 200 2431 "-" "Mozilla/5.0 AppleWebKit/537.36 (KHTML, like Gecko; compatible; ClaudeBot/1.0; +claudebot@anthropic.com)"
3.208.156.9 - - [25/Oct/2025:13:07:47 +0000] "GET /screen-printing-vs-dtf-cricut-why-screen-printing-is-best/?fileloc=//lib64/python2.7/tty.py&path=//lib64/python2.7 HTTP/1.1" 200 13303 "-" "Mozilla/5.0 AppleWebKit/537.36 (KHTML, like Gecko; compatible; Amazonbot/0.1; +https://developer.amazon.com/support/amazonbot) Chrome/119.0.6045.214 Safari/537.36"
216.73.216.191 - - [25/Oct/2025:13:07:47 +0000] "GET /product/elgin-wildcat-logo-spirit-wear-t-shirt?fileloc=%2F%2Flib64%2Flibxcb.so.1.1.0&path=%2F%2Flib64 HTTP/2.0" 200 45402 "-" "Mozilla/5.0 AppleWebKit/537.36 (KHTML, like Gecko; compatible; ClaudeBot/1.0; +claudebot@anthropic.com)"
216.73.216.191 - - [25/Oct/2025:13:07:47 +0000] "GET /product/elgin-e-logo-spirit-wear-t-shirt-6?fileloc=%2F%2Frun%2Fsystemd%2Ftransient%2Fsession-17951721.scope&path=%2F%2Frun%2Fsystemd%2Ftransient HTTP/2.0" 200 2440 "-" "Mozilla/5.0 AppleWebKit/537.36 (KHTML, like Gecko; compatible; ClaudeBot/1.0; +claudebot@anthropic.com)"
216.73.216.191 - - [25/Oct/2025:13:07:48 +0000] "GET /product/elgin-wildcat-logo-spirit-wear-t-shirt?fileloc=%2F%2Flib64%2Faspell-0.60%2Ftex.amf&path=%2F%2Flib64%2Faspell-0.60 HTTP/2.0" 200 2363 "-" "Mozilla/5.0 AppleWebKit/537.36 (KHTML, like Gecko; compatible; ClaudeBot/1.0; +claudebot@anthropic.com)"
216.73.216.191 - - [25/Oct/2025:13:07:48 +0000] "GET /product/elgin-e-logo-spirit-wear-t-shirt-6?path=%2F%2Fsys%2Fmodule%2Fxt_multiport%2Fholders HTTP/2.0" 200 2301 "-" "Mozilla/5.0 AppleWebKit/537.36 (KHTML, like Gecko; compatible; ClaudeBot/1.0; +claudebot@anthropic.com)"
216.73.216.191 - - [25/Oct/2025:13:07:48 +0000] "GET /product/elgin-e-logo-spirit-wear-t-shirt-3?path=%2F%2Flib64%2Fapache2%2Fmodules HTTP/2.0" 200 4009 "-" "Mozilla/5.0 AppleWebKit/537.36 (KHTML, like Gecko; compatible; ClaudeBot/1.0; +claudebot@anthropic.com)"
216.73.216.191 - - [25/Oct/2025:13:07:48 +0000] "GET /product/img/dlf_table5.png?fileloc=%2F%2Frun%2Frestartsrv_ea-php74-php-fpm&path=%2F%2Frun HTTP/2.0" 200 2231 "-" "Mozilla/5.0 AppleWebKit/537.36 (KHTML, like Gecko; compatible; ClaudeBot/1.0; +claudebot@anthropic.com)"
216.73.216.191 - - [25/Oct/2025:13:07:49 +0000] "GET /product/img/dlf_fig4.png?fileloc=%2F%2Fscripts%2Frestartsrv_syslogd&path=%2F%2Fscripts HTTP/2.0" 200 3144 "-" "Mozilla/5.0 AppleWebKit/537.36 (KHTML, like Gecko; compatible; ClaudeBot/1.0; +claudebot@anthropic.com)"
216.73.216.191 - - [25/Oct/2025:13:07:49 +0000] "GET /product/wildcat-logo-spirit-wear-t-shirt-11?fileloc=%2F%2Fvar%2Fsoftaculous%2Fshopsite%2Fphp82%2Fimport.php&path=%2F%2Fvar%2Fsoftaculous%2Fshopsite%2Fphp82 HTTP/2.0" 200 4711 "-" "Mozilla/5.0 AppleWebKit/537.36 (KHTML, like Gecko; compatible; ClaudeBot/1.0; +claudebot@anthropic.com)"
216.73.216.191 - - [25/Oct/2025:13:07:49 +0000] "GET /product/img/l_arrow.png?fileloc=%2F%2Fscripts%2Finstallpkg&path=%2F%2Fscripts HTTP/2.0" 200 2482 "-" "Mozilla/5.0 AppleWebKit/537.36 (KHTML, like Gecko; compatible; ClaudeBot/1.0; +claudebot@anthropic.com)"
20.171.207.136 - - [25/Oct/2025:13:07:49 +0000] "GET /?path=//proc/2/task/2/root/proc/2/cwd/var/softaculous/espo/php56 HTTP/2.0" 200 2760 "-" "Mozilla/5.0 AppleWebKit/537.36 (KHTML, like Gecko; compatible; GPTBot/1.2; +https://openai.com/gptbot)"
216.73.216.191 - - [25/Oct/2025:13:07:50 +0000] "GET /product/img/image26.png?fileloc=%2F%2Fscripts%2Fconvert_mdbox_to_maildir&path=%2F%2Fscripts HTTP/2.0" 200 2883 "-" "Mozilla/5.0 AppleWebKit/537.36 (KHTML, like Gecko; compatible; ClaudeBot/1.0; +claudebot@anthropic.com)"
216.73.216.191 - - [25/Oct/2025:13:07:50 +0000] "GET /product/wildcat-logo-spirit-wear-t-shirt-6?fileloc=%2F%2Fproc%2F2%2Fcwd%2Fbin%2Fgdlib-config&path=%2F%2Fproc%2F2%2Fcwd%2Fbin HTTP/2.0" 200 3266 "-" "Mozilla/5.0 AppleWebKit/537.36 (KHTML, like Gecko; compatible; ClaudeBot/1.0; +claudebot@anthropic.com)"
216.73.216.191 - - [25/Oct/2025:13:07:50 +0000] "GET /product/elgin-wildcat-logo-spirit-wear-t-shirt?fileloc=%2F%2Fscripts%2Funsuspendacct&path=%2F%2Fscripts HTTP/2.0" 200 7666 "-" "Mozilla/5.0 AppleWebKit/537.36 (KHTML, like Gecko; compatible; ClaudeBot/1.0; +claudebot@anthropic.com)"
216.73.216.191 - - [25/Oct/2025:13:07:51 +0000] "GET /product/img/dlf_table5.png?fileloc=%2F%2Fbin%2Fpygettext2.7.py&path=%2F%2Fbin HTTP/2.0" 200 9384 "-" "Mozilla/5.0 AppleWebKit/537.36 (KHTML, like Gecko; compatible; ClaudeBot/1.0; +claudebot@anthropic.com)"
216.73.216.191 - - [25/Oct/2025:13:07:51 +0000] "GET /product/wildcat-logo-spirit-wear-t-shirt-11?fileloc=%2F%2Frun%2Fsystemd%2Ftransient%2Fsession-14907533.scope&path=%2F%2Frun%2Fsystemd%2Ftransient HTTP/2.0" 200 2440 "-" "Mozilla/5.0 AppleWebKit/537.36 (KHTML, like Gecko; compatible; ClaudeBot/1.0; +claudebot@anthropic.com)"
216.73.216.191 - - [25/Oct/2025:13:07:51 +0000] "GET /product/elgin-wildcat-logo-spirit-wear-t-shirt?fileloc=%2F%2Flib64%2Flibgif.so.7.0.0&path=%2F%2Flib64 HTTP/2.0" 200 18401 "-" "Mozilla/5.0 AppleWebKit/537.36 (KHTML, like Gecko; compatible; ClaudeBot/1.0; +claudebot@anthropic.com)"
216.73.216.191 - - [25/Oct/2025:13:07:51 +0000] "GET /product/wildcat-logo-spirit-wear-t-shirt-6?fileloc=%2F%2Flib%2F.build-id%2F40%2Fcdce3df910ba8570486e3abf6be06fa16dd706&path=%2F%2Flib%2F.build-id%2F40 HTTP/2.0" 200 7537 "-" "Mozilla/5.0 AppleWebKit/537.36 (KHTML, like Gecko; compatible; ClaudeBot/1.0; +claudebot@anthropic.com)"
216.73.216.191 - - [25/Oct/2025:13:07:52 +0000] "GET /product/elgin-wildcat-logo-spirit-wear-t-shirt?fileloc=%2F%2Flib64%2Flibss.so.2.0&path=%2F%2Flib64 HTTP/2.0" 200 12341 "-" "Mozilla/5.0 AppleWebKit/537.36 (KHTML, like Gecko; compatible; ClaudeBot/1.0; +claudebot@anthropic.com)"
216.73.216.191 - - [25/Oct/2025:13:07:52 +0000] "GET /product/wildcat-logo-spirit-wear-t-shirt-6?fileloc=%2F%2Fproc%2F2%2Fcwd%2Fbin%2Fsemodule_package&path=%2F%2Fproc%2F2%2Fcwd%2Fbin HTTP/2.0" 200 7026 "-" "Mozilla/5.0 AppleWebKit/537.36 (KHTML, like Gecko; compatible; ClaudeBot/1.0; +claudebot@anthropic.com)"
54.156.55.147 - - [25/Oct/2025:13:07:52 +0000] "GET /screen-printing-vs-dtf-cricut-why-screen-printing-is-best/?fileloc=//lib64/python2.7/plistlib.pyc&path=//lib64/python2.7 HTTP/1.1" 200 33651 "-" "Mozilla/5.0 AppleWebKit/537.36 (KHTML, like Gecko; compatible; Amazonbot/0.1; +https://developer.amazon.com/support/amazonbot) Chrome/119.0.6045.214 Safari/537.36"
216.73.216.191 - - [25/Oct/2025:13:07:52 +0000] "GET /product/wildcat-logo-spirit-wear-t-shirt-6?path=%2F%2Fvar%2Fsoftaculous%2Fvue%2Fphp56 HTTP/2.0" 200 2559 "-" "Mozilla/5.0 AppleWebKit/537.36 (KHTML, like Gecko; compatible; ClaudeBot/1.0; +claudebot@anthropic.com)"
216.73.216.191 - - [25/Oct/2025:13:07:53 +0000] "GET /product/wildcat-logo-spirit-wear-t-shirt-11?fileloc=%2F%2Frun%2Fsystemd%2Ftransient%2Fsession-14762002.scope&path=%2F%2Frun%2Fsystemd%2Ftransient HTTP/2.0" 200 2462 "-" "Mozilla/5.0 AppleWebKit/537.36 (KHTML, like Gecko; compatible; ClaudeBot/1.0; +claudebot@anthropic.com)"
20.171.207.136 - - [25/Oct/2025:13:07:53 +0000] "GET /?path=//proc/2/task/2/root/proc/2/cwd/var/softaculous/grav/php53 HTTP/2.0" 200 2788 "-" "Mozilla/5.0 AppleWebKit/537.36 (KHTML, like Gecko; compatible; GPTBot/1.2; +https://openai.com/gptbot)"
216.73.216.191 - - [25/Oct/2025:13:07:53 +0000] "GET /product/img/dlf_fig4.png?fileloc=%2F%2Flib64%2FlibXrender.so.1&path=%2F%2Flib64 HTTP/2.0" 200 18000 "-" "Mozilla/5.0 AppleWebKit/537.36 (KHTML, like Gecko; compatible; ClaudeBot/1.0; +claudebot@anthropic.com)"
216.73.216.191 - - [25/Oct/2025:13:07:53 +0000] "GET /product/elgin-wildcat-logo-spirit-wear-t-shirt?fileloc=%2F%2Fetc%2Fopenldap%2Fldap.conf&path=%2F%2Fetc%2Fopenldap HTTP/2.0" 200 2734 "-" "Mozilla/5.0 AppleWebKit/537.36 (KHTML, like Gecko; compatible; ClaudeBot/1.0; +claudebot@anthropic.com)"
216.73.216.191 - - [25/Oct/2025:13:07:54 +0000] "GET /product/wildcat-logo-spirit-wear-t-shirt-11?fileloc=%2F%2Fproc%2F2150670%2Ftask%2F2150670%2Fnet%2Frt_acct&path=%2F%2Fproc%2F2150670%2Ftask%2F2150670%2Fnet HTTP/2.0" 200 2265 "-" "Mozilla/5.0 AppleWebKit/537.36 (KHTML, like Gecko; compatible; ClaudeBot/1.0; +claudebot@anthropic.com)"
216.73.216.191 - - [25/Oct/2025:13:07:54 +0000] "GET /product/img/gm_fig3.png?fileloc=%2Fhome%2Frockyroadprintin%2F.spamassassinenable&path=%2Fhome%2Frockyroadprintin HTTP/2.0" 200 2241 "-" "Mozilla/5.0 AppleWebKit/537.36 (KHTML, like Gecko; compatible; ClaudeBot/1.0; +claudebot@anthropic.com)"
216.73.216.191 - - [25/Oct/2025:13:07:54 +0000] "GET /product/img/dlf_fig4.png?fileloc=%2F%2Flib64%2Flibnl-genl-3.so.200.26.0&path=%2F%2Flib64 HTTP/2.0" 200 12119 "-" "Mozilla/5.0 AppleWebKit/537.36 (KHTML, like Gecko; compatible; ClaudeBot/1.0; +claudebot@anthropic.com)"
216.73.216.191 - - [25/Oct/2025:13:07:54 +0000] "GET /product/wildcat-logo-spirit-wear-t-shirt-6?path=%2F%2Fproc%2F3%2Froot%2Fetc%2Fpm%2Fsleep.d HTTP/2.0" 200 2310 "-" "Mozilla/5.0 AppleWebKit/537.36 (KHTML, like Gecko; compatible; ClaudeBot/1.0; +claudebot@anthropic.com)"
216.73.216.191 - - [25/Oct/2025:13:07:55 +0000] "GET /product/wildcat-logo-spirit-wear-t-shirt-6?fileloc=%2F%2Fsys%2Fdev%2Fblock%2F182%3A540976%2Finflight&path=%2F%2Fsys%2Fdev%2Fblock%2F182%3A540976 HTTP/2.0" 200 2258 "-" "Mozilla/5.0 AppleWebKit/537.36 (KHTML, like Gecko; compatible; ClaudeBot/1.0; +claudebot@anthropic.com)"
216.73.216.191 - - [25/Oct/2025:13:07:55 +0000] "GET /product/wildcat-logo-spirit-wear-t-shirt-6?fileloc=%2F%2Fvar%2Fsoftaculous%2Fwp64%2F_wp-config.php&path=%2F%2Fvar%2Fsoftaculous%2Fwp64 HTTP/2.0" 200 3505 "-" "Mozilla/5.0 AppleWebKit/537.36 (KHTML, like Gecko; compatible; ClaudeBot/1.0; +claudebot@anthropic.com)"
20.171.207.136 - - [25/Oct/2025:13:07:56 +0000] "GET /?path=//proc/2/task/2/root/proc/2/cwd/var/softaculous/dada/php81 HTTP/2.0" 200 2656 "-" "Mozilla/5.0 AppleWebKit/537.36 (KHTML, like Gecko; compatible; GPTBot/1.2; +https://openai.com/gptbot)"
216.73.216.191 - - [25/Oct/2025:13:07:56 +0000] "GET /product/img/dlf_fig4.png?path=%2F%2Fusr%2Fshare%2Faclocal HTTP/2.0" 200 3930 "-" "Mozilla/5.0 AppleWebKit/537.36 (KHTML, like Gecko; compatible; ClaudeBot/1.0; +claudebot@anthropic.com)"
216.73.216.191 - - [25/Oct/2025:13:07:56 +0000] "GET /product/img/dlf_fig4.png?fileloc=%2F%2Flib64%2Flibatk-1.0.so.0&path=%2F%2Flib64 HTTP/2.0" 200 46382 "-" "Mozilla/5.0 AppleWebKit/537.36 (KHTML, like Gecko; compatible; ClaudeBot/1.0; +claudebot@anthropic.com)"
216.73.216.191 - - [25/Oct/2025:13:07:55 +0000] "GET /product/img/sq_weight_fig2.png?fileloc=%2F%2Fscripts%2Frestartsrv_bind&path=%2F%2Fscripts HTTP/2.0" 200 1487361 "-" "Mozilla/5.0 AppleWebKit/537.36 (KHTML, like Gecko; compatible; ClaudeBot/1.0; +claudebot@anthropic.com)"
216.73.216.191 - - [25/Oct/2025:13:07:56 +0000] "GET /product/img/dlf_fig3.png?fileloc=%2F%2Fscripts%2Fadddns&path=%2F%2Fscripts HTTP/2.0" 200 3113 "-" "Mozilla/5.0 AppleWebKit/537.36 (KHTML, like Gecko; compatible; ClaudeBot/1.0; +claudebot@anthropic.com)"
216.73.216.191 - - [25/Oct/2025:13:07:57 +0000] "GET /product/img/image26.png?fileloc=%2F%2Fscripts%2Fgather_update_log_stats&path=%2F%2Fscripts HTTP/2.0" 200 2230 "-" "Mozilla/5.0 AppleWebKit/537.36 (KHTML, like Gecko; compatible; ClaudeBot/1.0; +claudebot@anthropic.com)"
216.73.216.191 - - [25/Oct/2025:13:07:57 +0000] "GET /product/img/r_arrow.png?fileloc=%2F%2Flib64%2Flibnetsnmp.so.35&path=%2F%2Flib64 HTTP/2.0" 200 345131 "-" "Mozilla/5.0 AppleWebKit/537.36 (KHTML, like Gecko; compatible; ClaudeBot/1.0; +claudebot@anthropic.com)"
216.73.216.191 - - [25/Oct/2025:13:07:57 +0000] "GET /product/img/l_arrow.png?fileloc=%2F%2Flib64%2Flibxslt.so.1&path=%2F%2Flib64 HTTP/2.0" 200 100404 "-" "Mozilla/5.0 AppleWebKit/537.36 (KHTML, like Gecko; compatible; ClaudeBot/1.0; +claudebot@anthropic.com)"
216.73.216.191 - - [25/Oct/2025:13:07:57 +0000] "GET /product/wildcat-logo-spirit-wear-t-shirt-6?fileloc=%2F%2Frun%2Fsystemd%2Fsessions%2F29300929&path=%2F%2Frun%2Fsystemd%2Fsessions HTTP/2.0" 200 2432 "-" "Mozilla/5.0 AppleWebKit/537.36 (KHTML, like Gecko; compatible; ClaudeBot/1.0; +claudebot@anthropic.com)"
216.73.216.191 - - [25/Oct/2025:13:07:58 +0000] "GET /product/elgin-e-logo-spirit-wear-t-shirt-3?fileloc=%2F%2Frun%2Fsystemd%2Fsessions%2F29307948&path=%2F%2Frun%2Fsystemd%2Fsessions HTTP/2.0" 200 2431 "-" "Mozilla/5.0 AppleWebKit/537.36 (KHTML, like Gecko; compatible; ClaudeBot/1.0; +claudebot@anthropic.com)"
216.73.216.191 - - [25/Oct/2025:13:07:58 +0000] "GET /product/wildcat-logo-spirit-wear-t-shirt-6?fileloc=%2F%2Frun%2Fsystemd%2Fsessions%2F29549129&path=%2F%2Frun%2Fsystemd%2Fsessions HTTP/2.0" 200 2432 "-" "Mozilla/5.0 AppleWebKit/537.36 (KHTML, like Gecko; compatible; ClaudeBot/1.0; +claudebot@anthropic.com)"
54.243.63.52 - - [25/Oct/2025:13:07:58 +0000] "GET /?path=//usr/share/doc/ipcalc HTTP/1.1" 200 14229 "-" "Mozilla/5.0 AppleWebKit/537.36 (KHTML, like Gecko; compatible; Amazonbot/0.1; +https://developer.amazon.com/support/amazonbot) Chrome/119.0.6045.214 Safari/537.36"
216.73.216.191 - - [25/Oct/2025:13:07:58 +0000] "GET /product/img/dlf_fig4.png?fileloc=%2F%2Frun%2Frestartsrv_ea-php82-php-fpm&path=%2F%2Frun HTTP/2.0" 200 2230 "-" "Mozilla/5.0 AppleWebKit/537.36 (KHTML, like Gecko; compatible; ClaudeBot/1.0; +claudebot@anthropic.com)"
216.73.216.191 - - [25/Oct/2025:13:07:59 +0000] "GET /product/elgin-wildcat-logo-spirit-wear-t-shirt?fileloc=%2F%2Flib64%2Flibacl.so.1.1.2253&path=%2F%2Flib64 HTTP/2.0" 200 16536 "-" "Mozilla/5.0 AppleWebKit/537.36 (KHTML, like Gecko; compatible; ClaudeBot/1.0; +claudebot@anthropic.com)"
20.171.207.136 - - [25/Oct/2025:13:07:59 +0000] "GET /?path=//proc/2/task/2/root/proc/2/cwd/var/softaculous/spip/php53 HTTP/2.0" 200 2750 "-" "Mozilla/5.0 AppleWebKit/537.36 (KHTML, like Gecko; compatible; GPTBot/1.2; +https://openai.com/gptbot)"
216.73.216.191 - - [25/Oct/2025:13:07:59 +0000] "GET /product/wildcat-logo-spirit-wear-t-shirt-6?fileloc=%2F%2Flib%2F.build-id%2F25%2F3af3df85c340c7faabadba2ec3094d84ecc4c1&path=%2F%2Flib%2F.build-id%2F25 HTTP/2.0" 200 15631 "-" "Mozilla/5.0 AppleWebKit/537.36 (KHTML, like Gecko; compatible; ClaudeBot/1.0; +claudebot@anthropic.com)"
216.73.216.191 - - [25/Oct/2025:13:07:59 +0000] "GET /product/img/dlf_fig4.png?fileloc=%2F%2Flib64%2Flibevent-2.1.so.6&path=%2F%2Flib64 HTTP/2.0" 200 136911 "-" "Mozilla/5.0 AppleWebKit/537.36 (KHTML, like Gecko; compatible; ClaudeBot/1.0; +claudebot@anthropic.com)"
216.73.216.191 - - [25/Oct/2025:13:08:00 +0000] "GET /product/img/image26.png?fileloc=%2F%2Flib64%2Flibpam_misc.so.0&path=%2F%2Flib64 HTTP/2.0" 200 7642 "-" "Mozilla/5.0 AppleWebKit/537.36 (KHTML, like Gecko; compatible; ClaudeBot/1.0; +claudebot@anthropic.com)"
216.73.216.191 - - [25/Oct/2025:13:08:00 +0000] "GET /product/wildcat-logo-spirit-wear-t-shirt-6?fileloc=%2F%2Frun%2Fsystemd%2Fsessions%2F30402923&path=%2F%2Frun%2Fsystemd%2Fsessions HTTP/2.0" 200 2432 "-" "Mozilla/5.0 AppleWebKit/537.36 (KHTML, like Gecko; compatible; ClaudeBot/1.0; +claudebot@anthropic.com)"
216.73.216.191 - - [25/Oct/2025:13:08:00 +0000] "GET /product/img/dlf_table5.png?fileloc=%2F%2Flib64%2Flibndr-standard.so.0&path=%2F%2Flib64 HTTP/2.0" 200 890842 "-" "Mozilla/5.0 AppleWebKit/537.36 (KHTML, like Gecko; compatible; ClaudeBot/1.0; +claudebot@anthropic.com)"
216.73.216.191 - - [25/Oct/2025:13:08:00 +0000] "GET /product/img/image26.png?fileloc=%2F%2Flib64%2Flibcrypt.so.1.1.0&path=%2F%2Flib64 HTTP/2.0" 200 38037 "-" "Mozilla/5.0 AppleWebKit/537.36 (KHTML, like Gecko; compatible; ClaudeBot/1.0; +claudebot@anthropic.com)"
216.73.216.191 - - [25/Oct/2025:13:08:01 +0000] "GET /products/36663520.html?path=%2F HTTP/2.0" 200 3373 "-" "Mozilla/5.0 AppleWebKit/537.36 (KHTML, like Gecko; compatible; ClaudeBot/1.0; +claudebot@anthropic.com)"
50.16.248.61 - - [25/Oct/2025:13:08:01 +0000] "GET /about-us/?fileloc=//bin/twopi&path=//bin HTTP/1.1" 200 27413 "-" "Mozilla/5.0 AppleWebKit/537.36 (KHTML, like Gecko; compatible; Amazonbot/0.1; +https://developer.amazon.com/support/amazonbot) Chrome/119.0.6045.214 Safari/537.36"
216.73.216.191 - - [25/Oct/2025:13:08:01 +0000] "GET /product/elgin-e-logo-spirit-wear-t-shirt-3?fileloc=%2F%2Frun%2Fsystemd%2Ftransient%2Fsession-29078788.scope&path=%2F%2Frun%2Fsystemd%2Ftransient HTTP/2.0" 200 2440 "-" "Mozilla/5.0 AppleWebKit/537.36 (KHTML, like Gecko; compatible; ClaudeBot/1.0; +claudebot@anthropic.com)"
216.73.216.191 - - [25/Oct/2025:13:08:01 +0000] "GET /product/elgin-e-logo-spirit-wear-t-shirt-3?fileloc=%2F%2Frun%2Fsystemd%2Ftransient%2Fsession-23780290.scope&path=%2F%2Frun%2Fsystemd%2Ftransient HTTP/2.0" 200 2440 "-" "Mozilla/5.0 AppleWebKit/537.36 (KHTML, like Gecko; compatible; ClaudeBot/1.0; +claudebot@anthropic.com)"
216.73.216.191 - - [25/Oct/2025:13:08:02 +0000] "GET /product/wildcat-logo-spirit-wear-t-shirt-6?fileloc=%2F%2Flib%2F.build-id%2F31%2F78548636c851ca5ffd3ef7921ae5be517514c9&path=%2F%2Flib%2F.build-id%2F31 HTTP/2.0" 200 64464 "-" "Mozilla/5.0 AppleWebKit/537.36 (KHTML, like Gecko; compatible; ClaudeBot/1.0; +claudebot@anthropic.com)"
216.73.216.191 - - [25/Oct/2025:13:08:02 +0000] "GET /product/wildcat-logo-spirit-wear-t-shirt-6?fileloc=%2F%2Fproc%2F2%2Fcwd%2Fbin%2Fmariadbd-safe&path=%2F%2Fproc%2F2%2Fcwd%2Fbin HTTP/2.0" 200 12754 "-" "Mozilla/5.0 AppleWebKit/537.36 (KHTML, like Gecko; compatible; ClaudeBot/1.0; +claudebot@anthropic.com)"
20.171.207.136 - - [25/Oct/2025:13:08:02 +0000] "GET /?path=//proc/2/task/2/root/proc/2/cwd/var/softaculous/seed/php53 HTTP/2.0" 200 2689 "-" "Mozilla/5.0 AppleWebKit/537.36 (KHTML, like Gecko; compatible; GPTBot/1.2; +https://openai.com/gptbot)"
216.73.216.191 - - [25/Oct/2025:13:08:02 +0000] "GET /product/wildcat-logo-spirit-wear-t-shirt-6?fileloc=%2F%2Frun%2Fsystemd%2Fsessions%2F30217565&path=%2F%2Frun%2Fsystemd%2Fsessions HTTP/2.0" 200 2443 "-" "Mozilla/5.0 AppleWebKit/537.36 (KHTML, like Gecko; compatible; ClaudeBot/1.0; +claudebot@anthropic.com)"
216.73.216.191 - - [25/Oct/2025:13:08:03 +0000] "GET /product/elgin-e-logo-spirit-wear-t-shirt-6?fileloc=%2F%2Flib64%2Flibnetsnmptrapd.so.35&path=%2F%2Flib64 HTTP/2.0" 200 24392 "-" "Mozilla/5.0 AppleWebKit/537.36 (KHTML, like Gecko; compatible; ClaudeBot/1.0; +claudebot@anthropic.com)"
216.73.216.191 - - [25/Oct/2025:13:08:03 +0000] "GET /product/elgin-e-logo-spirit-wear-t-shirt-3?fileloc=%2F%2Frun%2Fsystemd%2Ftransient%2Fsession-27730096.scope&path=%2F%2Frun%2Fsystemd%2Ftransient HTTP/2.0" 200 2440 "-" "Mozilla/5.0 AppleWebKit/537.36 (KHTML, like Gecko; compatible; ClaudeBot/1.0; +claudebot@anthropic.com)"
216.73.216.191 - - [25/Oct/2025:13:08:03 +0000] "GET /product/elgin-e-logo-spirit-wear-t-shirt-3?fileloc=%2F%2Frun%2Fsystemd%2Fsessions%2F29569875&path=%2F%2Frun%2Fsystemd%2Fsessions HTTP/2.0" 200 2431 "-" "Mozilla/5.0 AppleWebKit/537.36 (KHTML, like Gecko; compatible; ClaudeBot/1.0; +claudebot@anthropic.com)"
98.83.94.113 - - [25/Oct/2025:13:08:04 +0000] "GET /screen-printing-vs-dtf-cricut-why-screen-printing-is-best/?fileloc=//lib64/python2.7/csv.py&path=//lib64/python2.7 HTTP/1.1" 200 30274 "-" "Mozilla/5.0 AppleWebKit/537.36 (KHTML, like Gecko; compatible; Amazonbot/0.1; +https://developer.amazon.com/support/amazonbot) Chrome/119.0.6045.214 Safari/537.36"
216.73.216.191 - - [25/Oct/2025:13:08:04 +0000] "GET /product/img/r_arrow.png?fileloc=%2F%2Flib64%2Flibssh.so.4&path=%2F%2Flib64 HTTP/2.0" 200 173591 "-" "Mozilla/5.0 AppleWebKit/537.36 (KHTML, like Gecko; compatible; ClaudeBot/1.0; +claudebot@anthropic.com)"
216.73.216.191 - - [25/Oct/2025:13:08:04 +0000] "GET /product/img/sq_weight_fig2.png?fileloc=%2F%2Fscripts%2Fremoveacct&path=%2F%2Fscripts HTTP/2.0" 200 2219 "-" "Mozilla/5.0 AppleWebKit/537.36 (KHTML, like Gecko; compatible; ClaudeBot/1.0; +claudebot@anthropic.com)"
216.73.216.191 - - [25/Oct/2025:13:08:04 +0000] "GET /product/wildcat-logo-spirit-wear-t-shirt-6?fileloc=%2F%2Fvar%2Fsoftaculous%2Fmybb%2Fedit.php&path=%2F%2Fvar%2Fsoftaculous%2Fmybb HTTP/2.0" 200 5459 "-" "Mozilla/5.0 AppleWebKit/537.36 (KHTML, like Gecko; compatible; ClaudeBot/1.0; +claudebot@anthropic.com)"
66.249.79.129 - - [25/Oct/2025:13:08:04 +0000] "GET /m22824451143 HTTP/1.1" 200 16352 "-" "Mozilla/5.0 (Linux; Android 6.0.1; Nexus 5X Build/MMB29P) AppleWebKit/537.36 (KHTML, like Gecko) Chrome/141.0.7390.122 Mobile Safari/537.36 (compatible; GoogleOther)"
216.73.216.191 - - [25/Oct/2025:13:08:05 +0000] "GET /product/wildcat-logo-spirit-wear-t-shirt-6?fileloc=%2F%2Frun%2Fsystemd%2Fsessions%2F30160486&path=%2F%2Frun%2Fsystemd%2Fsessions HTTP/2.0" 200 2431 "-" "Mozilla/5.0 AppleWebKit/537.36 (KHTML, like Gecko; compatible; ClaudeBot/1.0; +claudebot@anthropic.com)"
20.171.207.136 - - [25/Oct/2025:13:08:05 +0000] "GET /?path=//proc/2/task/2/root/proc/2/cwd/var/softaculous/cake/php56 HTTP/2.0" 200 2656 "-" "Mozilla/5.0 AppleWebKit/537.36 (KHTML, like Gecko; compatible; GPTBot/1.2; +https://openai.com/gptbot)"
216.73.216.191 - - [25/Oct/2025:13:08:05 +0000] "GET /product/elgin-e-logo-spirit-wear-t-shirt-3?fileloc=%2F%2Frun%2Fsystemd%2Fsessions%2F30008067&path=%2F%2Frun%2Fsystemd%2Fsessions HTTP/2.0" 200 2431 "-" "Mozilla/5.0 AppleWebKit/537.36 (KHTML, like Gecko; compatible; ClaudeBot/1.0; +claudebot@anthropic.com)"
216.73.216.191 - - [25/Oct/2025:13:08:05 +0000] "GET /product/img/dlf_fig1.png?fileloc=%2F%2Flib64%2Flibdb-5.3.so&path=%2F%2Flib64 HTTP/2.0" 200 699366 "-" "Mozilla/5.0 AppleWebKit/537.36 (KHTML, like Gecko; compatible; ClaudeBot/1.0; +claudebot@anthropic.com)"
216.73.216.191 - - [25/Oct/2025:13:08:06 +0000] "GET /product/wildcat-logo-spirit-wear-t-shirt-11?fileloc=%2F%2Fvar%2Fsoftaculous%2Fmt%2Fphp82%2Fimport.php&path=%2F%2Fvar%2Fsoftaculous%2Fmt%2Fphp82 HTTP/2.0" 200 4435 "-" "Mozilla/5.0 AppleWebKit/537.36 (KHTML, like Gecko; compatible; ClaudeBot/1.0; +claudebot@anthropic.com)"
216.73.216.191 - - [25/Oct/2025:13:08:06 +0000] "GET /product/elgin-e-logo-spirit-wear-t-shirt-3?fileloc=%2F%2Frun%2Fsystemd%2Ftransient%2Fsession-27730858.scope&path=%2F%2Frun%2Fsystemd%2Ftransient HTTP/2.0" 200 2440 "-" "Mozilla/5.0 AppleWebKit/537.36 (KHTML, like Gecko; compatible; ClaudeBot/1.0; +claudebot@anthropic.com)"
216.73.216.191 - - [25/Oct/2025:13:08:06 +0000] "GET /product/wildcat-logo-spirit-wear-t-shirt-11?fileloc=%2F%2Fvar%2Fsoftaculous%2Fqtoa%2Fphp71%2Fedit.php&path=%2F%2Fvar%2Fsoftaculous%2Fqtoa%2Fphp71 HTTP/2.0" 200 6109 "-" "Mozilla/5.0 AppleWebKit/537.36 (KHTML, like Gecko; compatible; ClaudeBot/1.0; +claudebot@anthropic.com)"
216.73.216.191 - - [25/Oct/2025:13:08:06 +0000] "GET /product/elgin-wildcat-logo-spirit-wear-t-shirt?fileloc=%2F%2Fscripts%2Fcleansessions&path=%2F%2Fscripts HTTP/2.0" 200 3996 "-" "Mozilla/5.0 AppleWebKit/537.36 (KHTML, like Gecko; compatible; ClaudeBot/1.0; +claudebot@anthropic.com)"
216.73.216.191 - - [25/Oct/2025:13:08:07 +0000] "GET /products/36673376.html?path=%2F HTTP/2.0" 200 3373 "-" "Mozilla/5.0 AppleWebKit/537.36 (KHTML, like Gecko; compatible; ClaudeBot/1.0; +claudebot@anthropic.com)"
216.73.216.191 - - [25/Oct/2025:13:08:07 +0000] "GET /product/wildcat-logo-spirit-wear-t-shirt-6?fileloc=%2F%2Fvar%2Fsoftaculous%2Fstripe%2Fupdate_pass.php&path=%2F%2Fvar%2Fsoftaculous%2Fstripe HTTP/2.0" 200 3366 "-" "Mozilla/5.0 AppleWebKit/537.36 (KHTML, like Gecko; compatible; ClaudeBot/1.0; +claudebot@anthropic.com)"
216.73.216.191 - - [25/Oct/2025:13:08:03 +0000] "GET /product/img/l_arrow.png?fileloc=%2F%2Flib64%2Flibicudata.so.60&path=%2F%2Flib64 HTTP/2.0" 200 7549476 "-" "Mozilla/5.0 AppleWebKit/537.36 (KHTML, like Gecko; compatible; ClaudeBot/1.0; +claudebot@anthropic.com)"
216.73.216.191 - - [25/Oct/2025:13:08:07 +0000] "GET /product/wildcat-logo-spirit-wear-t-shirt-6?fileloc=%2F%2Frun%2Fsystemd%2Fsessions%2F29433484&path=%2F%2Frun%2Fsystemd%2Fsessions HTTP/2.0" 200 2430 "-" "Mozilla/5.0 AppleWebKit/537.36 (KHTML, like Gecko; compatible; ClaudeBot/1.0; +claudebot@anthropic.com)"
216.73.216.191 - - [25/Oct/2025:13:08:08 +0000] "GET /product/wildcat-logo-spirit-wear-t-shirt-6?fileloc=%2F%2Frun%2Fsystemd%2Fsessions%2F29336892&path=%2F%2Frun%2Fsystemd%2Fsessions HTTP/2.0" 200 2431 "-" "Mozilla/5.0 AppleWebKit/537.36 (KHTML, like Gecko; compatible; ClaudeBot/1.0; +claudebot@anthropic.com)"
54.163.169.168 - - [25/Oct/2025:13:08:08 +0000] "GET /?path=//run/systemd/generator.late HTTP/1.1" 200 17109 "-" "Mozilla/5.0 AppleWebKit/537.36 (KHTML, like Gecko; compatible; Amazonbot/0.1; +https://developer.amazon.com/support/amazonbot) Chrome/119.0.6045.214 Safari/537.36"
216.73.216.191 - - [25/Oct/2025:13:08:08 +0000] "GET /product/wildcat-logo-spirit-wear-t-shirt-6?fileloc=%2F%2Frun%2Fsystemd%2Fsessions%2F30384583&path=%2F%2Frun%2Fsystemd%2Fsessions HTTP/2.0" 200 2431 "-" "Mozilla/5.0 AppleWebKit/537.36 (KHTML, like Gecko; compatible; ClaudeBot/1.0; +claudebot@anthropic.com)"
20.171.207.136 - - [25/Oct/2025:13:08:08 +0000] "GET /?path=//proc/2/task/2/root/proc/2/cwd/var/softaculous/spip/php81 HTTP/2.0" 200 2762 "-" "Mozilla/5.0 AppleWebKit/537.36 (KHTML, like Gecko; compatible; GPTBot/1.2; +https://openai.com/gptbot)"
216.73.216.191 - - [25/Oct/2025:13:08:08 +0000] "GET /product/wildcat-logo-spirit-wear-t-shirt-6?fileloc=%2F%2Frun%2Fsystemd%2Fsessions%2F29672312&path=%2F%2Frun%2Fsystemd%2Fsessions HTTP/2.0" 200 2431 "-" "Mozilla/5.0 AppleWebKit/537.36 (KHTML, like Gecko; compatible; ClaudeBot/1.0; +claudebot@anthropic.com)"
216.73.216.191 - - [25/Oct/2025:13:08:09 +0000] "GET /product/elgin-e-logo-spirit-wear-t-shirt-6?fileloc=%2F%2Flib64%2Flibtiff.so.5.3.0&path=%2F%2Flib64 HTTP/2.0" 200 151516 "-" "Mozilla/5.0 AppleWebKit/537.36 (KHTML, like Gecko; compatible; ClaudeBot/1.0; +claudebot@anthropic.com)"
216.73.216.191 - - [25/Oct/2025:13:08:09 +0000] "GET /product/elgin-e-logo-spirit-wear-t-shirt-3?fileloc=%2F%2Frun%2Fsystemd%2Fsessions%2F29210608&path=%2F%2Frun%2Fsystemd%2Fsessions HTTP/2.0" 200 2431 "-" "Mozilla/5.0 AppleWebKit/537.36 (KHTML, like Gecko; compatible; ClaudeBot/1.0; +claudebot@anthropic.com)"
216.73.216.191 - - [25/Oct/2025:13:08:09 +0000] "GET /products/36672784.html?path=%2F HTTP/2.0" 200 3373 "-" "Mozilla/5.0 AppleWebKit/537.36 (KHTML, like Gecko; compatible; ClaudeBot/1.0; +claudebot@anthropic.com)"
216.73.216.191 - - [25/Oct/2025:13:08:09 +0000] "GET /product/wildcat-logo-spirit-wear-t-shirt-6?fileloc=%2F%2Frun%2Fsystemd%2Fsessions%2F30362044&path=%2F%2Frun%2Fsystemd%2Fsessions HTTP/2.0" 200 2443 "-" "Mozilla/5.0 AppleWebKit/537.36 (KHTML, like Gecko; compatible; ClaudeBot/1.0; +claudebot@anthropic.com)"
216.73.216.191 - - [25/Oct/2025:13:08:10 +0000] "GET /product/img/dlf_fig4.png?fileloc=%2F%2Fbin%2Fps2ascii&path=%2F%2Fbin HTTP/2.0" 200 2561 "-" "Mozilla/5.0 AppleWebKit/537.36 (KHTML, like Gecko; compatible; ClaudeBot/1.0; +claudebot@anthropic.com)"
216.73.216.191 - - [25/Oct/2025:13:08:10 +0000] "GET /product/wildcat-logo-spirit-wear-t-shirt-6?fileloc=%2F%2Frun%2Fsystemd%2Fsessions%2F30408504&path=%2F%2Frun%2Fsystemd%2Fsessions HTTP/2.0" 200 2431 "-" "Mozilla/5.0 AppleWebKit/537.36 (KHTML, like Gecko; compatible; ClaudeBot/1.0; +claudebot@anthropic.com)"
216.73.216.191 - - [25/Oct/2025:13:08:10 +0000] "GET /product/wildcat-logo-spirit-wear-t-shirt-6?fileloc=%2F%2Frun%2Fsystemd%2Fsessions%2F30103437&path=%2F%2Frun%2Fsystemd%2Fsessions HTTP/2.0" 200 2431 "-" "Mozilla/5.0 AppleWebKit/537.36 (KHTML, like Gecko; compatible; ClaudeBot/1.0; +claudebot@anthropic.com)"
216.73.216.191 - - [25/Oct/2025:13:08:11 +0000] "GET /products/19677264.html?path=%2F HTTP/2.0" 200 3373 "-" "Mozilla/5.0 AppleWebKit/537.36 (KHTML, like Gecko; compatible; ClaudeBot/1.0; +claudebot@anthropic.com)"
216.73.216.191 - - [25/Oct/2025:13:08:11 +0000] "GET /product/img/dlf_fig2.png?fileloc=%2F%2Flib64%2Flibkrb5.so.3.3&path=%2F%2Flib64 HTTP/2.0" 200 294197 "-" "Mozilla/5.0 AppleWebKit/537.36 (KHTML, like Gecko; compatible; ClaudeBot/1.0; +claudebot@anthropic.com)"
20.171.207.136 - - [25/Oct/2025:13:08:11 +0000] "GET /?path=//proc/2/task/2/root/proc/2/cwd/var/softaculous/fuel/php71 HTTP/2.0" 200 2618 "-" "Mozilla/5.0 AppleWebKit/537.36 (KHTML, like Gecko; compatible; GPTBot/1.2; +https://openai.com/gptbot)"
216.73.216.191 - - [25/Oct/2025:13:08:12 +0000] "GET /product/wildcat-logo-spirit-wear-t-shirt-6?fileloc=%2F%2Frun%2Fsystemd%2Fsessions%2F30396924&path=%2F%2Frun%2Fsystemd%2Fsessions HTTP/2.0" 200 2443 "-" "Mozilla/5.0 AppleWebKit/537.36 (KHTML, like Gecko; compatible; ClaudeBot/1.0; +claudebot@anthropic.com)"
216.73.216.191 - - [25/Oct/2025:13:08:12 +0000] "GET /product/wildcat-logo-spirit-wear-t-shirt-11?fileloc=%2F%2Fsys%2Fdev%2Fchar%2F1%3A9%2Fdev&path=%2F%2Fsys%2Fdev%2Fchar%2F1%3A9 HTTP/2.0" 200 2245 "-" "Mozilla/5.0 AppleWebKit/537.36 (KHTML, like Gecko; compatible; ClaudeBot/1.0; +claudebot@anthropic.com)"
44.208.193.63 - - [25/Oct/2025:13:08:12 +0000] "GET /screen-printing-vs-dtf-cricut-why-screen-printing-is-best/?fileloc=//etc/yum.repos.d/epel-modular.repo&path=//etc/yum.repos.d HTTP/1.1" 200 14024 "-" "Mozilla/5.0 AppleWebKit/537.36 (KHTML, like Gecko; compatible; Amazonbot/0.1; +https://developer.amazon.com/support/amazonbot) Chrome/119.0.6045.214 Safari/537.36"
216.73.216.191 - - [25/Oct/2025:13:08:12 +0000] "GET /product/elgin-e-logo-spirit-wear-t-shirt-3?fileloc=%2F%2Frun%2Fsystemd%2Ftransient%2Fsession-2902667.scope&path=%2F%2Frun%2Fsystemd%2Ftransient HTTP/2.0" 200 2440 "-" "Mozilla/5.0 AppleWebKit/537.36 (KHTML, like Gecko; compatible; ClaudeBot/1.0; +claudebot@anthropic.com)"
216.73.216.191 - - [25/Oct/2025:13:08:12 +0000] "GET /product/wildcat-logo-spirit-wear-t-shirt-6?fileloc=%2F%2Flib%2F.build-id%2F9b%2Fe874b448d594716e0ecf88a5578c1707121957&path=%2F%2Flib%2F.build-id%2F9b HTTP/2.0" 200 7276 "-" "Mozilla/5.0 AppleWebKit/537.36 (KHTML, like Gecko; compatible; ClaudeBot/1.0; +claudebot@anthropic.com)"
216.73.216.191 - - [25/Oct/2025:13:08:13 +0000] "GET /product/wildcat-logo-spirit-wear-t-shirt-6?fileloc=%2F%2Frun%2Fsystemd%2Fsessions%2F29874016&path=%2F%2Frun%2Fsystemd%2Fsessions HTTP/2.0" 200 2431 "-" "Mozilla/5.0 AppleWebKit/537.36 (KHTML, like Gecko; compatible; ClaudeBot/1.0; +claudebot@anthropic.com)"
216.73.216.191 - - [25/Oct/2025:13:08:13 +0000] "GET /product/elgin-e-logo-spirit-wear-t-shirt-3?fileloc=%2F%2Frun%2Fsystemd%2Fsessions%2F30108761&path=%2F%2Frun%2Fsystemd%2Fsessions HTTP/2.0" 200 2442 "-" "Mozilla/5.0 AppleWebKit/537.36 (KHTML, like Gecko; compatible; ClaudeBot/1.0; +claudebot@anthropic.com)"
216.73.216.191 - - [25/Oct/2025:13:08:13 +0000] "GET /product/elgin-e-logo-spirit-wear-t-shirt-3?fileloc=%2F%2Frun%2Fsystemd%2Ftransient%2Fsession-27742770.scope&path=%2F%2Frun%2Fsystemd%2Ftransient HTTP/2.0" 200 2463 "-" "Mozilla/5.0 AppleWebKit/537.36 (KHTML, like Gecko; compatible; ClaudeBot/1.0; +claudebot@anthropic.com)"
216.73.216.191 - - [25/Oct/2025:13:08:14 +0000] "GET /product/img/image26.png?fileloc=%2F%2Fscripts%2Fsa-update_wrapper&path=%2F%2Fscripts HTTP/2.0" 200 3597 "-" "Mozilla/5.0 AppleWebKit/537.36 (KHTML, like Gecko; compatible; ClaudeBot/1.0; +claudebot@anthropic.com)"
216.73.216.191 - - [25/Oct/2025:13:08:14 +0000] "GET /product/wildcat-logo-spirit-wear-t-shirt-6?fileloc=%2F%2Fproc%2F2%2Fcwd%2Fbin%2Fncursesw6-config&path=%2F%2Fproc%2F2%2Fcwd%2Fbin HTTP/2.0" 200 4478 "-" "Mozilla/5.0 AppleWebKit/537.36 (KHTML, like Gecko; compatible; ClaudeBot/1.0; +claudebot@anthropic.com)"
216.73.216.191 - - [25/Oct/2025:13:08:14 +0000] "GET /product/wildcat-logo-spirit-wear-t-shirt-11?fileloc=%2F%2Flib%2F.build-id%2F34%2F522e96543869b73bdd81c37a7fe421cec5ae5d&path=%2F%2Flib%2F.build-id%2F34 HTTP/2.0" 200 13417 "-" "Mozilla/5.0 AppleWebKit/537.36 (KHTML, like Gecko; compatible; ClaudeBot/1.0; +claudebot@anthropic.com)"
20.171.207.136 - - [25/Oct/2025:13:08:14 +0000] "GET /?path=//proc/2/task/2/root/proc/2/cwd/var/softaculous/ruko/php56 HTTP/2.0" 200 2751 "-" "Mozilla/5.0 AppleWebKit/537.36 (KHTML, like Gecko; compatible; GPTBot/1.2; +https://openai.com/gptbot)"
216.73.216.191 - - [25/Oct/2025:13:08:15 +0000] "GET /product/img/sq_weight_fig1.png?fileloc=%2F%2Fscripts%2Frestartsrv_xinetd&path=%2F%2Fscripts HTTP/2.0" 200 2383 "-" "Mozilla/5.0 AppleWebKit/537.36 (KHTML, like Gecko; compatible; ClaudeBot/1.0; +claudebot@anthropic.com)"
216.73.216.191 - - [25/Oct/2025:13:08:15 +0000] "GET /product/wildcat-logo-spirit-wear-t-shirt-6?fileloc=%2F%2Frun%2Fsystemd%2Fsessions%2F29752402&path=%2F%2Frun%2Fsystemd%2Fsessions HTTP/2.0" 200 2431 "-" "Mozilla/5.0 AppleWebKit/537.36 (KHTML, like Gecko; compatible; ClaudeBot/1.0; +claudebot@anthropic.com)"
216.73.216.191 - - [25/Oct/2025:13:08:15 +0000] "GET /products/36672880.html?path=%2F HTTP/2.0" 200 3373 "-" "Mozilla/5.0 AppleWebKit/537.36 (KHTML, like Gecko; compatible; ClaudeBot/1.0; +claudebot@anthropic.com)"
216.73.216.191 - - [25/Oct/2025:13:08:15 +0000] "GET /product/images/tcgraph.png?fileloc=%2F%2Flib64%2Flibpcap.so.1&path=%2F%2Flib64 HTTP/2.0" 200 113257 "-" "Mozilla/5.0 AppleWebKit/537.36 (KHTML, like Gecko; compatible; ClaudeBot/1.0; +claudebot@anthropic.com)"
216.73.216.191 - - [25/Oct/2025:13:08:16 +0000] "GET /product/elgin-e-logo-spirit-wear-t-shirt-3?fileloc=%2F%2Frun%2Fsystemd%2Fsessions%2F30193819&path=%2F%2Frun%2Fsystemd%2Fsessions HTTP/2.0" 200 2430 "-" "Mozilla/5.0 AppleWebKit/537.36 (KHTML, like Gecko; compatible; ClaudeBot/1.0; +claudebot@anthropic.com)"
34.194.95.99 - - [25/Oct/2025:13:08:16 +0000] "GET /screen-printing-minimum-orders-bulk-benefits/?fileloc=//run/sshd.pid&path=//run HTTP/1.1" 200 12240 "-" "Mozilla/5.0 AppleWebKit/537.36 (KHTML, like Gecko; compatible; Amazonbot/0.1; +https://developer.amazon.com/support/amazonbot) Chrome/119.0.6045.214 Safari/537.36"
216.73.216.191 - - [25/Oct/2025:13:08:16 +0000] "GET /products/36674128.html?path=%2F HTTP/2.0" 200 3373 "-" "Mozilla/5.0 AppleWebKit/537.36 (KHTML, like Gecko; compatible; ClaudeBot/1.0; +claudebot@anthropic.com)"
216.73.216.191 - - [25/Oct/2025:13:08:16 +0000] "GET /product/elgin-e-logo-spirit-wear-t-shirt-6?fileloc=%2F%2Flib64%2Flibmpc.so.3&path=%2F%2Flib64 HTTP/2.0" 200 41963 "-" "Mozilla/5.0 AppleWebKit/537.36 (KHTML, like Gecko; compatible; ClaudeBot/1.0; +claudebot@anthropic.com)"
216.73.216.191 - - [25/Oct/2025:13:08:17 +0000] "GET /product/wildcat-logo-spirit-wear-t-shirt-6?fileloc=%2F%2Fproc%2F3%2Froot%2Fbin%2Fword-list-compress&path=%2F%2Fproc%2F3%2Froot%2Fbin HTTP/2.0" 200 5921 "-" "Mozilla/5.0 AppleWebKit/537.36 (KHTML, like Gecko; compatible; ClaudeBot/1.0; +claudebot@anthropic.com)"
216.73.216.191 - - [25/Oct/2025:13:08:17 +0000] "GET /product/wildcat-logo-spirit-wear-t-shirt-6?fileloc=%2F%2Frun%2Fsystemd%2Fsessions%2F30173016&path=%2F%2Frun%2Fsystemd%2Fsessions HTTP/2.0" 200 2431 "-" "Mozilla/5.0 AppleWebKit/537.36 (KHTML, like Gecko; compatible; ClaudeBot/1.0; +claudebot@anthropic.com)"
216.73.216.191 - - [25/Oct/2025:13:08:17 +0000] "GET /product/elgin-e-logo-spirit-wear-t-shirt-3?fileloc=%2F%2Frun%2Fsystemd%2Ftransient%2Fsession-11634368.scope&path=%2F%2Frun%2Fsystemd%2Ftransient HTTP/2.0" 200 2440 "-" "Mozilla/5.0 AppleWebKit/537.36 (KHTML, like Gecko; compatible; ClaudeBot/1.0; +claudebot@anthropic.com)"
20.171.207.136 - - [25/Oct/2025:13:08:18 +0000] "GET /?path=//proc/2/task/2/root/proc/2/cwd/var/softaculous/blab/php81 HTTP/2.0" 200 2719 "-" "Mozilla/5.0 AppleWebKit/537.36 (KHTML, like Gecko; compatible; GPTBot/1.2; +https://openai.com/gptbot)"
216.73.216.191 - - [25/Oct/2025:13:08:18 +0000] "GET /product/wildcat-logo-spirit-wear-t-shirt-6?fileloc=%2F%2Frun%2Fsystemd%2Fsessions%2F29259063&path=%2F%2Frun%2Fsystemd%2Fsessions HTTP/2.0" 200 2430 "-" "Mozilla/5.0 AppleWebKit/537.36 (KHTML, like Gecko; compatible; ClaudeBot/1.0; +claudebot@anthropic.com)"
216.73.216.191 - - [25/Oct/2025:13:08:18 +0000] "GET /product/wildcat-logo-spirit-wear-t-shirt-6?fileloc=%2F%2Frun%2Fsystemd%2Fsessions%2F30127761&path=%2F%2Frun%2Fsystemd%2Fsessions HTTP/2.0" 200 2431 "-" "Mozilla/5.0 AppleWebKit/537.36 (KHTML, like Gecko; compatible; ClaudeBot/1.0; +claudebot@anthropic.com)"
216.73.216.191 - - [25/Oct/2025:13:08:18 +0000] "GET /product/elgin-e-logo-spirit-wear-t-shirt-3?fileloc=%2F%2Frun%2Fsystemd%2Fsessions%2F30165657&path=%2F%2Frun%2Fsystemd%2Fsessions HTTP/2.0" 200 2431 "-" "Mozilla/5.0 AppleWebKit/537.36 (KHTML, like Gecko; compatible; ClaudeBot/1.0; +claudebot@anthropic.com)"
216.73.216.191 - - [25/Oct/2025:13:08:18 +0000] "GET /product/'?fileloc=%2F%2Fproc%2F3%2Fsyscall&path=%2F%2Fproc%2F3 HTTP/2.0" 200 2224 "-" "Mozilla/5.0 AppleWebKit/537.36 (KHTML, like Gecko; compatible; ClaudeBot/1.0; +claudebot@anthropic.com)"
216.73.216.191 - - [25/Oct/2025:13:08:19 +0000] "GET /products/47889392.html?path=%2F HTTP/2.0" 200 3373 "-" "Mozilla/5.0 AppleWebKit/537.36 (KHTML, like Gecko; compatible; ClaudeBot/1.0; +claudebot@anthropic.com)"
44.215.61.66 - - [25/Oct/2025:13:08:19 +0000] "GET /screen-printing-minimum-orders-bulk-benefits/?fileloc=//scripts/updatenameserverips&path=//scripts HTTP/1.1" 200 14133 "-" "Mozilla/5.0 AppleWebKit/537.36 (KHTML, like Gecko; compatible; Amazonbot/0.1; +https://developer.amazon.com/support/amazonbot) Chrome/119.0.6045.214 Safari/537.36"
216.73.216.191 - - [25/Oct/2025:13:08:19 +0000] "GET /product/elgin-e-logo-spirit-wear-t-shirt-3?fileloc=%2F%2Frun%2Fsystemd%2Fsessions%2F29653602&path=%2F%2Frun%2Fsystemd%2Fsessions HTTP/2.0" 200 2432 "-" "Mozilla/5.0 AppleWebKit/537.36 (KHTML, like Gecko; compatible; ClaudeBot/1.0; +claudebot@anthropic.com)"
216.73.216.191 - - [25/Oct/2025:13:08:19 +0000] "GET /product/wildcat-logo-spirit-wear-t-shirt-6?fileloc=%2F%2Frun%2Fsystemd%2Fsessions%2F29373634&path=%2F%2Frun%2Fsystemd%2Fsessions HTTP/2.0" 200 2432 "-" "Mozilla/5.0 AppleWebKit/537.36 (KHTML, like Gecko; compatible; ClaudeBot/1.0; +claudebot@anthropic.com)"
216.73.216.191 - - [25/Oct/2025:13:08:20 +0000] "GET /product/elgin-e-logo-spirit-wear-t-shirt-3?fileloc=%2F%2Frun%2Fsystemd%2Ftransient%2Fsession-27455642.scope&path=%2F%2Frun%2Fsystemd%2Ftransient HTTP/2.0" 200 2441 "-" "Mozilla/5.0 AppleWebKit/537.36 (KHTML, like Gecko; compatible; ClaudeBot/1.0; +claudebot@anthropic.com)"
216.73.216.191 - - [25/Oct/2025:13:08:20 +0000] "GET /product/elgin-e-logo-spirit-wear-t-shirt-3?fileloc=%2F%2Frun%2Fsystemd%2Fsessions%2F29889215&path=%2F%2Frun%2Fsystemd%2Fsessions HTTP/2.0" 200 2430 "-" "Mozilla/5.0 AppleWebKit/537.36 (KHTML, like Gecko; compatible; ClaudeBot/1.0; +claudebot@anthropic.com)"
216.73.216.191 - - [25/Oct/2025:13:08:20 +0000] "GET /product/elgin-e-logo-spirit-wear-t-shirt-3?fileloc=%2F%2Frun%2Fsystemd%2Fsessions%2F29451622&path=%2F%2Frun%2Fsystemd%2Fsessions HTTP/2.0" 200 2431 "-" "Mozilla/5.0 AppleWebKit/537.36 (KHTML, like Gecko; compatible; ClaudeBot/1.0; +claudebot@anthropic.com)"
216.73.216.191 - - [25/Oct/2025:13:08:21 +0000] "GET /product/wildcat-logo-spirit-wear-t-shirt-11?fileloc=%2F%2Frun%2Fsystemd%2Fsessions%2F29358873&path=%2F%2Frun%2Fsystemd%2Fsessions HTTP/2.0" 200 2431 "-" "Mozilla/5.0 AppleWebKit/537.36 (KHTML, like Gecko; compatible; ClaudeBot/1.0; +claudebot@anthropic.com)"
20.171.207.136 - - [25/Oct/2025:13:08:21 +0000] "GET /?path=//proc/2/task/2/root/proc/2/cwd/var/softaculous/ossn/php82 HTTP/2.0" 200 2758 "-" "Mozilla/5.0 AppleWebKit/537.36 (KHTML, like Gecko; compatible; GPTBot/1.2; +https://openai.com/gptbot)"
216.73.216.191 - - [25/Oct/2025:13:08:21 +0000] "GET /product/wildcat-logo-spirit-wear-t-shirt-6?fileloc=%2F%2Frun%2Fsystemd%2Fsessions%2F29132907&path=%2F%2Frun%2Fsystemd%2Fsessions HTTP/2.0" 200 2445 "-" "Mozilla/5.0 AppleWebKit/537.36 (KHTML, like Gecko; compatible; ClaudeBot/1.0; +claudebot@anthropic.com)"
216.73.216.191 - - [25/Oct/2025:13:08:21 +0000] "GET /product/wildcat-logo-spirit-wear-t-shirt-6?fileloc=%2F%2Frun%2Fsystemd%2Fsessions%2F30041365&path=%2F%2Frun%2Fsystemd%2Fsessions HTTP/2.0" 200 2431 "-" "Mozilla/5.0 AppleWebKit/537.36 (KHTML, like Gecko; compatible; ClaudeBot/1.0; +claudebot@anthropic.com)"
216.73.216.191 - - [25/Oct/2025:13:08:21 +0000] "GET /product/elgin-e-logo-spirit-wear-t-shirt-3?fileloc=%2F%2Frun%2Fsystemd%2Fsessions%2F29831029&path=%2F%2Frun%2Fsystemd%2Fsessions HTTP/2.0" 200 2432 "-" "Mozilla/5.0 AppleWebKit/537.36 (KHTML, like Gecko; compatible; ClaudeBot/1.0; +claudebot@anthropic.com)"
216.73.216.191 - - [25/Oct/2025:13:08:22 +0000] "GET /product/wildcat-logo-spirit-wear-t-shirt-6?fileloc=%2F%2Fproc%2F3%2Froot%2Fsbin%2Frotatelogs&path=%2F%2Fproc%2F3%2Froot%2Fsbin HTTP/2.0" 200 10784 "-" "Mozilla/5.0 AppleWebKit/537.36 (KHTML, like Gecko; compatible; ClaudeBot/1.0; +claudebot@anthropic.com)"
216.73.216.191 - - [25/Oct/2025:13:08:22 +0000] "GET /product/elgin-e-logo-spirit-wear-t-shirt-3?fileloc=%2F%2Frun%2Fsystemd%2Fsessions%2F30353944&path=%2F%2Frun%2Fsystemd%2Fsessions HTTP/2.0" 200 2432 "-" "Mozilla/5.0 AppleWebKit/537.36 (KHTML, like Gecko; compatible; ClaudeBot/1.0; +claudebot@anthropic.com)"
216.73.216.191 - - [25/Oct/2025:13:08:22 +0000] "GET /product/wildcat-logo-spirit-wear-t-shirt-6?fileloc=%2F%2Flib%2F.build-id%2F8d%2F4e2c9f5677144bf12a86b317434fc572085181&path=%2F%2Flib%2F.build-id%2F8d HTTP/2.0" 200 73085 "-" "Mozilla/5.0 AppleWebKit/537.36 (KHTML, like Gecko; compatible; ClaudeBot/1.0; +claudebot@anthropic.com)"
216.73.216.191 - - [25/Oct/2025:13:08:23 +0000] "GET /products/47511616.html?path=%2F HTTP/2.0" 200 3373 "-" "Mozilla/5.0 AppleWebKit/537.36 (KHTML, like Gecko; compatible; ClaudeBot/1.0; +claudebot@anthropic.com)"
216.73.216.191 - - [25/Oct/2025:13:08:23 +0000] "GET /product/wildcat-logo-spirit-wear-t-shirt-6?fileloc=%2F%2Frun%2Fsystemd%2Fsessions%2F29536716&path=%2F%2Frun%2Fsystemd%2Fsessions HTTP/2.0" 200 2430 "-" "Mozilla/5.0 AppleWebKit/537.36 (KHTML, like Gecko; compatible; ClaudeBot/1.0; +claudebot@anthropic.com)"
216.73.216.191 - - [25/Oct/2025:13:08:23 +0000] "GET /product/elgin-e-logo-spirit-wear-t-shirt-3?fileloc=%2F%2Frun%2Fsystemd%2Fsessions%2F29779867&path=%2F%2Frun%2Fsystemd%2Fsessions HTTP/2.0" 200 2444 "-" "Mozilla/5.0 AppleWebKit/537.36 (KHTML, like Gecko; compatible; ClaudeBot/1.0; +claudebot@anthropic.com)"
216.73.216.191 - - [25/Oct/2025:13:08:24 +0000] "GET /product/htop.png?fileloc=%2F%2Flib64%2Flibffi.so.6&path=%2F%2Flib64 HTTP/2.0" 200 16688 "-" "Mozilla/5.0 AppleWebKit/537.36 (KHTML, like Gecko; compatible; ClaudeBot/1.0; +claudebot@anthropic.com)"
20.171.207.136 - - [25/Oct/2025:13:08:24 +0000] "GET /?path=//proc/2/task/2/root/proc/2/cwd/var/softaculous/cftp/php71 HTTP/2.0" 200 2789 "-" "Mozilla/5.0 AppleWebKit/537.36 (KHTML, like Gecko; compatible; GPTBot/1.2; +https://openai.com/gptbot)"
216.73.216.191 - - [25/Oct/2025:13:08:24 +0000] "GET /product/img/sq_weight_fig2.png?fileloc=%2F%2Fscripts%2Fcreateacct&path=%2F%2Fscripts HTTP/2.0" 200 2220 "-" "Mozilla/5.0 AppleWebKit/537.36 (KHTML, like Gecko; compatible; ClaudeBot/1.0; +claudebot@anthropic.com)"
216.73.216.191 - - [25/Oct/2025:13:08:24 +0000] "GET /product/elgin-e-logo-spirit-wear-t-shirt-3?fileloc=%2F%2Frun%2Fsystemd%2Ftransient%2Fsession-29074385.scope&path=%2F%2Frun%2Fsystemd%2Ftransient HTTP/2.0" 200 2441 "-" "Mozilla/5.0 AppleWebKit/537.36 (KHTML, like Gecko; compatible; ClaudeBot/1.0; +claudebot@anthropic.com)"
34.233.114.237 - - [25/Oct/2025:13:08:24 +0000] "GET /screen-printing-vs-dtf-cricut-why-screen-printing-is-best/?path=//lib/python3.6/site-packages/beautifulsoup4-4.6.3-py3.6.egg-info HTTP/1.1" 200 21085 "-" "Mozilla/5.0 AppleWebKit/537.36 (KHTML, like Gecko; compatible; Amazonbot/0.1; +https://developer.amazon.com/support/amazonbot) Chrome/119.0.6045.214 Safari/537.36"
216.73.216.191 - - [25/Oct/2025:13:08:24 +0000] "GET /product/wildcat-logo-spirit-wear-t-shirt-6?fileloc=%2F%2Frun%2Fsystemd%2Fsessions%2F29625711&path=%2F%2Frun%2Fsystemd%2Fsessions HTTP/2.0" 200 2431 "-" "Mozilla/5.0 AppleWebKit/537.36 (KHTML, like Gecko; compatible; ClaudeBot/1.0; +claudebot@anthropic.com)"
216.73.216.191 - - [25/Oct/2025:13:08:25 +0000] "GET /product/elgin-e-logo-spirit-wear-t-shirt-3?fileloc=%2F%2Frun%2Fsystemd%2Fsessions%2F29947384&path=%2F%2Frun%2Fsystemd%2Fsessions HTTP/2.0" 200 2431 "-" "Mozilla/5.0 AppleWebKit/537.36 (KHTML, like Gecko; compatible; ClaudeBot/1.0; +claudebot@anthropic.com)"
216.73.216.191 - - [25/Oct/2025:13:08:25 +0000] "GET /product/wildcat-logo-spirit-wear-t-shirt-6?fileloc=%2F%2Frun%2Fsystemd%2Fsessions%2F29486814&path=%2F%2Frun%2Fsystemd%2Fsessions HTTP/2.0" 200 2441 "-" "Mozilla/5.0 AppleWebKit/537.36 (KHTML, like Gecko; compatible; ClaudeBot/1.0; +claudebot@anthropic.com)"
