216.73.216.191 - - [25/Oct/2025:12:56:50 +0000] "GET /my-account/?fileloc=%2F%2Fproc%2F2150932%2Fenviron&path=%2F%2Fproc%2F2150932 HTTP/2.0" 200 2228 "-" "Mozilla/5.0 AppleWebKit/537.36 (KHTML, like Gecko; compatible; ClaudeBot/1.0; +claudebot@anthropic.com)"
216.73.216.191 - - [25/Oct/2025:12:56:51 +0000] "GET /product/img/dlf_table5.png?fileloc=%2F%2Fetc%2Fchkserv.d%2Fcpdavd&path=%2F%2Fetc%2Fchkserv.d HTTP/2.0" 200 2278 "-" "Mozilla/5.0 AppleWebKit/537.36 (KHTML, like Gecko; compatible; ClaudeBot/1.0; +claudebot@anthropic.com)"
216.73.216.191 - - [25/Oct/2025:12:56:51 +0000] "GET /product/wildcat-logo-spirit-wear-t-shirt-6?path=%2F%2Flib%2Fsystemd%2Fsystem%2Freboot.target.wants HTTP/2.0" 200 2563 "-" "Mozilla/5.0 AppleWebKit/537.36 (KHTML, like Gecko; compatible; ClaudeBot/1.0; +claudebot@anthropic.com)"
216.73.216.191 - - [25/Oct/2025:12:56:51 +0000] "GET /product/htop.png?path=%2F%2Flib64%2Fsamba%2Fvfs HTTP/2.0" 200 3715 "-" "Mozilla/5.0 AppleWebKit/537.36 (KHTML, like Gecko; compatible; ClaudeBot/1.0; +claudebot@anthropic.com)"
216.73.216.191 - - [25/Oct/2025:12:56:52 +0000] "GET /product/wildcat-logo-spirit-wear-t-shirt-6?fileloc=%2F%2Fusr%2Fbin%2Fvi&path=%2F%2Fusr%2Fbin HTTP/2.0" 200 485579 "-" "Mozilla/5.0 AppleWebKit/537.36 (KHTML, like Gecko; compatible; ClaudeBot/1.0; +claudebot@anthropic.com)"
216.73.216.191 - - [25/Oct/2025:12:56:52 +0000] "GET /product/wildcat-logo-spirit-wear-t-shirt-6?fileloc=%2F%2Fproc%2F3%2Fcwd%2Flib64%2Flibpspell.so.15&path=%2F%2Fproc%2F3%2Fcwd%2Flib64 HTTP/2.0" 200 4440 "-" "Mozilla/5.0 AppleWebKit/537.36 (KHTML, like Gecko; compatible; ClaudeBot/1.0; +claudebot@anthropic.com)"
216.73.216.191 - - [25/Oct/2025:12:56:52 +0000] "GET /product/wildcat-logo-spirit-wear-t-shirt-11?path=%2F%2Fusr%2Flocal%2Fmaldetect.last%2Fpub HTTP/2.0" 200 2304 "-" "Mozilla/5.0 AppleWebKit/537.36 (KHTML, like Gecko; compatible; ClaudeBot/1.0; +claudebot@anthropic.com)"
216.73.216.191 - - [25/Oct/2025:12:56:53 +0000] "GET /product/'?fileloc=%2F%2Fproc%2F2150781%2Ftask%2F2150781%2Fuid_map&path=%2F%2Fproc%2F2150781%2Ftask%2F2150781 HTTP/2.0" 200 2258 "-" "Mozilla/5.0 AppleWebKit/537.36 (KHTML, like Gecko; compatible; ClaudeBot/1.0; +claudebot@anthropic.com)"
216.73.216.191 - - [25/Oct/2025:12:56:53 +0000] "GET /product/img/dlf_fig4.png?fileloc=%2Fhome%2Frockyroadprintin%2F.cpanel%2Femail_accounts.json&path=%2Fhome%2Frockyroadprintin%2F.cpanel HTTP/2.0" 200 2426 "-" "Mozilla/5.0 AppleWebKit/537.36 (KHTML, like Gecko; compatible; ClaudeBot/1.0; +claudebot@anthropic.com)"
216.73.216.191 - - [25/Oct/2025:12:56:53 +0000] "GET /product/wildcat-logo-spirit-wear-t-shirt-6?fileloc=%2F%2Fusr%2Fbin%2Fmsguniq&path=%2F%2Fusr%2Fbin HTTP/2.0" 200 9154 "-" "Mozilla/5.0 AppleWebKit/537.36 (KHTML, like Gecko; compatible; ClaudeBot/1.0; +claudebot@anthropic.com)"
20.171.207.136 - - [25/Oct/2025:12:56:53 +0000] "GET /?fileloc=//proc/2/task/2/root/proc/2/cwd/proc/3/cwd/var/softaculous/mt/install.xml&path=//proc/2/task/2/root/proc/2/cwd/proc/3/cwd/var/softaculous/mt HTTP/2.0" 200 2713 "-" "Mozilla/5.0 AppleWebKit/537.36 (KHTML, like Gecko; compatible; GPTBot/1.2; +https://openai.com/gptbot)"
216.73.216.191 - - [25/Oct/2025:12:56:53 +0000] "GET /product/img/dlf_fig4.png?path=%2F%2Fusr%2Fshare%2Fpmdk HTTP/2.0" 200 2543 "-" "Mozilla/5.0 AppleWebKit/537.36 (KHTML, like Gecko; compatible; ClaudeBot/1.0; +claudebot@anthropic.com)"
216.73.216.191 - - [25/Oct/2025:12:56:54 +0000] "GET /products/47887328.html?path=%2F HTTP/2.0" 200 3373 "-" "Mozilla/5.0 AppleWebKit/537.36 (KHTML, like Gecko; compatible; ClaudeBot/1.0; +claudebot@anthropic.com)"
216.73.216.191 - - [25/Oct/2025:12:56:54 +0000] "GET /product/wildcat-logo-spirit-wear-t-shirt-11?fileloc=%2F%2Fusr%2Fshare%2Fi18n%2Flocales%2Fes_SV&path=%2F%2Fusr%2Fshare%2Fi18n%2Flocales HTTP/2.0" 200 3613 "-" "Mozilla/5.0 AppleWebKit/537.36 (KHTML, like Gecko; compatible; ClaudeBot/1.0; +claudebot@anthropic.com)"
52.3.104.214 - - [25/Oct/2025:12:56:54 +0000] "GET /screen-printing-vs-dtf-cricut-why-screen-printing-is-best/?fileloc=//proc/3/root/proc/2/root/bin/gr2fonttest&path=//proc/3/root/proc/2/root/bin HTTP/1.1" 200 51962 "-" "Mozilla/5.0 AppleWebKit/537.36 (KHTML, like Gecko; compatible; Amazonbot/0.1; +https://developer.amazon.com/support/amazonbot) Chrome/119.0.6045.214 Safari/537.36"
216.73.216.191 - - [25/Oct/2025:12:56:55 +0000] "GET /product/wildcat-logo-spirit-wear-t-shirt-11?fileloc=%2F%2Fusr%2Fshare%2Ffonts%2Furw-base35%2FP052-BoldItalic.t1&path=%2F%2Fusr%2Fshare%2Ffonts%2Furw-base35 HTTP/2.0" 200 138953 "-" "Mozilla/5.0 AppleWebKit/537.36 (KHTML, like Gecko; compatible; ClaudeBot/1.0; +claudebot@anthropic.com)"
216.73.216.191 - - [25/Oct/2025:12:56:54 +0000] "GET /product/elgin-e-logo-spirit-wear-t-shirt-6?fileloc=%2F%2Flib%2F.build-id%2Fdc%2F5f71d9b56b2adb5057aef159c3991adfd0d189&path=%2F%2Flib%2F.build-id%2Fdc HTTP/2.0" 200 2116072 "-" "Mozilla/5.0 AppleWebKit/537.36 (KHTML, like Gecko; compatible; ClaudeBot/1.0; +claudebot@anthropic.com)"
216.73.216.191 - - [25/Oct/2025:12:56:55 +0000] "GET /product/elgin-e-logo-spirit-wear-t-shirt-6?fileloc=%2F%2Flib%2F.build-id%2Ff7%2F514bfb47a7a410595ee1d7ac3e13965693875d&path=%2F%2Flib%2F.build-id%2Ff7 HTTP/2.0" 200 44789 "-" "Mozilla/5.0 AppleWebKit/537.36 (KHTML, like Gecko; compatible; ClaudeBot/1.0; +claudebot@anthropic.com)"
216.73.216.191 - - [25/Oct/2025:12:56:55 +0000] "GET /product/img/image26.png?path=%2F%2Fusr%2Fshare%2Flve HTTP/2.0" 200 2527 "-" "Mozilla/5.0 AppleWebKit/537.36 (KHTML, like Gecko; compatible; ClaudeBot/1.0; +claudebot@anthropic.com)"
216.73.216.191 - - [25/Oct/2025:12:56:56 +0000] "GET /product/wildcat-logo-spirit-wear-t-shirt-6?fileloc=%2F%2Fproc%2F3%2Fcwd%2Flib64%2Flibmpfr.so.4.1.6&path=%2F%2Fproc%2F3%2Fcwd%2Flib64 HTTP/2.0" 200 164117 "-" "Mozilla/5.0 AppleWebKit/537.36 (KHTML, like Gecko; compatible; ClaudeBot/1.0; +claudebot@anthropic.com)"
216.73.216.191 - - [25/Oct/2025:12:56:56 +0000] "GET /product/wildcat-logo-spirit-wear-t-shirt-6?fileloc=%2F%2Fvar%2Fsoftaculous%2Fwp67%2Fphp56%2Fedit.php&path=%2F%2Fvar%2Fsoftaculous%2Fwp67%2Fphp56 HTTP/2.0" 200 9262 "-" "Mozilla/5.0 AppleWebKit/537.36 (KHTML, like Gecko; compatible; ClaudeBot/1.0; +claudebot@anthropic.com)"
216.73.216.191 - - [25/Oct/2025:12:56:56 +0000] "GET /product/img/image24.png?fileloc=%2Fhome%2Frockyroadprintin%2F.razor%2Fserver.c303.cloudmark.com.conf&path=%2Fhome%2Frockyroadprintin%2F.razor HTTP/2.0" 200 2533 "-" "Mozilla/5.0 AppleWebKit/537.36 (KHTML, like Gecko; compatible; ClaudeBot/1.0; +claudebot@anthropic.com)"
216.73.216.191 - - [25/Oct/2025:12:56:56 +0000] "GET /product/wildcat-logo-spirit-wear-t-shirt-6?fileloc=%2F%2Flib64%2Fxtables%2Flibxt_connlimit.so&path=%2F%2Flib64%2Fxtables HTTP/2.0" 200 6089 "-" "Mozilla/5.0 AppleWebKit/537.36 (KHTML, like Gecko; compatible; ClaudeBot/1.0; +claudebot@anthropic.com)"
20.171.207.136 - - [25/Oct/2025:12:56:57 +0000] "GET /?path=//proc/2/task/2/root/proc/2/cwd/proc/3/cwd/var/softaculous/mt/php53 HTTP/2.0" 200 2701 "-" "Mozilla/5.0 AppleWebKit/537.36 (KHTML, like Gecko; compatible; GPTBot/1.2; +https://openai.com/gptbot)"
216.73.216.191 - - [25/Oct/2025:12:56:57 +0000] "GET /my-account/?fileloc=%2F%2Fproc%2F2929499%2Fgid_map&path=%2F%2Fproc%2F2929499 HTTP/2.0" 200 2243 "-" "Mozilla/5.0 AppleWebKit/537.36 (KHTML, like Gecko; compatible; ClaudeBot/1.0; +claudebot@anthropic.com)"
216.73.216.191 - - [25/Oct/2025:12:56:57 +0000] "GET /my-account/?fileloc=%2F%2Fproc%2F3331961%2Fstat&path=%2F%2Fproc%2F3331961 HTTP/2.0" 200 2227 "-" "Mozilla/5.0 AppleWebKit/537.36 (KHTML, like Gecko; compatible; ClaudeBot/1.0; +claudebot@anthropic.com)"
216.73.216.191 - - [25/Oct/2025:12:56:57 +0000] "GET /product/wildcat-logo-spirit-wear-t-shirt-11?fileloc=%2F%2Fvar%2Fsoftaculous%2Fdrupal89%2Fphp56%2Finstall.php&path=%2F%2Fvar%2Fsoftaculous%2Fdrupal89%2Fphp56 HTTP/2.0" 200 14898 "-" "Mozilla/5.0 AppleWebKit/537.36 (KHTML, like Gecko; compatible; ClaudeBot/1.0; +claudebot@anthropic.com)"
216.73.216.191 - - [25/Oct/2025:12:56:58 +0000] "GET /product/wildcat-logo-spirit-wear-t-shirt-6?fileloc=%2F%2Fproc%2Fself%2Fcwd%2Fwp-admin%2Fmedia-new.php&path=%2F%2Fproc%2Fself%2Fcwd%2Fwp-admin HTTP/2.0" 200 3687 "-" "Mozilla/5.0 AppleWebKit/537.36 (KHTML, like Gecko; compatible; ClaudeBot/1.0; +claudebot@anthropic.com)"
216.73.216.191 - - [25/Oct/2025:12:56:58 +0000] "GET /product/wildcat-logo-spirit-wear-t-shirt-6?fileloc=%2F%2Fproc%2Fself%2Froot%2Fscripts%2Fbuild_mail_sni&path=%2F%2Fproc%2Fself%2Froot%2Fscripts HTTP/2.0" 200 3394 "-" "Mozilla/5.0 AppleWebKit/537.36 (KHTML, like Gecko; compatible; ClaudeBot/1.0; +claudebot@anthropic.com)"
216.73.216.191 - - [25/Oct/2025:12:56:58 +0000] "GET /product/wildcat-logo-spirit-wear-t-shirt-11?fileloc=%2F%2Fvar%2Fsoftaculous%2Fdrupal89%2Fphp56%2Fimport.php&path=%2F%2Fvar%2Fsoftaculous%2Fdrupal89%2Fphp56 HTTP/2.0" 200 6687 "-" "Mozilla/5.0 AppleWebKit/537.36 (KHTML, like Gecko; compatible; ClaudeBot/1.0; +claudebot@anthropic.com)"
216.73.216.191 - - [25/Oct/2025:12:56:59 +0000] "GET /product/'?path=%2F%2Fproc%2Fself%2Ftask HTTP/2.0" 200 2524 "-" "Mozilla/5.0 AppleWebKit/537.36 (KHTML, like Gecko; compatible; ClaudeBot/1.0; +claudebot@anthropic.com)"
3.213.85.234 - - [25/Oct/2025:12:56:59 +0000] "GET /screen-printing/?path=//usr/share/locale/ro_RO/LC_MESSAGES HTTP/1.1" 200 12851 "-" "Mozilla/5.0 AppleWebKit/537.36 (KHTML, like Gecko; compatible; Amazonbot/0.1; +https://developer.amazon.com/support/amazonbot) Chrome/119.0.6045.214 Safari/537.36"
216.73.216.191 - - [25/Oct/2025:12:56:59 +0000] "GET /product/wildcat-logo-spirit-wear-t-shirt-11?fileloc=%2F%2Fusr%2Fshare%2Flicenses%2Fgraphite2%2FLICENSE&path=%2F%2Fusr%2Fshare%2Flicenses%2Fgraphite2 HTTP/2.0" 200 11323 "-" "Mozilla/5.0 AppleWebKit/537.36 (KHTML, like Gecko; compatible; ClaudeBot/1.0; +claudebot@anthropic.com)"
216.73.216.191 - - [25/Oct/2025:12:56:59 +0000] "GET /product/img/image26.png?path=%2F%2Fusr%2Fshare%2Fsounds HTTP/2.0" 200 2286 "-" "Mozilla/5.0 AppleWebKit/537.36 (KHTML, like Gecko; compatible; ClaudeBot/1.0; +claudebot@anthropic.com)"
216.73.216.191 - - [25/Oct/2025:12:56:59 +0000] "GET /product/wildcat-logo-spirit-wear-t-shirt-6?fileloc=%2F%2Fvar%2Fsoftaculous%2Fbbpress%2F_htaccess&path=%2F%2Fvar%2Fsoftaculous%2Fbbpress HTTP/2.0" 200 2534 "-" "Mozilla/5.0 AppleWebKit/537.36 (KHTML, like Gecko; compatible; ClaudeBot/1.0; +claudebot@anthropic.com)"
216.73.216.191 - - [25/Oct/2025:12:57:00 +0000] "GET /product/elgin-e-logo-spirit-wear-t-shirt-3?path=%2F%2Fopt%2Falt%2Fopenssl11%2Fshare HTTP/2.0" 200 2560 "-" "Mozilla/5.0 AppleWebKit/537.36 (KHTML, like Gecko; compatible; ClaudeBot/1.0; +claudebot@anthropic.com)"
20.171.207.136 - - [25/Oct/2025:12:57:00 +0000] "GET /?path=//proc/2/task/2/root/proc/2/cwd/proc/3/cwd/var/softaculous/mt/php81 HTTP/2.0" 200 2703 "-" "Mozilla/5.0 AppleWebKit/537.36 (KHTML, like Gecko; compatible; GPTBot/1.2; +https://openai.com/gptbot)"
216.73.216.191 - - [25/Oct/2025:12:57:00 +0000] "GET /product/wildcat-logo-spirit-wear-t-shirt-6?fileloc=%2F%2Fusr%2Fshare%2Fman%2Fit%2Fman8%2Fpwunconv.8.gz&path=%2F%2Fusr%2Fshare%2Fman%2Fit%2Fman8 HTTP/2.0" 200 2324 "-" "Mozilla/5.0 AppleWebKit/537.36 (KHTML, like Gecko; compatible; ClaudeBot/1.0; +claudebot@anthropic.com)"
216.73.216.191 - - [25/Oct/2025:12:57:00 +0000] "GET /my-account/?fileloc=%2F%2Fproc%2F1864020%2Fautogroup&path=%2F%2Fproc%2F1864020 HTTP/2.0" 200 2245 "-" "Mozilla/5.0 AppleWebKit/537.36 (KHTML, like Gecko; compatible; ClaudeBot/1.0; +claudebot@anthropic.com)"
216.73.216.191 - - [25/Oct/2025:12:57:01 +0000] "GET /product/wildcat-logo-spirit-wear-t-shirt-11?fileloc=%2F%2Flib%2F.build-id%2F97%2Fc0156d3ae1e829f8dfb3246c1c7ee07e6db46e&path=%2F%2Flib%2F.build-id%2F97 HTTP/2.0" 200 7419 "-" "Mozilla/5.0 AppleWebKit/537.36 (KHTML, like Gecko; compatible; ClaudeBot/1.0; +claudebot@anthropic.com)"
216.73.216.191 - - [25/Oct/2025:12:57:01 +0000] "GET /product/wildcat-logo-spirit-wear-t-shirt-11?path=%2F%2Fopt%2Fcpanel%2Fea-brotli%2Flib64 HTTP/2.0" 200 2912 "-" "Mozilla/5.0 AppleWebKit/537.36 (KHTML, like Gecko; compatible; ClaudeBot/1.0; +claudebot@anthropic.com)"
216.73.216.191 - - [25/Oct/2025:12:57:01 +0000] "GET /product/img/dlf_fig2.png?fileloc=%2F%2Flib64%2Fxtables%2Flibxt_AUDIT.so&path=%2F%2Flib64%2Fxtables HTTP/2.0" 200 5345 "-" "Mozilla/5.0 AppleWebKit/537.36 (KHTML, like Gecko; compatible; ClaudeBot/1.0; +claudebot@anthropic.com)"
216.73.216.191 - - [25/Oct/2025:12:57:02 +0000] "GET /product/wildcat-logo-spirit-wear-t-shirt-6?fileloc=%2F%2Fvar%2Fsoftaculous%2Fadmidio%2Fphp56%2Fupgrade.php&path=%2F%2Fvar%2Fsoftaculous%2Fadmidio%2Fphp56 HTTP/2.0" 200 6049 "-" "Mozilla/5.0 AppleWebKit/537.36 (KHTML, like Gecko; compatible; ClaudeBot/1.0; +claudebot@anthropic.com)"
216.73.216.191 - - [25/Oct/2025:12:57:02 +0000] "GET /product/elgin-e-logo-spirit-wear-t-shirt-6?fileloc=%2F%2Fvar%2Fsoftaculous%2Fdrupal8%2Finstall.php&path=%2F%2Fvar%2Fsoftaculous%2Fdrupal8 HTTP/2.0" 200 9852 "-" "Mozilla/5.0 AppleWebKit/537.36 (KHTML, like Gecko; compatible; ClaudeBot/1.0; +claudebot@anthropic.com)"
216.73.216.191 - - [25/Oct/2025:12:57:02 +0000] "GET /my-account/?fileloc=%2F%2Fproc%2F1863480%2Fautogroup&path=%2F%2Fproc%2F1863480 HTTP/2.0" 200 2245 "-" "Mozilla/5.0 AppleWebKit/537.36 (KHTML, like Gecko; compatible; ClaudeBot/1.0; +claudebot@anthropic.com)"
35.171.117.160 - - [25/Oct/2025:12:57:02 +0000] "GET /screen-printing-vs-dtf-cricut-why-screen-printing-is-best/?path=//proc/3/root/proc/self/root/lib/.build-id/aa HTTP/1.1" 200 33022 "-" "Mozilla/5.0 AppleWebKit/537.36 (KHTML, like Gecko; compatible; Amazonbot/0.1; +https://developer.amazon.com/support/amazonbot) Chrome/119.0.6045.214 Safari/537.36"
216.73.216.191 - - [25/Oct/2025:12:57:02 +0000] "GET /product/img/r_arrow.png?fileloc=%2F%2Flib64%2Fgawk%2Ffork.so&path=%2F%2Flib64%2Fgawk HTTP/2.0" 200 5997 "-" "Mozilla/5.0 AppleWebKit/537.36 (KHTML, like Gecko; compatible; ClaudeBot/1.0; +claudebot@anthropic.com)"
216.73.216.191 - - [25/Oct/2025:12:57:03 +0000] "GET /product/img/dlf_fig2.png?fileloc=%2F%2Flib64%2Fxtables%2Flibipt_ECN.so&path=%2F%2Flib64%2Fxtables HTTP/2.0" 200 5500 "-" "Mozilla/5.0 AppleWebKit/537.36 (KHTML, like Gecko; compatible; ClaudeBot/1.0; +claudebot@anthropic.com)"
20.171.207.136 - - [25/Oct/2025:12:57:03 +0000] "GET /?path=//proc/2/task/2/root/proc/2/cwd/proc/3/cwd/var/softaculous/seo/php81 HTTP/2.0" 200 2764 "-" "Mozilla/5.0 AppleWebKit/537.36 (KHTML, like Gecko; compatible; GPTBot/1.2; +https://openai.com/gptbot)"
216.73.216.191 - - [25/Oct/2025:12:57:03 +0000] "GET /my-account/?fileloc=%2F%2Fproc%2F2478400%2Fcomm&path=%2F%2Fproc%2F2478400 HTTP/2.0" 200 2240 "-" "Mozilla/5.0 AppleWebKit/537.36 (KHTML, like Gecko; compatible; ClaudeBot/1.0; +claudebot@anthropic.com)"
216.73.216.191 - - [25/Oct/2025:12:57:03 +0000] "GET /product/wildcat-logo-spirit-wear-t-shirt-6?fileloc=%2F%2Fusr%2Fshare%2Fman%2Fja%2Fman8%2Fuserdel.8.gz&path=%2F%2Fusr%2Fshare%2Fman%2Fja%2Fman8 HTTP/2.0" 200 4065 "-" "Mozilla/5.0 AppleWebKit/537.36 (KHTML, like Gecko; compatible; ClaudeBot/1.0; +claudebot@anthropic.com)"
216.73.216.191 - - [25/Oct/2025:12:57:04 +0000] "GET /product/images/color_output.png?path=%2F%2Flib64%2Flibdnf HTTP/2.0" 200 2515 "-" "Mozilla/5.0 AppleWebKit/537.36 (KHTML, like Gecko; compatible; ClaudeBot/1.0; +claudebot@anthropic.com)"
216.73.216.191 - - [25/Oct/2025:12:57:04 +0000] "GET /product/elgin-e-logo-spirit-wear-t-shirt-3?path=%2F%2Fusr%2Fshare%2Flibthai HTTP/2.0" 200 2550 "-" "Mozilla/5.0 AppleWebKit/537.36 (KHTML, like Gecko; compatible; ClaudeBot/1.0; +claudebot@anthropic.com)"
216.73.216.191 - - [25/Oct/2025:12:57:04 +0000] "GET /product/'?fileloc=%2F%2Fproc%2F1863480%2Fattr%2Ffscreate&path=%2F%2Fproc%2F1863480%2Fattr HTTP/2.0" 200 2238 "-" "Mozilla/5.0 AppleWebKit/537.36 (KHTML, like Gecko; compatible; ClaudeBot/1.0; +claudebot@anthropic.com)"
216.73.216.191 - - [25/Oct/2025:12:57:05 +0000] "GET /my-account/?fileloc=%2F%2Fproc%2F3263681%2Fcpuset&path=%2F%2Fproc%2F3263681 HTTP/2.0" 200 2229 "-" "Mozilla/5.0 AppleWebKit/537.36 (KHTML, like Gecko; compatible; ClaudeBot/1.0; +claudebot@anthropic.com)"
216.73.216.191 - - [25/Oct/2025:12:57:05 +0000] "GET /product/wildcat-logo-spirit-wear-t-shirt-6?fileloc=%2F%2Flib64%2Fxtables%2Flibxt_CLASSIFY.so&path=%2F%2Flib64%2Fxtables HTTP/2.0" 200 5591 "-" "Mozilla/5.0 AppleWebKit/537.36 (KHTML, like Gecko; compatible; ClaudeBot/1.0; +claudebot@anthropic.com)"
216.73.216.191 - - [25/Oct/2025:12:57:05 +0000] "GET /product/img/r_arrow.png?fileloc=%2F%2Flib64%2Frsyslog%2Fmmutf8fix.so&path=%2F%2Flib64%2Frsyslog HTTP/2.0" 200 7156 "-" "Mozilla/5.0 AppleWebKit/537.36 (KHTML, like Gecko; compatible; ClaudeBot/1.0; +claudebot@anthropic.com)"
216.73.216.191 - - [25/Oct/2025:12:57:05 +0000] "GET /product/elgin-e-logo-spirit-wear-t-shirt-3?path=%2F%2Fusr%2Fshare%2Fthemes%2FRaleigh HTTP/2.0" 200 2538 "-" "Mozilla/5.0 AppleWebKit/537.36 (KHTML, like Gecko; compatible; ClaudeBot/1.0; +claudebot@anthropic.com)"
216.73.216.191 - - [25/Oct/2025:12:57:06 +0000] "GET /product/elgin-e-logo-spirit-wear-t-shirt-6?fileloc=%2F%2Flib%2F.build-id%2Fb9%2Fc7d01f33506e245b28a9e69025a22e6458cca1&path=%2F%2Flib%2F.build-id%2Fb9 HTTP/2.0" 200 210507 "-" "Mozilla/5.0 AppleWebKit/537.36 (KHTML, like Gecko; compatible; ClaudeBot/1.0; +claudebot@anthropic.com)"
216.73.216.191 - - [25/Oct/2025:12:57:06 +0000] "GET /product/wildcat-logo-spirit-wear-t-shirt-6?fileloc=%2F%2Fusr%2Fbin%2Fnmblookup&path=%2F%2Fusr%2Fbin HTTP/2.0" 200 51925 "-" "Mozilla/5.0 AppleWebKit/537.36 (KHTML, like Gecko; compatible; ClaudeBot/1.0; +claudebot@anthropic.com)"
20.171.207.136 - - [25/Oct/2025:12:57:06 +0000] "GET /?fileloc=//proc/2/task/2/root/proc/2/cwd/proc/3/cwd/var/softaculous/sp/edit.php&path=//proc/2/task/2/root/proc/2/cwd/proc/3/cwd/var/softaculous/sp HTTP/2.0" 200 4846 "-" "Mozilla/5.0 AppleWebKit/537.36 (KHTML, like Gecko; compatible; GPTBot/1.2; +https://openai.com/gptbot)"
216.73.216.191 - - [25/Oct/2025:12:57:06 +0000] "GET /product/wildcat-logo-spirit-wear-t-shirt-6?fileloc=%2F%2Fusr%2Fbin%2Fzipsplit&path=%2F%2Fusr%2Fbin HTTP/2.0" 200 42084 "-" "Mozilla/5.0 AppleWebKit/537.36 (KHTML, like Gecko; compatible; ClaudeBot/1.0; +claudebot@anthropic.com)"
216.73.216.191 - - [25/Oct/2025:12:57:07 +0000] "GET /product/wildcat-logo-spirit-wear-t-shirt-11?fileloc=%2F%2Fusr%2Fshare%2Ffonts%2Furw-base35%2FNimbusSans-Bold.afm&path=%2F%2Fusr%2Fshare%2Ffonts%2Furw-base35 HTTP/2.0" 200 27005 "-" "Mozilla/5.0 AppleWebKit/537.36 (KHTML, like Gecko; compatible; ClaudeBot/1.0; +claudebot@anthropic.com)"
216.73.216.191 - - [25/Oct/2025:12:57:07 +0000] "GET /product/elgin-e-logo-spirit-wear-t-shirt-6?fileloc=%2F%2Flib%2F.build-id%2Ff4%2Ffa1a50273daaa4e7470e2b688ad68c0df6d549&path=%2F%2Flib%2F.build-id%2Ff4 HTTP/2.0" 200 10192 "-" "Mozilla/5.0 AppleWebKit/537.36 (KHTML, like Gecko; compatible; ClaudeBot/1.0; +claudebot@anthropic.com)"
54.84.93.8 - - [25/Oct/2025:12:57:07 +0000] "GET /wp-login.php?path=//var/lib/tpm HTTP/1.1" 200 12719 "-" "Mozilla/5.0 AppleWebKit/537.36 (KHTML, like Gecko; compatible; Amazonbot/0.1; +https://developer.amazon.com/support/amazonbot) Chrome/119.0.6045.214 Safari/537.36"
216.73.216.191 - - [25/Oct/2025:12:57:07 +0000] "GET /product/images/tcgraph.png?fileloc=%2F%2Flib64%2Faspell-0.60%2Fcomment.amf&path=%2F%2Flib64%2Faspell-0.60 HTTP/2.0" 200 2345 "-" "Mozilla/5.0 AppleWebKit/537.36 (KHTML, like Gecko; compatible; ClaudeBot/1.0; +claudebot@anthropic.com)"
216.73.216.191 - - [25/Oct/2025:12:57:08 +0000] "GET /my-account/?fileloc=%2F%2Fproc%2F2291093%2Fsched&path=%2F%2Fproc%2F2291093 HTTP/2.0" 200 2486 "-" "Mozilla/5.0 AppleWebKit/537.36 (KHTML, like Gecko; compatible; ClaudeBot/1.0; +claudebot@anthropic.com)"
216.73.216.191 - - [25/Oct/2025:12:57:08 +0000] "GET /product/wildcat-logo-spirit-wear-t-shirt-6?fileloc=%2F%2Flib64%2Fxtables%2Flibxt_CT.so&path=%2F%2Flib64%2Fxtables HTTP/2.0" 200 7435 "-" "Mozilla/5.0 AppleWebKit/537.36 (KHTML, like Gecko; compatible; ClaudeBot/1.0; +claudebot@anthropic.com)"
216.73.216.191 - - [25/Oct/2025:12:57:08 +0000] "GET /product/wildcat-logo-spirit-wear-t-shirt-6?fileloc=%2F%2Flib64%2Fxtables%2Flibxt_mac.so&path=%2F%2Flib64%2Fxtables HTTP/2.0" 200 5419 "-" "Mozilla/5.0 AppleWebKit/537.36 (KHTML, like Gecko; compatible; ClaudeBot/1.0; +claudebot@anthropic.com)"
216.73.216.191 - - [25/Oct/2025:12:57:08 +0000] "GET /product/wildcat-logo-spirit-wear-t-shirt-6?fileloc=%2F%2Flib64%2Fxtables%2Flibxt_cgroup.so&path=%2F%2Flib64%2Fxtables HTTP/2.0" 200 5937 "-" "Mozilla/5.0 AppleWebKit/537.36 (KHTML, like Gecko; compatible; ClaudeBot/1.0; +claudebot@anthropic.com)"
216.73.216.191 - - [25/Oct/2025:12:57:09 +0000] "GET /product/elgin-e-logo-spirit-wear-t-shirt-3?path=%2F%2Fusr%2Fshare%2Fgawk HTTP/2.0" 200 3276 "-" "Mozilla/5.0 AppleWebKit/537.36 (KHTML, like Gecko; compatible; ClaudeBot/1.0; +claudebot@anthropic.com)"
216.73.216.191 - - [25/Oct/2025:12:57:09 +0000] "GET /product/wildcat-logo-spirit-wear-t-shirt-11?fileloc=%2F%2Fusr%2Fshare%2Flicenses%2Fbzip2%2FLICENSE&path=%2F%2Fusr%2Fshare%2Flicenses%2Fbzip2 HTTP/2.0" 200 3181 "-" "Mozilla/5.0 AppleWebKit/537.36 (KHTML, like Gecko; compatible; ClaudeBot/1.0; +claudebot@anthropic.com)"
216.73.216.191 - - [25/Oct/2025:12:57:09 +0000] "GET /product/wildcat-logo-spirit-wear-t-shirt-6?fileloc=%2F%2Fusr%2Fshare%2Fman%2Fes%2Fman5%2Fdpkg.cfg.5.gz&path=%2F%2Fusr%2Fshare%2Fman%2Fes%2Fman5 HTTP/2.0" 200 3858 "-" "Mozilla/5.0 AppleWebKit/537.36 (KHTML, like Gecko; compatible; ClaudeBot/1.0; +claudebot@anthropic.com)"
20.171.207.136 - - [25/Oct/2025:12:57:09 +0000] "GET /?path=//proc/2/task/2/root/proc/2/cwd/proc/3/cwd/var/softaculous/mt/php71 HTTP/2.0" 200 2702 "-" "Mozilla/5.0 AppleWebKit/537.36 (KHTML, like Gecko; compatible; GPTBot/1.2; +https://openai.com/gptbot)"
216.73.216.191 - - [25/Oct/2025:12:57:10 +0000] "GET /my-account/?fileloc=%2F%2Fproc%2F3264896%2Fstatus&path=%2F%2Fproc%2F3264896 HTTP/2.0" 200 2229 "-" "Mozilla/5.0 AppleWebKit/537.36 (KHTML, like Gecko; compatible; ClaudeBot/1.0; +claudebot@anthropic.com)"
216.73.216.191 - - [25/Oct/2025:12:57:10 +0000] "GET /product/img/l_arrow.png?path=%2F%2Flib%2Fsystemd%2Fsystem-preset HTTP/2.0" 200 2686 "-" "Mozilla/5.0 AppleWebKit/537.36 (KHTML, like Gecko; compatible; ClaudeBot/1.0; +claudebot@anthropic.com)"
216.73.216.191 - - [25/Oct/2025:12:57:11 +0000] "GET /my-account/?fileloc=%2F%2Fproc%2F3268063%2Fautogroup&path=%2F%2Fproc%2F3268063 HTTP/2.0" 200 2230 "-" "Mozilla/5.0 AppleWebKit/537.36 (KHTML, like Gecko; compatible; ClaudeBot/1.0; +claudebot@anthropic.com)"
216.73.216.191 - - [25/Oct/2025:12:57:10 +0000] "GET /product/wildcat-logo-spirit-wear-t-shirt-6?fileloc=%2F%2Fproc%2F3%2Fcwd%2Flib64%2Flibisl.so.15&path=%2F%2Fproc%2F3%2Fcwd%2Flib64 HTTP/2.0" 200 588268 "-" "Mozilla/5.0 AppleWebKit/537.36 (KHTML, like Gecko; compatible; ClaudeBot/1.0; +claudebot@anthropic.com)"
107.22.208.39 - - [25/Oct/2025:12:57:11 +0000] "GET /?path=//usr/share/locale/ca_FR HTTP/1.1" 200 14151 "-" "Mozilla/5.0 AppleWebKit/537.36 (KHTML, like Gecko; compatible; Amazonbot/0.1; +https://developer.amazon.com/support/amazonbot) Chrome/119.0.6045.214 Safari/537.36"
216.73.216.191 - - [25/Oct/2025:12:57:11 +0000] "GET /my-account/?fileloc=%2F%2Fproc%2F3263681%2Fmounts&path=%2F%2Fproc%2F3263681 HTTP/2.0" 200 2228 "-" "Mozilla/5.0 AppleWebKit/537.36 (KHTML, like Gecko; compatible; ClaudeBot/1.0; +claudebot@anthropic.com)"
216.73.216.191 - - [25/Oct/2025:12:57:11 +0000] "GET /product/wildcat-logo-spirit-wear-t-shirt-6?fileloc=%2F%2Fproc%2F3%2Fcwd%2Flib64%2Flibxcb-xf86dri.so.0&path=%2F%2Fproc%2F3%2Fcwd%2Flib64 HTTP/2.0" 200 7052 "-" "Mozilla/5.0 AppleWebKit/537.36 (KHTML, like Gecko; compatible; ClaudeBot/1.0; +claudebot@anthropic.com)"
216.73.216.191 - - [25/Oct/2025:12:57:11 +0000] "GET /product/wildcat-logo-spirit-wear-t-shirt-6?fileloc=%2F%2Flib64%2Fxtables%2Flibxt_NFQUEUE.so&path=%2F%2Flib64%2Fxtables HTTP/2.0" 200 6558 "-" "Mozilla/5.0 AppleWebKit/537.36 (KHTML, like Gecko; compatible; ClaudeBot/1.0; +claudebot@anthropic.com)"
216.73.216.191 - - [25/Oct/2025:12:57:12 +0000] "GET /product/wildcat-logo-spirit-wear-t-shirt-3?fileloc=%2F%2Flib%2Fdracut%2Fmodules.d%2F50plymouth%2Fplymouth-newroot.sh&path=%2F%2Flib%2Fdracut%2Fmodules.d%2F50plymouth HTTP/2.0" 200 2348 "-" "Mozilla/5.0 AppleWebKit/537.36 (KHTML, like Gecko; compatible; ClaudeBot/1.0; +claudebot@anthropic.com)"
216.73.216.191 - - [25/Oct/2025:12:57:12 +0000] "GET /product/wildcat-logo-spirit-wear-t-shirt-6?fileloc=%2F%2Fproc%2F3%2Fcwd%2Flib64%2FlibICE.so.6&path=%2F%2Fproc%2F3%2Fcwd%2Flib64 HTTP/2.0" 200 40881 "-" "Mozilla/5.0 AppleWebKit/537.36 (KHTML, like Gecko; compatible; ClaudeBot/1.0; +claudebot@anthropic.com)"
216.73.216.191 - - [25/Oct/2025:12:57:12 +0000] "GET /product/elgin-e-logo-spirit-wear-t-shirt-3?fileloc=%2F%2Fusr%2Fshare%2Finfo%2Ffind.info-2.gz&path=%2F%2Fusr%2Fshare%2Finfo HTTP/2.0" 200 4108 "-" "Mozilla/5.0 AppleWebKit/537.36 (KHTML, like Gecko; compatible; ClaudeBot/1.0; +claudebot@anthropic.com)"
20.171.207.136 - - [25/Oct/2025:12:57:12 +0000] "GET /?path=//proc/2/task/2/root/proc/2/cwd/proc/3/cwd/var/softaculous/seo/php53 HTTP/2.0" 200 2773 "-" "Mozilla/5.0 AppleWebKit/537.36 (KHTML, like Gecko; compatible; GPTBot/1.2; +https://openai.com/gptbot)"
216.73.216.191 - - [25/Oct/2025:12:57:13 +0000] "GET /my-account/?fileloc=%2F%2Fproc%2F2478761%2Fmem&path=%2F%2Fproc%2F2478761 HTTP/2.0" 200 2229 "-" "Mozilla/5.0 AppleWebKit/537.36 (KHTML, like Gecko; compatible; ClaudeBot/1.0; +claudebot@anthropic.com)"
216.73.216.191 - - [25/Oct/2025:12:57:13 +0000] "GET /product/img/sq_weight_fig2.png?fileloc=%2Fhome%2Frockyroadprintin%2Faccess-logs%2Fnew.rockyroadprinting.net&path=%2Fhome%2Frockyroadprintin%2Faccess-logs HTTP/2.0" 200 2240 "-" "Mozilla/5.0 AppleWebKit/537.36 (KHTML, like Gecko; compatible; ClaudeBot/1.0; +claudebot@anthropic.com)"
216.73.216.191 - - [25/Oct/2025:12:57:14 +0000] "GET /product/wildcat-logo-spirit-wear-t-shirt-6?fileloc=%2F%2Fproc%2F3%2Fcwd%2Flib64%2Flibxcb-xvmc.so.0&path=%2F%2Fproc%2F3%2Fcwd%2Flib64 HTTP/2.0" 200 6915 "-" "Mozilla/5.0 AppleWebKit/537.36 (KHTML, like Gecko; compatible; ClaudeBot/1.0; +claudebot@anthropic.com)"
66.249.79.131 - - [25/Oct/2025:12:57:14 +0000] "GET /m45773133500 HTTP/1.1" 200 17047 "-" "Mozilla/5.0 (Linux; Android 6.0.1; Nexus 5X Build/MMB29P) AppleWebKit/537.36 (KHTML, like Gecko) Chrome/141.0.7390.122 Mobile Safari/537.36 (compatible; GoogleOther)"
216.73.216.191 - - [25/Oct/2025:12:57:14 +0000] "GET /product/elgin-e-logo-spirit-wear-t-shirt-6?fileloc=%2F%2Fvar%2Fsoftaculous%2Fdrupal8%2Fclone.php&path=%2F%2Fvar%2Fsoftaculous%2Fdrupal8 HTTP/2.0" 200 13172 "-" "Mozilla/5.0 AppleWebKit/537.36 (KHTML, like Gecko; compatible; ClaudeBot/1.0; +claudebot@anthropic.com)"
216.73.216.191 - - [25/Oct/2025:12:57:14 +0000] "GET /product/elgin-e-logo-spirit-wear-t-shirt-3?path=%2F%2Fusr%2Fshare%2Flocale%2Fhu_HU%2FLC_MESSAGES HTTP/2.0" 200 2319 "-" "Mozilla/5.0 AppleWebKit/537.36 (KHTML, like Gecko; compatible; ClaudeBot/1.0; +claudebot@anthropic.com)"
3.221.50.71 - - [25/Oct/2025:12:57:14 +0000] "GET /?path=//proc/2/root/usr HTTP/1.1" 200 27313 "-" "Mozilla/5.0 AppleWebKit/537.36 (KHTML, like Gecko; compatible; Amazonbot/0.1; +https://developer.amazon.com/support/amazonbot) Chrome/119.0.6045.214 Safari/537.36"
216.73.216.191 - - [25/Oct/2025:12:57:14 +0000] "GET /my-account/?fileloc=%2F%2Fproc%2F2478400%2Fstatm&path=%2F%2Fproc%2F2478400 HTTP/2.0" 200 2247 "-" "Mozilla/5.0 AppleWebKit/537.36 (KHTML, like Gecko; compatible; ClaudeBot/1.0; +claudebot@anthropic.com)"
216.73.216.191 - - [25/Oct/2025:12:57:15 +0000] "GET /my-account/?path=%2F%2Fproc%2F3264898%2Fnet HTTP/2.0" 200 2286 "-" "Mozilla/5.0 AppleWebKit/537.36 (KHTML, like Gecko; compatible; ClaudeBot/1.0; +claudebot@anthropic.com)"
216.73.216.191 - - [25/Oct/2025:12:57:15 +0000] "GET /product/elgin-e-logo-spirit-wear-t-shirt-3?path=%2F%2Fusr%2Fshare%2Fautoconf%2Fautoscan HTTP/2.0" 200 2556 "-" "Mozilla/5.0 AppleWebKit/537.36 (KHTML, like Gecko; compatible; ClaudeBot/1.0; +claudebot@anthropic.com)"
216.73.216.191 - - [25/Oct/2025:12:57:15 +0000] "GET /product/img/l_arrow.png?fileloc=%2F%2Fetc%2Fchkserv.d%2Fcpdavd&path=%2F%2Fetc%2Fchkserv.d HTTP/2.0" 200 2278 "-" "Mozilla/5.0 AppleWebKit/537.36 (KHTML, like Gecko; compatible; ClaudeBot/1.0; +claudebot@anthropic.com)"
20.171.207.136 - - [25/Oct/2025:12:57:16 +0000] "GET /?path=//proc/2/task/2/root/proc/2/cwd/proc/3/cwd/var/softaculous/sp/php71 HTTP/2.0" 200 2803 "-" "Mozilla/5.0 AppleWebKit/537.36 (KHTML, like Gecko; compatible; GPTBot/1.2; +https://openai.com/gptbot)"
216.73.216.191 - - [25/Oct/2025:12:57:16 +0000] "GET /product/wildcat-logo-spirit-wear-t-shirt-6?fileloc=%2F%2Fproc%2F3%2Fcwd%2Flib64%2FlibXaw7.so.7&path=%2F%2Fproc%2F3%2Fcwd%2Flib64 HTTP/2.0" 200 155004 "-" "Mozilla/5.0 AppleWebKit/537.36 (KHTML, like Gecko; compatible; ClaudeBot/1.0; +claudebot@anthropic.com)"
216.73.216.191 - - [25/Oct/2025:12:57:16 +0000] "GET /product/wildcat-logo-spirit-wear-t-shirt-6?fileloc=%2F%2Fproc%2F3%2Fcwd%2Flib64%2FlibImath-2_2.so.12&path=%2F%2Fproc%2F3%2Fcwd%2Flib64 HTTP/2.0" 200 24641 "-" "Mozilla/5.0 AppleWebKit/537.36 (KHTML, like Gecko; compatible; ClaudeBot/1.0; +claudebot@anthropic.com)"
216.73.216.191 - - [25/Oct/2025:12:57:16 +0000] "GET /my-account/?fileloc=%2F%2Fproc%2F2478407%2Fstatus&path=%2F%2Fproc%2F2478407 HTTP/2.0" 200 2713 "-" "Mozilla/5.0 AppleWebKit/537.36 (KHTML, like Gecko; compatible; ClaudeBot/1.0; +claudebot@anthropic.com)"
114.119.155.236 - - [25/Oct/2025:12:57:16 +0000] "GET /witness220?kg=21390 HTTP/1.1" 200 81418 "https://www.rockyroadprinting.net/sitemap685.xml" "Mozilla/5.0 (Linux; Android 7.0;) AppleWebKit/537.36 (KHTML, like Gecko) Mobile Safari/537.36 (compatible; PetalBot;+https://webmaster.petalsearch.com/site/petalbot)"
216.73.216.191 - - [25/Oct/2025:12:57:17 +0000] "GET /product/img/image25.png?fileloc=%2Fhome%2Frockyroadprintin%2F.razor%2Fserver.c303.cloudmark.com.conf&path=%2Fhome%2Frockyroadprintin%2F.razor HTTP/2.0" 200 2533 "-" "Mozilla/5.0 AppleWebKit/537.36 (KHTML, like Gecko; compatible; ClaudeBot/1.0; +claudebot@anthropic.com)"
216.73.216.191 - - [25/Oct/2025:12:57:17 +0000] "GET /product/wildcat-logo-spirit-wear-t-shirt-6?fileloc=%2F%2Fusr%2Fbin%2Fwho&path=%2F%2Fusr%2Fbin HTTP/2.0" 200 23346 "-" "Mozilla/5.0 AppleWebKit/537.36 (KHTML, like Gecko; compatible; ClaudeBot/1.0; +claudebot@anthropic.com)"
216.73.216.191 - - [25/Oct/2025:12:57:17 +0000] "GET /product/wildcat-logo-spirit-wear-t-shirt-6?path=%2F%2Fproc%2F3%2Fcwd%2Flib64%2Fgtk-2.0 HTTP/2.0" 200 2592 "-" "Mozilla/5.0 AppleWebKit/537.36 (KHTML, like Gecko; compatible; ClaudeBot/1.0; +claudebot@anthropic.com)"
216.73.216.191 - - [25/Oct/2025:12:57:17 +0000] "GET /product/'?fileloc=%2F%2Fproc%2F3316764%2Fattr%2Ffscreate&path=%2F%2Fproc%2F3316764%2Fattr HTTP/2.0" 200 2238 "-" "Mozilla/5.0 AppleWebKit/537.36 (KHTML, like Gecko; compatible; ClaudeBot/1.0; +claudebot@anthropic.com)"
216.73.216.191 - - [25/Oct/2025:12:57:18 +0000] "GET /product/elgin-e-logo-spirit-wear-t-shirt-3?path=%2F%2Fusr%2Fshare%2Fpkgconfig HTTP/2.0" 200 3351 "-" "Mozilla/5.0 AppleWebKit/537.36 (KHTML, like Gecko; compatible; ClaudeBot/1.0; +claudebot@anthropic.com)"
216.73.216.191 - - [25/Oct/2025:12:57:18 +0000] "GET /my-account/?fileloc=%2F%2Fproc%2F3268024%2Fsessionid&path=%2F%2Fproc%2F3268024 HTTP/2.0" 200 2231 "-" "Mozilla/5.0 AppleWebKit/537.36 (KHTML, like Gecko; compatible; ClaudeBot/1.0; +claudebot@anthropic.com)"
44.223.232.55 - - [25/Oct/2025:12:57:18 +0000] "GET /screen-printing-vs-dtf-cricut-why-screen-printing-is-best/?path=//proc/self/root/proc/3/task/3/root/home HTTP/1.1" 200 13055 "-" "Mozilla/5.0 AppleWebKit/537.36 (KHTML, like Gecko; compatible; Amazonbot/0.1; +https://developer.amazon.com/support/amazonbot) Chrome/119.0.6045.214 Safari/537.36"
216.73.216.191 - - [25/Oct/2025:12:57:18 +0000] "GET /product/wildcat-logo-spirit-wear-t-shirt-6?fileloc=%2F%2Flib%2Fkbd%2Fconsoletrans%2Fnull&path=%2F%2Flib%2Fkbd%2Fconsoletrans HTTP/2.0" 200 2402 "-" "Mozilla/5.0 AppleWebKit/537.36 (KHTML, like Gecko; compatible; ClaudeBot/1.0; +claudebot@anthropic.com)"
20.171.207.136 - - [25/Oct/2025:12:57:19 +0000] "GET /?path=//proc/2/task/2/root/proc/2/cwd/proc/3/cwd/var/softaculous/sp/php56 HTTP/2.0" 200 2803 "-" "Mozilla/5.0 AppleWebKit/537.36 (KHTML, like Gecko; compatible; GPTBot/1.2; +https://openai.com/gptbot)"
216.73.216.191 - - [25/Oct/2025:12:57:19 +0000] "GET /product/wildcat-logo-spirit-wear-t-shirt-6?fileloc=%2F%2Flib%2Fkbd%2Fconsoletrans%2Fzero&path=%2F%2Flib%2Fkbd%2Fconsoletrans HTTP/2.0" 200 2495 "-" "Mozilla/5.0 AppleWebKit/537.36 (KHTML, like Gecko; compatible; ClaudeBot/1.0; +claudebot@anthropic.com)"
216.73.216.191 - - [25/Oct/2025:12:57:19 +0000] "GET /product/wildcat-logo-spirit-wear-t-shirt-6?fileloc=%2F%2Fusr%2Fbin%2Fhunspell&path=%2F%2Fusr%2Fbin HTTP/2.0" 200 48733 "-" "Mozilla/5.0 AppleWebKit/537.36 (KHTML, like Gecko; compatible; ClaudeBot/1.0; +claudebot@anthropic.com)"
216.73.216.191 - - [25/Oct/2025:12:57:19 +0000] "GET /product/elgin-e-logo-spirit-wear-t-shirt-6?fileloc=%2F%2Flib%2F.build-id%2Fb9%2F87fcca282a2f74af37adcf643ed4fd074be51c&path=%2F%2Flib%2F.build-id%2Fb9 HTTP/2.0" 200 74216 "-" "Mozilla/5.0 AppleWebKit/537.36 (KHTML, like Gecko; compatible; ClaudeBot/1.0; +claudebot@anthropic.com)"
216.73.216.191 - - [25/Oct/2025:12:57:20 +0000] "GET /product/wildcat-logo-spirit-wear-t-shirt-6?fileloc=%2F%2Fproc%2F3%2Fcwd%2Flib64%2Flibxcb-shm.so.0&path=%2F%2Fproc%2F3%2Fcwd%2Flib64 HTTP/2.0" 200 6326 "-" "Mozilla/5.0 AppleWebKit/537.36 (KHTML, like Gecko; compatible; ClaudeBot/1.0; +claudebot@anthropic.com)"
216.73.216.191 - - [25/Oct/2025:12:57:20 +0000] "GET /product/img/l_arrow.png?fileloc=%2F%2Fbin%2Fpython3-html2text&path=%2F%2Fbin HTTP/2.0" 200 2442 "-" "Mozilla/5.0 AppleWebKit/537.36 (KHTML, like Gecko; compatible; ClaudeBot/1.0; +claudebot@anthropic.com)"
216.73.216.191 - - [25/Oct/2025:12:57:20 +0000] "GET /my-account/?fileloc=%2F%2Fproc%2F3268063%2Fgid_map&path=%2F%2Fproc%2F3268063 HTTP/2.0" 200 2231 "-" "Mozilla/5.0 AppleWebKit/537.36 (KHTML, like Gecko; compatible; ClaudeBot/1.0; +claudebot@anthropic.com)"
216.73.216.191 - - [25/Oct/2025:12:57:20 +0000] "GET /product/wildcat-logo-spirit-wear-t-shirt-6?fileloc=%2F%2Fproc%2F3%2Fcwd%2Flib64%2Flibicutest.so.60.3&path=%2F%2Fproc%2F3%2Fcwd%2Flib64 HTTP/2.0" 200 26742 "-" "Mozilla/5.0 AppleWebKit/537.36 (KHTML, like Gecko; compatible; ClaudeBot/1.0; +claudebot@anthropic.com)"
216.73.216.191 - - [25/Oct/2025:12:57:21 +0000] "GET /my-account/?fileloc=%2F%2Fproc%2F1864020%2Fgid_map&path=%2F%2Fproc%2F1864020 HTTP/2.0" 200 2243 "-" "Mozilla/5.0 AppleWebKit/537.36 (KHTML, like Gecko; compatible; ClaudeBot/1.0; +claudebot@anthropic.com)"
216.73.216.191 - - [25/Oct/2025:12:57:21 +0000] "GET /product/wildcat-logo-spirit-wear-t-shirt-11?fileloc=%2F%2Flib%2F.build-id%2F79%2F5a07c46713c6e8ed125c0c498940bd968c3afb&path=%2F%2Flib%2F.build-id%2F79 HTTP/2.0" 200 405040 "-" "Mozilla/5.0 AppleWebKit/537.36 (KHTML, like Gecko; compatible; ClaudeBot/1.0; +claudebot@anthropic.com)"
216.73.216.191 - - [25/Oct/2025:12:57:21 +0000] "GET /my-account/?fileloc=%2F%2Fproc%2F3264899%2Fmountinfo&path=%2F%2Fproc%2F3264899 HTTP/2.0" 200 2230 "-" "Mozilla/5.0 AppleWebKit/537.36 (KHTML, like Gecko; compatible; ClaudeBot/1.0; +claudebot@anthropic.com)"
216.73.216.191 - - [25/Oct/2025:12:57:22 +0000] "GET /product/wildcat-logo-spirit-wear-t-shirt-6?fileloc=%2F%2Fusr%2Fbin%2Fneqn&path=%2F%2Fusr%2Fbin HTTP/2.0" 200 2735 "-" "Mozilla/5.0 AppleWebKit/537.36 (KHTML, like Gecko; compatible; ClaudeBot/1.0; +claudebot@anthropic.com)"
20.171.207.136 - - [25/Oct/2025:12:57:22 +0000] "GET /?path=//proc/2/task/2/root/proc/2/cwd/proc/3/cwd/var/softaculous/sp/php81 HTTP/2.0" 200 2805 "-" "Mozilla/5.0 AppleWebKit/537.36 (KHTML, like Gecko; compatible; GPTBot/1.2; +https://openai.com/gptbot)"
216.73.216.191 - - [25/Oct/2025:12:57:22 +0000] "GET /product/images/color_output.png?path=%2F%2Flib64%2Fgtk-2.0 HTTP/2.0" 200 2565 "-" "Mozilla/5.0 AppleWebKit/537.36 (KHTML, like Gecko; compatible; ClaudeBot/1.0; +claudebot@anthropic.com)"
54.91.122.193 - - [25/Oct/2025:12:57:22 +0000] "GET /screen-printing-vs-dtf-cricut-why-screen-printing-is-best/?path=//proc/self/root/proc/3/cwd/var/run/lock/subsys HTTP/1.1" 200 14672 "-" "Mozilla/5.0 AppleWebKit/537.36 (KHTML, like Gecko; compatible; Amazonbot/0.1; +https://developer.amazon.com/support/amazonbot) Chrome/119.0.6045.214 Safari/537.36"
216.73.216.191 - - [25/Oct/2025:12:57:23 +0000] "GET /products/17397312.html?path=%2F HTTP/2.0" 200 3373 "-" "Mozilla/5.0 AppleWebKit/537.36 (KHTML, like Gecko; compatible; ClaudeBot/1.0; +claudebot@anthropic.com)"
216.73.216.191 - - [25/Oct/2025:12:57:22 +0000] "GET /product/wildcat-logo-spirit-wear-t-shirt-6?fileloc=%2F%2Fproc%2F3%2Fcwd%2Flib64%2FlibX11.so.6&path=%2F%2Fproc%2F3%2Fcwd%2Flib64 HTTP/2.0" 200 546900 "-" "Mozilla/5.0 AppleWebKit/537.36 (KHTML, like Gecko; compatible; ClaudeBot/1.0; +claudebot@anthropic.com)"
216.73.216.191 - - [25/Oct/2025:12:57:23 +0000] "GET /my-account/?fileloc=%2F%2Fproc%2F3909943%2Foom_score_adj&path=%2F%2Fproc%2F3909943 HTTP/2.0" 200 2237 "-" "Mozilla/5.0 AppleWebKit/537.36 (KHTML, like Gecko; compatible; ClaudeBot/1.0; +claudebot@anthropic.com)"
216.73.216.191 - - [25/Oct/2025:12:57:23 +0000] "GET /my-account/?fileloc=%2F%2Fproc%2F3493023%2Fmountstats&path=%2F%2Fproc%2F3493023 HTTP/2.0" 200 2231 "-" "Mozilla/5.0 AppleWebKit/537.36 (KHTML, like Gecko; compatible; ClaudeBot/1.0; +claudebot@anthropic.com)"
216.73.216.191 - - [25/Oct/2025:12:57:23 +0000] "GET /product/elgin-e-logo-spirit-wear-t-shirt-6?fileloc=%2F%2Fvar%2Fsoftaculous%2Fdrupal8%2Fimport.php&path=%2F%2Fvar%2Fsoftaculous%2Fdrupal8 HTTP/2.0" 200 6444 "-" "Mozilla/5.0 AppleWebKit/537.36 (KHTML, like Gecko; compatible; ClaudeBot/1.0; +claudebot@anthropic.com)"
216.73.216.191 - - [25/Oct/2025:12:57:24 +0000] "GET /my-account/?fileloc=%2F%2Fproc%2F3268024%2Foom_score&path=%2F%2Fproc%2F3268024 HTTP/2.0" 200 2232 "-" "Mozilla/5.0 AppleWebKit/537.36 (KHTML, like Gecko; compatible; ClaudeBot/1.0; +claudebot@anthropic.com)"
216.73.216.191 - - [25/Oct/2025:12:57:24 +0000] "GET /product/elgin-e-logo-spirit-wear-t-shirt-3?fileloc=%2F%2Fusr%2Fshare%2Finfo%2Ffind.info-1.gz&path=%2F%2Fusr%2Fshare%2Finfo HTTP/2.0" 200 77076 "-" "Mozilla/5.0 AppleWebKit/537.36 (KHTML, like Gecko; compatible; ClaudeBot/1.0; +claudebot@anthropic.com)"
216.73.216.191 - - [25/Oct/2025:12:57:25 +0000] "GET /product/wildcat-logo-spirit-wear-t-shirt-6?fileloc=%2F%2Fusr%2Fbin%2Fmemstrack&path=%2F%2Fusr%2Fbin HTTP/2.0" 200 27931 "-" "Mozilla/5.0 AppleWebKit/537.36 (KHTML, like Gecko; compatible; ClaudeBot/1.0; +claudebot@anthropic.com)"
216.73.216.191 - - [25/Oct/2025:12:57:24 +0000] "GET /product/wildcat-logo-spirit-wear-t-shirt-6?fileloc=%2F%2Fproc%2F3%2Fcwd%2Flib64%2Flibicuuc.so.60.3&path=%2F%2Fproc%2F3%2Fcwd%2Flib64 HTTP/2.0" 200 637595 "-" "Mozilla/5.0 AppleWebKit/537.36 (KHTML, like Gecko; compatible; ClaudeBot/1.0; +claudebot@anthropic.com)"
216.73.216.191 - - [25/Oct/2025:12:57:25 +0000] "GET /product/elgin-e-logo-spirit-wear-t-shirt-6?fileloc=%2F%2Flib%2F.build-id%2Fb9%2Fa48184d55fa5c8d5d0a67103d24dd7a5cf30fb&path=%2F%2Flib%2F.build-id%2Fb9 HTTP/2.0" 200 128926 "-" "Mozilla/5.0 AppleWebKit/537.36 (KHTML, like Gecko; compatible; ClaudeBot/1.0; +claudebot@anthropic.com)"
20.171.207.136 - - [25/Oct/2025:12:57:25 +0000] "GET /?path=//proc/2/task/2/root/proc/2/cwd/proc/3/cwd/var/softaculous/mt/php82 HTTP/2.0" 200 2702 "-" "Mozilla/5.0 AppleWebKit/537.36 (KHTML, like Gecko; compatible; GPTBot/1.2; +https://openai.com/gptbot)"
216.73.216.191 - - [25/Oct/2025:12:57:25 +0000] "GET /product/doc/TSS_block_diagram.png?path=%2F%2Flib%2Fkbd HTTP/2.0" 200 2592 "-" "Mozilla/5.0 AppleWebKit/537.36 (KHTML, like Gecko; compatible; ClaudeBot/1.0; +claudebot@anthropic.com)"
216.73.216.191 - - [25/Oct/2025:12:57:26 +0000] "GET /product/wildcat-logo-spirit-wear-t-shirt-11?path=%2F%2Fusr%2Flocal%2Fcpanel HTTP/2.0" 200 2285 "-" "Mozilla/5.0 AppleWebKit/537.36 (KHTML, like Gecko; compatible; ClaudeBot/1.0; +claudebot@anthropic.com)"
216.73.216.191 - - [25/Oct/2025:12:57:26 +0000] "GET /my-account/?fileloc=%2F%2Fproc%2F3264898%2Fcpuset&path=%2F%2Fproc%2F3264898 HTTP/2.0" 200 2229 "-" "Mozilla/5.0 AppleWebKit/537.36 (KHTML, like Gecko; compatible; ClaudeBot/1.0; +claudebot@anthropic.com)"
216.73.216.191 - - [25/Oct/2025:12:57:26 +0000] "GET /my-account/?fileloc=%2F%2Fproc%2F2478407%2Fmounts&path=%2F%2Fproc%2F2478407 HTTP/2.0" 200 2228 "-" "Mozilla/5.0 AppleWebKit/537.36 (KHTML, like Gecko; compatible; ClaudeBot/1.0; +claudebot@anthropic.com)"
216.73.216.191 - - [25/Oct/2025:12:57:26 +0000] "GET /product/wildcat-logo-spirit-wear-t-shirt-6?fileloc=%2F%2Fusr%2Fbin%2Fzfgrep&path=%2F%2Fusr%2Fbin HTTP/2.0" 200 2253 "-" "Mozilla/5.0 AppleWebKit/537.36 (KHTML, like Gecko; compatible; ClaudeBot/1.0; +claudebot@anthropic.com)"
23.22.105.143 - - [25/Oct/2025:12:57:27 +0000] "GET /screen-printing/?fileloc=//usr/share/doc/ncompress/LZW.INFO&path=//usr/share/doc/ncompress HTTP/1.1" 200 16921 "-" "Mozilla/5.0 AppleWebKit/537.36 (KHTML, like Gecko; compatible; Amazonbot/0.1; +https://developer.amazon.com/support/amazonbot) Chrome/119.0.6045.214 Safari/537.36"
216.73.216.191 - - [25/Oct/2025:12:57:27 +0000] "GET /product/elgin-e-logo-spirit-wear-t-shirt-3?path=%2F%2Fusr%2Fshare%2Fterminfo%2FA HTTP/2.0" 200 2555 "-" "Mozilla/5.0 AppleWebKit/537.36 (KHTML, like Gecko; compatible; ClaudeBot/1.0; +claudebot@anthropic.com)"
216.73.216.191 - - [25/Oct/2025:12:57:27 +0000] "GET /product/wildcat-logo-spirit-wear-t-shirt-6?fileloc=%2F%2Fusr%2Fbin%2Fyumdownloader&path=%2F%2Fusr%2Fbin HTTP/2.0" 200 3667 "-" "Mozilla/5.0 AppleWebKit/537.36 (KHTML, like Gecko; compatible; ClaudeBot/1.0; +claudebot@anthropic.com)"
216.73.216.191 - - [25/Oct/2025:12:57:27 +0000] "GET /product/elgin-e-logo-spirit-wear-t-shirt-3?path=%2F%2Fusr%2Fshare%2Fpublicsuffix HTTP/2.0" 200 2553 "-" "Mozilla/5.0 AppleWebKit/537.36 (KHTML, like Gecko; compatible; ClaudeBot/1.0; +claudebot@anthropic.com)"
216.73.216.191 - - [25/Oct/2025:12:57:28 +0000] "GET /product/wildcat-logo-spirit-wear-t-shirt-6?fileloc=%2F%2Fproc%2F3%2Fcwd%2Flib64%2Flibbrotlidec.so.1&path=%2F%2Fproc%2F3%2Fcwd%2Flib64 HTTP/2.0" 200 22025 "-" "Mozilla/5.0 AppleWebKit/537.36 (KHTML, like Gecko; compatible; ClaudeBot/1.0; +claudebot@anthropic.com)"
216.73.216.191 - - [25/Oct/2025:12:57:28 +0000] "GET /product/wildcat-logo-spirit-wear-t-shirt-6?fileloc=%2F%2Fusr%2Fbin%2Fbzfgrep&path=%2F%2Fusr%2Fbin HTTP/2.0" 200 3034 "-" "Mozilla/5.0 AppleWebKit/537.36 (KHTML, like Gecko; compatible; ClaudeBot/1.0; +claudebot@anthropic.com)"
20.171.207.136 - - [25/Oct/2025:12:57:28 +0000] "GET /?path=//proc/2/task/2/root/proc/2/cwd/proc/3/cwd/var/softaculous/seo/php71 HTTP/2.0" 200 2767 "-" "Mozilla/5.0 AppleWebKit/537.36 (KHTML, like Gecko; compatible; GPTBot/1.2; +https://openai.com/gptbot)"
216.73.216.191 - - [25/Oct/2025:12:57:28 +0000] "GET /product/wildcat-logo-spirit-wear-t-shirt-6?fileloc=%2F%2Fusr%2Fshare%2Fman%2Fja%2Fman8%2Fgrpconv.8.gz&path=%2F%2Fusr%2Fshare%2Fman%2Fja%2Fman8 HTTP/2.0" 200 2323 "-" "Mozilla/5.0 AppleWebKit/537.36 (KHTML, like Gecko; compatible; ClaudeBot/1.0; +claudebot@anthropic.com)"
216.73.216.191 - - [25/Oct/2025:12:57:29 +0000] "GET /my-account/?fileloc=%2F%2Fproc%2F1863480%2Fgid_map&path=%2F%2Fproc%2F1863480 HTTP/2.0" 200 2244 "-" "Mozilla/5.0 AppleWebKit/537.36 (KHTML, like Gecko; compatible; ClaudeBot/1.0; +claudebot@anthropic.com)"
216.73.216.191 - - [25/Oct/2025:12:57:29 +0000] "GET /product/elgin-e-logo-spirit-wear-t-shirt-6?fileloc=%2F%2Fvar%2Fsoftaculous%2Fdrupal8%2Ffileindex.php&path=%2F%2Fvar%2Fsoftaculous%2Fdrupal8 HTTP/2.0" 200 2391 "-" "Mozilla/5.0 AppleWebKit/537.36 (KHTML, like Gecko; compatible; ClaudeBot/1.0; +claudebot@anthropic.com)"
216.73.216.191 - - [25/Oct/2025:12:57:29 +0000] "GET /product/wildcat-logo-spirit-wear-t-shirt-6?fileloc=%2F%2Fusr%2Fshare%2Fman%2Ffr%2Fman8%2Flastlog.8.gz&path=%2F%2Fusr%2Fshare%2Fman%2Ffr%2Fman8 HTTP/2.0" 200 3975 "-" "Mozilla/5.0 AppleWebKit/537.36 (KHTML, like Gecko; compatible; ClaudeBot/1.0; +claudebot@anthropic.com)"
216.73.216.191 - - [25/Oct/2025:12:57:29 +0000] "GET /product/wildcat-logo-spirit-wear-t-shirt-6?fileloc=%2F%2Fproc%2F3%2Fcwd%2Flib64%2Flibunbound.so.2&path=%2F%2Fproc%2F3%2Fcwd%2Flib64 HTTP/2.0" 200 497750 "-" "Mozilla/5.0 AppleWebKit/537.36 (KHTML, like Gecko; compatible; ClaudeBot/1.0; +claudebot@anthropic.com)"
216.73.216.191 - - [25/Oct/2025:12:57:30 +0000] "GET /product/wildcat-logo-spirit-wear-t-shirt-11?fileloc=%2F%2Fvar%2Frun%2Fchkservd%2Flfd&path=%2F%2Fvar%2Frun%2Fchkservd HTTP/2.0" 200 2238 "-" "Mozilla/5.0 AppleWebKit/537.36 (KHTML, like Gecko; compatible; ClaudeBot/1.0; +claudebot@anthropic.com)"
216.73.216.191 - - [25/Oct/2025:12:57:30 +0000] "GET /product/wildcat-logo-spirit-wear-t-shirt-6?fileloc=%2F%2Fproc%2F3%2Fcwd%2Flib64%2Flibbrotlienc.so.1&path=%2F%2Fproc%2F3%2Fcwd%2Flib64 HTTP/2.0" 200 204744 "-" "Mozilla/5.0 AppleWebKit/537.36 (KHTML, like Gecko; compatible; ClaudeBot/1.0; +claudebot@anthropic.com)"
52.73.142.41 - - [25/Oct/2025:12:57:30 +0000] "GET /quote/?path=//run/udev/tags/systemd HTTP/1.1" 200 17126 "-" "Mozilla/5.0 AppleWebKit/537.36 (KHTML, like Gecko; compatible; Amazonbot/0.1; +https://developer.amazon.com/support/amazonbot) Chrome/119.0.6045.214 Safari/537.36"
216.73.216.191 - - [25/Oct/2025:12:57:30 +0000] "GET /product/wildcat-logo-spirit-wear-t-shirt-6?fileloc=%2F%2Fusr%2Fbin%2Fupdate-ca-trust&path=%2F%2Fusr%2Fbin HTTP/2.0" 200 2681 "-" "Mozilla/5.0 AppleWebKit/537.36 (KHTML, like Gecko; compatible; ClaudeBot/1.0; +claudebot@anthropic.com)"
216.73.216.191 - - [25/Oct/2025:12:57:31 +0000] "GET /product/wildcat-logo-spirit-wear-t-shirt-11?fileloc=%2F%2Flib%2F.build-id%2F97%2F739a742f4c2a62403b14b12d3cc20b5b767e3a&path=%2F%2Flib%2F.build-id%2F97 HTTP/2.0" 200 47249 "-" "Mozilla/5.0 AppleWebKit/537.36 (KHTML, like Gecko; compatible; ClaudeBot/1.0; +claudebot@anthropic.com)"
216.73.216.191 - - [25/Oct/2025:12:57:31 +0000] "GET /my-account/?fileloc=%2F%2Fproc%2F3264896%2Fcomm&path=%2F%2Fproc%2F3264896 HTTP/2.0" 200 2227 "-" "Mozilla/5.0 AppleWebKit/537.36 (KHTML, like Gecko; compatible; ClaudeBot/1.0; +claudebot@anthropic.com)"
20.171.207.136 - - [25/Oct/2025:12:57:31 +0000] "GET /?path=//proc/2/task/2/root/proc/2/cwd/proc/3/cwd/var/softaculous/seo/php56 HTTP/2.0" 200 2777 "-" "Mozilla/5.0 AppleWebKit/537.36 (KHTML, like Gecko; compatible; GPTBot/1.2; +https://openai.com/gptbot)"
216.73.216.191 - - [25/Oct/2025:12:57:31 +0000] "GET /product/wildcat-logo-spirit-wear-t-shirt-6?fileloc=%2F%2Fproc%2F3%2Fcwd%2Flib64%2Flibgmp.so.10&path=%2F%2Fproc%2F3%2Fcwd%2Flib64 HTTP/2.0" 200 245698 "-" "Mozilla/5.0 AppleWebKit/537.36 (KHTML, like Gecko; compatible; ClaudeBot/1.0; +claudebot@anthropic.com)"
216.73.216.191 - - [25/Oct/2025:12:57:32 +0000] "GET /product/wildcat-logo-spirit-wear-t-shirt-6?fileloc=%2F%2Fusr%2Fbin%2Fanimate&path=%2F%2Fusr%2Fbin HTTP/2.0" 200 5402 "-" "Mozilla/5.0 AppleWebKit/537.36 (KHTML, like Gecko; compatible; ClaudeBot/1.0; +claudebot@anthropic.com)"
216.73.216.191 - - [25/Oct/2025:12:57:32 +0000] "GET /product/wildcat-logo-spirit-wear-t-shirt-6?fileloc=%2F%2Fproc%2F3%2Fcwd%2Flib64%2FlibIex-2_2.so.12&path=%2F%2Fproc%2F3%2Fcwd%2Flib64 HTTP/2.0" 200 26276 "-" "Mozilla/5.0 AppleWebKit/537.36 (KHTML, like Gecko; compatible; ClaudeBot/1.0; +claudebot@anthropic.com)"
216.73.216.191 - - [25/Oct/2025:12:57:32 +0000] "GET /my-account/?fileloc=%2F%2Fproc%2F3264903%2Faio&path=%2F%2Fproc%2F3264903 HTTP/2.0" 200 2229 "-" "Mozilla/5.0 AppleWebKit/537.36 (KHTML, like Gecko; compatible; ClaudeBot/1.0; +claudebot@anthropic.com)"
216.73.216.191 - - [25/Oct/2025:12:57:32 +0000] "GET /product/elgin-e-logo-spirit-wear-t-shirt-3?path=%2F%2Fopt%2Fcpanel%2Fea-libxml2%2Fbin HTTP/2.0" 200 2630 "-" "Mozilla/5.0 AppleWebKit/537.36 (KHTML, like Gecko; compatible; ClaudeBot/1.0; +claudebot@anthropic.com)"
216.73.216.191 - - [25/Oct/2025:12:57:33 +0000] "GET /my-account/?fileloc=%2F%2Fproc%2F3493023%2Foom_adj&path=%2F%2Fproc%2F3493023 HTTP/2.0" 200 2230 "-" "Mozilla/5.0 AppleWebKit/537.36 (KHTML, like Gecko; compatible; ClaudeBot/1.0; +claudebot@anthropic.com)"
216.73.216.191 - - [25/Oct/2025:12:57:33 +0000] "GET /product/wildcat-logo-spirit-wear-t-shirt-6?fileloc=%2F%2Fproc%2F3%2Fcwd%2Flib64%2Flibmetalink.so.3&path=%2F%2Fproc%2F3%2Fcwd%2Flib64 HTTP/2.0" 200 20530 "-" "Mozilla/5.0 AppleWebKit/537.36 (KHTML, like Gecko; compatible; ClaudeBot/1.0; +claudebot@anthropic.com)"
216.73.216.191 - - [25/Oct/2025:12:57:33 +0000] "GET /product/elgin-e-logo-spirit-wear-t-shirt-6?fileloc=%2F%2Fetc%2Fsysconfig%2Fimunify360%2Fcpanel%2Fimunify-antivirus.conf&path=%2F%2Fetc%2Fsysconfig%2Fimunify360%2Fcpanel HTTP/2.0" 200 2571 "-" "Mozilla/5.0 AppleWebKit/537.36 (KHTML, like Gecko; compatible; ClaudeBot/1.0; +claudebot@anthropic.com)"
216.73.216.191 - - [25/Oct/2025:12:57:34 +0000] "GET /product/img/l_arrow.png?fileloc=%2F%2Fbin%2Fpython-html2text&path=%2F%2Fbin HTTP/2.0" 200 2442 "-" "Mozilla/5.0 AppleWebKit/537.36 (KHTML, like Gecko; compatible; ClaudeBot/1.0; +claudebot@anthropic.com)"
216.73.216.191 - - [25/Oct/2025:12:57:34 +0000] "GET /my-account/?fileloc=%2F%2Fproc%2F3493023%2Fsmaps&path=%2F%2Fproc%2F3493023 HTTP/2.0" 200 2228 "-" "Mozilla/5.0 AppleWebKit/537.36 (KHTML, like Gecko; compatible; ClaudeBot/1.0; +claudebot@anthropic.com)"
20.171.207.136 - - [25/Oct/2025:12:57:34 +0000] "GET /?path=//proc/2/task/2/root/proc/2/cwd/proc/3/cwd/var/softaculous/mt/php56 HTTP/2.0" 200 2704 "-" "Mozilla/5.0 AppleWebKit/537.36 (KHTML, like Gecko; compatible; GPTBot/1.2; +https://openai.com/gptbot)"
216.73.216.191 - - [25/Oct/2025:12:57:34 +0000] "GET /product/img/dlf_fig2.png?fileloc=%2F%2Flib64%2Fxtables%2Flibxt_time.so&path=%2F%2Flib64%2Fxtables HTTP/2.0" 200 8522 "-" "Mozilla/5.0 AppleWebKit/537.36 (KHTML, like Gecko; compatible; ClaudeBot/1.0; +claudebot@anthropic.com)"
