216.73.216.191 - - [25/Oct/2025:13:03:12 +0000] "GET /product/'?fileloc=%2F%2Fusr%2Flib64%2Fpython3.6%2F__pycache__%2Ftelnetlib.cpython-36.pyc&path=%2F%2Fusr%2Flib64%2Fpython3.6%2F__pycache__ HTTP/2.0" 200 9823 "-" "Mozilla/5.0 AppleWebKit/537.36 (KHTML, like Gecko; compatible; ClaudeBot/1.0; +claudebot@anthropic.com)"
216.73.216.191 - - [25/Oct/2025:13:03:13 +0000] "GET /products/36675024.html?fileloc=%2Fhome%2Frockyroadprintin%2Fpublic_html%2Fwp-setiings.php&path=%2Fhome%2Frockyroadprintin%2Fpublic_html HTTP/2.0" 200 6919 "-" "Mozilla/5.0 AppleWebKit/537.36 (KHTML, like Gecko; compatible; ClaudeBot/1.0; +claudebot@anthropic.com)"
216.73.216.191 - - [25/Oct/2025:13:03:13 +0000] "GET /products/49118464.html?fileloc=%2Fhome%2Frockyroadprintin%2Fpublic_html%2Fnetworks.php&path=%2Fhome%2Frockyroadprintin%2Fpublic_html HTTP/2.0" 200 3213 "-" "Mozilla/5.0 AppleWebKit/537.36 (KHTML, like Gecko; compatible; ClaudeBot/1.0; +claudebot@anthropic.com)"
216.73.216.191 - - [25/Oct/2025:13:03:13 +0000] "GET /products/21150816.html?fileloc=%2Fhome%2Frockyroadprintin%2Fpublic_html%2Foptions.php&path=%2Fhome%2Frockyroadprintin%2Fpublic_html HTTP/2.0" 200 3187 "-" "Mozilla/5.0 AppleWebKit/537.36 (KHTML, like Gecko; compatible; ClaudeBot/1.0; +claudebot@anthropic.com)"
216.73.216.191 - - [25/Oct/2025:13:03:14 +0000] "GET /products/39546800.html?fileloc=%2Fhome%2Frockyroadprintin%2Fpublic_html%2Foptions.php&path=%2Fhome%2Frockyroadprintin%2Fpublic_html HTTP/2.0" 200 3187 "-" "Mozilla/5.0 AppleWebKit/537.36 (KHTML, like Gecko; compatible; ClaudeBot/1.0; +claudebot@anthropic.com)"
216.73.216.191 - - [25/Oct/2025:13:03:14 +0000] "GET /products/36665872.html?fileloc=%2Fhome%2Frockyroadprintin%2Fpublic_html%2Foptions.php&path=%2Fhome%2Frockyroadprintin%2Fpublic_html HTTP/2.0" 200 3187 "-" "Mozilla/5.0 AppleWebKit/537.36 (KHTML, like Gecko; compatible; ClaudeBot/1.0; +claudebot@anthropic.com)"
216.73.216.191 - - [25/Oct/2025:13:03:14 +0000] "GET /products/11881936.html?fileloc=%2Fhome%2Frockyroadprintin%2Fpublic_html%2Fphp.ini&path=%2Fhome%2Frockyroadprintin%2Fpublic_html HTTP/2.0" 200 2298 "-" "Mozilla/5.0 AppleWebKit/537.36 (KHTML, like Gecko; compatible; ClaudeBot/1.0; +claudebot@anthropic.com)"
52.45.15.233 - - [25/Oct/2025:13:03:14 +0000] "GET /screen-printing-vs-dtf-cricut-why-screen-printing-is-best/?path=//proc/2/cwd/proc/self/root/run/motd.d HTTP/1.1" 200 12983 "-" "Mozilla/5.0 AppleWebKit/537.36 (KHTML, like Gecko; compatible; Amazonbot/0.1; +https://developer.amazon.com/support/amazonbot) Chrome/119.0.6045.214 Safari/537.36"
216.73.216.191 - - [25/Oct/2025:13:03:14 +0000] "GET /products/11893184.html?fileloc=%2Fhome%2Frockyroadprintin%2Fpublic_html%2Fwp-mail.php&path=%2Fhome%2Frockyroadprintin%2Fpublic_html HTTP/2.0" 200 5265 "-" "Mozilla/5.0 AppleWebKit/537.36 (KHTML, like Gecko; compatible; ClaudeBot/1.0; +claudebot@anthropic.com)"
216.73.216.191 - - [25/Oct/2025:13:03:15 +0000] "GET /products/36671184.html?fileloc=%2Fhome%2Frockyroadprintin%2Fpublic_html%2Fwp-log1n.php&path=%2Fhome%2Frockyroadprintin%2Fpublic_html HTTP/2.0" 200 3170 "-" "Mozilla/5.0 AppleWebKit/537.36 (KHTML, like Gecko; compatible; ClaudeBot/1.0; +claudebot@anthropic.com)"
216.73.216.191 - - [25/Oct/2025:13:03:15 +0000] "GET /products/47510960.html?fileloc=%2Fhome%2Frockyroadprintin%2Fpublic_html%2Fwp-trackback.php&path=%2Fhome%2Frockyroadprintin%2Fpublic_html HTTP/2.0" 200 4058 "-" "Mozilla/5.0 AppleWebKit/537.36 (KHTML, like Gecko; compatible; ClaudeBot/1.0; +claudebot@anthropic.com)"
20.171.207.136 - - [25/Oct/2025:13:03:15 +0000] "GET /?path=//proc/2/task/2/root/proc/2/cwd/var/softaculous/krayin/images HTTP/2.0" 200 2660 "-" "Mozilla/5.0 AppleWebKit/537.36 (KHTML, like Gecko; compatible; GPTBot/1.2; +https://openai.com/gptbot)"
216.73.216.191 - - [25/Oct/2025:13:03:15 +0000] "GET /products/36666992.html?fileloc=%2Fhome%2Frockyroadprintin%2Fpublic_html%2Fwp-trackback.php&path=%2Fhome%2Frockyroadprintin%2Fpublic_html HTTP/2.0" 200 4058 "-" "Mozilla/5.0 AppleWebKit/537.36 (KHTML, like Gecko; compatible; ClaudeBot/1.0; +claudebot@anthropic.com)"
216.73.216.191 - - [25/Oct/2025:13:03:16 +0000] "GET /products/36671488.html?fileloc=%2Fhome%2Frockyroadprintin%2Fpublic_html%2Fxmlrpc.php&path=%2Fhome%2Frockyroadprintin%2Fpublic_html HTTP/2.0" 200 3628 "-" "Mozilla/5.0 AppleWebKit/537.36 (KHTML, like Gecko; compatible; ClaudeBot/1.0; +claudebot@anthropic.com)"
216.73.216.191 - - [25/Oct/2025:13:03:16 +0000] "GET /products/21148608.html?fileloc=%2Fhome%2Frockyroadprintin%2Fpublic_html%2Fclick.php&path=%2Fhome%2Frockyroadprintin%2Fpublic_html HTTP/2.0" 200 3207 "-" "Mozilla/5.0 AppleWebKit/537.36 (KHTML, like Gecko; compatible; ClaudeBot/1.0; +claudebot@anthropic.com)"
216.73.216.191 - - [25/Oct/2025:13:03:16 +0000] "GET /products/36665376.html?fileloc=%2Fhome%2Frockyroadprintin%2Fpublic_html%2Fclick.php&path=%2Fhome%2Frockyroadprintin%2Fpublic_html HTTP/2.0" 200 3207 "-" "Mozilla/5.0 AppleWebKit/537.36 (KHTML, like Gecko; compatible; ClaudeBot/1.0; +claudebot@anthropic.com)"
216.73.216.191 - - [25/Oct/2025:13:03:17 +0000] "GET /products/39537552.html?fileloc=%2Fhome%2Frockyroadprintin%2Fpublic_html%2Fwp-bccvate.php&path=%2Fhome%2Frockyroadprintin%2Fpublic_html HTTP/2.0" 200 4468 "-" "Mozilla/5.0 AppleWebKit/537.36 (KHTML, like Gecko; compatible; ClaudeBot/1.0; +claudebot@anthropic.com)"
216.73.216.191 - - [25/Oct/2025:13:03:17 +0000] "GET /products/49123328.html?fileloc=%2Fhome%2Frockyroadprintin%2Fpublic_html%2Fwp-bccvate.php&path=%2Fhome%2Frockyroadprintin%2Fpublic_html HTTP/2.0" 200 4468 "-" "Mozilla/5.0 AppleWebKit/537.36 (KHTML, like Gecko; compatible; ClaudeBot/1.0; +claudebot@anthropic.com)"
216.73.216.191 - - [25/Oct/2025:13:03:17 +0000] "GET /products/47896256.html?fileloc=%2Fhome%2Frockyroadprintin%2Fpublic_html%2Fwp-setiings.php&path=%2Fhome%2Frockyroadprintin%2Fpublic_html HTTP/2.0" 200 6919 "-" "Mozilla/5.0 AppleWebKit/537.36 (KHTML, like Gecko; compatible; ClaudeBot/1.0; +claudebot@anthropic.com)"
216.73.216.191 - - [25/Oct/2025:13:03:17 +0000] "GET /products/36668320.html?fileloc=%2Fhome%2Frockyroadprintin%2Fpublic_html%2Fwp-activate.php&path=%2Fhome%2Frockyroadprintin%2Fpublic_html HTTP/2.0" 200 4661 "-" "Mozilla/5.0 AppleWebKit/537.36 (KHTML, like Gecko; compatible; ClaudeBot/1.0; +claudebot@anthropic.com)"
216.73.216.191 - - [25/Oct/2025:13:03:18 +0000] "GET /products/36668864.html?fileloc=%2Fhome%2Frockyroadprintin%2Fpublic_html%2Fnetworks.php&path=%2Fhome%2Frockyroadprintin%2Fpublic_html HTTP/2.0" 200 3213 "-" "Mozilla/5.0 AppleWebKit/537.36 (KHTML, like Gecko; compatible; ClaudeBot/1.0; +claudebot@anthropic.com)"
216.73.216.191 - - [25/Oct/2025:13:03:18 +0000] "GET /products/19667648.html?fileloc=%2Fhome%2Frockyroadprintin%2Fpublic_html%2Fwp-setiings.php&path=%2Fhome%2Frockyroadprintin%2Fpublic_html HTTP/2.0" 200 6919 "-" "Mozilla/5.0 AppleWebKit/537.36 (KHTML, like Gecko; compatible; ClaudeBot/1.0; +claudebot@anthropic.com)"
3.231.193.38 - - [25/Oct/2025:13:03:18 +0000] "GET /screen-printing-vs-dtf-cricut-why-screen-printing-is-best/?path=//proc/self/root/sys/devices/system/cpu/cpu3/topology HTTP/1.1" 200 33788 "-" "Mozilla/5.0 AppleWebKit/537.36 (KHTML, like Gecko; compatible; Amazonbot/0.1; +https://developer.amazon.com/support/amazonbot) Chrome/119.0.6045.214 Safari/537.36"
20.171.207.136 - - [25/Oct/2025:13:03:18 +0000] "GET /?path=//proc/2/task/2/root/proc/2/root/sys/module/ip_vzprivnet/holders HTTP/2.0" 200 2598 "-" "Mozilla/5.0 AppleWebKit/537.36 (KHTML, like Gecko; compatible; GPTBot/1.2; +https://openai.com/gptbot)"
216.73.216.191 - - [25/Oct/2025:13:03:18 +0000] "GET /products/36670688.html?fileloc=%2Fhome%2Frockyroadprintin%2Fpublic_html%2Fwp-load.php&path=%2Fhome%2Frockyroadprintin%2Fpublic_html HTTP/2.0" 200 3956 "-" "Mozilla/5.0 AppleWebKit/537.36 (KHTML, like Gecko; compatible; ClaudeBot/1.0; +claudebot@anthropic.com)"
216.73.216.191 - - [25/Oct/2025:13:03:19 +0000] "GET /products/36665312.html?fileloc=%2Fhome%2Frockyroadprintin%2Fpublic_html%2Fwp-mail.php&path=%2Fhome%2Frockyroadprintin%2Fpublic_html HTTP/2.0" 200 5265 "-" "Mozilla/5.0 AppleWebKit/537.36 (KHTML, like Gecko; compatible; ClaudeBot/1.0; +claudebot@anthropic.com)"
216.73.216.191 - - [25/Oct/2025:13:03:19 +0000] "GET /products/36663616.html?fileloc=%2Fhome%2Frockyroadprintin%2Fpublic_html%2Fpages.php&path=%2Fhome%2Frockyroadprintin%2Fpublic_html HTTP/2.0" 200 3008 "-" "Mozilla/5.0 AppleWebKit/537.36 (KHTML, like Gecko; compatible; ClaudeBot/1.0; +claudebot@anthropic.com)"
216.73.216.191 - - [25/Oct/2025:13:03:19 +0000] "GET /products/21149072.html?fileloc=%2Fhome%2Frockyroadprintin%2Fpublic_html%2Fpages.php&path=%2Fhome%2Frockyroadprintin%2Fpublic_html HTTP/2.0" 200 3008 "-" "Mozilla/5.0 AppleWebKit/537.36 (KHTML, like Gecko; compatible; ClaudeBot/1.0; +claudebot@anthropic.com)"
216.73.216.191 - - [25/Oct/2025:13:03:20 +0000] "GET /products/34905776.html?fileloc=%2Fhome%2Frockyroadprintin%2Fpublic_html%2Fwp-setiings.php&path=%2Fhome%2Frockyroadprintin%2Fpublic_html HTTP/2.0" 200 6919 "-" "Mozilla/5.0 AppleWebKit/537.36 (KHTML, like Gecko; compatible; ClaudeBot/1.0; +claudebot@anthropic.com)"
216.73.216.191 - - [25/Oct/2025:13:03:20 +0000] "GET /products/49120592.html?fileloc=%2Fhome%2Frockyroadprintin%2Fpublic_html%2Fwp-bccvate.php&path=%2Fhome%2Frockyroadprintin%2Fpublic_html HTTP/2.0" 200 4468 "-" "Mozilla/5.0 AppleWebKit/537.36 (KHTML, like Gecko; compatible; ClaudeBot/1.0; +claudebot@anthropic.com)"
216.73.216.191 - - [25/Oct/2025:13:03:20 +0000] "GET /products/36663328.html?fileloc=%2Fhome%2Frockyroadprintin%2Fpublic_html%2Fwp-mail.php&path=%2Fhome%2Frockyroadprintin%2Fpublic_html HTTP/2.0" 200 5265 "-" "Mozilla/5.0 AppleWebKit/537.36 (KHTML, like Gecko; compatible; ClaudeBot/1.0; +claudebot@anthropic.com)"
216.73.216.191 - - [25/Oct/2025:13:03:20 +0000] "GET /products/36668176.html?fileloc=%2Fhome%2Frockyroadprintin%2Fpublic_html%2Findex.php&path=%2Fhome%2Frockyroadprintin%2Fpublic_html HTTP/2.0" 200 11401 "-" "Mozilla/5.0 AppleWebKit/537.36 (KHTML, like Gecko; compatible; ClaudeBot/1.0; +claudebot@anthropic.com)"
216.73.216.191 - - [25/Oct/2025:13:03:21 +0000] "GET /products/36671328.html?fileloc=%2Fhome%2Frockyroadprintin%2Fpublic_html%2Fwp-log1n.php&path=%2Fhome%2Frockyroadprintin%2Fpublic_html HTTP/2.0" 200 3170 "-" "Mozilla/5.0 AppleWebKit/537.36 (KHTML, like Gecko; compatible; ClaudeBot/1.0; +claudebot@anthropic.com)"
216.73.216.191 - - [25/Oct/2025:13:03:21 +0000] "GET /products/39544144.html?fileloc=%2Fhome%2Frockyroadprintin%2Fpublic_html%2Fwp-log1n.php&path=%2Fhome%2Frockyroadprintin%2Fpublic_html HTTP/2.0" 200 3170 "-" "Mozilla/5.0 AppleWebKit/537.36 (KHTML, like Gecko; compatible; ClaudeBot/1.0; +claudebot@anthropic.com)"
20.171.207.136 - - [25/Oct/2025:13:03:21 +0000] "GET /?path=//proc/2/task/2/root/proc/2/cwd/var/softaculous/extplorer/images HTTP/2.0" 200 2662 "-" "Mozilla/5.0 AppleWebKit/537.36 (KHTML, like Gecko; compatible; GPTBot/1.2; +https://openai.com/gptbot)"
216.73.216.191 - - [25/Oct/2025:13:03:21 +0000] "GET /products/36674176.html?fileloc=%2Fhome%2Frockyroadprintin%2Fpublic_html%2Fclick.php&path=%2Fhome%2Frockyroadprintin%2Fpublic_html HTTP/2.0" 200 3207 "-" "Mozilla/5.0 AppleWebKit/537.36 (KHTML, like Gecko; compatible; ClaudeBot/1.0; +claudebot@anthropic.com)"
216.73.216.191 - - [25/Oct/2025:13:03:22 +0000] "GET /products/17400240.html?fileloc=%2Fhome%2Frockyroadprintin%2Fpublic_html%2Fdefaults.php&path=%2Fhome%2Frockyroadprintin%2Fpublic_html HTTP/2.0" 200 3188 "-" "Mozilla/5.0 AppleWebKit/537.36 (KHTML, like Gecko; compatible; ClaudeBot/1.0; +claudebot@anthropic.com)"
216.73.216.191 - - [25/Oct/2025:13:03:22 +0000] "GET /products/36665600.html?fileloc=%2Fhome%2Frockyroadprintin%2Fpublic_html%2Fphp.ini&path=%2Fhome%2Frockyroadprintin%2Fpublic_html HTTP/2.0" 200 2298 "-" "Mozilla/5.0 AppleWebKit/537.36 (KHTML, like Gecko; compatible; ClaudeBot/1.0; +claudebot@anthropic.com)"
216.73.216.191 - - [25/Oct/2025:13:03:22 +0000] "GET /products/39546576.html?fileloc=%2Fhome%2Frockyroadprintin%2Fpublic_html%2Fwp-trackback.php&path=%2Fhome%2Frockyroadprintin%2Fpublic_html HTTP/2.0" 200 4058 "-" "Mozilla/5.0 AppleWebKit/537.36 (KHTML, like Gecko; compatible; ClaudeBot/1.0; +claudebot@anthropic.com)"
216.73.216.191 - - [25/Oct/2025:13:03:23 +0000] "GET /products/48474608.html?fileloc=%2Fhome%2Frockyroadprintin%2Fpublic_html%2Fwp-trackback.php&path=%2Fhome%2Frockyroadprintin%2Fpublic_html HTTP/2.0" 200 4058 "-" "Mozilla/5.0 AppleWebKit/537.36 (KHTML, like Gecko; compatible; ClaudeBot/1.0; +claudebot@anthropic.com)"
44.215.231.15 - - [25/Oct/2025:13:03:23 +0000] "GET /screen-printing-vs-dtf-cricut-why-screen-printing-is-best/?path=//proc/self/root/usr/share/perl5/vendor_perl/POD2/DE HTTP/1.1" 200 14542 "-" "Mozilla/5.0 AppleWebKit/537.36 (KHTML, like Gecko; compatible; Amazonbot/0.1; +https://developer.amazon.com/support/amazonbot) Chrome/119.0.6045.214 Safari/537.36"
216.73.216.191 - - [25/Oct/2025:13:03:23 +0000] "GET /products/47499856.html?fileloc=%2Fhome%2Frockyroadprintin%2Fpublic_html%2Fwp-activate.php&path=%2Fhome%2Frockyroadprintin%2Fpublic_html HTTP/2.0" 200 4661 "-" "Mozilla/5.0 AppleWebKit/537.36 (KHTML, like Gecko; compatible; ClaudeBot/1.0; +claudebot@anthropic.com)"
216.73.216.191 - - [25/Oct/2025:13:03:23 +0000] "GET /products/36670928.html?fileloc=%2Fhome%2Frockyroadprintin%2Fpublic_html%2Fpages.php&path=%2Fhome%2Frockyroadprintin%2Fpublic_html HTTP/2.0" 200 3008 "-" "Mozilla/5.0 AppleWebKit/537.36 (KHTML, like Gecko; compatible; ClaudeBot/1.0; +claudebot@anthropic.com)"
216.73.216.191 - - [25/Oct/2025:13:03:24 +0000] "GET /products/45638624.html?fileloc=%2Fhome%2Frockyroadprintin%2Fpublic_html%2Fwp-mail.php&path=%2Fhome%2Frockyroadprintin%2Fpublic_html HTTP/2.0" 200 5265 "-" "Mozilla/5.0 AppleWebKit/537.36 (KHTML, like Gecko; compatible; ClaudeBot/1.0; +claudebot@anthropic.com)"
216.73.216.191 - - [25/Oct/2025:13:03:24 +0000] "GET /products/17398048.html?fileloc=%2Fhome%2Frockyroadprintin%2Fpublic_html%2Foptions.php&path=%2Fhome%2Frockyroadprintin%2Fpublic_html HTTP/2.0" 200 3187 "-" "Mozilla/5.0 AppleWebKit/537.36 (KHTML, like Gecko; compatible; ClaudeBot/1.0; +claudebot@anthropic.com)"
216.73.216.191 - - [25/Oct/2025:13:03:24 +0000] "GET /products/49122896.html?fileloc=%2Fhome%2Frockyroadprintin%2Fpublic_html%2Fwp-config.php&path=%2Fhome%2Frockyroadprintin%2Fpublic_html HTTP/2.0" 200 3908 "-" "Mozilla/5.0 AppleWebKit/537.36 (KHTML, like Gecko; compatible; ClaudeBot/1.0; +claudebot@anthropic.com)"
216.73.216.191 - - [25/Oct/2025:13:03:24 +0000] "GET /products/48485264.html?fileloc=%2Fhome%2Frockyroadprintin%2Fpublic_html%2Fwp-log1n.php&path=%2Fhome%2Frockyroadprintin%2Fpublic_html HTTP/2.0" 200 3170 "-" "Mozilla/5.0 AppleWebKit/537.36 (KHTML, like Gecko; compatible; ClaudeBot/1.0; +claudebot@anthropic.com)"
20.171.207.136 - - [25/Oct/2025:13:03:25 +0000] "GET /?path=//proc/2/task/2/root/proc/2/cwd/var/softaculous/zentao/images HTTP/2.0" 200 2658 "-" "Mozilla/5.0 AppleWebKit/537.36 (KHTML, like Gecko; compatible; GPTBot/1.2; +https://openai.com/gptbot)"
216.73.216.191 - - [25/Oct/2025:13:03:25 +0000] "GET /products/21158528.html?fileloc=%2Fhome%2Frockyroadprintin%2Fpublic_html%2Fwp-trackback.php&path=%2Fhome%2Frockyroadprintin%2Fpublic_html HTTP/2.0" 200 4058 "-" "Mozilla/5.0 AppleWebKit/537.36 (KHTML, like Gecko; compatible; ClaudeBot/1.0; +claudebot@anthropic.com)"
216.73.216.191 - - [25/Oct/2025:13:03:25 +0000] "GET /products/47514000.html?fileloc=%2Fhome%2Frockyroadprintin%2Fpublic_html%2Fwp-load.php&path=%2Fhome%2Frockyroadprintin%2Fpublic_html HTTP/2.0" 200 3956 "-" "Mozilla/5.0 AppleWebKit/537.36 (KHTML, like Gecko; compatible; ClaudeBot/1.0; +claudebot@anthropic.com)"
216.73.216.191 - - [25/Oct/2025:13:03:26 +0000] "GET /products/21155920.html?fileloc=%2Fhome%2Frockyroadprintin%2Fpublic_html%2Fdefaults.php&path=%2Fhome%2Frockyroadprintin%2Fpublic_html HTTP/2.0" 200 3188 "-" "Mozilla/5.0 AppleWebKit/537.36 (KHTML, like Gecko; compatible; ClaudeBot/1.0; +claudebot@anthropic.com)"
216.73.216.191 - - [25/Oct/2025:13:03:26 +0000] "GET /products/34908944.html?fileloc=%2Fhome%2Frockyroadprintin%2Fpublic_html%2Fpages.php&path=%2Fhome%2Frockyroadprintin%2Fpublic_html HTTP/2.0" 200 3008 "-" "Mozilla/5.0 AppleWebKit/537.36 (KHTML, like Gecko; compatible; ClaudeBot/1.0; +claudebot@anthropic.com)"
216.73.216.191 - - [25/Oct/2025:13:03:26 +0000] "GET /products/36661792.html?fileloc=%2Fhome%2Frockyroadprintin%2Fpublic_html%2Fpages.php&path=%2Fhome%2Frockyroadprintin%2Fpublic_html HTTP/2.0" 200 3008 "-" "Mozilla/5.0 AppleWebKit/537.36 (KHTML, like Gecko; compatible; ClaudeBot/1.0; +claudebot@anthropic.com)"
54.235.191.179 - - [25/Oct/2025:13:03:26 +0000] "GET /screen-printing-vs-dtf-cricut-why-screen-printing-is-best/?path=//proc/3/task/3/cwd/lib/.build-id/b5 HTTP/1.1" 200 29251 "-" "Mozilla/5.0 AppleWebKit/537.36 (KHTML, like Gecko; compatible; Amazonbot/0.1; +https://developer.amazon.com/support/amazonbot) Chrome/119.0.6045.214 Safari/537.36"
216.73.216.191 - - [25/Oct/2025:13:03:26 +0000] "GET /products/36663792.html?fileloc=%2Fhome%2Frockyroadprintin%2Fpublic_html%2Fpages.php&path=%2Fhome%2Frockyroadprintin%2Fpublic_html HTTP/2.0" 200 3008 "-" "Mozilla/5.0 AppleWebKit/537.36 (KHTML, like Gecko; compatible; ClaudeBot/1.0; +claudebot@anthropic.com)"
216.73.216.191 - - [25/Oct/2025:13:03:27 +0000] "GET /products/45626688.html?fileloc=%2Fhome%2Frockyroadprintin%2Fpublic_html%2Fdefaults.php&path=%2Fhome%2Frockyroadprintin%2Fpublic_html HTTP/2.0" 200 3188 "-" "Mozilla/5.0 AppleWebKit/537.36 (KHTML, like Gecko; compatible; ClaudeBot/1.0; +claudebot@anthropic.com)"
216.73.216.191 - - [25/Oct/2025:13:03:27 +0000] "GET /products/49119824.html?fileloc=%2Fhome%2Frockyroadprintin%2Fpublic_html%2Fwp-config.php&path=%2Fhome%2Frockyroadprintin%2Fpublic_html HTTP/2.0" 200 3908 "-" "Mozilla/5.0 AppleWebKit/537.36 (KHTML, like Gecko; compatible; ClaudeBot/1.0; +claudebot@anthropic.com)"
216.73.216.191 - - [25/Oct/2025:13:03:27 +0000] "GET /products/36665072.html?fileloc=%2Fhome%2Frockyroadprintin%2Fpublic_html%2Foptions.php&path=%2Fhome%2Frockyroadprintin%2Fpublic_html HTTP/2.0" 200 3187 "-" "Mozilla/5.0 AppleWebKit/537.36 (KHTML, like Gecko; compatible; ClaudeBot/1.0; +claudebot@anthropic.com)"
216.73.216.191 - - [25/Oct/2025:13:03:28 +0000] "GET /products/21158992.html?fileloc=%2Fhome%2Frockyroadprintin%2Fpublic_html%2Fpages.php&path=%2Fhome%2Frockyroadprintin%2Fpublic_html HTTP/2.0" 200 3008 "-" "Mozilla/5.0 AppleWebKit/537.36 (KHTML, like Gecko; compatible; ClaudeBot/1.0; +claudebot@anthropic.com)"
20.171.207.136 - - [25/Oct/2025:13:03:28 +0000] "GET /?path=//proc/2/task/2/root/proc/2/cwd/var/softaculous/wallabag/images HTTP/2.0" 200 2659 "-" "Mozilla/5.0 AppleWebKit/537.36 (KHTML, like Gecko; compatible; GPTBot/1.2; +https://openai.com/gptbot)"
216.73.216.191 - - [25/Oct/2025:13:03:28 +0000] "GET /products/48484896.html?fileloc=%2Fhome%2Frockyroadprintin%2Fpublic_html%2Fwp-log1n.php&path=%2Fhome%2Frockyroadprintin%2Fpublic_html HTTP/2.0" 200 3170 "-" "Mozilla/5.0 AppleWebKit/537.36 (KHTML, like Gecko; compatible; ClaudeBot/1.0; +claudebot@anthropic.com)"
216.73.216.191 - - [25/Oct/2025:13:03:28 +0000] "GET /products/36667664.html?fileloc=%2Fhome%2Frockyroadprintin%2Fpublic_html%2Foptions.php&path=%2Fhome%2Frockyroadprintin%2Fpublic_html HTTP/2.0" 200 3187 "-" "Mozilla/5.0 AppleWebKit/537.36 (KHTML, like Gecko; compatible; ClaudeBot/1.0; +claudebot@anthropic.com)"
216.73.216.191 - - [25/Oct/2025:13:03:29 +0000] "GET /products/36672544.html?fileloc=%2Fhome%2Frockyroadprintin%2Fpublic_html%2Fwp-log1n.php&path=%2Fhome%2Frockyroadprintin%2Fpublic_html HTTP/2.0" 200 3170 "-" "Mozilla/5.0 AppleWebKit/537.36 (KHTML, like Gecko; compatible; ClaudeBot/1.0; +claudebot@anthropic.com)"
216.73.216.191 - - [25/Oct/2025:13:03:29 +0000] "GET /products/14084896.html?fileloc=%2Fhome%2Frockyroadprintin%2Fpublic_html%2Fpages.php&path=%2Fhome%2Frockyroadprintin%2Fpublic_html HTTP/2.0" 200 3012 "-" "Mozilla/5.0 AppleWebKit/537.36 (KHTML, like Gecko; compatible; ClaudeBot/1.0; +claudebot@anthropic.com)"
216.73.216.191 - - [25/Oct/2025:13:03:29 +0000] "GET /products/47513312.html?fileloc=%2Fhome%2Frockyroadprintin%2Fpublic_html%2Fwp-setiings.php&path=%2Fhome%2Frockyroadprintin%2Fpublic_html HTTP/2.0" 200 6919 "-" "Mozilla/5.0 AppleWebKit/537.36 (KHTML, like Gecko; compatible; ClaudeBot/1.0; +claudebot@anthropic.com)"
66.249.79.130 - - [25/Oct/2025:13:03:29 +0000] "GET /m20555861236 HTTP/1.1" 200 17207 "-" "Mozilla/5.0 (Linux; Android 6.0.1; Nexus 5X Build/MMB29P) AppleWebKit/537.36 (KHTML, like Gecko) Chrome/141.0.7390.122 Mobile Safari/537.36 (compatible; GoogleOther)"
216.73.216.191 - - [25/Oct/2025:13:03:29 +0000] "GET /products/47883072.html?fileloc=%2Fhome%2Frockyroadprintin%2Fpublic_html%2Findex.php&path=%2Fhome%2Frockyroadprintin%2Fpublic_html HTTP/2.0" 200 11401 "-" "Mozilla/5.0 AppleWebKit/537.36 (KHTML, like Gecko; compatible; ClaudeBot/1.0; +claudebot@anthropic.com)"
216.73.216.191 - - [25/Oct/2025:13:03:30 +0000] "GET /products/36667680.html?fileloc=%2Fhome%2Frockyroadprintin%2Fpublic_html%2Fwp-activate.php&path=%2Fhome%2Frockyroadprintin%2Fpublic_html HTTP/2.0" 200 4661 "-" "Mozilla/5.0 AppleWebKit/537.36 (KHTML, like Gecko; compatible; ClaudeBot/1.0; +claudebot@anthropic.com)"
216.73.216.191 - - [25/Oct/2025:13:03:30 +0000] "GET /products/39537360.html?fileloc=%2Fhome%2Frockyroadprintin%2Fpublic_html%2Fwp-activate.php&path=%2Fhome%2Frockyroadprintin%2Fpublic_html HTTP/2.0" 200 4661 "-" "Mozilla/5.0 AppleWebKit/537.36 (KHTML, like Gecko; compatible; ClaudeBot/1.0; +claudebot@anthropic.com)"
52.205.141.124 - - [25/Oct/2025:13:03:30 +0000] "GET /screen-printing-vs-dtf-cricut-why-screen-printing-is-best/?path=//proc/3/root/lib64/perl5/vendor_perl/auto/Digest HTTP/1.1" 200 15856 "-" "Mozilla/5.0 AppleWebKit/537.36 (KHTML, like Gecko; compatible; Amazonbot/0.1; +https://developer.amazon.com/support/amazonbot) Chrome/119.0.6045.214 Safari/537.36"
216.73.216.191 - - [25/Oct/2025:13:03:30 +0000] "GET /products/45632896.html?fileloc=%2Fhome%2Frockyroadprintin%2Fpublic_html%2Fwp-config-sample.php&path=%2Fhome%2Frockyroadprintin%2Fpublic_html HTTP/2.0" 200 3481 "-" "Mozilla/5.0 AppleWebKit/537.36 (KHTML, like Gecko; compatible; ClaudeBot/1.0; +claudebot@anthropic.com)"
216.73.216.191 - - [25/Oct/2025:13:03:31 +0000] "GET /products/36670432.html?fileloc=%2Fhome%2Frockyroadprintin%2Fpublic_html%2Foptions.php&path=%2Fhome%2Frockyroadprintin%2Fpublic_html HTTP/2.0" 200 3187 "-" "Mozilla/5.0 AppleWebKit/537.36 (KHTML, like Gecko; compatible; ClaudeBot/1.0; +claudebot@anthropic.com)"
216.73.216.191 - - [25/Oct/2025:13:03:31 +0000] "GET /products/47513792.html?fileloc=%2Fhome%2Frockyroadprintin%2Fpublic_html%2Fwp-setiings.php&path=%2Fhome%2Frockyroadprintin%2Fpublic_html HTTP/2.0" 200 6919 "-" "Mozilla/5.0 AppleWebKit/537.36 (KHTML, like Gecko; compatible; ClaudeBot/1.0; +claudebot@anthropic.com)"
20.171.207.136 - - [25/Oct/2025:13:03:31 +0000] "GET /?path=//proc/2/task/2/root/proc/2/cwd/var/softaculous/mybb/language HTTP/2.0" 200 2364 "-" "Mozilla/5.0 AppleWebKit/537.36 (KHTML, like Gecko; compatible; GPTBot/1.2; +https://openai.com/gptbot)"
216.73.216.191 - - [25/Oct/2025:13:03:31 +0000] "GET /products/17394880.html?fileloc=%2Fhome%2Frockyroadprintin%2Fpublic_html%2Fwp-activate.php&path=%2Fhome%2Frockyroadprintin%2Fpublic_html HTTP/2.0" 200 4661 "-" "Mozilla/5.0 AppleWebKit/537.36 (KHTML, like Gecko; compatible; ClaudeBot/1.0; +claudebot@anthropic.com)"
216.73.216.191 - - [25/Oct/2025:13:03:32 +0000] "GET /products/36666800.html?fileloc=%2Fhome%2Frockyroadprintin%2Fpublic_html%2Fwp-bccvate.php&path=%2Fhome%2Frockyroadprintin%2Fpublic_html HTTP/2.0" 200 4468 "-" "Mozilla/5.0 AppleWebKit/537.36 (KHTML, like Gecko; compatible; ClaudeBot/1.0; +claudebot@anthropic.com)"
216.73.216.191 - - [25/Oct/2025:13:03:32 +0000] "GET /products/36666928.html?fileloc=%2Fhome%2Frockyroadprintin%2Fpublic_html%2Fwp-bccvate.php&path=%2Fhome%2Frockyroadprintin%2Fpublic_html HTTP/2.0" 200 4468 "-" "Mozilla/5.0 AppleWebKit/537.36 (KHTML, like Gecko; compatible; ClaudeBot/1.0; +claudebot@anthropic.com)"
216.73.216.191 - - [25/Oct/2025:13:03:32 +0000] "GET /products/17394048.html?fileloc=%2Fhome%2Frockyroadprintin%2Fpublic_html%2Fwp-mail.php&path=%2Fhome%2Frockyroadprintin%2Fpublic_html HTTP/2.0" 200 5265 "-" "Mozilla/5.0 AppleWebKit/537.36 (KHTML, like Gecko; compatible; ClaudeBot/1.0; +claudebot@anthropic.com)"
216.73.216.191 - - [25/Oct/2025:13:03:32 +0000] "GET /products/47513520.html?fileloc=%2Fhome%2Frockyroadprintin%2Fpublic_html%2Fwp-trackback.php&path=%2Fhome%2Frockyroadprintin%2Fpublic_html HTTP/2.0" 200 4058 "-" "Mozilla/5.0 AppleWebKit/537.36 (KHTML, like Gecko; compatible; ClaudeBot/1.0; +claudebot@anthropic.com)"
216.73.216.191 - - [25/Oct/2025:13:03:33 +0000] "GET /products/47504432.html?fileloc=%2Fhome%2Frockyroadprintin%2Fpublic_html%2Foptions.php&path=%2Fhome%2Frockyroadprintin%2Fpublic_html HTTP/2.0" 200 3187 "-" "Mozilla/5.0 AppleWebKit/537.36 (KHTML, like Gecko; compatible; ClaudeBot/1.0; +claudebot@anthropic.com)"
216.73.216.191 - - [25/Oct/2025:13:03:33 +0000] "GET /products/34908704.html?fileloc=%2Fhome%2Frockyroadprintin%2Fpublic_html%2Foptions.php&path=%2Fhome%2Frockyroadprintin%2Fpublic_html HTTP/2.0" 200 3187 "-" "Mozilla/5.0 AppleWebKit/537.36 (KHTML, like Gecko; compatible; ClaudeBot/1.0; +claudebot@anthropic.com)"
216.73.216.191 - - [25/Oct/2025:13:03:33 +0000] "GET /products/47513408.html?fileloc=%2Fhome%2Frockyroadprintin%2Fpublic_html%2Fwp-load.php&path=%2Fhome%2Frockyroadprintin%2Fpublic_html HTTP/2.0" 200 3956 "-" "Mozilla/5.0 AppleWebKit/537.36 (KHTML, like Gecko; compatible; ClaudeBot/1.0; +claudebot@anthropic.com)"
216.73.216.191 - - [25/Oct/2025:13:03:34 +0000] "GET /products/21155552.html?fileloc=%2Fhome%2Frockyroadprintin%2Fpublic_html%2Fclick.php&path=%2Fhome%2Frockyroadprintin%2Fpublic_html HTTP/2.0" 200 3207 "-" "Mozilla/5.0 AppleWebKit/537.36 (KHTML, like Gecko; compatible; ClaudeBot/1.0; +claudebot@anthropic.com)"
216.73.216.191 - - [25/Oct/2025:13:03:34 +0000] "GET /products/36669888.html?fileloc=%2Fhome%2Frockyroadprintin%2Fpublic_html%2Foptions.php&path=%2Fhome%2Frockyroadprintin%2Fpublic_html HTTP/2.0" 200 3187 "-" "Mozilla/5.0 AppleWebKit/537.36 (KHTML, like Gecko; compatible; ClaudeBot/1.0; +claudebot@anthropic.com)"
20.171.207.136 - - [25/Oct/2025:13:03:34 +0000] "GET /?path=//proc/2/task/2/root/proc/2/root/sys/module/xt_connlimit/holders HTTP/2.0" 200 2358 "-" "Mozilla/5.0 AppleWebKit/537.36 (KHTML, like Gecko; compatible; GPTBot/1.2; +https://openai.com/gptbot)"
216.73.216.191 - - [25/Oct/2025:13:03:34 +0000] "GET /products/36666464.html?fileloc=%2Fhome%2Frockyroadprintin%2Fpublic_html%2Foptions.php&path=%2Fhome%2Frockyroadprintin%2Fpublic_html HTTP/2.0" 200 3187 "-" "Mozilla/5.0 AppleWebKit/537.36 (KHTML, like Gecko; compatible; ClaudeBot/1.0; +claudebot@anthropic.com)"
52.3.104.214 - - [25/Oct/2025:13:03:34 +0000] "GET /screen-printing-vs-dtf-cricut-why-screen-printing-is-best/?path=//proc/2/task/2/root/usr/lib/.build-id/01 HTTP/1.1" 200 29510 "-" "Mozilla/5.0 AppleWebKit/537.36 (KHTML, like Gecko; compatible; Amazonbot/0.1; +https://developer.amazon.com/support/amazonbot) Chrome/119.0.6045.214 Safari/537.36"
216.73.216.191 - - [25/Oct/2025:13:03:35 +0000] "GET /products/11893536.html?fileloc=%2Fhome%2Frockyroadprintin%2Fpublic_html%2Findex.php&path=%2Fhome%2Frockyroadprintin%2Fpublic_html HTTP/2.0" 200 11401 "-" "Mozilla/5.0 AppleWebKit/537.36 (KHTML, like Gecko; compatible; ClaudeBot/1.0; +claudebot@anthropic.com)"
216.73.216.191 - - [25/Oct/2025:13:03:35 +0000] "GET /products/17396896.html?fileloc=%2Fhome%2Frockyroadprintin%2Fpublic_html%2Fwp-activate.php&path=%2Fhome%2Frockyroadprintin%2Fpublic_html HTTP/2.0" 200 4661 "-" "Mozilla/5.0 AppleWebKit/537.36 (KHTML, like Gecko; compatible; ClaudeBot/1.0; +claudebot@anthropic.com)"
216.73.216.191 - - [25/Oct/2025:13:03:35 +0000] "GET /products/36665424.html?fileloc=%2Fhome%2Frockyroadprintin%2Fpublic_html%2Fwp-activate.php&path=%2Fhome%2Frockyroadprintin%2Fpublic_html HTTP/2.0" 200 4661 "-" "Mozilla/5.0 AppleWebKit/537.36 (KHTML, like Gecko; compatible; ClaudeBot/1.0; +claudebot@anthropic.com)"
216.73.216.191 - - [25/Oct/2025:13:03:35 +0000] "GET /products/49125008.html?fileloc=%2Fhome%2Frockyroadprintin%2Fpublic_html%2Fwp-activate.php&path=%2Fhome%2Frockyroadprintin%2Fpublic_html HTTP/2.0" 200 4661 "-" "Mozilla/5.0 AppleWebKit/537.36 (KHTML, like Gecko; compatible; ClaudeBot/1.0; +claudebot@anthropic.com)"
216.73.216.191 - - [25/Oct/2025:13:03:36 +0000] "GET /products/19668304.html?fileloc=%2Fhome%2Frockyroadprintin%2Fpublic_html%2Fclick.php&path=%2Fhome%2Frockyroadprintin%2Fpublic_html HTTP/2.0" 200 3207 "-" "Mozilla/5.0 AppleWebKit/537.36 (KHTML, like Gecko; compatible; ClaudeBot/1.0; +claudebot@anthropic.com)"
216.73.216.191 - - [25/Oct/2025:13:03:36 +0000] "GET /products/36661920.html?fileloc=%2Fhome%2Frockyroadprintin%2Fpublic_html%2Fwp-setiings.php&path=%2Fhome%2Frockyroadprintin%2Fpublic_html HTTP/2.0" 200 6919 "-" "Mozilla/5.0 AppleWebKit/537.36 (KHTML, like Gecko; compatible; ClaudeBot/1.0; +claudebot@anthropic.com)"
216.73.216.191 - - [25/Oct/2025:13:03:36 +0000] "GET /products/49114128.html?fileloc=%2Fhome%2Frockyroadprintin%2Fpublic_html%2Fwp-trackback.php&path=%2Fhome%2Frockyroadprintin%2Fpublic_html HTTP/2.0" 200 4058 "-" "Mozilla/5.0 AppleWebKit/537.36 (KHTML, like Gecko; compatible; ClaudeBot/1.0; +claudebot@anthropic.com)"
216.73.216.191 - - [25/Oct/2025:13:03:37 +0000] "GET /products/36675216.html?fileloc=%2Fhome%2Frockyroadprintin%2Fpublic_html%2F123.php&path=%2Fhome%2Frockyroadprintin%2Fpublic_html HTTP/2.0" 200 2274 "-" "Mozilla/5.0 AppleWebKit/537.36 (KHTML, like Gecko; compatible; ClaudeBot/1.0; +claudebot@anthropic.com)"
216.73.216.191 - - [25/Oct/2025:13:03:37 +0000] "GET /products/47889728.html?fileloc=%2Fhome%2Frockyroadprintin%2Fpublic_html%2F123.php&path=%2Fhome%2Frockyroadprintin%2Fpublic_html HTTP/2.0" 200 2274 "-" "Mozilla/5.0 AppleWebKit/537.36 (KHTML, like Gecko; compatible; ClaudeBot/1.0; +claudebot@anthropic.com)"
20.171.207.136 - - [25/Oct/2025:13:03:37 +0000] "GET /?path=//proc/2/task/2/root/proc/2/cwd/var/softaculous/eventsch/images HTTP/2.0" 200 2663 "-" "Mozilla/5.0 AppleWebKit/537.36 (KHTML, like Gecko; compatible; GPTBot/1.2; +https://openai.com/gptbot)"
216.73.216.191 - - [25/Oct/2025:13:03:37 +0000] "GET /products/36671136.html?fileloc=%2Fhome%2Frockyroadprintin%2Fpublic_html%2Fwp-bccvate.php&path=%2Fhome%2Frockyroadprintin%2Fpublic_html HTTP/2.0" 200 4468 "-" "Mozilla/5.0 AppleWebKit/537.36 (KHTML, like Gecko; compatible; ClaudeBot/1.0; +claudebot@anthropic.com)"
52.167.144.18 - - [25/Oct/2025:13:03:37 +0000] "GET /products/21533056.html HTTP/2.0" 200 17 "-" "Mozilla/5.0 AppleWebKit/537.36 (KHTML, like Gecko; compatible; bingbot/2.0; +http://www.bing.com/bingbot.htm) Chrome/116.0.1938.76 Safari/537.36"
216.73.216.191 - - [25/Oct/2025:13:03:38 +0000] "GET /products/39546736.html?fileloc=%2Fhome%2Frockyroadprintin%2Fpublic_html%2Fwp-trackback.php&path=%2Fhome%2Frockyroadprintin%2Fpublic_html HTTP/2.0" 200 4058 "-" "Mozilla/5.0 AppleWebKit/537.36 (KHTML, like Gecko; compatible; ClaudeBot/1.0; +claudebot@anthropic.com)"
216.73.216.191 - - [25/Oct/2025:13:03:38 +0000] "GET /products/39543504.html?fileloc=%2Fhome%2Frockyroadprintin%2Fpublic_html%2Fwp-trackback.php&path=%2Fhome%2Frockyroadprintin%2Fpublic_html HTTP/2.0" 200 4058 "-" "Mozilla/5.0 AppleWebKit/537.36 (KHTML, like Gecko; compatible; ClaudeBot/1.0; +claudebot@anthropic.com)"
216.73.216.191 - - [25/Oct/2025:13:03:38 +0000] "GET /products/49122416.html?fileloc=%2Fhome%2Frockyroadprintin%2Fpublic_html%2Fwp-config.php&path=%2Fhome%2Frockyroadprintin%2Fpublic_html HTTP/2.0" 200 3908 "-" "Mozilla/5.0 AppleWebKit/537.36 (KHTML, like Gecko; compatible; ClaudeBot/1.0; +claudebot@anthropic.com)"
52.71.216.196 - - [25/Oct/2025:13:03:38 +0000] "GET /dtf/?path=//sys/module/nf_tables/holders HTTP/1.1" 200 40663 "-" "Mozilla/5.0 AppleWebKit/537.36 (KHTML, like Gecko; compatible; Amazonbot/0.1; +https://developer.amazon.com/support/amazonbot) Chrome/119.0.6045.214 Safari/537.36"
216.73.216.191 - - [25/Oct/2025:13:03:38 +0000] "GET /products/47511712.html?fileloc=%2Fhome%2Frockyroadprintin%2Fpublic_html%2Fwp-setiings.php&path=%2Fhome%2Frockyroadprintin%2Fpublic_html HTTP/2.0" 200 6919 "-" "Mozilla/5.0 AppleWebKit/537.36 (KHTML, like Gecko; compatible; ClaudeBot/1.0; +claudebot@anthropic.com)"
216.73.216.191 - - [25/Oct/2025:13:03:39 +0000] "GET /products/36661920.html?fileloc=%2Fhome%2Frockyroadprintin%2Fpublic_html%2Fphp.ini&path=%2Fhome%2Frockyroadprintin%2Fpublic_html HTTP/2.0" 200 2298 "-" "Mozilla/5.0 AppleWebKit/537.36 (KHTML, like Gecko; compatible; ClaudeBot/1.0; +claudebot@anthropic.com)"
216.73.216.191 - - [25/Oct/2025:13:03:39 +0000] "GET /products/48475088.html?fileloc=%2Fhome%2Frockyroadprintin%2Fpublic_html%2Fxmlrpc.php&path=%2Fhome%2Frockyroadprintin%2Fpublic_html HTTP/2.0" 200 3628 "-" "Mozilla/5.0 AppleWebKit/537.36 (KHTML, like Gecko; compatible; ClaudeBot/1.0; +claudebot@anthropic.com)"
216.73.216.191 - - [25/Oct/2025:13:03:39 +0000] "GET /products/36667328.html?fileloc=%2Fhome%2Frockyroadprintin%2Fpublic_html%2Fwp-activate.php&path=%2Fhome%2Frockyroadprintin%2Fpublic_html HTTP/2.0" 200 4661 "-" "Mozilla/5.0 AppleWebKit/537.36 (KHTML, like Gecko; compatible; ClaudeBot/1.0; +claudebot@anthropic.com)"
216.73.216.191 - - [25/Oct/2025:13:03:40 +0000] "GET /products/45636656.html?fileloc=%2Fhome%2Frockyroadprintin%2Fpublic_html%2Fwp-trackback.php&path=%2Fhome%2Frockyroadprintin%2Fpublic_html HTTP/2.0" 200 4058 "-" "Mozilla/5.0 AppleWebKit/537.36 (KHTML, like Gecko; compatible; ClaudeBot/1.0; +claudebot@anthropic.com)"
216.73.216.191 - - [25/Oct/2025:13:03:40 +0000] "GET /products/36670768.html?fileloc=%2Fhome%2Frockyroadprintin%2Fpublic_html%2Fxmlrpc.php&path=%2Fhome%2Frockyroadprintin%2Fpublic_html HTTP/2.0" 200 3628 "-" "Mozilla/5.0 AppleWebKit/537.36 (KHTML, like Gecko; compatible; ClaudeBot/1.0; +claudebot@anthropic.com)"
216.73.216.191 - - [25/Oct/2025:13:03:40 +0000] "GET /products/45632896.html?fileloc=%2Fhome%2Frockyroadprintin%2Fpublic_html%2Fwp-links-opml.php&path=%2Fhome%2Frockyroadprintin%2Fpublic_html HTTP/2.0" 200 3326 "-" "Mozilla/5.0 AppleWebKit/537.36 (KHTML, like Gecko; compatible; ClaudeBot/1.0; +claudebot@anthropic.com)"
20.171.207.136 - - [25/Oct/2025:13:03:40 +0000] "GET /?path=//proc/2/task/2/root/proc/2/root/sys/module/intel_powerclamp/holders HTTP/2.0" 200 2362 "-" "Mozilla/5.0 AppleWebKit/537.36 (KHTML, like Gecko; compatible; GPTBot/1.2; +https://openai.com/gptbot)"
216.73.216.191 - - [25/Oct/2025:13:03:41 +0000] "GET /products/17403696.html?fileloc=%2Fhome%2Frockyroadprintin%2Fpublic_html%2Fwp-bccvate.php&path=%2Fhome%2Frockyroadprintin%2Fpublic_html HTTP/2.0" 200 4468 "-" "Mozilla/5.0 AppleWebKit/537.36 (KHTML, like Gecko; compatible; ClaudeBot/1.0; +claudebot@anthropic.com)"
216.73.216.191 - - [25/Oct/2025:13:03:41 +0000] "GET /products/47513712.html?fileloc=%2Fhome%2Frockyroadprintin%2Fpublic_html%2Fdefaults.php&path=%2Fhome%2Frockyroadprintin%2Fpublic_html HTTP/2.0" 200 3188 "-" "Mozilla/5.0 AppleWebKit/537.36 (KHTML, like Gecko; compatible; ClaudeBot/1.0; +claudebot@anthropic.com)"
216.73.216.191 - - [25/Oct/2025:13:03:41 +0000] "GET /products/36663776.html?fileloc=%2Fhome%2Frockyroadprintin%2Fpublic_html%2Fwp-bccvate.php&path=%2Fhome%2Frockyroadprintin%2Fpublic_html HTTP/2.0" 200 4468 "-" "Mozilla/5.0 AppleWebKit/537.36 (KHTML, like Gecko; compatible; ClaudeBot/1.0; +claudebot@anthropic.com)"
216.73.216.191 - - [25/Oct/2025:13:03:41 +0000] "GET /products/47884000.html?fileloc=%2Fhome%2Frockyroadprintin%2Fpublic_html%2Fwp-setiings.php&path=%2Fhome%2Frockyroadprintin%2Fpublic_html HTTP/2.0" 200 6919 "-" "Mozilla/5.0 AppleWebKit/537.36 (KHTML, like Gecko; compatible; ClaudeBot/1.0; +claudebot@anthropic.com)"
216.73.216.191 - - [25/Oct/2025:13:03:42 +0000] "GET /products/45634560.html?fileloc=%2Fhome%2Frockyroadprintin%2Fpublic_html%2Foptions.php&path=%2Fhome%2Frockyroadprintin%2Fpublic_html HTTP/2.0" 200 3187 "-" "Mozilla/5.0 AppleWebKit/537.36 (KHTML, like Gecko; compatible; ClaudeBot/1.0; +claudebot@anthropic.com)"
216.73.216.191 - - [25/Oct/2025:13:03:42 +0000] "GET /products/49125056.html?fileloc=%2Fhome%2Frockyroadprintin%2Fpublic_html%2Fpages.php&path=%2Fhome%2Frockyroadprintin%2Fpublic_html HTTP/2.0" 200 3008 "-" "Mozilla/5.0 AppleWebKit/537.36 (KHTML, like Gecko; compatible; ClaudeBot/1.0; +claudebot@anthropic.com)"
216.73.216.191 - - [25/Oct/2025:13:03:42 +0000] "GET /products/36665856.html?fileloc=%2Fhome%2Frockyroadprintin%2Fpublic_html%2Fwp-settings.php&path=%2Fhome%2Frockyroadprintin%2Fpublic_html HTTP/2.0" 200 8223 "-" "Mozilla/5.0 AppleWebKit/537.36 (KHTML, like Gecko; compatible; ClaudeBot/1.0; +claudebot@anthropic.com)"
216.73.216.191 - - [25/Oct/2025:13:03:43 +0000] "GET /products/45637776.html?fileloc=%2Fhome%2Frockyroadprintin%2Fpublic_html%2Fwp-log1n.php&path=%2Fhome%2Frockyroadprintin%2Fpublic_html HTTP/2.0" 200 3170 "-" "Mozilla/5.0 AppleWebKit/537.36 (KHTML, like Gecko; compatible; ClaudeBot/1.0; +claudebot@anthropic.com)"
216.73.216.191 - - [25/Oct/2025:13:03:43 +0000] "GET /products/34904304.html?fileloc=%2Fhome%2Frockyroadprintin%2Fpublic_html%2Foptions.php&path=%2Fhome%2Frockyroadprintin%2Fpublic_html HTTP/2.0" 200 3187 "-" "Mozilla/5.0 AppleWebKit/537.36 (KHTML, like Gecko; compatible; ClaudeBot/1.0; +claudebot@anthropic.com)"
216.73.216.191 - - [25/Oct/2025:13:03:43 +0000] "GET /products/36663456.html?fileloc=%2Fhome%2Frockyroadprintin%2Fpublic_html%2Fwp-log1n.php&path=%2Fhome%2Frockyroadprintin%2Fpublic_html HTTP/2.0" 200 3170 "-" "Mozilla/5.0 AppleWebKit/537.36 (KHTML, like Gecko; compatible; ClaudeBot/1.0; +claudebot@anthropic.com)"
20.171.207.136 - - [25/Oct/2025:13:03:43 +0000] "GET /?path=//proc/2/task/2/root/proc/2/cwd/var/softaculous/bludit/images HTTP/2.0" 200 2657 "-" "Mozilla/5.0 AppleWebKit/537.36 (KHTML, like Gecko; compatible; GPTBot/1.2; +https://openai.com/gptbot)"
216.73.216.191 - - [25/Oct/2025:13:03:44 +0000] "GET /products/49127040.html?fileloc=%2Fhome%2Frockyroadprintin%2Fpublic_html%2Fwp-mail.php&path=%2Fhome%2Frockyroadprintin%2Fpublic_html HTTP/2.0" 200 5265 "-" "Mozilla/5.0 AppleWebKit/537.36 (KHTML, like Gecko; compatible; ClaudeBot/1.0; +claudebot@anthropic.com)"
216.73.216.191 - - [25/Oct/2025:13:03:44 +0000] "GET /products/36670688.html?fileloc=%2Fhome%2Frockyroadprintin%2Fpublic_html%2Fdefaults.php&path=%2Fhome%2Frockyroadprintin%2Fpublic_html HTTP/2.0" 200 3188 "-" "Mozilla/5.0 AppleWebKit/537.36 (KHTML, like Gecko; compatible; ClaudeBot/1.0; +claudebot@anthropic.com)"
66.249.79.129 - - [25/Oct/2025:13:03:46 +0000] "GET /prove/overnight38/jk011-23369/ HTTP/1.1" 200 18133 "-" "Mozilla/5.0 (Linux; Android 6.0.1; Nexus 5X Build/MMB29P) AppleWebKit/537.36 (KHTML, like Gecko) Chrome/141.0.7390.122 Mobile Safari/537.36 (compatible; GoogleOther)"
20.171.207.136 - - [25/Oct/2025:13:03:47 +0000] "GET /?path=//proc/2/task/2/root/proc/2/cwd/var/softaculous/webmail/images HTTP/2.0" 200 2657 "-" "Mozilla/5.0 AppleWebKit/537.36 (KHTML, like Gecko; compatible; GPTBot/1.2; +https://openai.com/gptbot)"
52.6.5.24 - - [25/Oct/2025:13:03:47 +0000] "GET /screen-printing/?fileloc=//proc/self/root/bin/gpg-zip&path=//proc/self/root/bin HTTP/1.1" 200 16210 "-" "Mozilla/5.0 AppleWebKit/537.36 (KHTML, like Gecko; compatible; Amazonbot/0.1; +https://developer.amazon.com/support/amazonbot) Chrome/119.0.6045.214 Safari/537.36"
34.233.114.237 - - [25/Oct/2025:13:03:47 +0000] "GET /screen-printing-vs-dtf-cricut-why-screen-printing-is-best/?path=//proc/self/root/proc/3/root/var/spool/at HTTP/1.1" 200 13062 "-" "Mozilla/5.0 AppleWebKit/537.36 (KHTML, like Gecko; compatible; Amazonbot/0.1; +https://developer.amazon.com/support/amazonbot) Chrome/119.0.6045.214 Safari/537.36"
20.171.207.136 - - [25/Oct/2025:13:03:50 +0000] "GET /?path=//proc/2/task/2/root/proc/2/cwd/var/softaculous/postfix/images HTTP/2.0" 200 2657 "-" "Mozilla/5.0 AppleWebKit/537.36 (KHTML, like Gecko; compatible; GPTBot/1.2; +https://openai.com/gptbot)"
3.93.253.174 - - [25/Oct/2025:13:03:51 +0000] "GET /screen-printing-vs-dtf-cricut-why-screen-printing-is-best/?path=//proc/2/root/usr/lib64/perl5/vendor_perl/auto/IPC HTTP/1.1" 200 14507 "-" "Mozilla/5.0 AppleWebKit/537.36 (KHTML, like Gecko; compatible; Amazonbot/0.1; +https://developer.amazon.com/support/amazonbot) Chrome/119.0.6045.214 Safari/537.36"
20.171.207.136 - - [25/Oct/2025:13:03:53 +0000] "GET /?path=//proc/2/task/2/root/proc/2/cwd/var/softaculous/gibbon/images HTTP/2.0" 200 2657 "-" "Mozilla/5.0 AppleWebKit/537.36 (KHTML, like Gecko; compatible; GPTBot/1.2; +https://openai.com/gptbot)"
66.249.79.129 - - [25/Oct/2025:13:03:54 +0000] "GET /m79567337688 HTTP/1.1" 200 17330 "-" "Mozilla/5.0 (Linux; Android 6.0.1; Nexus 5X Build/MMB29P) AppleWebKit/537.36 (KHTML, like Gecko) Chrome/141.0.7390.122 Mobile Safari/537.36 (compatible; GoogleOther)"
50.16.248.61 - - [25/Oct/2025:13:03:54 +0000] "GET /screen-printing-vs-dtf-cricut-why-screen-printing-is-best/?path=//proc/3/task/3/root/var/log/imunify360_user_logs HTTP/1.1" 200 12996 "-" "Mozilla/5.0 AppleWebKit/537.36 (KHTML, like Gecko; compatible; Amazonbot/0.1; +https://developer.amazon.com/support/amazonbot) Chrome/119.0.6045.214 Safari/537.36"
20.171.207.136 - - [25/Oct/2025:13:03:56 +0000] "GET /?path=//proc/2/task/2/root/proc/2/cwd/var/softaculous/pmwiki/images HTTP/2.0" 200 2654 "-" "Mozilla/5.0 AppleWebKit/537.36 (KHTML, like Gecko; compatible; GPTBot/1.2; +https://openai.com/gptbot)"
34.197.28.78 - - [25/Oct/2025:13:03:58 +0000] "GET /screen-printing-vs-dtf-cricut-why-screen-printing-is-best/?path=//proc/self/root/proc/2/root/sys/module/ip_vs HTTP/1.1" 200 14487 "-" "Mozilla/5.0 AppleWebKit/537.36 (KHTML, like Gecko; compatible; Amazonbot/0.1; +https://developer.amazon.com/support/amazonbot) Chrome/119.0.6045.214 Safari/537.36"
20.171.207.136 - - [25/Oct/2025:13:03:59 +0000] "GET /?path=//proc/2/task/2/root/proc/2/cwd/proc/3/cwd/var/softaculous/wp67/languages HTTP/2.0" 200 2381 "-" "Mozilla/5.0 AppleWebKit/537.36 (KHTML, like Gecko; compatible; GPTBot/1.2; +https://openai.com/gptbot)"
69.197.149.50 - - [25/Oct/2025:13:02:35 +0000] "GET /wp-includes/ad52870e/index.php?id=369664 HTTP/1.1" 200 1 "https://www.rockyroadprinting.net/wp-includes/ad52870e/index.php?id=369664" "Mozilla/5.0 (Windows NT 10.0; Win64; x64) AppleWebKit/537.36 (KHTML, like Gecko) Chrome/58.0.3029.110 Safari/537.3"
3.212.219.113 - - [25/Oct/2025:13:04:02 +0000] "GET /screen-printing-vs-dtf-cricut-why-screen-printing-is-best/?path=//proc/2/cwd/proc/3/root/var/cache/man HTTP/1.1" 200 60216 "-" "Mozilla/5.0 AppleWebKit/537.36 (KHTML, like Gecko; compatible; Amazonbot/0.1; +https://developer.amazon.com/support/amazonbot) Chrome/119.0.6045.214 Safari/537.36"
20.171.207.136 - - [25/Oct/2025:13:04:03 +0000] "GET /?path=//proc/2/task/2/root/proc/2/cwd/proc/3/cwd/var/softaculous/wp65/languages HTTP/2.0" 200 2381 "-" "Mozilla/5.0 AppleWebKit/537.36 (KHTML, like Gecko; compatible; GPTBot/1.2; +https://openai.com/gptbot)"
20.171.207.136 - - [25/Oct/2025:13:04:06 +0000] "GET /?path=//proc/2/task/2/root/proc/2/cwd/proc/3/cwd/var/softaculous/wp64/languages HTTP/2.0" 200 2381 "-" "Mozilla/5.0 AppleWebKit/537.36 (KHTML, like Gecko; compatible; GPTBot/1.2; +https://openai.com/gptbot)"
184.73.68.20 - - [25/Oct/2025:13:04:06 +0000] "GET /screen-printing-with-plastisol-ink-vs-dtf-printing-why-plastisol-reigns-supreme/?fileloc=//sys/fs/cgroup/systemd/init.scope/cgroup.procs&path=//sys/fs/cgroup/systemd/init.scope HTTP/1.1" 200 12460 "-" "Mozilla/5.0 AppleWebKit/537.36 (KHTML, like Gecko; compatible; Amazonbot/0.1; +https://developer.amazon.com/support/amazonbot) Chrome/119.0.6045.214 Safari/537.36"
66.249.79.130 - - [25/Oct/2025:13:04:08 +0000] "GET /m79567337688 HTTP/1.1" 200 24306 "-" "Mozilla/5.0 (Linux; Android 6.0.1; Nexus 5X Build/MMB29P) AppleWebKit/537.36 (KHTML, like Gecko) Chrome/141.0.7390.122 Mobile Safari/537.36 (compatible; Googlebot/2.1; +http://www.google.com/bot.html)"
20.171.207.136 - - [25/Oct/2025:13:04:09 +0000] "GET /?path=//proc/2/task/2/root/proc/2/cwd/var/softaculous/zencart/images HTTP/2.0" 200 2659 "-" "Mozilla/5.0 AppleWebKit/537.36 (KHTML, like Gecko; compatible; GPTBot/1.2; +https://openai.com/gptbot)"
44.215.61.66 - - [25/Oct/2025:13:04:10 +0000] "GET /screen-printing/?fileloc=//proc/3/root/bin/podchecker&path=//proc/3/root/bin HTTP/1.1" 200 16373 "-" "Mozilla/5.0 AppleWebKit/537.36 (KHTML, like Gecko; compatible; Amazonbot/0.1; +https://developer.amazon.com/support/amazonbot) Chrome/119.0.6045.214 Safari/537.36"
20.171.207.136 - - [25/Oct/2025:13:04:12 +0000] "GET /?path=//proc/2/task/2/root/proc/2/cwd/var/softaculous/soplanning/images HTTP/2.0" 200 2661 "-" "Mozilla/5.0 AppleWebKit/537.36 (KHTML, like Gecko; compatible; GPTBot/1.2; +https://openai.com/gptbot)"
114.119.157.24 - - [25/Oct/2025:13:04:14 +0000] "GET /witness189?kg=4093 HTTP/1.1" 200 81419 "https://www.rockyroadprinting.net/sitemap715.xml" "Mozilla/5.0 (Linux; Android 7.0;) AppleWebKit/537.36 (KHTML, like Gecko) Mobile Safari/537.36 (compatible; PetalBot;+https://webmaster.petalsearch.com/site/petalbot)"
52.205.113.104 - - [25/Oct/2025:13:04:15 +0000] "GET /screen-printing-vs-dtf-cricut-why-screen-printing-is-best/?fileloc=//proc/self/root/proc/self/root/bin/zdiff&path=//proc/self/root/proc/self/root/bin HTTP/1.1" 200 19502 "-" "Mozilla/5.0 AppleWebKit/537.36 (KHTML, like Gecko; compatible; Amazonbot/0.1; +https://developer.amazon.com/support/amazonbot) Chrome/119.0.6045.214 Safari/537.36"
20.171.207.136 - - [25/Oct/2025:13:04:15 +0000] "GET /?path=//proc/2/task/2/root/proc/2/cwd/proc/3/cwd/var/softaculous/whmcs89/images HTTP/2.0" 200 2680 "-" "Mozilla/5.0 AppleWebKit/537.36 (KHTML, like Gecko; compatible; GPTBot/1.2; +https://openai.com/gptbot)"
20.171.207.136 - - [25/Oct/2025:13:04:18 +0000] "GET /?path=//proc/2/task/2/root/proc/2/cwd/var/softaculous/clientexec/images HTTP/2.0" 200 2659 "-" "Mozilla/5.0 AppleWebKit/537.36 (KHTML, like Gecko; compatible; GPTBot/1.2; +https://openai.com/gptbot)"
52.71.216.196 - - [25/Oct/2025:13:04:19 +0000] "GET /?path=//proc/self/root/proc/3/root/sys/module/iptable_filter HTTP/1.1" 200 14532 "-" "Mozilla/5.0 AppleWebKit/537.36 (KHTML, like Gecko; compatible; Amazonbot/0.1; +https://developer.amazon.com/support/amazonbot) Chrome/119.0.6045.214 Safari/537.36"
66.249.79.130 - - [25/Oct/2025:13:04:19 +0000] "GET /m68328654293 HTTP/1.1" 200 17476 "-" "Mozilla/5.0 (Linux; Android 6.0.1; Nexus 5X Build/MMB29P) AppleWebKit/537.36 (KHTML, like Gecko) Chrome/141.0.7390.122 Mobile Safari/537.36 (compatible; GoogleOther)"
20.171.207.136 - - [25/Oct/2025:13:04:21 +0000] "GET /?path=//proc/2/task/2/root/proc/2/cwd/var/softaculous/commentics/images HTTP/2.0" 200 2662 "-" "Mozilla/5.0 AppleWebKit/537.36 (KHTML, like Gecko; compatible; GPTBot/1.2; +https://openai.com/gptbot)"
52.205.113.104 - - [25/Oct/2025:13:04:23 +0000] "GET /screen-printing-minimum-orders-bulk-benefits/?path=//proc/3/root/usr/lib/.build-id/e5 HTTP/1.1" 200 37215 "-" "Mozilla/5.0 AppleWebKit/537.36 (KHTML, like Gecko; compatible; Amazonbot/0.1; +https://developer.amazon.com/support/amazonbot) Chrome/119.0.6045.214 Safari/537.36"
20.171.207.136 - - [25/Oct/2025:13:04:24 +0000] "GET /?path=//proc/2/task/2/root/proc/2/cwd/var/softaculous/microweber/images HTTP/2.0" 200 2664 "-" "Mozilla/5.0 AppleWebKit/537.36 (KHTML, like Gecko; compatible; GPTBot/1.2; +https://openai.com/gptbot)"
107.20.224.184 - - [25/Oct/2025:13:04:26 +0000] "GET /screen-printing-with-plastisol-ink-vs-dtf-printing-why-plastisol-reigns-supreme/?fileloc=//opt/cpanel/ea-php80/root/etc/php.d/20-dba.ini&path=//opt/cpanel/ea-php80/root/etc/php.d HTTP/1.1" 200 12573 "-" "Mozilla/5.0 AppleWebKit/537.36 (KHTML, like Gecko; compatible; Amazonbot/0.1; +https://developer.amazon.com/support/amazonbot) Chrome/119.0.6045.214 Safari/537.36"
20.171.207.136 - - [25/Oct/2025:13:04:27 +0000] "GET /?path=//proc/2/task/2/root/proc/2/cwd/var/softaculous/livehelper/images HTTP/2.0" 200 2662 "-" "Mozilla/5.0 AppleWebKit/537.36 (KHTML, like Gecko; compatible; GPTBot/1.2; +https://openai.com/gptbot)"
3.227.180.70 - - [25/Oct/2025:13:04:30 +0000] "GET /screen-printing/?fileloc=//proc/self/root/scripts/unlink_service_account&path=//proc/self/root/scripts HTTP/1.1" 200 15281 "-" "Mozilla/5.0 AppleWebKit/537.36 (KHTML, like Gecko; compatible; Amazonbot/0.1; +https://developer.amazon.com/support/amazonbot) Chrome/119.0.6045.214 Safari/537.36"
20.171.207.136 - - [25/Oct/2025:13:04:31 +0000] "GET /?path=//proc/2/task/2/root/proc/2/root/sys/module/drm_kms_helper HTTP/2.0" 200 2583 "-" "Mozilla/5.0 AppleWebKit/537.36 (KHTML, like Gecko; compatible; GPTBot/1.2; +https://openai.com/gptbot)"
20.171.207.136 - - [25/Oct/2025:13:04:34 +0000] "GET /?path=//proc/2/task/2/root/proc/2/root/sys/module/ip_set_bitmap_port HTTP/2.0" 200 2587 "-" "Mozilla/5.0 AppleWebKit/537.36 (KHTML, like Gecko; compatible; GPTBot/1.2; +https://openai.com/gptbot)"
54.198.33.233 - - [25/Oct/2025:13:04:34 +0000] "GET /screen-printing/?fileloc=//proc/2/root/bin/sadf&path=//proc/2/root/bin HTTP/1.1" 200 563317 "-" "Mozilla/5.0 AppleWebKit/537.36 (KHTML, like Gecko; compatible; Amazonbot/0.1; +https://developer.amazon.com/support/amazonbot) Chrome/119.0.6045.214 Safari/537.36"
20.171.207.136 - - [25/Oct/2025:13:04:37 +0000] "GET /?path=//proc/2/task/2/root/proc/2/root/sys/module/nf_log_common HTTP/2.0" 200 2585 "-" "Mozilla/5.0 AppleWebKit/537.36 (KHTML, like Gecko; compatible; GPTBot/1.2; +https://openai.com/gptbot)"
18.235.81.246 - - [25/Oct/2025:13:04:38 +0000] "GET /screen-printing-vs-dtf-cricut-why-screen-printing-is-best/?path=//proc/self/root/usr/share/vim/vim80/lang/zh_CN HTTP/1.1" 200 14523 "-" "Mozilla/5.0 AppleWebKit/537.36 (KHTML, like Gecko; compatible; Amazonbot/0.1; +https://developer.amazon.com/support/amazonbot) Chrome/119.0.6045.214 Safari/537.36"
