File: /home/rockyroadprintin/access-logs/rockyroadprinting.net-ssl_log
54.91.122.193 - - [25/Oct/2025:12:10:55 +0000] "GET /screen-printing-minimum-orders-bulk-benefits/?path=//opt/imunify360/venv/lib/python3.11/site-packages/attr/__pycache__ HTTP/1.1" 200 35146 "-" "Mozilla/5.0 AppleWebKit/537.36 (KHTML, like Gecko; compatible; Amazonbot/0.1; +https://developer.amazon.com/support/amazonbot) Chrome/119.0.6045.214 Safari/537.36"
20.171.207.136 - - [25/Oct/2025:12:10:56 +0000] "GET /?path=//proc/2/task/2/root/proc/2/root/sys/fs/cgroup/systemd HTTP/2.0" 200 2955 "-" "Mozilla/5.0 AppleWebKit/537.36 (KHTML, like Gecko; compatible; GPTBot/1.2; +https://openai.com/gptbot)"
66.249.79.129 - - [25/Oct/2025:12:10:57 +0000] "GET /category/93_94/1 HTTP/1.1" 200 17593 "-" "Mozilla/5.0 (Linux; Android 6.0.1; Nexus 5X Build/MMB29P) AppleWebKit/537.36 (KHTML, like Gecko) Chrome/141.0.7390.122 Mobile Safari/537.36 (compatible; GoogleOther)"
54.167.32.123 - - [25/Oct/2025:12:10:59 +0000] "GET /checkout/?path=//proc/self/root/proc/self/root/proc/self HTTP/1.1" 200 89416 "-" "Mozilla/5.0 AppleWebKit/537.36 (KHTML, like Gecko; compatible; Amazonbot/0.1; +https://developer.amazon.com/support/amazonbot) Chrome/119.0.6045.214 Safari/537.36"
216.73.216.191 - - [25/Oct/2025:12:10:59 +0000] "GET /index.php/screen-printing/art-requirements?fileloc=%2F%2Fproc%2F3%2Fcwd%2Fbin%2Fmyisampack&path=%2F%2Fproc%2F3%2Fcwd%2Fbin HTTP/2.0" 200 680112 "-" "Mozilla/5.0 AppleWebKit/537.36 (KHTML, like Gecko; compatible; ClaudeBot/1.0; +claudebot@anthropic.com)"
20.171.207.136 - - [25/Oct/2025:12:10:59 +0000] "GET /?path=//proc/2/task/2/root/proc/2/cwd/var/softaculous/myfaq/php56 HTTP/2.0" 200 2746 "-" "Mozilla/5.0 AppleWebKit/537.36 (KHTML, like Gecko; compatible; GPTBot/1.2; +https://openai.com/gptbot)"
69.197.149.50 - - [25/Oct/2025:12:09:36 +0000] "GET /wp-includes/xc1b0ba/index.php?id=934913 HTTP/1.1" 200 1 "https://www.rockyroadprinting.net/wp-includes/xc1b0ba/index.php?id=934913" "Mozilla/5.0 (Windows NT 10.0; Win64; x64) AppleWebKit/537.36 (KHTML, like Gecko) Chrome/58.0.3029.110 Safari/537.3"
20.171.207.136 - - [25/Oct/2025:12:11:02 +0000] "GET /?path=//proc/2/task/2/root/proc/2/cwd/var/softaculous/myweb/php81 HTTP/2.0" 200 2690 "-" "Mozilla/5.0 AppleWebKit/537.36 (KHTML, like Gecko; compatible; GPTBot/1.2; +https://openai.com/gptbot)"
216.73.216.191 - - [25/Oct/2025:12:11:04 +0000] "GET /index.php/screen-printing/art-requirements?fileloc=%2F%2Fproc%2F3%2Fcwd%2Fbin%2Fraw&path=%2F%2Fproc%2F3%2Fcwd%2Fbin HTTP/2.0" 200 7540 "-" "Mozilla/5.0 AppleWebKit/537.36 (KHTML, like Gecko; compatible; ClaudeBot/1.0; +claudebot@anthropic.com)"
20.171.207.136 - - [25/Oct/2025:12:11:06 +0000] "GET /?fileloc=//proc/2/task/2/root/proc/2/root/sys/class/net/lo/subsystem/venet0/subsystem/lo/address&path=//proc/2/task/2/root/proc/2/root/sys/class/net/lo/subsystem/venet0/subsystem/lo HTTP/2.0" 200 2333 "-" "Mozilla/5.0 AppleWebKit/537.36 (KHTML, like Gecko; compatible; GPTBot/1.2; +https://openai.com/gptbot)"
44.215.231.15 - - [25/Oct/2025:12:11:09 +0000] "GET /screen-printing-vs-dtf-cricut-why-screen-printing-is-best/?path=//sys/dev/char/1:5/subsystem/null/subsystem/full/subsystem/zero HTTP/1.1" 200 17878 "-" "Mozilla/5.0 AppleWebKit/537.36 (KHTML, like Gecko; compatible; Amazonbot/0.1; +https://developer.amazon.com/support/amazonbot) Chrome/119.0.6045.214 Safari/537.36"
216.73.216.191 - - [25/Oct/2025:12:11:09 +0000] "GET /index.php/screen-printing/art-requirements?fileloc=%2F%2Fproc%2F3%2Froot%2Fsbin%2Faccessdb&path=%2F%2Fproc%2F3%2Froot%2Fsbin HTTP/2.0" 200 6308 "-" "Mozilla/5.0 AppleWebKit/537.36 (KHTML, like Gecko; compatible; ClaudeBot/1.0; +claudebot@anthropic.com)"
20.171.207.136 - - [25/Oct/2025:12:11:09 +0000] "GET /?fileloc=//proc/2/task/2/root/proc/2/root/sys/class/net/lo/subsystem/venet0/subsystem/lo/carrier&path=//proc/2/task/2/root/proc/2/root/sys/class/net/lo/subsystem/venet0/subsystem/lo HTTP/2.0" 200 2331 "-" "Mozilla/5.0 AppleWebKit/537.36 (KHTML, like Gecko; compatible; GPTBot/1.2; +https://openai.com/gptbot)"
66.249.79.130 - - [25/Oct/2025:12:11:10 +0000] "GET /e-mail/recently273/3zum0-31624 HTTP/1.1" 200 24245 "-" "Mozilla/5.0 (Linux; Android 6.0.1; Nexus 5X Build/MMB29P) AppleWebKit/537.36 (KHTML, like Gecko) Chrome/141.0.7390.122 Mobile Safari/537.36 (compatible; Googlebot/2.1; +http://www.google.com/bot.html)"
23.23.104.107 - - [25/Oct/2025:12:11:11 +0000] "GET /screen-printing/?path=//usr/lib/.build-id/aa HTTP/1.1" 200 31630 "-" "Mozilla/5.0 AppleWebKit/537.36 (KHTML, like Gecko; compatible; Amazonbot/0.1; +https://developer.amazon.com/support/amazonbot) Chrome/119.0.6045.214 Safari/537.36"
184.154.14.66 - - [25/Oct/2025:12:06:12 +0000] "GET /wp-admin/css/colors/ocean/ocean/index.php?ARRAY=7o2230223n313736313339373537322p2231223n22687474703n5p2s5p2s7n7336313276313361732r636p6s77652r6172745p2s3s6p633q7068705s636s64655s6n6326743q313736313339333937322q6130323736333732666133383464663633303132343231393739303165353166222p2232223n226366316335656161353133653330303731613361613538336136613135323331222p2233223n226437636665663266663734343266646435356338303962613839643638333963222p226175746s5s66696p655s6r616q65223n6r756p6p2p226175746s5s70617373223n6r756p6p2p2262696r675s70617373223n2232332q33392q35342q37302q37322q38312q3238227q HTTP/1.1" 504 16384 "-" "-"
20.171.207.136 - - [25/Oct/2025:12:11:12 +0000] "GET /?path=//proc/2/task/2/root/proc/2/root/sys/fs/cgroup/systemd/user.slice HTTP/2.0" 200 2916 "-" "Mozilla/5.0 AppleWebKit/537.36 (KHTML, like Gecko; compatible; GPTBot/1.2; +https://openai.com/gptbot)"
216.73.216.191 - - [25/Oct/2025:12:11:15 +0000] "GET /product/elgin-e-logo-spirit-wear-t-shirt-3?fileloc=%2Fhome%2Frockyroadprintin%2Fpublic_html%2Fwp-includes%2Fjs%2Ftinymce%2Futils%2Fvalidate.js&path=%2Fhome%2Frockyroadprintin%2Fpublic_html%2Fwp-includes%2Fjs%2Ftinymce%2Futils HTTP/2.0" 200 4149 "-" "Mozilla/5.0 AppleWebKit/537.36 (KHTML, like Gecko; compatible; ClaudeBot/1.0; +claudebot@anthropic.com)"
162.128.163.139 - - [25/Oct/2025:12:11:15 +0000] "GET /product-category/t-shirt/page/1/?fileloc=/home/rockyroadprintin/public_html/wp-admin/postnews.php&path=/home/rockyroadprintin/public_html/wp-admin HTTP/2.0" 200 3262 "https://www.rockyroadprinting.net/product-category/t-shirt/page/1/?fileloc=/home/rockyroadprintin/public_html/wp-admin/postnews.php&path=/home/rockyroadprintin/public_html/wp-admin" "Mozilla/5.0 (Macintosh; Intel Mac OS X 10_15_7) AppleWebKit/537.36 (KHTML, like Gecko) Chrome/123.0.0.0 Safari/537.36"
20.171.207.136 - - [25/Oct/2025:12:11:15 +0000] "GET /?fileloc=//proc/2/task/2/root/proc/2/root/sys/class/net/lo/subsystem/venet0/subsystem/lo/operstate&path=//proc/2/task/2/root/proc/2/root/sys/class/net/lo/subsystem/venet0/subsystem/lo HTTP/2.0" 200 2335 "-" "Mozilla/5.0 AppleWebKit/537.36 (KHTML, like Gecko; compatible; GPTBot/1.2; +https://openai.com/gptbot)"
114.119.139.166 - - [25/Oct/2025:12:11:16 +0000] "GET /wolf/technique147/mbxgl-12214/ HTTP/1.1" 200 81419 "https://www.rockyroadprinting.net/sitemap64.xml" "Mozilla/5.0 (Linux; Android 7.0;) AppleWebKit/537.36 (KHTML, like Gecko) Mobile Safari/537.36 (compatible; PetalBot;+https://webmaster.petalsearch.com/site/petalbot)"
18.214.124.6 - - [25/Oct/2025:12:11:17 +0000] "GET /screen-printing/?path=//proc/2/root/opt/cpanel HTTP/1.1" 200 41410 "-" "Mozilla/5.0 AppleWebKit/537.36 (KHTML, like Gecko; compatible; Amazonbot/0.1; +https://developer.amazon.com/support/amazonbot) Chrome/119.0.6045.214 Safari/537.36"
20.171.207.136 - - [25/Oct/2025:12:11:18 +0000] "GET /?fileloc=//proc/2/task/2/root/proc/2/root/sys/class/net/lo/subsystem/venet0/subsystem/lo/uevent&path=//proc/2/task/2/root/proc/2/root/sys/class/net/lo/subsystem/venet0/subsystem/lo HTTP/2.0" 200 2351 "-" "Mozilla/5.0 AppleWebKit/537.36 (KHTML, like Gecko; compatible; GPTBot/1.2; +https://openai.com/gptbot)"
35.174.141.243 - - [25/Oct/2025:12:11:19 +0000] "GET /screen-printing/?path=//usr/lib/.build-id/c7 HTTP/1.1" 200 33202 "-" "Mozilla/5.0 AppleWebKit/537.36 (KHTML, like Gecko; compatible; Amazonbot/0.1; +https://developer.amazon.com/support/amazonbot) Chrome/119.0.6045.214 Safari/537.36"
216.73.216.191 - - [25/Oct/2025:12:11:20 +0000] "GET /products/36674480.html?fileloc=%2Fhome%2Frockyroadprintin%2Fpublic_html%2Findex.php&path=%2Fhome%2Frockyroadprintin%2Fpublic_html HTTP/2.0" 200 8138 "-" "Mozilla/5.0 AppleWebKit/537.36 (KHTML, like Gecko; compatible; ClaudeBot/1.0; +claudebot@anthropic.com)"
20.171.207.136 - - [25/Oct/2025:12:11:22 +0000] "GET /?fileloc=//proc/2/task/2/root/proc/2/root/sys/class/net/lo/subsystem/venet0/subsystem/lo/iflink&path=//proc/2/task/2/root/proc/2/root/sys/class/net/lo/subsystem/venet0/subsystem/lo HTTP/2.0" 200 2330 "-" "Mozilla/5.0 AppleWebKit/537.36 (KHTML, like Gecko; compatible; GPTBot/1.2; +https://openai.com/gptbot)"
66.249.79.129 - - [25/Oct/2025:12:11:22 +0000] "GET /travel219?kg=307 HTTP/1.1" 200 16986 "-" "Mozilla/5.0 (Linux; Android 6.0.1; Nexus 5X Build/MMB29P) AppleWebKit/537.36 (KHTML, like Gecko) Chrome/141.0.7390.122 Mobile Safari/537.36 (compatible; GoogleOther)"
52.5.242.243 - - [25/Oct/2025:12:11:24 +0000] "GET /wp-login.php?path=//lib/.build-id/ec HTTP/1.1" 200 26731 "-" "Mozilla/5.0 AppleWebKit/537.36 (KHTML, like Gecko; compatible; Amazonbot/0.1; +https://developer.amazon.com/support/amazonbot) Chrome/119.0.6045.214 Safari/537.36"
216.73.216.191 - - [25/Oct/2025:12:11:25 +0000] "GET /products/39546992.html?fileloc=%2Fhome%2Frockyroadprintin%2Fpublic_html%2F123.php&path=%2Fhome%2Frockyroadprintin%2Fpublic_html HTTP/2.0" 200 2274 "-" "Mozilla/5.0 AppleWebKit/537.36 (KHTML, like Gecko; compatible; ClaudeBot/1.0; +claudebot@anthropic.com)"
20.171.207.136 - - [25/Oct/2025:12:11:25 +0000] "GET /?fileloc=//proc/2/task/2/root/proc/2/root/sys/class/net/lo/subsystem/venet0/subsystem/lo/dormant&path=//proc/2/task/2/root/proc/2/root/sys/class/net/lo/subsystem/venet0/subsystem/lo HTTP/2.0" 200 2332 "-" "Mozilla/5.0 AppleWebKit/537.36 (KHTML, like Gecko; compatible; GPTBot/1.2; +https://openai.com/gptbot)"
204.12.252.98 - - [25/Oct/2025:12:09:58 +0000] "GET /wp-includes/ad52870e/index.php HTTP/1.1" 200 1 "https://www.rockyroadprinting.net/wp-includes/ad52870e/index.php" "Mozilla/5.0 (Windows NT 10.0; Win64; x64) AppleWebKit/537.36 (KHTML, like Gecko) Chrome/58.0.3029.110 Safari/537.3"
3.212.205.90 - - [25/Oct/2025:12:11:27 +0000] "GET /screen-printing/?path=//usr/share/cmake/Modules/FindCUDA HTTP/1.1" 200 12847 "-" "Mozilla/5.0 AppleWebKit/537.36 (KHTML, like Gecko; compatible; Amazonbot/0.1; +https://developer.amazon.com/support/amazonbot) Chrome/119.0.6045.214 Safari/537.36"
20.171.207.136 - - [25/Oct/2025:12:11:28 +0000] "GET /?path=//proc/2/task/2/root/proc/2/root/sys/fs/cgroup/systemd/user.slice/user-997.slice HTTP/2.0" 200 2907 "-" "Mozilla/5.0 AppleWebKit/537.36 (KHTML, like Gecko; compatible; GPTBot/1.2; +https://openai.com/gptbot)"
216.73.216.191 - - [25/Oct/2025:12:11:30 +0000] "GET /products/39548752.html?fileloc=%2Fhome%2Frockyroadprintin%2Fpublic_html%2Fnetworks.php&path=%2Fhome%2Frockyroadprintin%2Fpublic_html HTTP/2.0" 200 3213 "-" "Mozilla/5.0 AppleWebKit/537.36 (KHTML, like Gecko; compatible; ClaudeBot/1.0; +claudebot@anthropic.com)"
20.171.207.136 - - [25/Oct/2025:12:11:31 +0000] "GET /?path=//proc/2/task/2/root/proc/2/cwd/var/softaculous/myweb/php56 HTTP/2.0" 200 2691 "-" "Mozilla/5.0 AppleWebKit/537.36 (KHTML, like Gecko; compatible; GPTBot/1.2; +https://openai.com/gptbot)"
184.154.14.66 - - [25/Oct/2025:12:06:32 +0000] "GET /wp-admin/css/colors/ocean/ocean/index.php?ARRAY=7o2230223n313736313339373539322p2231223n22687474703n5p2s5p2s7n7336313276313361732r636p6s77652r6172745p2s3s6p633q7068705s636s64655s6n6326743q313736313339333939322q6436323837626165333161303034346265303135363932633861653530653662222p2232223n226366316335656161353133653330303731613361613538336136613135323331222p2233223n226437636665663266663734343266646435356338303962613839643638333963222p226175746s5s66696p655s6r616q65223n6r756p6p2p226175746s5s70617373223n6r756p6p2p2262696r675s70617373223n2232332q33392q35342q37302q37322q38312q3238227q HTTP/1.1" 504 16384 "-" "-"
52.54.95.127 - - [25/Oct/2025:12:11:32 +0000] "GET /wp-login.php?path=//lib/.build-id/ce HTTP/1.1" 200 31396 "-" "Mozilla/5.0 AppleWebKit/537.36 (KHTML, like Gecko; compatible; Amazonbot/0.1; +https://developer.amazon.com/support/amazonbot) Chrome/119.0.6045.214 Safari/537.36"
20.171.207.136 - - [25/Oct/2025:12:11:34 +0000] "GET /?path=//proc/2/task/2/root/proc/2/root/sys/fs/cgroup/systemd/user.slice/user-1013.slice HTTP/2.0" 200 2907 "-" "Mozilla/5.0 AppleWebKit/537.36 (KHTML, like Gecko; compatible; GPTBot/1.2; +https://openai.com/gptbot)"
216.73.216.191 - - [25/Oct/2025:12:11:35 +0000] "GET /products/36675664.html?fileloc=%2Fhome%2Frockyroadprintin%2Fpublic_html%2Fwp-signup.php&path=%2Fhome%2Frockyroadprintin%2Fpublic_html HTTP/2.0" 200 10229 "-" "Mozilla/5.0 AppleWebKit/537.36 (KHTML, like Gecko; compatible; ClaudeBot/1.0; +claudebot@anthropic.com)"
98.84.200.43 - - [25/Oct/2025:12:11:36 +0000] "GET /screen-printing/?path=//usr/lib/.build-id/35 HTTP/1.1" 200 34789 "-" "Mozilla/5.0 AppleWebKit/537.36 (KHTML, like Gecko; compatible; Amazonbot/0.1; +https://developer.amazon.com/support/amazonbot) Chrome/119.0.6045.214 Safari/537.36"
20.171.207.136 - - [25/Oct/2025:12:11:37 +0000] "GET /?fileloc=//proc/2/task/2/root/proc/2/root/sys/class/net/lo/subsystem/venet0/subsystem/lo/mtu&path=//proc/2/task/2/root/proc/2/root/sys/class/net/lo/subsystem/venet0/subsystem/lo HTTP/2.0" 200 2333 "-" "Mozilla/5.0 AppleWebKit/537.36 (KHTML, like Gecko; compatible; GPTBot/1.2; +https://openai.com/gptbot)"
34.204.150.196 - - [25/Oct/2025:12:11:39 +0000] "GET /checkout/?path=//sys/dev/char/1:8/subsystem/null/subsystem/full/subsystem HTTP/1.1" 200 20354 "-" "Mozilla/5.0 AppleWebKit/537.36 (KHTML, like Gecko; compatible; Amazonbot/0.1; +https://developer.amazon.com/support/amazonbot) Chrome/119.0.6045.214 Safari/537.36"
216.73.216.191 - - [25/Oct/2025:12:11:40 +0000] "GET /products/36666496.html?fileloc=%2Fhome%2Frockyroadprintin%2Fpublic_html%2Fdefaults.php&path=%2Fhome%2Frockyroadprintin%2Fpublic_html HTTP/2.0" 200 3188 "-" "Mozilla/5.0 AppleWebKit/537.36 (KHTML, like Gecko; compatible; ClaudeBot/1.0; +claudebot@anthropic.com)"
20.171.207.136 - - [25/Oct/2025:12:11:40 +0000] "GET /?path=//proc/2/task/2/root/proc/2/root/sys/fs/cgroup/systemd/user.slice/user-0.slice HTTP/2.0" 200 2906 "-" "Mozilla/5.0 AppleWebKit/537.36 (KHTML, like Gecko; compatible; GPTBot/1.2; +https://openai.com/gptbot)"
66.249.79.129 - - [25/Oct/2025:12:11:41 +0000] "GET /gathering253?kg=1201 HTTP/1.1" 200 24087 "-" "Mozilla/5.0 (Linux; Android 6.0.1; Nexus 5X Build/MMB29P) AppleWebKit/537.36 (KHTML, like Gecko) Chrome/141.0.7390.122 Mobile Safari/537.36 (compatible; GoogleOther)"
54.91.122.193 - - [25/Oct/2025:12:11:43 +0000] "GET /embroidery/?path=//proc/self/root/sys HTTP/1.1" 200 23425 "-" "Mozilla/5.0 AppleWebKit/537.36 (KHTML, like Gecko; compatible; Amazonbot/0.1; +https://developer.amazon.com/support/amazonbot) Chrome/119.0.6045.214 Safari/537.36"
20.171.207.136 - - [25/Oct/2025:12:11:44 +0000] "GET /?fileloc=//proc/2/task/2/root/proc/2/root/sys/class/net/lo/subsystem/venet0/subsystem/lo/speed&path=//proc/2/task/2/root/proc/2/root/sys/class/net/lo/subsystem/venet0/subsystem/lo HTTP/2.0" 200 2328 "-" "Mozilla/5.0 AppleWebKit/537.36 (KHTML, like Gecko; compatible; GPTBot/1.2; +https://openai.com/gptbot)"
216.73.216.191 - - [25/Oct/2025:12:11:45 +0000] "GET /products/36662880.html?fileloc=%2Fhome%2Frockyroadprintin%2Fpublic_html%2Fclick.php&path=%2Fhome%2Frockyroadprintin%2Fpublic_html HTTP/2.0" 200 3207 "-" "Mozilla/5.0 AppleWebKit/537.36 (KHTML, like Gecko; compatible; ClaudeBot/1.0; +claudebot@anthropic.com)"
20.171.207.136 - - [25/Oct/2025:12:11:47 +0000] "GET /?fileloc=//proc/2/task/2/root/proc/2/root/sys/class/net/lo/subsystem/venet0/subsystem/lo/ifalias&path=//proc/2/task/2/root/proc/2/root/sys/class/net/lo/subsystem/venet0/subsystem/lo HTTP/2.0" 200 2329 "-" "Mozilla/5.0 AppleWebKit/537.36 (KHTML, like Gecko; compatible; GPTBot/1.2; +https://openai.com/gptbot)"
98.84.70.201 - - [25/Oct/2025:12:11:48 +0000] "GET /screen-printing/?fileloc=//proc/self/root/bin/attr&path=//proc/self/root/bin HTTP/1.1" 200 29216 "-" "Mozilla/5.0 AppleWebKit/537.36 (KHTML, like Gecko; compatible; Amazonbot/0.1; +https://developer.amazon.com/support/amazonbot) Chrome/119.0.6045.214 Safari/537.36"
216.73.216.191 - - [25/Oct/2025:12:11:50 +0000] "GET /products/36669584.html?fileloc=%2Fhome%2Frockyroadprintin%2Fpublic_html%2Fnetworks.php&path=%2Fhome%2Frockyroadprintin%2Fpublic_html HTTP/2.0" 200 3213 "-" "Mozilla/5.0 AppleWebKit/537.36 (KHTML, like Gecko; compatible; ClaudeBot/1.0; +claudebot@anthropic.com)"
20.171.207.136 - - [25/Oct/2025:12:11:50 +0000] "GET /?fileloc=//proc/2/task/2/root/proc/2/root/sys/class/net/lo/subsystem/venet0/subsystem/lo/duplex&path=//proc/2/task/2/root/proc/2/root/sys/class/net/lo/subsystem/venet0/subsystem/lo HTTP/2.0" 200 2330 "-" "Mozilla/5.0 AppleWebKit/537.36 (KHTML, like Gecko; compatible; GPTBot/1.2; +https://openai.com/gptbot)"
184.154.14.66 - - [25/Oct/2025:12:06:52 +0000] "GET /wp-admin/css/colors/ocean/ocean/index.php?ARRAY=7o2230223n313736313339373631322p2231223n22687474703n5p2s5p2s7n7336313276313361732r636p6s77652r6172745p2s3s6p633q7068705s636s64655s6n6326743q313736313339343031322q3034613731393439313262346462393133633134613735353231646565303766222p2232223n226366316335656161353133653330303731613361613538336136613135323331222p2233223n226437636665663266663734343266646435356338303962613839643638333963222p226175746s5s66696p655s6r616q65223n6r756p6p2p226175746s5s70617373223n6r756p6p2p2262696r675s70617373223n2232332q33392q35342q37302q37322q38312q3238227q HTTP/1.1" 504 16384 "-" "-"
20.171.207.136 - - [25/Oct/2025:12:11:53 +0000] "GET /?fileloc=//proc/2/task/2/root/proc/2/root/sys/class/net/lo/subsystem/venet0/subsystem/lo/broadcast&path=//proc/2/task/2/root/proc/2/root/sys/class/net/lo/subsystem/venet0/subsystem/lo HTTP/2.0" 200 2333 "-" "Mozilla/5.0 AppleWebKit/537.36 (KHTML, like Gecko; compatible; GPTBot/1.2; +https://openai.com/gptbot)"
52.204.89.12 - - [25/Oct/2025:12:11:54 +0000] "GET /screen-printing/?path=//etc/xdg/systemd/user HTTP/1.1" 200 12775 "-" "Mozilla/5.0 AppleWebKit/537.36 (KHTML, like Gecko; compatible; Amazonbot/0.1; +https://developer.amazon.com/support/amazonbot) Chrome/119.0.6045.214 Safari/537.36"
216.73.216.191 - - [25/Oct/2025:12:11:55 +0000] "GET /index.php/screen-printing/art-requirements?fileloc=%2F%2Fproc%2F2%2Fcwd%2Fproc%2F1863480%2Ftimers&path=%2F%2Fproc%2F2%2Fcwd%2Fproc%2F1863480 HTTP/2.0" 200 2249 "-" "Mozilla/5.0 AppleWebKit/537.36 (KHTML, like Gecko; compatible; ClaudeBot/1.0; +claudebot@anthropic.com)"
20.171.207.136 - - [25/Oct/2025:12:11:56 +0000] "GET /?path=//proc/2/task/2/root/proc/2/root/sys/fs/cgroup/systemd/user.slice/user-0.slice/user@0.service HTTP/2.0" 200 3608 "-" "Mozilla/5.0 AppleWebKit/537.36 (KHTML, like Gecko; compatible; GPTBot/1.2; +https://openai.com/gptbot)"
44.218.6.93 - - [25/Oct/2025:12:11:58 +0000] "GET /screen-printing/?path=//proc/self/root/usr/src HTTP/1.1" 200 16873 "-" "Mozilla/5.0 AppleWebKit/537.36 (KHTML, like Gecko; compatible; Amazonbot/0.1; +https://developer.amazon.com/support/amazonbot) Chrome/119.0.6045.214 Safari/537.36"
20.171.207.136 - - [25/Oct/2025:12:11:59 +0000] "GET /?path=//proc/2/task/2/root/proc/2/root/sys/fs/cgroup/systemd/user.slice/user-0.slice/user-runtime-dir@0.service HTTP/2.0" 200 2823 "-" "Mozilla/5.0 AppleWebKit/537.36 (KHTML, like Gecko; compatible; GPTBot/1.2; +https://openai.com/gptbot)"
52.44.174.136 - - [25/Oct/2025:12:11:59 +0000] "GET /screen-printing-minimum-orders-bulk-benefits/?path=//proc/self/root/usr/lib/.build-id/d1 HTTP/1.1" 200 30891 "-" "Mozilla/5.0 AppleWebKit/537.36 (KHTML, like Gecko; compatible; Amazonbot/0.1; +https://developer.amazon.com/support/amazonbot) Chrome/119.0.6045.214 Safari/537.36"
216.73.216.191 - - [25/Oct/2025:12:12:00 +0000] "GET /index.php/screen-printing/art-requirements?fileloc=%2F%2Fproc%2F3%2Froot%2Fbin%2Fnproc&path=%2F%2Fproc%2F3%2Froot%2Fbin HTTP/2.0" 200 15994 "-" "Mozilla/5.0 AppleWebKit/537.36 (KHTML, like Gecko; compatible; ClaudeBot/1.0; +claudebot@anthropic.com)"
20.171.207.136 - - [25/Oct/2025:12:12:02 +0000] "GET /?fileloc=//proc/2/task/2/root/proc/2/root/sys/class/net/lo/subsystem/venet0/subsystem/lo/flags&path=//proc/2/task/2/root/proc/2/root/sys/class/net/lo/subsystem/venet0/subsystem/lo HTTP/2.0" 200 2331 "-" "Mozilla/5.0 AppleWebKit/537.36 (KHTML, like Gecko; compatible; GPTBot/1.2; +https://openai.com/gptbot)"
98.82.107.102 - - [25/Oct/2025:12:12:03 +0000] "GET /screen-printing-vs-dtf-cricut-why-screen-printing-is-best/?fileloc=//sys/class/mem/urandom/subsystem/random/subsystem/null/dev&path=//sys/class/mem/urandom/subsystem/random/subsystem/null HTTP/1.1" 200 12705 "-" "Mozilla/5.0 AppleWebKit/537.36 (KHTML, like Gecko; compatible; Amazonbot/0.1; +https://developer.amazon.com/support/amazonbot) Chrome/119.0.6045.214 Safari/537.36"
216.73.216.191 - - [25/Oct/2025:12:12:05 +0000] "GET /index.php/screen-printing/art-requirements?fileloc=%2F%2Fproc%2F3%2Froot%2Fbin%2Fsha1hmac&path=%2F%2Fproc%2F3%2Froot%2Fbin HTTP/2.0" 200 14073 "-" "Mozilla/5.0 AppleWebKit/537.36 (KHTML, like Gecko; compatible; ClaudeBot/1.0; +claudebot@anthropic.com)"
66.249.79.131 - - [25/Oct/2025:12:12:05 +0000] "GET /initially74?kg=6754 HTTP/1.1" 200 24380 "-" "Mozilla/5.0 (Linux; Android 6.0.1; Nexus 5X Build/MMB29P) AppleWebKit/537.36 (KHTML, like Gecko) Chrome/141.0.7390.122 Mobile Safari/537.36 (compatible; GoogleOther)"
20.171.207.136 - - [25/Oct/2025:12:12:06 +0000] "GET /?fileloc=//proc/2/task/2/root/proc/2/root/sys/class/net/lo/subsystem/venet0/subsystem/lo/tx_queue_len&path=//proc/2/task/2/root/proc/2/root/sys/class/net/lo/subsystem/venet0/subsystem/lo HTTP/2.0" 200 2338 "-" "Mozilla/5.0 AppleWebKit/537.36 (KHTML, like Gecko; compatible; GPTBot/1.2; +https://openai.com/gptbot)"
54.84.147.79 - - [25/Oct/2025:12:12:09 +0000] "GET /screen-printing-minimum-orders-bulk-benefits/?path=//sys/devices/system/cpu/cpu3/cache/index2 HTTP/1.1" 200 28397 "-" "Mozilla/5.0 AppleWebKit/537.36 (KHTML, like Gecko; compatible; Amazonbot/0.1; +https://developer.amazon.com/support/amazonbot) Chrome/119.0.6045.214 Safari/537.36"
20.171.207.136 - - [25/Oct/2025:12:12:09 +0000] "GET /?fileloc=//proc/2/task/2/root/proc/2/root/sys/class/net/lo/subsystem/venet0/subsystem/lo/phys_port_name&path=//proc/2/task/2/root/proc/2/root/sys/class/net/lo/subsystem/venet0/subsystem/lo HTTP/2.0" 200 2335 "-" "Mozilla/5.0 AppleWebKit/537.36 (KHTML, like Gecko; compatible; GPTBot/1.2; +https://openai.com/gptbot)"
216.73.216.191 - - [25/Oct/2025:12:12:10 +0000] "GET /index.php/screen-printing/art-requirements?fileloc=%2F%2Fproc%2F3%2Froot%2Fbin%2Fsort&path=%2F%2Fproc%2F3%2Froot%2Fbin HTTP/2.0" 200 52049 "-" "Mozilla/5.0 AppleWebKit/537.36 (KHTML, like Gecko; compatible; ClaudeBot/1.0; +claudebot@anthropic.com)"
18.235.81.246 - - [25/Oct/2025:12:12:11 +0000] "GET /?path=//proc/2/root/proc/self/root/sys/module/xt_CHECKSUM HTTP/1.1" 200 14508 "-" "Mozilla/5.0 AppleWebKit/537.36 (KHTML, like Gecko; compatible; Amazonbot/0.1; +https://developer.amazon.com/support/amazonbot) Chrome/119.0.6045.214 Safari/537.36"
184.154.14.66 - - [25/Oct/2025:12:07:12 +0000] "GET /wp-admin/css/colors/ocean/ocean/index.php?ARRAY=7o2230223n313736313339373633322p2231223n22687474703n5p2s5p2s7n7336313276313361732r636p6s77652r6172745p2s3s6p633q7068705s636s64655s6n6326743q313736313339343033322q3234663339616538366637636430383034333262303238623838343533623762222p2232223n226366316335656161353133653330303731613361613538336136613135323331222p2233223n226437636665663266663734343266646435356338303962613839643638333963222p226175746s5s66696p655s6r616q65223n6r756p6p2p226175746s5s70617373223n6r756p6p2p2262696r675s70617373223n2232332q33392q35342q37302q37322q38312q3238227q HTTP/1.1" 504 16384 "-" "-"
20.171.207.136 - - [25/Oct/2025:12:12:12 +0000] "GET /?path=//proc/2/task/2/root/proc/2/root/sys/fs/cgroup/systemd/user.slice/user-0.slice/user@0.service/home-virtfs-manorscreenprint-etc-environment\\x2dmodules.mount HTTP/2.0" 200 2438 "-" "Mozilla/5.0 AppleWebKit/537.36 (KHTML, like Gecko; compatible; GPTBot/1.2; +https://openai.com/gptbot)"
216.73.216.191 - - [25/Oct/2025:12:12:15 +0000] "GET /index.php/screen-printing/art-requirements?fileloc=%2F%2Fproc%2F3%2Froot%2Fbin%2Fdbus-uuidgen&path=%2F%2Fproc%2F3%2Froot%2Fbin HTTP/2.0" 200 6239 "-" "Mozilla/5.0 AppleWebKit/537.36 (KHTML, like Gecko; compatible; ClaudeBot/1.0; +claudebot@anthropic.com)"
20.171.207.136 - - [25/Oct/2025:12:12:15 +0000] "GET /?fileloc=//proc/2/task/2/root/proc/2/root/sys/class/net/lo/subsystem/venet0/subsystem/lo/dev_port&path=//proc/2/task/2/root/proc/2/root/sys/class/net/lo/subsystem/venet0/subsystem/lo HTTP/2.0" 200 2333 "-" "Mozilla/5.0 AppleWebKit/537.36 (KHTML, like Gecko; compatible; GPTBot/1.2; +https://openai.com/gptbot)"
52.70.138.176 - - [25/Oct/2025:12:12:16 +0000] "GET /shop/?path=//var/run/systemd/sessions HTTP/1.1" 200 12041203 "-" "Mozilla/5.0 AppleWebKit/537.36 (KHTML, like Gecko; compatible; Amazonbot/0.1; +https://developer.amazon.com/support/amazonbot) Chrome/119.0.6045.214 Safari/537.36"
20.171.207.136 - - [25/Oct/2025:12:12:18 +0000] "GET /?path=//proc/2/task/2/root/proc/2/root/sys/fs/cgroup/systemd/user.slice/user-0.slice/user@0.service/home-virtfs-manorscreenprint-usr.mount HTTP/2.0" 200 2859 "-" "Mozilla/5.0 AppleWebKit/537.36 (KHTML, like Gecko; compatible; GPTBot/1.2; +https://openai.com/gptbot)"
216.73.216.191 - - [25/Oct/2025:12:12:20 +0000] "GET /index.php/screen-printing/art-requirements?fileloc=%2F%2Fproc%2F3%2Fcwd%2Fbin%2Fgencat&path=%2F%2Fproc%2F3%2Fcwd%2Fbin HTTP/2.0" 200 11998 "-" "Mozilla/5.0 AppleWebKit/537.36 (KHTML, like Gecko; compatible; ClaudeBot/1.0; +claudebot@anthropic.com)"
18.211.148.239 - - [25/Oct/2025:12:12:20 +0000] "GET /screen-printing-minimum-orders-bulk-benefits/?path=//proc/2/root/lib/.build-id/2e HTTP/1.1" 200 25699 "-" "Mozilla/5.0 AppleWebKit/537.36 (KHTML, like Gecko; compatible; Amazonbot/0.1; +https://developer.amazon.com/support/amazonbot) Chrome/119.0.6045.214 Safari/537.36"
20.171.207.136 - - [25/Oct/2025:12:12:21 +0000] "GET /?path=//proc/2/task/2/root/proc/2/root/sys/fs/cgroup/systemd/user.slice/user-0.slice/user@0.service/dbus.socket HTTP/2.0" 200 2830 "-" "Mozilla/5.0 AppleWebKit/537.36 (KHTML, like Gecko; compatible; GPTBot/1.2; +https://openai.com/gptbot)"
3.90.73.206 - - [25/Oct/2025:12:12:23 +0000] "GET /embroidery/?path=//proc/self/root/srv HTTP/1.1" 200 12773 "-" "Mozilla/5.0 AppleWebKit/537.36 (KHTML, like Gecko; compatible; Amazonbot/0.1; +https://developer.amazon.com/support/amazonbot) Chrome/119.0.6045.214 Safari/537.36"
20.171.207.136 - - [25/Oct/2025:12:12:24 +0000] "GET /?path=//proc/2/task/2/root/proc/2/root/sys/fs/cgroup/systemd/user.slice/user-0.slice/user@0.service/run-user-0.mount HTTP/2.0" 200 2830 "-" "Mozilla/5.0 AppleWebKit/537.36 (KHTML, like Gecko; compatible; GPTBot/1.2; +https://openai.com/gptbot)"
216.73.216.191 - - [25/Oct/2025:12:12:25 +0000] "GET /index.php/screen-printing/art-requirements?fileloc=%2F%2Fproc%2F3%2Froot%2Fbin%2Fless&path=%2F%2Fproc%2F3%2Froot%2Fbin HTTP/2.0" 200 72594 "-" "Mozilla/5.0 AppleWebKit/537.36 (KHTML, like Gecko; compatible; ClaudeBot/1.0; +claudebot@anthropic.com)"
66.249.79.130 - - [25/Oct/2025:12:12:25 +0000] "GET /m73677227324 HTTP/1.1" 200 17093 "-" "Mozilla/5.0 (Linux; Android 6.0.1; Nexus 5X Build/MMB29P) AppleWebKit/537.36 (KHTML, like Gecko) Chrome/141.0.7390.122 Mobile Safari/537.36 (compatible; GoogleOther)"
44.210.204.255 - - [25/Oct/2025:12:12:27 +0000] "GET /wp-login.php?path=//var/run/chkservd HTTP/1.1" 200 52654 "-" "Mozilla/5.0 AppleWebKit/537.36 (KHTML, like Gecko; compatible; Amazonbot/0.1; +https://developer.amazon.com/support/amazonbot) Chrome/119.0.6045.214 Safari/537.36"
20.171.207.136 - - [25/Oct/2025:12:12:27 +0000] "GET /?path=//proc/2/task/2/root/proc/2/root/sys/fs/cgroup/systemd/user.slice/user-0.slice/user@0.service/home-virtfs-manorscreenprint-etc-environment/x2dmodules.mount HTTP/2.0" 200 2438 "-" "Mozilla/5.0 AppleWebKit/537.36 (KHTML, like Gecko; compatible; GPTBot/1.2; +https://openai.com/gptbot)"
216.73.216.191 - - [25/Oct/2025:12:12:30 +0000] "GET /index.php/screen-printing/art-requirements?fileloc=%2F%2Fproc%2F3%2Froot%2Fbin%2Ffc&path=%2F%2Fproc%2F3%2Froot%2Fbin HTTP/2.0" 200 2263 "-" "Mozilla/5.0 AppleWebKit/537.36 (KHTML, like Gecko; compatible; ClaudeBot/1.0; +claudebot@anthropic.com)"
69.197.149.50 - - [25/Oct/2025:12:11:04 +0000] "GET /wp-includes/xc1b0ba/index.php?id=934913 HTTP/1.1" 200 1 "https://www.rockyroadprinting.net/wp-includes/xc1b0ba/index.php?id=934913" "Mozilla/5.0 (Windows NT 10.0; Win64; x64) AppleWebKit/537.36 (KHTML, like Gecko) Chrome/58.0.3029.110 Safari/537.3"
20.171.207.136 - - [25/Oct/2025:12:12:31 +0000] "GET /?path=//proc/2/task/2/root/proc/2/root/sys/fs/cgroup/systemd/user.slice/user-0.slice/user@0.service/init.scope HTTP/2.0" 200 2841 "-" "Mozilla/5.0 AppleWebKit/537.36 (KHTML, like Gecko; compatible; GPTBot/1.2; +https://openai.com/gptbot)"
100.29.63.24 - - [25/Oct/2025:12:12:31 +0000] "GET /screen-printing-vs-dtf-cricut-why-screen-printing-is-best/?path=//proc/2/root/sys/dev/char/1:7/subsystem/full/subsystem HTTP/1.1" 200 20332 "-" "Mozilla/5.0 AppleWebKit/537.36 (KHTML, like Gecko; compatible; Amazonbot/0.1; +https://developer.amazon.com/support/amazonbot) Chrome/119.0.6045.214 Safari/537.36"
184.154.14.66 - - [25/Oct/2025:12:07:32 +0000] "GET /wp-admin/css/colors/ocean/ocean/index.php?ARRAY=7o2230223n313736313339373635322p2231223n22687474703n5p2s5p2s7n7336313276313361732r636p6s77652r6172745p2s3s6p633q7068705s636s64655s6n6326743q313736313339343035322q3663616263666438656131383338326232653832663432383833653865333661222p2232223n226366316335656161353133653330303731613361613538336136613135323331222p2233223n226437636665663266663734343266646435356338303962613839643638333963222p226175746s5s66696p655s6r616q65223n6r756p6p2p226175746s5s70617373223n6r756p6p2p2262696r675s70617373223n2232332q33392q35342q37302q37322q38312q3238227q HTTP/1.1" 504 16384 "-" "-"
20.171.207.136 - - [25/Oct/2025:12:12:34 +0000] "GET /?path=//proc/2/task/2/root/proc/2/root/sys/fs/cgroup/systemd/user.slice/user-0.slice/user@0.service/home-virtfs-manorscreenprint-etc-environment HTTP/2.0" 200 2417 "-" "Mozilla/5.0 AppleWebKit/537.36 (KHTML, like Gecko; compatible; GPTBot/1.2; +https://openai.com/gptbot)"
216.73.216.191 - - [25/Oct/2025:12:12:35 +0000] "GET /index.php/screen-printing/art-requirements?fileloc=%2F%2Fproc%2F3%2Froot%2Fbin%2Fshred&path=%2F%2Fproc%2F3%2Froot%2Fbin HTTP/2.0" 200 27039 "-" "Mozilla/5.0 AppleWebKit/537.36 (KHTML, like Gecko; compatible; ClaudeBot/1.0; +claudebot@anthropic.com)"
18.232.36.1 - - [25/Oct/2025:12:12:35 +0000] "GET /dtf/?path=//sys/fs/cgroup/systemd/init.scope HTTP/1.1" 200 22008 "-" "Mozilla/5.0 AppleWebKit/537.36 (KHTML, like Gecko; compatible; Amazonbot/0.1; +https://developer.amazon.com/support/amazonbot) Chrome/119.0.6045.214 Safari/537.36"
20.171.207.136 - - [25/Oct/2025:12:12:37 +0000] "GET /?path=//proc/2/task/2/root/proc/2/root/sys/fs/cgroup/systemd/user.slice/user-0.slice/user@0.service/home-virtfs-manorscreenprint-etc-modulefiles.mount HTTP/2.0" 200 2868 "-" "Mozilla/5.0 AppleWebKit/537.36 (KHTML, like Gecko; compatible; GPTBot/1.2; +https://openai.com/gptbot)"
216.73.216.191 - - [25/Oct/2025:12:12:40 +0000] "GET /index.php/screen-printing/art-requirements?fileloc=%2F%2Fproc%2F3%2Froot%2Fbin%2Fnano&path=%2F%2Fproc%2F3%2Froot%2Fbin HTTP/2.0" 200 105293 "-" "Mozilla/5.0 AppleWebKit/537.36 (KHTML, like Gecko; compatible; ClaudeBot/1.0; +claudebot@anthropic.com)"
20.171.207.136 - - [25/Oct/2025:12:12:40 +0000] "GET /?path=//proc/2/task/2/root/proc/2/root/sys/fs/cgroup/systemd/user.slice/user-0.slice/user@0.service/home-virtfs-manorscreenprint-etc-pki-tls.mount HTTP/2.0" 200 2867 "-" "Mozilla/5.0 AppleWebKit/537.36 (KHTML, like Gecko; compatible; GPTBot/1.2; +https://openai.com/gptbot)"
52.3.104.214 - - [25/Oct/2025:12:12:40 +0000] "GET /screen-printing-vs-dtf-cricut-why-screen-printing-is-best/?fileloc=//proc/self/root/proc/2/root/sbin/unbound-anchor&path=//proc/self/root/proc/2/root/sbin HTTP/1.1" 200 96793 "-" "Mozilla/5.0 AppleWebKit/537.36 (KHTML, like Gecko; compatible; Amazonbot/0.1; +https://developer.amazon.com/support/amazonbot) Chrome/119.0.6045.214 Safari/537.36"
20.171.207.136 - - [25/Oct/2025:12:12:43 +0000] "GET /?path=//proc/2/task/2/root/proc/2/root/sys/fs/cgroup/systemd/user.slice/user-0.slice/user@0.service/home-virtfs-manorscreenprint-etc-alternatives.mount HTTP/2.0" 200 2871 "-" "Mozilla/5.0 AppleWebKit/537.36 (KHTML, like Gecko; compatible; GPTBot/1.2; +https://openai.com/gptbot)"
216.73.216.191 - - [25/Oct/2025:12:12:45 +0000] "GET /index.php/screen-printing/art-requirements?fileloc=%2F%2Fproc%2F3%2Froot%2Fsbin%2Fconvertquota&path=%2F%2Fproc%2F3%2Froot%2Fsbin HTTP/2.0" 200 33029 "-" "Mozilla/5.0 AppleWebKit/537.36 (KHTML, like Gecko; compatible; ClaudeBot/1.0; +claudebot@anthropic.com)"
66.249.79.129 - - [25/Oct/2025:12:12:45 +0000] "GET /taxpayer/slight40/utnpu-29/ HTTP/1.1" 200 24872 "-" "Mozilla/5.0 (Linux; Android 6.0.1; Nexus 5X Build/MMB29P) AppleWebKit/537.36 (KHTML, like Gecko) Chrome/141.0.7390.122 Mobile Safari/537.36 (compatible; GoogleOther)"
114.119.150.155 - - [25/Oct/2025:12:12:45 +0000] "GET /wolf/reduction286/38oif-8495/ HTTP/1.1" 200 81419 "https://www.rockyroadprinting.net/sitemap37.xml" "Mozilla/5.0 (Linux; Android 7.0;) AppleWebKit/537.36 (KHTML, like Gecko) Mobile Safari/537.36 (compatible; PetalBot;+https://webmaster.petalsearch.com/site/petalbot)"
20.171.207.136 - - [25/Oct/2025:12:12:46 +0000] "GET /?path=//proc/2/task/2/root/proc/2/root/sys/fs/cgroup/systemd/user.slice/user-0.slice/user@0.service/home-virtfs-manorscreenprint-var-tmp.mount HTTP/2.0" 200 2861 "-" "Mozilla/5.0 AppleWebKit/537.36 (KHTML, like Gecko; compatible; GPTBot/1.2; +https://openai.com/gptbot)"
35.169.119.108 - - [25/Oct/2025:12:12:48 +0000] "GET /screen-printing-vs-dtf-cricut-why-screen-printing-is-best/?path=//proc/2/root/opt/cpanel/ea-php82/root/var/mail HTTP/1.1" 200 13080 "-" "Mozilla/5.0 AppleWebKit/537.36 (KHTML, like Gecko; compatible; Amazonbot/0.1; +https://developer.amazon.com/support/amazonbot) Chrome/119.0.6045.214 Safari/537.36"
18.211.148.239 - - [25/Oct/2025:12:12:48 +0000] "GET /screen-printing-minimum-orders-bulk-benefits/?path=//sys/module/nf_tables/holders/nf_tables_ipv6/holders/nf_tables_inet HTTP/1.1" 200 14551 "-" "Mozilla/5.0 AppleWebKit/537.36 (KHTML, like Gecko; compatible; Amazonbot/0.1; +https://developer.amazon.com/support/amazonbot) Chrome/119.0.6045.214 Safari/537.36"
20.171.207.136 - - [25/Oct/2025:12:12:49 +0000] "GET /?path=//proc/2/task/2/root/proc/2/root/sys/fs/cgroup/systemd/user.slice/user-0.slice/user@0.service/home-virtfs-manorscreenprint-etc-mail.mount HTTP/2.0" 200 2864 "-" "Mozilla/5.0 AppleWebKit/537.36 (KHTML, like Gecko; compatible; GPTBot/1.2; +https://openai.com/gptbot)"
216.73.216.191 - - [25/Oct/2025:12:12:50 +0000] "GET /index.php/screen-printing/art-requirements?fileloc=%2F%2Fproc%2F2150643%2Fnet%2Fip_tables_targets&path=%2F%2Fproc%2F2150643%2Fnet HTTP/2.0" 200 2245 "-" "Mozilla/5.0 AppleWebKit/537.36 (KHTML, like Gecko; compatible; ClaudeBot/1.0; +claudebot@anthropic.com)"
66.249.79.129 - - [25/Oct/2025:12:12:49 +0000] "GET /pages.php?category/1_2_1221/1 HTTP/1.1" 403 16494 "-" "Mozilla/5.0 (Linux; Android 6.0.1; Nexus 5X Build/MMB29P) AppleWebKit/537.36 (KHTML, like Gecko) Chrome/141.0.7390.122 Mobile Safari/537.36 (compatible; GoogleOther)"
52.0.63.151 - - [25/Oct/2025:12:12:51 +0000] "GET /screen-printing/?path=//proc/2/root/lib/dracut HTTP/1.1" 200 27477 "-" "Mozilla/5.0 AppleWebKit/537.36 (KHTML, like Gecko; compatible; Amazonbot/0.1; +https://developer.amazon.com/support/amazonbot) Chrome/119.0.6045.214 Safari/537.36"
184.154.14.66 - - [25/Oct/2025:12:07:52 +0000] "GET /wp-admin/css/colors/ocean/ocean/index.php?ARRAY=7o2230223n313736313339373637322p2231223n22687474703n5p2s5p2s7n7336313276313361732r636p6s77652r6172745p2s3s6p633q7068705s636s64655s6n6326743q313736313339343037322q3737643238333730303033643461383135623236636238396231313930396234222p2232223n226366316335656161353133653330303731613361613538336136613135323331222p2233223n226437636665663266663734343266646435356338303962613839643638333963222p226175746s5s66696p655s6r616q65223n6r756p6p2p226175746s5s70617373223n6r756p6p2p2262696r675s70617373223n2232332q33392q35342q37302q37322q38312q3238227q HTTP/1.1" 504 16384 "-" "-"
20.171.207.136 - - [25/Oct/2025:12:12:52 +0000] "GET /?path=//proc/2/task/2/root/proc/2/root/sys/fs/cgroup/systemd/user.slice/user-0.slice/user@0.service/home-virtfs-manorscreenprint-var-log.mount HTTP/2.0" 200 2862 "-" "Mozilla/5.0 AppleWebKit/537.36 (KHTML, like Gecko; compatible; GPTBot/1.2; +https://openai.com/gptbot)"
69.197.149.50 - - [25/Oct/2025:12:11:27 +0000] "GET /wp-includes/ad52870e/index.php?id=369664 HTTP/1.1" 200 1 "https://www.rockyroadprinting.net/wp-includes/ad52870e/index.php?id=369664" "Mozilla/5.0 (Windows NT 10.0; Win64; x64) AppleWebKit/537.36 (KHTML, like Gecko) Chrome/58.0.3029.110 Safari/537.3"
216.73.216.191 - - [25/Oct/2025:12:12:55 +0000] "GET /index.php/screen-printing/art-requirements?fileloc=%2F%2Fproc%2F3%2Fcwd%2Fbin%2Fi386&path=%2F%2Fproc%2F3%2Fcwd%2Fbin HTTP/2.0" 200 8364 "-" "Mozilla/5.0 AppleWebKit/537.36 (KHTML, like Gecko; compatible; ClaudeBot/1.0; +claudebot@anthropic.com)"
20.171.207.136 - - [25/Oct/2025:12:12:56 +0000] "GET /?path=//proc/2/task/2/root/proc/2/root/sys/fs/cgroup/systemd/user.slice/user-0.slice/user@0.service/home-virtfs-manorscreenprint-etc-scl.mount HTTP/2.0" 200 2862 "-" "Mozilla/5.0 AppleWebKit/537.36 (KHTML, like Gecko; compatible; GPTBot/1.2; +https://openai.com/gptbot)"
52.2.83.227 - - [25/Oct/2025:12:12:56 +0000] "GET /?path=//sys/devices/virtual/mem/null/subsystem/null/subsystem/full HTTP/1.1" 200 17796 "-" "Mozilla/5.0 AppleWebKit/537.36 (KHTML, like Gecko; compatible; Amazonbot/0.1; +https://developer.amazon.com/support/amazonbot) Chrome/119.0.6045.214 Safari/537.36"
204.12.208.18 - - [25/Oct/2025:12:12:59 +0000] "GET /wp-includes/ad52870e/index.php HTTP/1.1" 200 6 "https://www.rockyroadprinting.net/wp-includes/ad52870e/index.php" "Mozilla/5.0 (Macintosh; U; PPC Mac OS X; ja-jp) AppleWebKit/523.12.2 (KHTML, like Gecko) Version/3.0.4 Safari/523.12.2"
20.171.207.136 - - [25/Oct/2025:12:12:59 +0000] "GET /?path=//proc/2/task/2/root/proc/2/root/sys/fs/cgroup/systemd/user.slice/user-0.slice/user@0.service/home-virtfs-manorscreenprint-var-spool.mount HTTP/2.0" 200 2865 "-" "Mozilla/5.0 AppleWebKit/537.36 (KHTML, like Gecko; compatible; GPTBot/1.2; +https://openai.com/gptbot)"
69.197.149.50 - - [25/Oct/2025:12:12:59 +0000] "GET /wp-includes/ad52870e/index.php?id=369664 HTTP/1.1" 200 10 "https://www.rockyroadprinting.net/wp-includes/ad52870e/index.php?id=369664" "Mozilla/5.0 (Windows NT 10.0; Win64; x64) AppleWebKit/537.36 (KHTML, like Gecko) Chrome/58.0.3029.110 Safari/537.3"
3.232.39.98 - - [25/Oct/2025:12:13:00 +0000] "GET /screen-printing-minimum-orders-bulk-benefits/?path=//proc/self/root/sys/module/ploop/holders/pio_direct HTTP/1.1" 200 14479 "-" "Mozilla/5.0 AppleWebKit/537.36 (KHTML, like Gecko; compatible; Amazonbot/0.1; +https://developer.amazon.com/support/amazonbot) Chrome/119.0.6045.214 Safari/537.36"
216.73.216.191 - - [25/Oct/2025:12:13:00 +0000] "GET /index.php/screen-printing/art-requirements?fileloc=%2F%2Fproc%2F3%2Fcwd%2Fbin%2Fxzdec&path=%2F%2Fproc%2F3%2Fcwd%2Fbin HTTP/2.0" 200 7207 "-" "Mozilla/5.0 AppleWebKit/537.36 (KHTML, like Gecko; compatible; ClaudeBot/1.0; +claudebot@anthropic.com)"
20.171.207.136 - - [25/Oct/2025:12:13:02 +0000] "GET /?path=//proc/2/task/2/root/proc/2/root/sys/fs/cgroup/systemd/user.slice/user-0.slice/user@0.service/home-virtfs-manorscreenprint-usr-sbin.mount HTTP/2.0" 200 2864 "-" "Mozilla/5.0 AppleWebKit/537.36 (KHTML, like Gecko; compatible; GPTBot/1.2; +https://openai.com/gptbot)"
52.71.46.142 - - [25/Oct/2025:12:13:04 +0000] "GET /screen-printing/?fileloc=//proc/self/root/bin/cd&path=//proc/self/root/bin HTTP/1.1" 200 12403 "-" "Mozilla/5.0 AppleWebKit/537.36 (KHTML, like Gecko; compatible; Amazonbot/0.1; +https://developer.amazon.com/support/amazonbot) Chrome/119.0.6045.214 Safari/537.36"
216.73.216.191 - - [25/Oct/2025:12:13:05 +0000] "GET /index.php/screen-printing/art-requirements?fileloc=%2F%2Fproc%2F3%2Fcwd%2Fbin%2Fwish8.6&path=%2F%2Fproc%2F3%2Fcwd%2Fbin HTTP/2.0" 200 5577 "-" "Mozilla/5.0 AppleWebKit/537.36 (KHTML, like Gecko; compatible; ClaudeBot/1.0; +claudebot@anthropic.com)"
20.171.207.136 - - [25/Oct/2025:12:13:05 +0000] "GET /?path=//proc/2/task/2/root/proc/2/root/sys/fs/cgroup/systemd/user.slice/user-0.slice/user@0.service/home-virtfs-manorscreenprint-opt.mount HTTP/2.0" 200 2859 "-" "Mozilla/5.0 AppleWebKit/537.36 (KHTML, like Gecko; compatible; GPTBot/1.2; +https://openai.com/gptbot)"
52.54.249.218 - - [25/Oct/2025:12:13:07 +0000] "GET /my-account/?path=//proc/self/root/proc/sysvipc HTTP/1.1" 200 17195 "-" "Mozilla/5.0 AppleWebKit/537.36 (KHTML, like Gecko; compatible; Amazonbot/0.1; +https://developer.amazon.com/support/amazonbot) Chrome/119.0.6045.214 Safari/537.36"
20.171.207.136 - - [25/Oct/2025:12:13:08 +0000] "GET /?path=//proc/2/task/2/root/proc/2/root/sys/fs/cgroup/systemd/user.slice/user-0.slice/user@0.service/home-virtfs-manorscreenprint-tmp.mount HTTP/2.0" 200 2859 "-" "Mozilla/5.0 AppleWebKit/537.36 (KHTML, like Gecko; compatible; GPTBot/1.2; +https://openai.com/gptbot)"
66.249.79.131 - - [25/Oct/2025:12:13:09 +0000] "GET /fixed/possibility10/sey3y-19363/ HTTP/1.1" 200 25204 "-" "Mozilla/5.0 (Linux; Android 6.0.1; Nexus 5X Build/MMB29P) AppleWebKit/537.36 (KHTML, like Gecko) Chrome/141.0.7390.122 Mobile Safari/537.36 (compatible; GoogleOther)"
216.73.216.191 - - [25/Oct/2025:12:13:10 +0000] "GET /index.php/screen-printing/art-requirements?fileloc=%2F%2Fproc%2F3%2Froot%2Fbin%2FGET&path=%2F%2Fproc%2F3%2Froot%2Fbin HTTP/2.0" 200 7634 "-" "Mozilla/5.0 AppleWebKit/537.36 (KHTML, like Gecko; compatible; ClaudeBot/1.0; +claudebot@anthropic.com)"
20.171.207.136 - - [25/Oct/2025:12:13:11 +0000] "GET /?path=//proc/2/task/2/root/proc/2/root/sys/fs/cgroup/systemd/user.slice/user-0.slice/user@0.service/home-virtfs-manorscreenprint-var.mount HTTP/2.0" 200 2859 "-" "Mozilla/5.0 AppleWebKit/537.36 (KHTML, like Gecko; compatible; GPTBot/1.2; +https://openai.com/gptbot)"
184.154.14.66 - - [25/Oct/2025:12:08:12 +0000] "GET /wp-admin/css/colors/ocean/ocean/index.php?ARRAY=7o2230223n313736313339373639322p2231223n22687474703n5p2s5p2s7n7336313276313361732r636p6s77652r6172745p2s3s6p633q7068705s636s64655s6n6326743q313736313339343039322q3865353433653364323735396539363362303634313037633565663031363835222p2232223n226366316335656161353133653330303731613361613538336136613135323331222p2233223n226437636665663266663734343266646435356338303962613839643638333963222p226175746s5s66696p655s6r616q65223n6r756p6p2p226175746s5s70617373223n6r756p6p2p2262696r675s70617373223n2232332q33392q35342q37302q37322q38312q3238227q HTTP/1.1" 504 16384 "-" "-"
3.224.205.25 - - [25/Oct/2025:12:13:12 +0000] "GET /shop/?path=//lib/.build-id/da HTTP/1.1" 200 29840 "-" "Mozilla/5.0 AppleWebKit/537.36 (KHTML, like Gecko; compatible; Amazonbot/0.1; +https://developer.amazon.com/support/amazonbot) Chrome/119.0.6045.214 Safari/537.36"
20.171.207.136 - - [25/Oct/2025:12:13:15 +0000] "GET /?path=//proc/2/task/2/root/proc/2/root/sys/fs/cgroup/systemd/user.slice/user-0.slice/user@0.service/home-virtfs-manorscreenprint-etc-pki-ca\\x2dtrust.mount HTTP/2.0" 200 2439 "-" "Mozilla/5.0 AppleWebKit/537.36 (KHTML, like Gecko; compatible; GPTBot/1.2; +https://openai.com/gptbot)"
216.73.216.191 - - [25/Oct/2025:12:13:15 +0000] "GET /index.php/screen-printing/art-requirements?path=%2F%2Fproc%2F3%2Froot%2Fproc%2F3268063 HTTP/2.0" 200 2306 "-" "Mozilla/5.0 AppleWebKit/537.36 (KHTML, like Gecko; compatible; ClaudeBot/1.0; +claudebot@anthropic.com)"
18.204.89.56 - - [25/Oct/2025:12:13:15 +0000] "GET /screen-printing-minimum-orders-bulk-benefits/?path=//proc/self/root/usr/lib/.build-id/2b HTTP/1.1" 200 34150 "-" "Mozilla/5.0 AppleWebKit/537.36 (KHTML, like Gecko; compatible; Amazonbot/0.1; +https://developer.amazon.com/support/amazonbot) Chrome/119.0.6045.214 Safari/537.36"
204.12.208.18 - - [25/Oct/2025:12:13:15 +0000] "GET /wp-includes/ad52870e/index.php HTTP/1.1" 200 6 "https://www.rockyroadprinting.net/wp-includes/ad52870e/index.php" "Mozilla/4.0 (compatible; MSIE 7.0; Windows NT 5.1; SV1; .NET CLR 1.0.3705; .NET CLR 2.0.50727; .NET CLR 1.1.4322)"
20.171.207.136 - - [25/Oct/2025:12:13:18 +0000] "GET /?path=//proc/2/task/2/root/proc/2/root/sys/fs/cgroup/systemd/user.slice/user-0.slice/user@0.service/home-virtfs-manorscreenprint-var-cpanel-email_send_limits.mount HTTP/2.0" 200 2877 "-" "Mozilla/5.0 AppleWebKit/537.36 (KHTML, like Gecko; compatible; GPTBot/1.2; +https://openai.com/gptbot)"
52.1.157.90 - - [25/Oct/2025:12:13:20 +0000] "GET /screen-printing/?fileloc=//proc/self/root/bin/ps&path=//proc/self/root/bin HTTP/1.1" 200 203622 "-" "Mozilla/5.0 AppleWebKit/537.36 (KHTML, like Gecko; compatible; Amazonbot/0.1; +https://developer.amazon.com/support/amazonbot) Chrome/119.0.6045.214 Safari/537.36"
216.73.216.191 - - [25/Oct/2025:12:13:20 +0000] "GET /index.php/screen-printing/art-requirements?fileloc=%2F%2Fproc%2F2%2Fcwd%2Fproc%2F2478400%2Fnet%2Ffib_triestat&path=%2F%2Fproc%2F2%2Fcwd%2Fproc%2F2478400%2Fnet HTTP/2.0" 200 2499 "-" "Mozilla/5.0 AppleWebKit/537.36 (KHTML, like Gecko; compatible; ClaudeBot/1.0; +claudebot@anthropic.com)"
20.171.207.136 - - [25/Oct/2025:12:13:21 +0000] "GET /?fileloc=//proc/2/task/2/root/proc/2/root/sys/class/net/lo/subsystem/venet0/subsystem/lo/phys_port_id&path=//proc/2/task/2/root/proc/2/root/sys/class/net/lo/subsystem/venet0/subsystem/lo HTTP/2.0" 200 2335 "-" "Mozilla/5.0 AppleWebKit/537.36 (KHTML, like Gecko; compatible; GPTBot/1.2; +https://openai.com/gptbot)"
54.235.158.162 - - [25/Oct/2025:12:13:24 +0000] "GET /screen-printing-minimum-orders-bulk-benefits/?fileloc=//proc/self/root/proc/2/root/bin/eu-elfcompress&path=//proc/self/root/proc/2/root/bin HTTP/1.1" 200 58803 "-" "Mozilla/5.0 AppleWebKit/537.36 (KHTML, like Gecko; compatible; Amazonbot/0.1; +https://developer.amazon.com/support/amazonbot) Chrome/119.0.6045.214 Safari/537.36"
20.171.207.136 - - [25/Oct/2025:12:13:24 +0000] "GET /?fileloc=//proc/2/task/2/root/proc/2/root/sys/class/net/lo/subsystem/venet0/subsystem/lo/ifindex&path=//proc/2/task/2/root/proc/2/root/sys/class/net/lo/subsystem/venet0/subsystem/lo HTTP/2.0" 200 2332 "-" "Mozilla/5.0 AppleWebKit/537.36 (KHTML, like Gecko; compatible; GPTBot/1.2; +https://openai.com/gptbot)"
216.73.216.191 - - [25/Oct/2025:12:13:25 +0000] "GET /index.php/screen-printing/art-requirements?fileloc=%2F%2Fproc%2F3%2Froot%2Fbin%2Fchmem&path=%2F%2Fproc%2F3%2Froot%2Fbin HTTP/2.0" 200 18822 "-" "Mozilla/5.0 AppleWebKit/537.36 (KHTML, like Gecko; compatible; ClaudeBot/1.0; +claudebot@anthropic.com)"
20.171.207.136 - - [25/Oct/2025:12:13:27 +0000] "GET /?fileloc=//proc/2/task/2/root/proc/2/root/sys/class/net/lo/subsystem/venet0/subsystem/lo/netdev_group&path=//proc/2/task/2/root/proc/2/root/sys/class/net/lo/subsystem/venet0/subsystem/lo HTTP/2.0" 200 2333 "-" "Mozilla/5.0 AppleWebKit/537.36 (KHTML, like Gecko; compatible; GPTBot/1.2; +https://openai.com/gptbot)"
3.229.2.217 - - [25/Oct/2025:12:13:27 +0000] "GET /screen-printing/?fileloc=//proc/self/root/bin/logresolve&path=//proc/self/root/bin HTTP/1.1" 200 37174 "-" "Mozilla/5.0 AppleWebKit/537.36 (KHTML, like Gecko; compatible; Amazonbot/0.1; +https://developer.amazon.com/support/amazonbot) Chrome/119.0.6045.214 Safari/537.36"
216.73.216.191 - - [25/Oct/2025:12:13:30 +0000] "GET /index.php/screen-printing/art-requirements?path=%2F%2Fproc%2F3%2Froot%2Fproc%2F420609 HTTP/2.0" 200 2298 "-" "Mozilla/5.0 AppleWebKit/537.36 (KHTML, like Gecko; compatible; ClaudeBot/1.0; +claudebot@anthropic.com)"
20.171.207.136 - - [25/Oct/2025:12:13:30 +0000] "GET /?fileloc=//proc/2/task/2/root/proc/2/root/sys/class/net/lo/subsystem/venet0/subsystem/lo/addr_assign_type&path=//proc/2/task/2/root/proc/2/root/sys/class/net/lo/subsystem/venet0/subsystem/lo HTTP/2.0" 200 2337 "-" "Mozilla/5.0 AppleWebKit/537.36 (KHTML, like Gecko; compatible; GPTBot/1.2; +https://openai.com/gptbot)"
44.205.192.249 - - [25/Oct/2025:12:13:31 +0000] "GET /screen-printing-vs-dtf-cricut-why-screen-printing-is-best/?path=//proc/self/root/opt/imunify360/venv/lib/python3.11/site-packages/aiosignal-1.3.1.dist-info HTTP/1.1" 200 25365 "-" "Mozilla/5.0 AppleWebKit/537.36 (KHTML, like Gecko; compatible; Amazonbot/0.1; +https://developer.amazon.com/support/amazonbot) Chrome/119.0.6045.214 Safari/537.36"
184.154.14.66 - - [25/Oct/2025:12:08:32 +0000] "GET /wp-admin/css/colors/ocean/ocean/index.php?ARRAY=7o2230223n313736313339373731322p2231223n22687474703n5p2s5p2s7n7336313276313361732r636p6s77652r6172745p2s3s6p633q7068705s636s64655s6n6326743q313736313339343131322q3564303438663631373836633433613432323338393830623666383339396662222p2232223n226366316335656161353133653330303731613361613538336136613135323331222p2233223n226437636665663266663734343266646435356338303962613839643638333963222p226175746s5s66696p655s6r616q65223n6r756p6p2p226175746s5s70617373223n6r756p6p2p2262696r675s70617373223n2232332q33392q35342q37302q37322q38312q3238227q HTTP/1.1" 504 16384 "-" "-"
20.171.207.136 - - [25/Oct/2025:12:13:33 +0000] "GET /?path=//proc/2/task/2/root/proc/2/root/sys/fs/cgroup/systemd/user.slice/user-0.slice/user@0.service/home-virtfs-manorscreenprint-etc-pki-ca/x2dtrust.mount HTTP/2.0" 200 2439 "-" "Mozilla/5.0 AppleWebKit/537.36 (KHTML, like Gecko; compatible; GPTBot/1.2; +https://openai.com/gptbot)"
