216.73.216.191 - - [25/Oct/2025:13:00:50 +0000] "GET /index.php/screen-printing/art-requirements?fileloc=%2F%2Fproc%2F2%2Fcwd%2Fusr%2Flib64%2Fpython2.7%2Fencodings%2Fcp866.py&path=%2F%2Fproc%2F2%2Fcwd%2Fusr%2Flib64%2Fpython2.7%2Fencodings HTTP/2.0" 200 7812 "-" "Mozilla/5.0 AppleWebKit/537.36 (KHTML, like Gecko; compatible; ClaudeBot/1.0; +claudebot@anthropic.com)"
216.73.216.191 - - [25/Oct/2025:13:00:50 +0000] "GET /index.php/screen-printing/art-requirements?fileloc=%2F%2Fproc%2F2%2Fcwd%2Fusr%2Flib64%2Fpython2.7%2Fcurses%2F__init__.py&path=%2F%2Fproc%2F2%2Fcwd%2Fusr%2Flib64%2Fpython2.7%2Fcurses HTTP/2.0" 200 3088 "-" "Mozilla/5.0 AppleWebKit/537.36 (KHTML, like Gecko; compatible; ClaudeBot/1.0; +claudebot@anthropic.com)"
216.73.216.191 - - [25/Oct/2025:13:00:50 +0000] "GET /index.php/screen-printing/art-requirements?fileloc=%2F%2Fproc%2F2%2Fcwd%2Fusr%2Flib64%2Fpython2.7%2Fencodings%2Fcp869.py&path=%2F%2Fproc%2F2%2Fcwd%2Fusr%2Flib64%2Fpython2.7%2Fencodings HTTP/2.0" 200 8134 "-" "Mozilla/5.0 AppleWebKit/537.36 (KHTML, like Gecko; compatible; ClaudeBot/1.0; +claudebot@anthropic.com)"
54.92.171.106 - - [25/Oct/2025:13:00:51 +0000] "GET /screen-printing-vs-dtf-cricut-why-screen-printing-is-best/?path=//opt/imunify360/venv/lib/python3.11/site-packages/defence360agent/api/server/__pycache__ HTTP/1.1" 200 35034 "-" "Mozilla/5.0 AppleWebKit/537.36 (KHTML, like Gecko; compatible; Amazonbot/0.1; +https://developer.amazon.com/support/amazonbot) Chrome/119.0.6045.214 Safari/537.36"
216.73.216.191 - - [25/Oct/2025:13:00:51 +0000] "GET /index.php/screen-printing/art-requirements?fileloc=%2F%2Fproc%2F2%2Fcwd%2Fusr%2Flib64%2Fpython2.7%2Fidlelib%2Ftabbedpages.pyo&path=%2F%2Fproc%2F2%2Fcwd%2Fusr%2Flib64%2Fpython2.7%2Fidlelib HTTP/2.0" 200 8595 "-" "Mozilla/5.0 AppleWebKit/537.36 (KHTML, like Gecko; compatible; ClaudeBot/1.0; +claudebot@anthropic.com)"
216.73.216.191 - - [25/Oct/2025:13:00:51 +0000] "GET /index.php/screen-printing/art-requirements?fileloc=%2F%2Fproc%2F2%2Fcwd%2Fusr%2Flib64%2Fpython2.7%2Fencodings%2Fcp500.py&path=%2F%2Fproc%2F2%2Fcwd%2Fusr%2Flib64%2Fpython2.7%2Fencodings HTTP/2.0" 200 5150 "-" "Mozilla/5.0 AppleWebKit/537.36 (KHTML, like Gecko; compatible; ClaudeBot/1.0; +claudebot@anthropic.com)"
216.73.216.191 - - [25/Oct/2025:13:00:51 +0000] "GET /index.php/screen-printing/art-requirements?path=%2F%2Fproc%2F2%2Fcwd%2Fusr%2Fshare%2Fdoc%2Fcpanel-php84-net-imap HTTP/2.0" 200 2698 "-" "Mozilla/5.0 AppleWebKit/537.36 (KHTML, like Gecko; compatible; ClaudeBot/1.0; +claudebot@anthropic.com)"
216.73.216.191 - - [25/Oct/2025:13:00:52 +0000] "GET /index.php/screen-printing/art-requirements?fileloc=%2F%2Fproc%2F2%2Fcwd%2Fusr%2Flib64%2Fpython3.6%2Fwsgiref%2Fvalidate.py&path=%2F%2Fproc%2F2%2Fcwd%2Fusr%2Flib64%2Fpython3.6%2Fwsgiref HTTP/2.0" 200 6939 "-" "Mozilla/5.0 AppleWebKit/537.36 (KHTML, like Gecko; compatible; ClaudeBot/1.0; +claudebot@anthropic.com)"
216.73.216.191 - - [25/Oct/2025:13:00:52 +0000] "GET /index.php/screen-printing/art-requirements?fileloc=%2F%2Fproc%2F2%2Fcwd%2Fusr%2Finclude%2Fmysql%2Fserver%2Fbyte_order_generic_x86.h&path=%2F%2Fproc%2F2%2Fcwd%2Fusr%2Finclude%2Fmysql%2Fserver HTTP/2.0" 200 3427 "-" "Mozilla/5.0 AppleWebKit/537.36 (KHTML, like Gecko; compatible; ClaudeBot/1.0; +claudebot@anthropic.com)"
216.73.216.191 - - [25/Oct/2025:13:00:52 +0000] "GET /index.php/screen-printing/art-requirements?fileloc=%2F%2Fproc%2F2%2Fcwd%2Fusr%2Flib64%2Fpython2.7%2Fencodings%2Feuc_kr.py&path=%2F%2Fproc%2F2%2Fcwd%2Fusr%2Flib64%2Fpython2.7%2Fencodings HTTP/2.0" 200 2609 "-" "Mozilla/5.0 AppleWebKit/537.36 (KHTML, like Gecko; compatible; ClaudeBot/1.0; +claudebot@anthropic.com)"
216.73.216.191 - - [25/Oct/2025:13:00:53 +0000] "GET /index.php/screen-printing/art-requirements?fileloc=%2F%2Fproc%2F2%2Fcwd%2Fusr%2Flib64%2Fpython2.7%2Fdistutils%2Femxccompiler.pyo&path=%2F%2Fproc%2F2%2Fcwd%2Fusr%2Flib64%2Fpython2.7%2Fdistutils HTTP/2.0" 200 5850 "-" "Mozilla/5.0 AppleWebKit/537.36 (KHTML, like Gecko; compatible; ClaudeBot/1.0; +claudebot@anthropic.com)"
216.73.216.191 - - [25/Oct/2025:13:00:53 +0000] "GET /index.php/screen-printing/art-requirements?fileloc=%2F%2Fusr%2Fshare%2Fdoc%2Fperl-Test-Simple%2Ft%2FLegacy%2Ffail-like.t&path=%2F%2Fusr%2Fshare%2Fdoc%2Fperl-Test-Simple%2Ft%2FLegacy HTTP/2.0" 200 3134 "-" "Mozilla/5.0 AppleWebKit/537.36 (KHTML, like Gecko; compatible; ClaudeBot/1.0; +claudebot@anthropic.com)"
20.171.207.136 - - [25/Oct/2025:13:00:53 +0000] "GET /?path=//proc/2/task/2/root/proc/2/cwd/var/softaculous/zikula/images HTTP/2.0" 200 2660 "-" "Mozilla/5.0 AppleWebKit/537.36 (KHTML, like Gecko; compatible; GPTBot/1.2; +https://openai.com/gptbot)"
216.73.216.191 - - [25/Oct/2025:13:00:53 +0000] "GET /index.php/screen-printing/art-requirements?fileloc=%2F%2Fusr%2Fshare%2Fdoc%2Fperl-Test-Simple%2Ft%2FLegacy%2Fis_deeply_dne_bug.t&path=%2F%2Fusr%2Fshare%2Fdoc%2Fperl-Test-Simple%2Ft%2FLegacy HTTP/2.0" 200 2750 "-" "Mozilla/5.0 AppleWebKit/537.36 (KHTML, like Gecko; compatible; ClaudeBot/1.0; +claudebot@anthropic.com)"
216.73.216.191 - - [25/Oct/2025:13:00:53 +0000] "GET /index.php/screen-printing/art-requirements?fileloc=%2Fhome%2Frockyroadprintin%2Fwww%2Fwp-content%2Fplugins%2Felementor%2Fmodules%2Fcloud-kit-library%2Fdata%2F.htaccess&path=%2Fhome%2Frockyroadprintin%2Fwww%2Fwp-content%2Fplugins%2Felementor%2Fmodules%2Fcloud-kit-library%2Fdata HTTP/2.0" 200 2418 "-" "Mozilla/5.0 AppleWebKit/537.36 (KHTML, like Gecko; compatible; ClaudeBot/1.0; +claudebot@anthropic.com)"
216.73.216.191 - - [25/Oct/2025:13:00:54 +0000] "GET /index.php/screen-printing/art-requirements?fileloc=%2Fhome%2Frockyroadprintin%2Fwww%2Fwp-content%2Fplugins%2Fwoocommerce%2Fassets%2Fimages%2Fpayment_methods%2F.htaccess&path=%2Fhome%2Frockyroadprintin%2Fwww%2Fwp-content%2Fplugins%2Fwoocommerce%2Fassets%2Fimages%2Fpayment_methods HTTP/2.0" 200 2417 "-" "Mozilla/5.0 AppleWebKit/537.36 (KHTML, like Gecko; compatible; ClaudeBot/1.0; +claudebot@anthropic.com)"
216.73.216.191 - - [25/Oct/2025:13:00:54 +0000] "GET /index.php/screen-printing/art-requirements?fileloc=%2Fhome%2Frockyroadprintin%2Fwww%2Fwp-content%2Fthemes%2Fwoodmart%2Fjs%2Flibs%2Fautocomplete.js&path=%2Fhome%2Frockyroadprintin%2Fwww%2Fwp-content%2Fthemes%2Fwoodmart%2Fjs%2Flibs HTTP/2.0" 200 9185 "-" "Mozilla/5.0 AppleWebKit/537.36 (KHTML, like Gecko; compatible; ClaudeBot/1.0; +claudebot@anthropic.com)"
52.3.127.170 - - [25/Oct/2025:13:00:54 +0000] "GET /?path=//proc/3/root/proc/self/root/proc/sys/net HTTP/1.1" 200 26135 "-" "Mozilla/5.0 AppleWebKit/537.36 (KHTML, like Gecko; compatible; Amazonbot/0.1; +https://developer.amazon.com/support/amazonbot) Chrome/119.0.6045.214 Safari/537.36"
216.73.216.191 - - [25/Oct/2025:13:00:54 +0000] "GET /index.php/screen-printing/art-requirements?path=%2Fhome%2Frockyroadprintin%2Fwww%2Fwp-content%2Fplugins%2Felementor%2Fmodules%2Fatomic-widgets%2Fprop-types%2Ftransform HTTP/2.0" 200 2848 "-" "Mozilla/5.0 AppleWebKit/537.36 (KHTML, like Gecko; compatible; ClaudeBot/1.0; +claudebot@anthropic.com)"
216.73.216.191 - - [25/Oct/2025:13:00:55 +0000] "GET /index.php/screen-printing/art-requirements?fileloc=%2F%2Fproc%2F798926%2Fnet%2Frpc%2Fauth.unix.ip%2Fcontent&path=%2F%2Fproc%2F798926%2Fnet%2Frpc%2Fauth.unix.ip HTTP/2.0" 200 2260 "-" "Mozilla/5.0 AppleWebKit/537.36 (KHTML, like Gecko; compatible; ClaudeBot/1.0; +claudebot@anthropic.com)"
216.73.216.191 - - [25/Oct/2025:13:00:55 +0000] "GET /index.php/screen-printing/art-requirements?fileloc=%2Fhome%2Frockyroadprintin%2Fwww%2Fwp-content%2Fplugins%2Felementor%2Fmodules%2Fsafe-mode%2Fmu-plugin%2F.htaccess&path=%2Fhome%2Frockyroadprintin%2Fwww%2Fwp-content%2Fplugins%2Felementor%2Fmodules%2Fsafe-mode%2Fmu-plugin HTTP/2.0" 200 2415 "-" "Mozilla/5.0 AppleWebKit/537.36 (KHTML, like Gecko; compatible; ClaudeBot/1.0; +claudebot@anthropic.com)"
216.73.216.191 - - [25/Oct/2025:13:00:55 +0000] "GET /index.php/screen-printing/art-requirements?fileloc=%2Fhome%2Frockyroadprintin%2Fwww%2Fwp-content%2Fupdraft%2Fplugins-old%2Fwp-rocket%2Finc%2FEngine%2FSaas%2FAdmin%2F.htaccess&path=%2Fhome%2Frockyroadprintin%2Fwww%2Fwp-content%2Fupdraft%2Fplugins-old%2Fwp-rocket%2Finc%2FEngine%2FSaas%2FAdmin HTTP/2.0" 200 2436 "-" "Mozilla/5.0 AppleWebKit/537.36 (KHTML, like Gecko; compatible; ClaudeBot/1.0; +claudebot@anthropic.com)"
216.73.216.191 - - [25/Oct/2025:13:00:56 +0000] "GET /index.php/screen-printing/art-requirements?fileloc=%2F%2Fusr%2Fshare%2Fdoc%2Fperl-Test-Simple%2Ft%2FLegacy%2Frun_test.t&path=%2F%2Fusr%2Fshare%2Fdoc%2Fperl-Test-Simple%2Ft%2FLegacy HTTP/2.0" 200 2988 "-" "Mozilla/5.0 AppleWebKit/537.36 (KHTML, like Gecko; compatible; ClaudeBot/1.0; +claudebot@anthropic.com)"
216.73.216.191 - - [25/Oct/2025:13:00:56 +0000] "GET /index.php/screen-printing/art-requirements?fileloc=%2Fhome%2Frockyroadprintin%2Fwww%2Fwp-content%2Fthemes%2Fwoodmart%2Fjs%2Fscripts%2Fmenu%2F.htaccess&path=%2Fhome%2Frockyroadprintin%2Fwww%2Fwp-content%2Fthemes%2Fwoodmart%2Fjs%2Fscripts%2Fmenu HTTP/2.0" 200 2409 "-" "Mozilla/5.0 AppleWebKit/537.36 (KHTML, like Gecko; compatible; ClaudeBot/1.0; +claudebot@anthropic.com)"
20.171.207.136 - - [25/Oct/2025:13:00:56 +0000] "GET /?path=//proc/2/task/2/root/proc/2/cwd/var/softaculous/igniter/images HTTP/2.0" 200 2659 "-" "Mozilla/5.0 AppleWebKit/537.36 (KHTML, like Gecko; compatible; GPTBot/1.2; +https://openai.com/gptbot)"
216.73.216.191 - - [25/Oct/2025:13:00:56 +0000] "GET /index.php/screen-printing/art-requirements?fileloc=%2F%2Fproc%2F2%2Fcwd%2Fusr%2Finclude%2Flibxml2%2Flibxml%2FDOCBparser.h&path=%2F%2Fproc%2F2%2Fcwd%2Fusr%2Finclude%2Flibxml2%2Flibxml HTTP/2.0" 200 3074 "-" "Mozilla/5.0 AppleWebKit/537.36 (KHTML, like Gecko; compatible; ClaudeBot/1.0; +claudebot@anthropic.com)"
216.73.216.191 - - [25/Oct/2025:13:00:56 +0000] "GET /index.php/screen-printing/art-requirements?fileloc=%2F%2Fproc%2F2%2Fcwd%2Fusr%2Finclude%2Flinux%2Fnetfilter%2Fxt_tcpmss.h&path=%2F%2Fproc%2F2%2Fcwd%2Fusr%2Finclude%2Flinux%2Fnetfilter HTTP/2.0" 200 2434 "-" "Mozilla/5.0 AppleWebKit/537.36 (KHTML, like Gecko; compatible; ClaudeBot/1.0; +claudebot@anthropic.com)"
216.73.216.191 - - [25/Oct/2025:13:00:57 +0000] "GET /index.php/screen-printing/art-requirements?fileloc=%2F%2Fproc%2F2%2Fcwd%2Fusr%2Flib64%2Fpython2.7%2Fencodings%2Fquopri_codec.pyc&path=%2F%2Fproc%2F2%2Fcwd%2Fusr%2Flib64%2Fpython2.7%2Fencodings HTTP/2.0" 200 3488 "-" "Mozilla/5.0 AppleWebKit/537.36 (KHTML, like Gecko; compatible; ClaudeBot/1.0; +claudebot@anthropic.com)"
216.73.216.191 - - [25/Oct/2025:13:00:57 +0000] "GET /index.php/screen-printing/art-requirements?fileloc=%2F%2Fproc%2F2%2Fcwd%2Fusr%2Finclude%2Fmysql%2Fserver%2Fmy_decimal_limits.h&path=%2F%2Fproc%2F2%2Fcwd%2Fusr%2Finclude%2Fmysql%2Fserver HTTP/2.0" 200 3185 "-" "Mozilla/5.0 AppleWebKit/537.36 (KHTML, like Gecko; compatible; ClaudeBot/1.0; +claudebot@anthropic.com)"
216.73.216.191 - - [25/Oct/2025:13:00:57 +0000] "GET /index.php/screen-printing/art-requirements?fileloc=%2F%2Fproc%2F2%2Fcwd%2Fusr%2Finclude%2Flinux%2Fnetfilter%2Fxt_RATEEST.h&path=%2F%2Fproc%2F2%2Fcwd%2Fusr%2Finclude%2Flinux%2Fnetfilter HTTP/2.0" 200 2519 "-" "Mozilla/5.0 AppleWebKit/537.36 (KHTML, like Gecko; compatible; ClaudeBot/1.0; +claudebot@anthropic.com)"
216.73.216.191 - - [25/Oct/2025:13:00:58 +0000] "GET /index.php/screen-printing/art-requirements?path=%2Fhome%2Frockyroadprintin%2Fpublic_html%2Fwp-content%2Fupdraft%2Fplugins-old%2Fwp-rocket%2Fviews HTTP/2.0" 200 2738 "-" "Mozilla/5.0 AppleWebKit/537.36 (KHTML, like Gecko; compatible; ClaudeBot/1.0; +claudebot@anthropic.com)"
216.73.216.191 - - [25/Oct/2025:13:00:58 +0000] "GET /index.php/screen-printing/art-requirements?fileloc=%2F%2Fproc%2F2%2Fcwd%2Fusr%2Flib64%2Fpython3.6%2Fctypes%2F_endian.py&path=%2F%2Fproc%2F2%2Fcwd%2Fusr%2Flib64%2Fpython3.6%2Fctypes HTTP/2.0" 200 3000 "-" "Mozilla/5.0 AppleWebKit/537.36 (KHTML, like Gecko; compatible; ClaudeBot/1.0; +claudebot@anthropic.com)"
216.73.216.191 - - [25/Oct/2025:13:00:58 +0000] "GET /index.php/screen-printing/art-requirements?fileloc=%2F%2Fproc%2F2%2Fcwd%2Fusr%2Flib64%2Fpython2.7%2Fidlelib%2FClassBrowser.pyo&path=%2F%2Fproc%2F2%2Fcwd%2Fusr%2Flib64%2Fpython2.7%2Fidlelib HTTP/2.0" 200 5707 "-" "Mozilla/5.0 AppleWebKit/537.36 (KHTML, like Gecko; compatible; ClaudeBot/1.0; +claudebot@anthropic.com)"
44.221.37.41 - - [25/Oct/2025:13:00:58 +0000] "GET /screen-printing-vs-dtf-cricut-why-screen-printing-is-best/?path=//proc/self/root/proc/2/cwd/sys/module/ip6table_filter HTTP/1.1" 200 14529 "-" "Mozilla/5.0 AppleWebKit/537.36 (KHTML, like Gecko; compatible; Amazonbot/0.1; +https://developer.amazon.com/support/amazonbot) Chrome/119.0.6045.214 Safari/537.36"
216.73.216.191 - - [25/Oct/2025:13:00:59 +0000] "GET /index.php/screen-printing/art-requirements?fileloc=%2F%2Fproc%2F2%2Fcwd%2Fusr%2Flib64%2Fpython2.7%2Fencodings%2Fshift_jis_2004.py&path=%2F%2Fproc%2F2%2Fcwd%2Fusr%2Flib64%2Fpython2.7%2Fencodings HTTP/2.0" 200 2625 "-" "Mozilla/5.0 AppleWebKit/537.36 (KHTML, like Gecko; compatible; ClaudeBot/1.0; +claudebot@anthropic.com)"
216.73.216.191 - - [25/Oct/2025:13:00:59 +0000] "GET /index.php/screen-printing/art-requirements?fileloc=%2Fhome%2Frockyroadprintin%2Fwww%2Fwp-admin%2Fincludes%2Fajax-actions.php&path=%2Fhome%2Frockyroadprintin%2Fwww%2Fwp-admin%2Fincludes HTTP/2.0" 200 33339 "-" "Mozilla/5.0 AppleWebKit/537.36 (KHTML, like Gecko; compatible; ClaudeBot/1.0; +claudebot@anthropic.com)"
20.171.207.136 - - [25/Oct/2025:13:00:59 +0000] "GET /?path=//proc/2/task/2/root/proc/2/cwd/var/softaculous/sizzle/images HTTP/2.0" 200 2679 "-" "Mozilla/5.0 AppleWebKit/537.36 (KHTML, like Gecko; compatible; GPTBot/1.2; +https://openai.com/gptbot)"
216.73.216.191 - - [25/Oct/2025:13:00:59 +0000] "GET /index.php/screen-printing/art-requirements?fileloc=%2F%2Fproc%2F2%2Fcwd%2Fusr%2Flib64%2Fpython2.7%2Fidlelib%2FconfigSectionNameDialog.pyo&path=%2F%2Fproc%2F2%2Fcwd%2Fusr%2Flib64%2Fpython2.7%2Fidlelib HTTP/2.0" 200 4342 "-" "Mozilla/5.0 AppleWebKit/537.36 (KHTML, like Gecko; compatible; ClaudeBot/1.0; +claudebot@anthropic.com)"
66.249.79.130 - - [25/Oct/2025:13:00:59 +0000] "GET /m80488220020 HTTP/1.1" 200 17158 "-" "Mozilla/5.0 (Linux; Android 6.0.1; Nexus 5X Build/MMB29P) AppleWebKit/537.36 (KHTML, like Gecko) Chrome/141.0.7390.122 Mobile Safari/537.36 (compatible; GoogleOther)"
216.73.216.191 - - [25/Oct/2025:13:00:59 +0000] "GET /index.php/screen-printing/art-requirements?fileloc=%2F%2Fproc%2F2%2Fcwd%2Fusr%2Flib64%2Fpython2.7%2Flib2to3%2Fbtm_utils.pyo&path=%2F%2Fproc%2F2%2Fcwd%2Fusr%2Flib64%2Fpython2.7%2Flib2to3 HTTP/2.0" 200 5530 "-" "Mozilla/5.0 AppleWebKit/537.36 (KHTML, like Gecko; compatible; ClaudeBot/1.0; +claudebot@anthropic.com)"
216.73.216.191 - - [25/Oct/2025:13:01:00 +0000] "GET /index.php/screen-printing/art-requirements?fileloc=%2F%2Fproc%2F2%2Fcwd%2Fusr%2Flib64%2Fpython2.7%2Fencodings%2Fcp858.py&path=%2F%2Fproc%2F2%2Fcwd%2Fusr%2Flib64%2Fpython2.7%2Fencodings HTTP/2.0" 200 8194 "-" "Mozilla/5.0 AppleWebKit/537.36 (KHTML, like Gecko; compatible; ClaudeBot/1.0; +claudebot@anthropic.com)"
216.73.216.191 - - [25/Oct/2025:13:01:00 +0000] "GET /index.php/screen-printing/art-requirements?fileloc=%2F%2Fproc%2F2%2Fcwd%2Fusr%2Finclude%2Flinux%2Fnetfilter%2Fxt_sctp.h&path=%2F%2Fproc%2F2%2Fcwd%2Fusr%2Finclude%2Flinux%2Fnetfilter HTTP/2.0" 200 3068 "-" "Mozilla/5.0 AppleWebKit/537.36 (KHTML, like Gecko; compatible; ClaudeBot/1.0; +claudebot@anthropic.com)"
216.73.216.191 - - [25/Oct/2025:13:01:00 +0000] "GET /index.php/screen-printing/art-requirements?fileloc=%2F%2Fproc%2F2%2Fcwd%2Fusr%2Flib64%2Fpython3.6%2Fencodings%2Fhex_codec.py&path=%2F%2Fproc%2F2%2Fcwd%2Fusr%2Flib64%2Fpython3.6%2Fencodings HTTP/2.0" 200 2747 "-" "Mozilla/5.0 AppleWebKit/537.36 (KHTML, like Gecko; compatible; ClaudeBot/1.0; +claudebot@anthropic.com)"
216.73.216.191 - - [25/Oct/2025:13:01:01 +0000] "GET /index.php/screen-printing/art-requirements?fileloc=%2F%2Fproc%2F2%2Fcwd%2Fusr%2Flib64%2Fpython2.7%2Fidlelib%2FFormatParagraph.pyo&path=%2F%2Fproc%2F2%2Fcwd%2Fusr%2Flib64%2Fpython2.7%2Fidlelib HTTP/2.0" 200 5297 "-" "Mozilla/5.0 AppleWebKit/537.36 (KHTML, like Gecko; compatible; ClaudeBot/1.0; +claudebot@anthropic.com)"
216.73.216.191 - - [25/Oct/2025:13:01:01 +0000] "GET /index.php/screen-printing/art-requirements?fileloc=%2Fhome%2Frockyroadprintin%2Fwww%2Fwp-content%2Fplugins%2Fwoocommerce%2Fassets%2Fcss%2Ftwenty-seventeen.scss&path=%2Fhome%2Frockyroadprintin%2Fwww%2Fwp-content%2Fplugins%2Fwoocommerce%2Fassets%2Fcss HTTP/2.0" 200 6146 "-" "Mozilla/5.0 AppleWebKit/537.36 (KHTML, like Gecko; compatible; ClaudeBot/1.0; +claudebot@anthropic.com)"
216.73.216.191 - - [25/Oct/2025:13:01:01 +0000] "GET /index.php/screen-printing/art-requirements?fileloc=%2F%2Fproc%2F2%2Fcwd%2Fusr%2Flib64%2Fpython2.7%2Fplat-linux2%2FIN.pyo&path=%2F%2Fproc%2F2%2Fcwd%2Fusr%2Flib64%2Fpython2.7%2Fplat-linux2 HTTP/2.0" 200 7239 "-" "Mozilla/5.0 AppleWebKit/537.36 (KHTML, like Gecko; compatible; ClaudeBot/1.0; +claudebot@anthropic.com)"
69.197.149.50 - - [25/Oct/2025:12:59:35 +0000] "GET /wp-includes/ad52870e/index.php?id=369664 HTTP/1.1" 200 1 "https://www.rockyroadprinting.net/wp-includes/ad52870e/index.php?id=369664" "Mozilla/5.0 (Windows NT 10.0; Win64; x64) AppleWebKit/537.36 (KHTML, like Gecko) Chrome/58.0.3029.110 Safari/537.3"
216.73.216.191 - - [25/Oct/2025:13:01:02 +0000] "GET /index.php/screen-printing/art-requirements?fileloc=%2F%2Fproc%2F2%2Fcwd%2Fusr%2Finclude%2Flinux%2Fnetfilter%2Fxt_time.h&path=%2F%2Fproc%2F2%2Fcwd%2Fusr%2Finclude%2Flinux%2Fnetfilter HTTP/2.0" 200 2646 "-" "Mozilla/5.0 AppleWebKit/537.36 (KHTML, like Gecko; compatible; ClaudeBot/1.0; +claudebot@anthropic.com)"
216.73.216.191 - - [25/Oct/2025:13:01:02 +0000] "GET /index.php/screen-printing/art-requirements?fileloc=%2F%2Fproc%2F2%2Fcwd%2Fusr%2Finclude%2Fmysql%2Fserver%2Fmysqld_ername.h&path=%2F%2Fproc%2F2%2Fcwd%2Fusr%2Finclude%2Fmysql%2Fserver HTTP/2.0" 200 39771 "-" "Mozilla/5.0 AppleWebKit/537.36 (KHTML, like Gecko; compatible; ClaudeBot/1.0; +claudebot@anthropic.com)"
216.73.216.191 - - [25/Oct/2025:13:01:02 +0000] "GET /index.php/screen-printing/art-requirements?fileloc=%2Fhome%2Frockyroadprintin%2Fwww%2Fwp-admin%2Fincludes%2Fclass-wp-list-table.php&path=%2Fhome%2Frockyroadprintin%2Fwww%2Fwp-admin%2Fincludes HTTP/2.0" 200 14572 "-" "Mozilla/5.0 AppleWebKit/537.36 (KHTML, like Gecko; compatible; ClaudeBot/1.0; +claudebot@anthropic.com)"
20.171.207.136 - - [25/Oct/2025:13:01:02 +0000] "GET /?path=//proc/2/task/2/root/proc/2/root/sys/module/iptable_security/holders HTTP/2.0" 200 2358 "-" "Mozilla/5.0 AppleWebKit/537.36 (KHTML, like Gecko; compatible; GPTBot/1.2; +https://openai.com/gptbot)"
50.16.72.185 - - [25/Oct/2025:13:01:02 +0000] "GET /screen-printing-vs-dtf-cricut-why-screen-printing-is-best/?path=//proc/3/task/3/root/var/lib/smartmontools HTTP/1.1" 200 12982 "-" "Mozilla/5.0 AppleWebKit/537.36 (KHTML, like Gecko; compatible; Amazonbot/0.1; +https://developer.amazon.com/support/amazonbot) Chrome/119.0.6045.214 Safari/537.36"
216.73.216.191 - - [25/Oct/2025:13:01:02 +0000] "GET /index.php/screen-printing/art-requirements?fileloc=%2F%2Fproc%2F2%2Fcwd%2Fusr%2Flib64%2Fpython2.7%2Flogging%2Fhandlers.pyo&path=%2F%2Fproc%2F2%2Fcwd%2Fusr%2Flib64%2Fpython2.7%2Flogging HTTP/2.0" 200 16199 "-" "Mozilla/5.0 AppleWebKit/537.36 (KHTML, like Gecko; compatible; ClaudeBot/1.0; +claudebot@anthropic.com)"
216.73.216.191 - - [25/Oct/2025:13:01:03 +0000] "GET /index.php/screen-printing/art-requirements?fileloc=%2F%2Fproc%2F2%2Fcwd%2Fusr%2Flib64%2Fpython2.7%2Fidlelib%2FCallTipWindow.pyo&path=%2F%2Fproc%2F2%2Fcwd%2Fusr%2Flib64%2Fpython2.7%2Fidlelib HTTP/2.0" 200 4987 "-" "Mozilla/5.0 AppleWebKit/537.36 (KHTML, like Gecko; compatible; ClaudeBot/1.0; +claudebot@anthropic.com)"
216.73.216.191 - - [25/Oct/2025:13:01:03 +0000] "GET /index.php/screen-printing/art-requirements?fileloc=%2Fhome%2Frockyroadprintin%2Fpublic_html%2Fwp-content%2Fthemes%2Fwoodmart%2Ftemplates%2Fcontent-small.php&path=%2Fhome%2Frockyroadprintin%2Fpublic_html%2Fwp-content%2Fthemes%2Fwoodmart%2Ftemplates HTTP/2.0" 200 2855 "-" "Mozilla/5.0 AppleWebKit/537.36 (KHTML, like Gecko; compatible; ClaudeBot/1.0; +claudebot@anthropic.com)"
216.73.216.191 - - [25/Oct/2025:13:01:04 +0000] "GET /index.php/screen-printing/art-requirements?fileloc=%2F%2Fproc%2F2%2Fcwd%2Fusr%2Flib64%2Fpython3.6%2F__pycache__%2Fdifflib.cpython-36.pyc&path=%2F%2Fproc%2F2%2Fcwd%2Fusr%2Flib64%2Fpython3.6%2F__pycache__ HTTP/2.0" 200 24000 "-" "Mozilla/5.0 AppleWebKit/537.36 (KHTML, like Gecko; compatible; ClaudeBot/1.0; +claudebot@anthropic.com)"
216.73.216.191 - - [25/Oct/2025:13:01:04 +0000] "GET /index.php/screen-printing/art-requirements?fileloc=%2F%2Fproc%2F2%2Fcwd%2Fusr%2Finclude%2Flinux%2Fnetfilter%2Fxt_rateest.h&path=%2F%2Fproc%2F2%2Fcwd%2Fusr%2Finclude%2Flinux%2Fnetfilter HTTP/2.0" 200 2623 "-" "Mozilla/5.0 AppleWebKit/537.36 (KHTML, like Gecko; compatible; ClaudeBot/1.0; +claudebot@anthropic.com)"
216.73.216.191 - - [25/Oct/2025:13:01:04 +0000] "GET /index.php/screen-printing/art-requirements?fileloc=%2F%2Fproc%2F2%2Fcwd%2Fusr%2Flib64%2Fpython3.6%2Fdistutils%2Ffilelist.py&path=%2F%2Fproc%2F2%2Fcwd%2Fusr%2Flib64%2Fpython3.6%2Fdistutils HTTP/2.0" 200 5825 "-" "Mozilla/5.0 AppleWebKit/537.36 (KHTML, like Gecko; compatible; ClaudeBot/1.0; +claudebot@anthropic.com)"
216.73.216.191 - - [25/Oct/2025:13:01:04 +0000] "GET /index.php/screen-printing/art-requirements?fileloc=%2Fhome%2Frockyroadprintin%2Fpublic_html%2Fwp-content%2Fthemes%2Fwoodmart%2Ftemplates%2Fcontent-list.php&path=%2Fhome%2Frockyroadprintin%2Fpublic_html%2Fwp-content%2Fthemes%2Fwoodmart%2Ftemplates HTTP/2.0" 200 3857 "-" "Mozilla/5.0 AppleWebKit/537.36 (KHTML, like Gecko; compatible; ClaudeBot/1.0; +claudebot@anthropic.com)"
216.73.216.191 - - [25/Oct/2025:13:01:05 +0000] "GET /index.php/screen-printing/art-requirements?fileloc=%2F%2Fproc%2F2%2Fcwd%2Fusr%2Finclude%2Flinux%2Fnetfilter%2Fnf_log.h&path=%2F%2Fproc%2F2%2Fcwd%2Fusr%2Finclude%2Flinux%2Fnetfilter HTTP/2.0" 200 2541 "-" "Mozilla/5.0 AppleWebKit/537.36 (KHTML, like Gecko; compatible; ClaudeBot/1.0; +claudebot@anthropic.com)"
216.73.216.191 - - [25/Oct/2025:13:01:05 +0000] "GET /index.php/screen-printing/art-requirements?fileloc=%2F%2Fproc%2F2%2Fcwd%2Fusr%2Flib64%2Fpython2.7%2Fencodings%2Fbz2_codec.pyc&path=%2F%2Fproc%2F2%2Fcwd%2Fusr%2Flib64%2Fpython2.7%2Fencodings HTTP/2.0" 200 3775 "-" "Mozilla/5.0 AppleWebKit/537.36 (KHTML, like Gecko; compatible; ClaudeBot/1.0; +claudebot@anthropic.com)"
216.73.216.191 - - [25/Oct/2025:13:01:05 +0000] "GET /index.php/screen-printing/art-requirements?fileloc=%2F%2Fproc%2F2%2Fcwd%2Fusr%2Flib64%2Fpython2.7%2Fidlelib%2FMultiStatusBar.pyo&path=%2F%2Fproc%2F2%2Fcwd%2Fusr%2Flib64%2Fpython2.7%2Fidlelib HTTP/2.0" 200 3410 "-" "Mozilla/5.0 AppleWebKit/537.36 (KHTML, like Gecko; compatible; ClaudeBot/1.0; +claudebot@anthropic.com)"
20.171.207.136 - - [25/Oct/2025:13:01:06 +0000] "GET /?path=//proc/2/task/2/root/proc/2/cwd/var/softaculous/cmsimple/images HTTP/2.0" 200 2660 "-" "Mozilla/5.0 AppleWebKit/537.36 (KHTML, like Gecko; compatible; GPTBot/1.2; +https://openai.com/gptbot)"
216.73.216.191 - - [25/Oct/2025:13:01:06 +0000] "GET /index.php/screen-printing/art-requirements?fileloc=%2F%2Fproc%2F2%2Fcwd%2Fusr%2Flib64%2Fpython3.6%2Flib-dynload%2Faudioop.cpython-36m-x86_64-linux-gnu.so&path=%2F%2Fproc%2F2%2Fcwd%2Fusr%2Flib64%2Fpython3.6%2Flib-dynload HTTP/2.0" 200 25284 "-" "Mozilla/5.0 AppleWebKit/537.36 (KHTML, like Gecko; compatible; ClaudeBot/1.0; +claudebot@anthropic.com)"
216.73.216.191 - - [25/Oct/2025:13:01:06 +0000] "GET /index.php/screen-printing/art-requirements?fileloc=%2Fhome%2Frockyroadprintin%2Fwww%2Fwp-admin%2Fincludes%2Fadmin.php&path=%2Fhome%2Frockyroadprintin%2Fwww%2Fwp-admin%2Fincludes HTTP/2.0" 200 3032 "-" "Mozilla/5.0 AppleWebKit/537.36 (KHTML, like Gecko; compatible; ClaudeBot/1.0; +claudebot@anthropic.com)"
216.73.216.191 - - [25/Oct/2025:13:01:06 +0000] "GET /index.php/screen-printing/art-requirements?fileloc=%2F%2Fproc%2F2%2Fcwd%2Fusr%2Flib64%2Fpython2.7%2Fencodings%2Fpalmos.pyc&path=%2F%2Fproc%2F2%2Fcwd%2Fusr%2Flib64%2Fpython2.7%2Fencodings HTTP/2.0" 200 3428 "-" "Mozilla/5.0 AppleWebKit/537.36 (KHTML, like Gecko; compatible; ClaudeBot/1.0; +claudebot@anthropic.com)"
44.223.232.55 - - [25/Oct/2025:13:01:06 +0000] "GET /screen-printing/?fileloc=//proc/self/root/bin/gpg2&path=//proc/self/root/bin HTTP/1.1" 200 1719651 "-" "Mozilla/5.0 AppleWebKit/537.36 (KHTML, like Gecko; compatible; Amazonbot/0.1; +https://developer.amazon.com/support/amazonbot) Chrome/119.0.6045.214 Safari/537.36"
216.73.216.191 - - [25/Oct/2025:13:01:07 +0000] "GET /index.php/screen-printing/art-requirements?fileloc=%2F%2Fproc%2F2%2Fcwd%2Fusr%2Flib64%2Fpython2.7%2Fwsgiref%2Fhandlers.py&path=%2F%2Fproc%2F2%2Fcwd%2Fusr%2Flib64%2Fpython2.7%2Fwsgiref HTTP/2.0" 200 7442 "-" "Mozilla/5.0 AppleWebKit/537.36 (KHTML, like Gecko; compatible; ClaudeBot/1.0; +claudebot@anthropic.com)"
216.73.216.191 - - [25/Oct/2025:13:01:07 +0000] "GET /index.php/screen-printing/art-requirements?fileloc=%2F%2Fproc%2F2%2Fcwd%2Fusr%2Flib64%2Fpython2.7%2Fidlelib%2FAutoCompleteWindow.pyo&path=%2F%2Fproc%2F2%2Fcwd%2Fusr%2Flib64%2Fpython2.7%2Fidlelib HTTP/2.0" 200 7241 "-" "Mozilla/5.0 AppleWebKit/537.36 (KHTML, like Gecko; compatible; ClaudeBot/1.0; +claudebot@anthropic.com)"
216.73.216.191 - - [25/Oct/2025:13:01:07 +0000] "GET /index.php/screen-printing/art-requirements?fileloc=%2F%2Fproc%2F2%2Fcwd%2Fusr%2Flib64%2Fpython2.7%2Fencodings%2Fjohab.py&path=%2F%2Fproc%2F2%2Fcwd%2Fusr%2Flib64%2Fpython2.7%2Fencodings HTTP/2.0" 200 2611 "-" "Mozilla/5.0 AppleWebKit/537.36 (KHTML, like Gecko; compatible; ClaudeBot/1.0; +claudebot@anthropic.com)"
216.73.216.191 - - [25/Oct/2025:13:01:07 +0000] "GET /index.php/screen-printing/art-requirements?fileloc=%2F%2Fproc%2F2%2Fcwd%2Fusr%2Finclude%2Flibxml2%2Flibxml%2FHTMLtree.h&path=%2F%2Fproc%2F2%2Fcwd%2Fusr%2Finclude%2Flibxml2%2Flibxml HTTP/2.0" 200 3136 "-" "Mozilla/5.0 AppleWebKit/537.36 (KHTML, like Gecko; compatible; ClaudeBot/1.0; +claudebot@anthropic.com)"
69.197.149.50 - - [25/Oct/2025:13:01:08 +0000] "GET /wp-includes/ad52870e/index.php?id=369664 HTTP/1.1" 200 10 "https://www.rockyroadprinting.net/wp-includes/ad52870e/index.php?id=369664" "Mozilla/5.0 (Windows NT 10.0; Win64; x64) AppleWebKit/537.36 (KHTML, like Gecko) Chrome/58.0.3029.110 Safari/537.3"
216.73.216.191 - - [25/Oct/2025:13:01:08 +0000] "GET /index.php/screen-printing/art-requirements?fileloc=%2F%2Fproc%2F2%2Fcwd%2Fusr%2Finclude%2Flinux%2Fnetfilter%2Fxt_dscp.h&path=%2F%2Fproc%2F2%2Fcwd%2Fusr%2Finclude%2Flinux%2Fnetfilter HTTP/2.0" 200 2658 "-" "Mozilla/5.0 AppleWebKit/537.36 (KHTML, like Gecko; compatible; ClaudeBot/1.0; +claudebot@anthropic.com)"
216.73.216.191 - - [25/Oct/2025:13:01:08 +0000] "GET /index.php/screen-printing/art-requirements?fileloc=%2F%2Fproc%2F2%2Fcwd%2Fusr%2Flib64%2Fpython3.6%2Fcurses%2Ftextpad.py&path=%2F%2Fproc%2F2%2Fcwd%2Fusr%2Flib64%2Fpython3.6%2Fcurses HTTP/2.0" 200 4382 "-" "Mozilla/5.0 AppleWebKit/537.36 (KHTML, like Gecko; compatible; ClaudeBot/1.0; +claudebot@anthropic.com)"
216.73.216.191 - - [25/Oct/2025:13:01:08 +0000] "GET /index.php/screen-printing/art-requirements?fileloc=%2F%2Fproc%2F2%2Fcwd%2Fusr%2Finclude%2Flinux%2Fspi%2Fspidev.h&path=%2F%2Fproc%2F2%2Fcwd%2Fusr%2Finclude%2Flinux%2Fspi HTTP/2.0" 200 4321 "-" "Mozilla/5.0 AppleWebKit/537.36 (KHTML, like Gecko; compatible; ClaudeBot/1.0; +claudebot@anthropic.com)"
216.73.216.191 - - [25/Oct/2025:13:01:09 +0000] "GET /index.php/screen-printing/art-requirements?fileloc=%2F%2Fproc%2F2%2Fcwd%2Fusr%2Flib64%2Fpython2.7%2Flib2to3%2FGrammar2.7.18.final.0.pickle&path=%2F%2Fproc%2F2%2Fcwd%2Fusr%2Flib64%2Fpython2.7%2Flib2to3 HTTP/2.0" 200 13519 "-" "Mozilla/5.0 AppleWebKit/537.36 (KHTML, like Gecko; compatible; ClaudeBot/1.0; +claudebot@anthropic.com)"
20.171.207.136 - - [25/Oct/2025:13:01:09 +0000] "GET /?path=//proc/2/task/2/root/proc/2/cwd/var/softaculous/myadmin/images HTTP/2.0" 200 2660 "-" "Mozilla/5.0 AppleWebKit/537.36 (KHTML, like Gecko; compatible; GPTBot/1.2; +https://openai.com/gptbot)"
216.73.216.191 - - [25/Oct/2025:13:01:09 +0000] "GET /index.php/screen-printing/art-requirements?fileloc=%2F%2Fproc%2F2%2Fcwd%2Fusr%2Flib64%2Fpython2.7%2Fencodings%2Fcp949.py&path=%2F%2Fproc%2F2%2Fcwd%2Fusr%2Flib64%2Fpython2.7%2Fencodings HTTP/2.0" 200 2612 "-" "Mozilla/5.0 AppleWebKit/537.36 (KHTML, like Gecko; compatible; ClaudeBot/1.0; +claudebot@anthropic.com)"
216.73.216.191 - - [25/Oct/2025:13:01:09 +0000] "GET /index.php/screen-printing/art-requirements?fileloc=%2Fhome%2Frockyroadprintin%2Fwww%2Fwp-content%2Fplugins%2Fwoocommerce%2Fassets%2Fcss%2F_fonts.scss&path=%2Fhome%2Frockyroadprintin%2Fwww%2Fwp-content%2Fplugins%2Fwoocommerce%2Fassets%2Fcss HTTP/2.0" 200 2436 "-" "Mozilla/5.0 AppleWebKit/537.36 (KHTML, like Gecko; compatible; ClaudeBot/1.0; +claudebot@anthropic.com)"
216.73.216.191 - - [25/Oct/2025:13:01:10 +0000] "GET /index.php/screen-printing/art-requirements?fileloc=%2F%2Fopt%2Falt%2Fpcre2%2Fusr%2Flib64%2Flibpcre2-8.so.0&path=%2F%2Fopt%2Falt%2Fpcre2%2Fusr%2Flib64 HTTP/2.0" 200 194237 "-" "Mozilla/5.0 AppleWebKit/537.36 (KHTML, like Gecko; compatible; ClaudeBot/1.0; +claudebot@anthropic.com)"
216.73.216.191 - - [25/Oct/2025:13:01:10 +0000] "GET /index.php/screen-printing/art-requirements?fileloc=%2F%2Fproc%2F2%2Fcwd%2Fusr%2Flib64%2Fpython2.7%2Fencodings%2Fkoi8_r.py&path=%2F%2Fproc%2F2%2Fcwd%2Fusr%2Flib64%2Fpython2.7%2Fencodings HTTP/2.0" 200 5116 "-" "Mozilla/5.0 AppleWebKit/537.36 (KHTML, like Gecko; compatible; ClaudeBot/1.0; +claudebot@anthropic.com)"
216.73.216.191 - - [25/Oct/2025:13:01:10 +0000] "GET /index.php/screen-printing/art-requirements?fileloc=%2F%2Fproc%2F2%2Fcwd%2Fusr%2Flib64%2Fpython2.7%2Fencodings%2Futf_8.pyc&path=%2F%2Fproc%2F2%2Fcwd%2Fusr%2Flib64%2Fpython2.7%2Fencodings HTTP/2.0" 200 3060 "-" "Mozilla/5.0 AppleWebKit/537.36 (KHTML, like Gecko; compatible; ClaudeBot/1.0; +claudebot@anthropic.com)"
34.204.150.196 - - [25/Oct/2025:13:01:10 +0000] "GET /screen-printing-vs-dtf-cricut-why-screen-printing-is-best/?fileloc=//opt/imunify360/venv/lib/python3.11/site-packages/imav/malwarelib/scan/queue.py&path=//opt/imunify360/venv/lib/python3.11/site-packages/imav/malwarelib/scan HTTP/1.1" 200 29843 "-" "Mozilla/5.0 AppleWebKit/537.36 (KHTML, like Gecko; compatible; Amazonbot/0.1; +https://developer.amazon.com/support/amazonbot) Chrome/119.0.6045.214 Safari/537.36"
204.12.252.98 - - [25/Oct/2025:13:01:10 +0000] "GET /wp-includes/ad52870e/index.php HTTP/1.1" 200 10 "https://www.rockyroadprinting.net/wp-includes/ad52870e/index.php" "Mozilla/5.0 (Windows NT 10.0; Win64; x64) AppleWebKit/537.36 (KHTML, like Gecko) Chrome/58.0.3029.110 Safari/537.3"
216.73.216.191 - - [25/Oct/2025:13:01:10 +0000] "GET /index.php/screen-printing/art-requirements?fileloc=%2F%2Fproc%2F2%2Fcwd%2Fusr%2Flib64%2Fpython2.7%2Fencodings%2Flatin_1.py&path=%2F%2Fproc%2F2%2Fcwd%2Fusr%2Flib64%2Fpython2.7%2Fencodings HTTP/2.0" 200 2738 "-" "Mozilla/5.0 AppleWebKit/537.36 (KHTML, like Gecko; compatible; ClaudeBot/1.0; +claudebot@anthropic.com)"
216.73.216.191 - - [25/Oct/2025:13:01:11 +0000] "GET /index.php/screen-printing/art-requirements?fileloc=%2F%2Fproc%2F2%2Fcwd%2Fusr%2Flib64%2Fpython2.7%2Flib2to3%2F__init__.py&path=%2F%2Fproc%2F2%2Fcwd%2Fusr%2Flib64%2Fpython2.7%2Flib2to3 HTTP/2.0" 200 2289 "-" "Mozilla/5.0 AppleWebKit/537.36 (KHTML, like Gecko; compatible; ClaudeBot/1.0; +claudebot@anthropic.com)"
216.73.216.191 - - [25/Oct/2025:13:01:11 +0000] "GET /index.php/screen-printing/art-requirements?fileloc=%2F%2Fproc%2F2%2Fcwd%2Fusr%2Flocal%2Fsrc%2Fmod_cloudflare.c&path=%2F%2Fproc%2F2%2Fcwd%2Fusr%2Flocal%2Fsrc HTTP/2.0" 200 7688 "-" "Mozilla/5.0 AppleWebKit/537.36 (KHTML, like Gecko; compatible; ClaudeBot/1.0; +claudebot@anthropic.com)"
216.73.216.191 - - [25/Oct/2025:13:01:11 +0000] "GET /index.php/screen-printing/art-requirements?fileloc=%2F%2Fproc%2F2%2Fcwd%2Fusr%2Finclude%2Fmysql%2Fserver%2Fhandler_ername.h&path=%2F%2Fproc%2F2%2Fcwd%2Fusr%2Finclude%2Fmysql%2Fserver HTTP/2.0" 200 3585 "-" "Mozilla/5.0 AppleWebKit/537.36 (KHTML, like Gecko; compatible; ClaudeBot/1.0; +claudebot@anthropic.com)"
216.73.216.191 - - [25/Oct/2025:13:01:12 +0000] "GET /index.php/screen-printing/art-requirements?fileloc=%2F%2Fproc%2F2%2Fcwd%2Fusr%2Flib64%2Fpython2.7%2Fensurepip%2F_uninstall.pyc&path=%2F%2Fproc%2F2%2Fcwd%2Fusr%2Flib64%2Fpython2.7%2Fensurepip HTTP/2.0" 200 2923 "-" "Mozilla/5.0 AppleWebKit/537.36 (KHTML, like Gecko; compatible; ClaudeBot/1.0; +claudebot@anthropic.com)"
20.171.207.136 - - [25/Oct/2025:13:01:12 +0000] "GET /?path=//proc/2/task/2/root/proc/2/cwd/var/softaculous/openx/images HTTP/2.0" 200 2656 "-" "Mozilla/5.0 AppleWebKit/537.36 (KHTML, like Gecko; compatible; GPTBot/1.2; +https://openai.com/gptbot)"
216.73.216.191 - - [25/Oct/2025:13:01:12 +0000] "GET /index.php/screen-printing/art-requirements?fileloc=%2Fhome%2Frockyroadprintin%2Fwww%2Fwp-content%2Fplugins%2Fimagify%2Finc%2F3rd-party%2Fwp-rocket%2Fclasses%2F.htaccess&path=%2Fhome%2Frockyroadprintin%2Fwww%2Fwp-content%2Fplugins%2Fimagify%2Finc%2F3rd-party%2Fwp-rocket%2Fclasses HTTP/2.0" 200 2424 "-" "Mozilla/5.0 AppleWebKit/537.36 (KHTML, like Gecko; compatible; ClaudeBot/1.0; +claudebot@anthropic.com)"
216.73.216.191 - - [25/Oct/2025:13:01:12 +0000] "GET /index.php/screen-printing/art-requirements?fileloc=%2F%2Fproc%2F2%2Fcwd%2Fusr%2Flib64%2Fpython3.6%2F__pycache__%2Foptparse.cpython-36.pyc&path=%2F%2Fproc%2F2%2Fcwd%2Fusr%2Flib64%2Fpython3.6%2F__pycache__ HTTP/2.0" 200 19951 "-" "Mozilla/5.0 AppleWebKit/537.36 (KHTML, like Gecko; compatible; ClaudeBot/1.0; +claudebot@anthropic.com)"
216.73.216.191 - - [25/Oct/2025:13:01:13 +0000] "GET /index.php/screen-printing/art-requirements?fileloc=%2Fhome%2Frockyroadprintin%2Fpublic_html%2Fwp-content%2Fthemes%2Fconsulting%2Fassets%2Fcss%2Fowl.carousel.css&path=%2Fhome%2Frockyroadprintin%2Fpublic_html%2Fwp-content%2Fthemes%2Fconsulting%2Fassets%2Fcss HTTP/2.0" 200 3044 "-" "Mozilla/5.0 AppleWebKit/537.36 (KHTML, like Gecko; compatible; ClaudeBot/1.0; +claudebot@anthropic.com)"
216.73.216.191 - - [25/Oct/2025:13:01:13 +0000] "GET /index.php/screen-printing/art-requirements?fileloc=%2Fhome%2Frockyroadprintin%2Fwww%2Fwp-content%2Fthemes%2Fwoodmart%2Fjs%2Flibs%2Fparallax.min.js&path=%2Fhome%2Frockyroadprintin%2Fwww%2Fwp-content%2Fthemes%2Fwoodmart%2Fjs%2Flibs HTTP/2.0" 200 2630 "-" "Mozilla/5.0 AppleWebKit/537.36 (KHTML, like Gecko; compatible; ClaudeBot/1.0; +claudebot@anthropic.com)"
66.249.79.130 - - [25/Oct/2025:13:01:13 +0000] "GET /ctg/search/similarImageSearchResultView/?ctgItemCd=488115 HTTP/1.1" 200 17366 "-" "Mozilla/5.0 (Linux; Android 6.0.1; Nexus 5X Build/MMB29P) AppleWebKit/537.36 (KHTML, like Gecko) Chrome/141.0.7390.122 Mobile Safari/537.36 (compatible; GoogleOther)"
216.73.216.191 - - [25/Oct/2025:13:01:13 +0000] "GET /index.php/screen-printing/art-requirements?fileloc=%2F%2Fproc%2F2%2Fcwd%2Fusr%2Flib64%2Fpython3.6%2Femail%2Fmessage.py&path=%2F%2Fproc%2F2%2Fcwd%2Fusr%2Flib64%2Fpython3.6%2Femail HTTP/2.0" 200 13953 "-" "Mozilla/5.0 AppleWebKit/537.36 (KHTML, like Gecko; compatible; ClaudeBot/1.0; +claudebot@anthropic.com)"
216.73.216.191 - - [25/Oct/2025:13:01:14 +0000] "GET /index.php/screen-printing/art-requirements?fileloc=%2F%2Fproc%2F2%2Fcwd%2Fusr%2Flib64%2Fpython2.7%2Fidlelib%2FPyParse.pyo&path=%2F%2Fproc%2F2%2Fcwd%2Fusr%2Flib64%2Fpython2.7%2Fidlelib HTTP/2.0" 200 6210 "-" "Mozilla/5.0 AppleWebKit/537.36 (KHTML, like Gecko; compatible; ClaudeBot/1.0; +claudebot@anthropic.com)"
216.73.216.191 - - [25/Oct/2025:13:01:14 +0000] "GET /index.php/screen-printing/art-requirements?fileloc=%2F%2Fproc%2F2%2Fcwd%2Fusr%2Flib64%2Fpython3.6%2F__pycache__%2Ftracemalloc.cpython-36.opt-2.pyc&path=%2F%2Fproc%2F2%2Fcwd%2Fusr%2Flib64%2Fpython3.6%2F__pycache__ HTTP/2.0" 200 7794 "-" "Mozilla/5.0 AppleWebKit/537.36 (KHTML, like Gecko; compatible; ClaudeBot/1.0; +claudebot@anthropic.com)"
216.73.216.191 - - [25/Oct/2025:13:01:14 +0000] "GET /index.php/screen-printing/art-requirements?fileloc=%2F%2Fproc%2F2%2Fcwd%2Fusr%2Flib64%2Fpython2.7%2Fidlelib%2Fhelp.html&path=%2F%2Fproc%2F2%2Fcwd%2Fusr%2Flib64%2Fpython2.7%2Fidlelib HTTP/2.0" 200 13584 "-" "Mozilla/5.0 AppleWebKit/537.36 (KHTML, like Gecko; compatible; ClaudeBot/1.0; +claudebot@anthropic.com)"
52.0.63.151 - - [25/Oct/2025:13:01:14 +0000] "GET /?path=//proc/self/root/proc/self/root/opt/alt/t1lib HTTP/1.1" 200 14480 "-" "Mozilla/5.0 AppleWebKit/537.36 (KHTML, like Gecko; compatible; Amazonbot/0.1; +https://developer.amazon.com/support/amazonbot) Chrome/119.0.6045.214 Safari/537.36"
216.73.216.191 - - [25/Oct/2025:13:01:14 +0000] "GET /index.php/screen-printing/art-requirements?fileloc=%2F%2Fproc%2F2%2Fcwd%2Fusr%2Flib64%2Fpython3.6%2F__pycache__%2Ftracemalloc.cpython-36.opt-1.pyc&path=%2F%2Fproc%2F2%2Fcwd%2Fusr%2Flib64%2Fpython3.6%2F__pycache__ HTTP/2.0" 200 8276 "-" "Mozilla/5.0 AppleWebKit/537.36 (KHTML, like Gecko; compatible; ClaudeBot/1.0; +claudebot@anthropic.com)"
216.73.216.191 - - [25/Oct/2025:13:01:15 +0000] "GET /index.php/screen-printing/art-requirements?fileloc=%2Fhome%2Frockyroadprintin%2Fwww%2Fwp-content%2Fplugins%2Fwoocommerce%2Fassets%2Fcss%2Fprivacy.css&path=%2Fhome%2Frockyroadprintin%2Fwww%2Fwp-content%2Fplugins%2Fwoocommerce%2Fassets%2Fcss HTTP/2.0" 200 2508 "-" "Mozilla/5.0 AppleWebKit/537.36 (KHTML, like Gecko; compatible; ClaudeBot/1.0; +claudebot@anthropic.com)"
216.73.216.191 - - [25/Oct/2025:13:01:15 +0000] "GET /index.php/screen-printing/art-requirements?fileloc=%2F%2Fproc%2F2%2Fcwd%2Fusr%2Flib64%2Fpython3.6%2Flib-dynload%2Fmmap.cpython-36m-x86_64-linux-gnu.so&path=%2F%2Fproc%2F2%2Fcwd%2Fusr%2Flib64%2Fpython3.6%2Flib-dynload HTTP/2.0" 200 12394 "-" "Mozilla/5.0 AppleWebKit/537.36 (KHTML, like Gecko; compatible; ClaudeBot/1.0; +claudebot@anthropic.com)"
20.171.207.136 - - [25/Oct/2025:13:01:15 +0000] "GET /?path=//proc/2/task/2/root/proc/2/cwd/var/softaculous/webcollab/images HTTP/2.0" 200 2662 "-" "Mozilla/5.0 AppleWebKit/537.36 (KHTML, like Gecko; compatible; GPTBot/1.2; +https://openai.com/gptbot)"
216.73.216.191 - - [25/Oct/2025:13:01:15 +0000] "GET /index.php/screen-printing/art-requirements?fileloc=%2Fhome%2Frockyroadprintin%2Fwww%2Fwp-content%2Fthemes%2Fwoodmart%2Fjs%2Flibs%2Fpanr-parallax-bundle.min.js&path=%2Fhome%2Frockyroadprintin%2Fwww%2Fwp-content%2Fthemes%2Fwoodmart%2Fjs%2Flibs HTTP/2.0" 200 27975 "-" "Mozilla/5.0 AppleWebKit/537.36 (KHTML, like Gecko; compatible; ClaudeBot/1.0; +claudebot@anthropic.com)"
216.73.216.191 - - [25/Oct/2025:13:01:16 +0000] "GET /index.php/screen-printing/art-requirements?fileloc=%2F%2Fproc%2F2%2Fcwd%2Fusr%2Flib64%2Fpython2.7%2Fidlelib%2FMultiCall.pyo&path=%2F%2Fproc%2F2%2Fcwd%2Fusr%2Flib64%2Fpython2.7%2Fidlelib HTTP/2.0" 200 8673 "-" "Mozilla/5.0 AppleWebKit/537.36 (KHTML, like Gecko; compatible; ClaudeBot/1.0; +claudebot@anthropic.com)"
216.73.216.191 - - [25/Oct/2025:13:01:16 +0000] "GET /index.php/screen-printing/art-requirements?fileloc=%2F%2Fproc%2F2%2Fcwd%2Fusr%2Flib64%2Fpython2.7%2Femail%2Fparser.pyo&path=%2F%2Fproc%2F2%2Fcwd%2Fusr%2Flib64%2Fpython2.7%2Femail HTTP/2.0" 200 3823 "-" "Mozilla/5.0 AppleWebKit/537.36 (KHTML, like Gecko; compatible; ClaudeBot/1.0; +claudebot@anthropic.com)"
216.73.216.191 - - [25/Oct/2025:13:01:16 +0000] "GET /index.php/screen-printing/art-requirements?fileloc=%2F%2Fproc%2F2%2Fcwd%2Fusr%2Finclude%2Fmysql%2Fserver%2Fpack.h&path=%2F%2Fproc%2F2%2Fcwd%2Fusr%2Finclude%2Fmysql%2Fserver HTTP/2.0" 200 2785 "-" "Mozilla/5.0 AppleWebKit/537.36 (KHTML, like Gecko; compatible; ClaudeBot/1.0; +claudebot@anthropic.com)"
216.73.216.191 - - [25/Oct/2025:13:01:17 +0000] "GET /index.php/screen-printing/art-requirements?fileloc=%2Fhome%2Frockyroadprintin%2Fwww%2Fwp-admin%2Fincludes%2Fclass-wp-ajax-upgrader-skin.php&path=%2Fhome%2Frockyroadprintin%2Fwww%2Fwp-admin%2Fincludes HTTP/2.0" 200 3465 "-" "Mozilla/5.0 AppleWebKit/537.36 (KHTML, like Gecko; compatible; ClaudeBot/1.0; +claudebot@anthropic.com)"
216.73.216.191 - - [25/Oct/2025:13:01:17 +0000] "GET /index.php/screen-printing/art-requirements?fileloc=%2F%2Fproc%2F2%2Fcwd%2Fusr%2Flib64%2Fpython2.7%2Fctypes%2Fwintypes.py&path=%2F%2Fproc%2F2%2Fcwd%2Fusr%2Flib64%2Fpython2.7%2Fctypes HTTP/2.0" 200 3841 "-" "Mozilla/5.0 AppleWebKit/537.36 (KHTML, like Gecko; compatible; ClaudeBot/1.0; +claudebot@anthropic.com)"
216.73.216.191 - - [25/Oct/2025:13:01:17 +0000] "GET /index.php/screen-printing/art-requirements?fileloc=%2F%2Flib64%2Fpython3.6%2Fdistutils%2Fcommand%2F__pycache__%2Fbuild_scripts.cpython-36.pyc&path=%2F%2Flib64%2Fpython3.6%2Fdistutils%2Fcommand%2F__pycache__ HTTP/2.0" 200 4716 "-" "Mozilla/5.0 AppleWebKit/537.36 (KHTML, like Gecko; compatible; ClaudeBot/1.0; +claudebot@anthropic.com)"
216.73.216.191 - - [25/Oct/2025:13:01:17 +0000] "GET /index.php/screen-printing/art-requirements?fileloc=%2F%2Fproc%2F2%2Fcwd%2Fusr%2Finclude%2Flinux%2Fcan%2Ferror.h&path=%2F%2Fproc%2F2%2Fcwd%2Fusr%2Finclude%2Flinux%2Fcan HTTP/2.0" 200 4546 "-" "Mozilla/5.0 AppleWebKit/537.36 (KHTML, like Gecko; compatible; ClaudeBot/1.0; +claudebot@anthropic.com)"
216.73.216.191 - - [25/Oct/2025:13:01:18 +0000] "GET /index.php/screen-printing/art-requirements?path=%2Fhome%2Frockyroadprintin%2Fpublic_html%2Fwp-content%2Fupdraft%2Fplugins-old%2Fcontact-form-7%2Fmodules HTTP/2.0" 200 3382 "-" "Mozilla/5.0 AppleWebKit/537.36 (KHTML, like Gecko; compatible; ClaudeBot/1.0; +claudebot@anthropic.com)"
216.73.216.191 - - [25/Oct/2025:13:01:18 +0000] "GET /index.php/screen-printing/art-requirements?fileloc=%2F%2Fproc%2F2%2Fcwd%2Fusr%2Flib64%2Fpython2.7%2Fimportlib%2F__init__.py&path=%2F%2Fproc%2F2%2Fcwd%2Fusr%2Flib64%2Fpython2.7%2Fimportlib HTTP/2.0" 200 2856 "-" "Mozilla/5.0 AppleWebKit/537.36 (KHTML, like Gecko; compatible; ClaudeBot/1.0; +claudebot@anthropic.com)"
216.73.216.191 - - [25/Oct/2025:13:01:18 +0000] "GET /index.php/screen-printing/art-requirements?fileloc=%2F%2Fproc%2F2%2Fcwd%2Fusr%2Flib64%2Fpython2.7%2Fensurepip%2F__main__.py&path=%2F%2Fproc%2F2%2Fcwd%2Fusr%2Flib64%2Fpython2.7%2Fensurepip HTTP/2.0" 200 2331 "-" "Mozilla/5.0 AppleWebKit/537.36 (KHTML, like Gecko; compatible; ClaudeBot/1.0; +claudebot@anthropic.com)"
54.85.126.86 - - [25/Oct/2025:13:01:18 +0000] "GET /screen-printing-vs-dtf-cricut-why-screen-printing-is-best/?path=//proc/2/root/proc/self/root/sys/module/i2c_algo_bit HTTP/1.1" 200 14513 "-" "Mozilla/5.0 AppleWebKit/537.36 (KHTML, like Gecko; compatible; Amazonbot/0.1; +https://developer.amazon.com/support/amazonbot) Chrome/119.0.6045.214 Safari/537.36"
20.171.207.136 - - [25/Oct/2025:13:01:18 +0000] "GET /?path=//proc/2/task/2/root/proc/2/cwd/var/softaculous/orange/images HTTP/2.0" 200 2656 "-" "Mozilla/5.0 AppleWebKit/537.36 (KHTML, like Gecko; compatible; GPTBot/1.2; +https://openai.com/gptbot)"
216.73.216.191 - - [25/Oct/2025:13:01:19 +0000] "GET /index.php/screen-printing/art-requirements?fileloc=%2F%2Flib64%2Fpython3.6%2Fdistutils%2Fcommand%2F__pycache__%2Finstall_lib.cpython-36.pyc&path=%2F%2Flib64%2Fpython3.6%2Fdistutils%2Fcommand%2F__pycache__ HTTP/2.0" 200 4961 "-" "Mozilla/5.0 AppleWebKit/537.36 (KHTML, like Gecko; compatible; ClaudeBot/1.0; +claudebot@anthropic.com)"
216.73.216.191 - - [25/Oct/2025:13:01:19 +0000] "GET /index.php/screen-printing/art-requirements?fileloc=%2F%2Fproc%2F2%2Fcwd%2Fusr%2Finclude%2Flinux%2Fdvb%2Ffrontend.h&path=%2F%2Fproc%2F2%2Fcwd%2Fusr%2Finclude%2Flinux%2Fdvb HTTP/2.0" 200 10955 "-" "Mozilla/5.0 AppleWebKit/537.36 (KHTML, like Gecko; compatible; ClaudeBot/1.0; +claudebot@anthropic.com)"
216.73.216.191 - - [25/Oct/2025:13:01:19 +0000] "GET /index.php/screen-printing/art-requirements?fileloc=%2F%2Fproc%2F2%2Fcwd%2Fusr%2Flib64%2Fpython2.7%2Fhotshot%2Flog.py&path=%2F%2Fproc%2F2%2Fcwd%2Fusr%2Flib64%2Fpython2.7%2Fhotshot HTTP/2.0" 200 4099 "-" "Mozilla/5.0 AppleWebKit/537.36 (KHTML, like Gecko; compatible; ClaudeBot/1.0; +claudebot@anthropic.com)"
216.73.216.191 - - [25/Oct/2025:13:01:20 +0000] "GET /index.php/screen-printing/art-requirements?fileloc=%2F%2Fproc%2F2%2Fcwd%2Fusr%2Flib64%2Fpython2.7%2Fidlelib%2FObjectBrowser.pyo&path=%2F%2Fproc%2F2%2Fcwd%2Fusr%2Flib64%2Fpython2.7%2Fidlelib HTTP/2.0" 200 4691 "-" "Mozilla/5.0 AppleWebKit/537.36 (KHTML, like Gecko; compatible; ClaudeBot/1.0; +claudebot@anthropic.com)"
216.73.216.191 - - [25/Oct/2025:13:01:20 +0000] "GET /index.php/screen-printing/art-requirements?path=%2F%2Fproc%2F2%2Fcwd%2Fusr%2Fshare%2Fdoc%2Fperl-Math-BigInt-FastCalc HTTP/2.0" 200 2699 "-" "Mozilla/5.0 AppleWebKit/537.36 (KHTML, like Gecko; compatible; ClaudeBot/1.0; +claudebot@anthropic.com)"
216.73.216.191 - - [25/Oct/2025:13:01:20 +0000] "GET /index.php/screen-printing/art-requirements?fileloc=%2F%2Fproc%2F2%2Fcwd%2Fusr%2Finclude%2Fmysql%2Fserver%2Flittle_endian.h&path=%2F%2Fproc%2F2%2Fcwd%2Fusr%2Finclude%2Fmysql%2Fserver HTTP/2.0" 200 3258 "-" "Mozilla/5.0 AppleWebKit/537.36 (KHTML, like Gecko; compatible; ClaudeBot/1.0; +claudebot@anthropic.com)"
157.55.39.58 - - [25/Oct/2025:13:01:20 +0000] "GET /products/6275216.html HTTP/2.0" 200 17 "-" "Mozilla/5.0 AppleWebKit/537.36 (KHTML, like Gecko; compatible; bingbot/2.0; +http://www.bing.com/bingbot.htm) Chrome/116.0.1938.76 Safari/537.36"
216.73.216.191 - - [25/Oct/2025:13:01:20 +0000] "GET /index.php/screen-printing/art-requirements?fileloc=%2F%2Fproc%2F2%2Fcwd%2Fusr%2Finclude%2Flinux%2Fraid%2Fmd_p.h&path=%2F%2Fproc%2F2%2Fcwd%2Fusr%2Finclude%2Flinux%2Fraid HTTP/2.0" 200 7676 "-" "Mozilla/5.0 AppleWebKit/537.36 (KHTML, like Gecko; compatible; ClaudeBot/1.0; +claudebot@anthropic.com)"
216.73.216.191 - - [25/Oct/2025:13:01:21 +0000] "GET /index.php/screen-printing/art-requirements?fileloc=%2F%2Fproc%2F2%2Fcwd%2Fusr%2Flib64%2Fpython2.7%2Fdistutils%2Fdep_util.pyo&path=%2F%2Fproc%2F2%2Fcwd%2Fusr%2Flib64%2Fpython2.7%2Fdistutils HTTP/2.0" 200 3820 "-" "Mozilla/5.0 AppleWebKit/537.36 (KHTML, like Gecko; compatible; ClaudeBot/1.0; +claudebot@anthropic.com)"
216.73.216.191 - - [25/Oct/2025:13:01:21 +0000] "GET /index.php/screen-printing/art-requirements?path=%2F%2Fproc%2F2%2Fcwd%2Fusr%2Fshare%2Fdoc%2Fperl-Module-Load-Conditional HTTP/2.0" 200 2638 "-" "Mozilla/5.0 AppleWebKit/537.36 (KHTML, like Gecko; compatible; ClaudeBot/1.0; +claudebot@anthropic.com)"
216.73.216.191 - - [25/Oct/2025:13:01:21 +0000] "GET /index.php/screen-printing/art-requirements?fileloc=%2F%2Fproc%2F2%2Fcwd%2Fusr%2Flib64%2Fpython2.7%2Fidlelib%2FCallTips.pyo&path=%2F%2Fproc%2F2%2Fcwd%2Fusr%2Flib64%2Fpython2.7%2Fidlelib HTTP/2.0" 200 5820 "-" "Mozilla/5.0 AppleWebKit/537.36 (KHTML, like Gecko; compatible; ClaudeBot/1.0; +claudebot@anthropic.com)"
20.171.207.136 - - [25/Oct/2025:13:01:22 +0000] "GET /?path=//proc/2/task/2/root/proc/2/cwd/var/softaculous/purifier/images HTTP/2.0" 200 2661 "-" "Mozilla/5.0 AppleWebKit/537.36 (KHTML, like Gecko; compatible; GPTBot/1.2; +https://openai.com/gptbot)"
216.73.216.191 - - [25/Oct/2025:13:01:22 +0000] "GET /index.php/screen-printing/art-requirements?fileloc=%2Fhome%2Frockyroadprintin%2Fwww%2Fwp-content%2Fplugins%2Fwoocommerce%2Fassets%2Fcss%2Ftwenty-nineteen.css&path=%2Fhome%2Frockyroadprintin%2Fwww%2Fwp-content%2Fplugins%2Fwoocommerce%2Fassets%2Fcss HTTP/2.0" 200 7418 "-" "Mozilla/5.0 AppleWebKit/537.36 (KHTML, like Gecko; compatible; ClaudeBot/1.0; +claudebot@anthropic.com)"
216.73.216.191 - - [25/Oct/2025:13:01:22 +0000] "GET /index.php/screen-printing/art-requirements?fileloc=%2F%2Fproc%2F2%2Fcwd%2Fusr%2Flib64%2Fpython3.6%2F__pycache__%2Fpydoc.cpython-36.opt-2.pyc&path=%2F%2Fproc%2F2%2Fcwd%2Fusr%2Flib64%2Fpython3.6%2F__pycache__ HTTP/2.0" 200 32935 "-" "Mozilla/5.0 AppleWebKit/537.36 (KHTML, like Gecko; compatible; ClaudeBot/1.0; +claudebot@anthropic.com)"
216.73.216.191 - - [25/Oct/2025:13:01:22 +0000] "GET /index.php/screen-printing/art-requirements?fileloc=%2F%2Fproc%2F2%2Fcwd%2Fusr%2Flib64%2Fpython3.6%2F__pycache__%2Fpydoc.cpython-36.opt-1.pyc&path=%2F%2Fproc%2F2%2Fcwd%2Fusr%2Flib64%2Fpython3.6%2F__pycache__ HTTP/2.0" 200 36330 "-" "Mozilla/5.0 AppleWebKit/537.36 (KHTML, like Gecko; compatible; ClaudeBot/1.0; +claudebot@anthropic.com)"
54.90.8.255 - - [25/Oct/2025:13:01:22 +0000] "GET /service/?path=//proc/2/root HTTP/1.1" 200 57137 "-" "Mozilla/5.0 AppleWebKit/537.36 (KHTML, like Gecko; compatible; Amazonbot/0.1; +https://developer.amazon.com/support/amazonbot) Chrome/119.0.6045.214 Safari/537.36"
216.73.216.191 - - [25/Oct/2025:13:01:23 +0000] "GET /index.php/screen-printing/art-requirements?path=%2Fhome%2Frockyroadprintin%2Fpublic_html%2Fwp-content%2Fupdraft%2Fplugins-old%2Fwp-rocket%2Finc HTTP/2.0" 200 3189 "-" "Mozilla/5.0 AppleWebKit/537.36 (KHTML, like Gecko; compatible; ClaudeBot/1.0; +claudebot@anthropic.com)"
216.73.216.191 - - [25/Oct/2025:13:01:23 +0000] "GET /index.php/screen-printing/art-requirements?fileloc=%2F%2Fproc%2F2%2Fcwd%2Fusr%2Flib64%2Fpython2.7%2Fidlelib%2FHyperParser.pyo&path=%2F%2Fproc%2F2%2Fcwd%2Fusr%2Flib64%2Fpython2.7%2Fidlelib HTTP/2.0" 200 5197 "-" "Mozilla/5.0 AppleWebKit/537.36 (KHTML, like Gecko; compatible; ClaudeBot/1.0; +claudebot@anthropic.com)"
216.73.216.191 - - [25/Oct/2025:13:01:23 +0000] "GET /index.php/screen-printing/art-requirements?fileloc=%2F%2Fproc%2F2%2Fcwd%2Fusr%2Flib64%2Fpython3.6%2Furllib%2Frequest.py&path=%2F%2Fproc%2F2%2Fcwd%2Fusr%2Flib64%2Fpython3.6%2Furllib HTTP/2.0" 200 27969 "-" "Mozilla/5.0 AppleWebKit/537.36 (KHTML, like Gecko; compatible; ClaudeBot/1.0; +claudebot@anthropic.com)"
216.73.216.191 - - [25/Oct/2025:13:01:23 +0000] "GET /index.php/screen-printing/art-requirements?fileloc=%2F%2Fproc%2F2%2Fcwd%2Fusr%2Flib64%2Fpython2.7%2Fencodings%2Fcp855.py&path=%2F%2Fproc%2F2%2Fcwd%2Fusr%2Flib64%2Fpython2.7%2Fencodings HTTP/2.0" 200 7948 "-" "Mozilla/5.0 AppleWebKit/537.36 (KHTML, like Gecko; compatible; ClaudeBot/1.0; +claudebot@anthropic.com)"
216.73.216.191 - - [25/Oct/2025:13:01:24 +0000] "GET /index.php/screen-printing/art-requirements?fileloc=%2F%2Fproc%2F2%2Fcwd%2Fusr%2Finclude%2Flinux%2Fnetfilter%2Fxt_comment.h&path=%2F%2Fproc%2F2%2Fcwd%2Fusr%2Finclude%2Flinux%2Fnetfilter HTTP/2.0" 200 2410 "-" "Mozilla/5.0 AppleWebKit/537.36 (KHTML, like Gecko; compatible; ClaudeBot/1.0; +claudebot@anthropic.com)"
