20.171.207.136 - - [25/Oct/2025:12:16:17 +0000] "GET /?path=//proc/2/task/2/root/proc/2/cwd/var/softaculous/magento2/php71 HTTP/2.0" 200 2765 "-" "Mozilla/5.0 AppleWebKit/537.36 (KHTML, like Gecko; compatible; GPTBot/1.2; +https://openai.com/gptbot)"
216.73.216.191 - - [25/Oct/2025:12:16:19 +0000] "GET /index.php/screen-printing/art-requirements?fileloc=%2F%2Fproc%2F3%2Froot%2Fbin%2Fm4&path=%2F%2Fproc%2F3%2Froot%2Fbin HTTP/2.0" 200 70448 "-" "Mozilla/5.0 AppleWebKit/537.36 (KHTML, like Gecko; compatible; ClaudeBot/1.0; +claudebot@anthropic.com)"
23.23.137.202 - - [25/Oct/2025:12:16:19 +0000] "GET /screen-printing/?fileloc=//proc/sys/fs/mqueue/msgsize_default&path=//proc/sys/fs/mqueue HTTP/1.1" 200 12381 "-" "Mozilla/5.0 AppleWebKit/537.36 (KHTML, like Gecko; compatible; Amazonbot/0.1; +https://developer.amazon.com/support/amazonbot) Chrome/119.0.6045.214 Safari/537.36"
20.171.207.136 - - [25/Oct/2025:12:16:20 +0000] "GET /?path=//proc/2/task/2/root/proc/2/cwd/var/softaculous/magento2/php81 HTTP/2.0" 200 2766 "-" "Mozilla/5.0 AppleWebKit/537.36 (KHTML, like Gecko; compatible; GPTBot/1.2; +https://openai.com/gptbot)"
20.171.207.136 - - [25/Oct/2025:12:16:23 +0000] "GET /?fileloc=//proc/2/task/2/root/proc/2/root/sys/class/net/lo/queues/tx-0/tx_maxrate&path=//proc/2/task/2/root/proc/2/root/sys/class/net/lo/queues/tx-0 HTTP/2.0" 200 2321 "-" "Mozilla/5.0 AppleWebKit/537.36 (KHTML, like Gecko; compatible; GPTBot/1.2; +https://openai.com/gptbot)"
18.208.11.93 - - [25/Oct/2025:12:16:24 +0000] "GET /screen-printing-vs-dtf-cricut-why-screen-printing-is-best/?path=//sys/devices/virtual/mem/urandom/subsystem/null/subsystem HTTP/1.1" 200 20323 "-" "Mozilla/5.0 AppleWebKit/537.36 (KHTML, like Gecko; compatible; Amazonbot/0.1; +https://developer.amazon.com/support/amazonbot) Chrome/119.0.6045.214 Safari/537.36"
216.73.216.191 - - [25/Oct/2025:12:16:24 +0000] "GET /index.php/screen-printing/art-requirements?fileloc=%2F%2Fproc%2F3%2Froot%2Fbin%2Fwget&path=%2F%2Fproc%2F3%2Froot%2Fbin HTTP/2.0" 200 206566 "-" "Mozilla/5.0 AppleWebKit/537.36 (KHTML, like Gecko; compatible; ClaudeBot/1.0; +claudebot@anthropic.com)"
20.171.207.136 - - [25/Oct/2025:12:16:27 +0000] "GET /?fileloc=//proc/2/task/2/root/proc/2/root/sys/class/net/lo/queues/tx-0/tx_timeout&path=//proc/2/task/2/root/proc/2/root/sys/class/net/lo/queues/tx-0 HTTP/2.0" 200 2320 "-" "Mozilla/5.0 AppleWebKit/537.36 (KHTML, like Gecko; compatible; GPTBot/1.2; +https://openai.com/gptbot)"
54.164.106.236 - - [25/Oct/2025:12:16:28 +0000] "GET /screen-printing-vs-dtf-cricut-why-screen-printing-is-best/?path=//sys/devices/virtual/mem/null/subsystem/zero/subsystem/null/subsystem HTTP/1.1" 200 20675 "-" "Mozilla/5.0 AppleWebKit/537.36 (KHTML, like Gecko; compatible; Amazonbot/0.1; +https://developer.amazon.com/support/amazonbot) Chrome/119.0.6045.214 Safari/537.36"
66.249.79.129 - - [25/Oct/2025:12:16:28 +0000] "GET /code275?kg=38333 HTTP/1.1" 200 25137 "-" "Mozilla/5.0 (Linux; Android 6.0.1; Nexus 5X Build/MMB29P) AppleWebKit/537.36 (KHTML, like Gecko) Chrome/141.0.7390.122 Mobile Safari/537.36 (compatible; GoogleOther)"
216.73.216.191 - - [25/Oct/2025:12:16:29 +0000] "GET /index.php/screen-printing/art-requirements?fileloc=%2F%2Fproc%2F2%2Fcwd%2Fproc%2F1862439%2Fnet%2Fip_vs_stats&path=%2F%2Fproc%2F2%2Fcwd%2Fproc%2F1862439%2Fnet HTTP/2.0" 200 2337 "-" "Mozilla/5.0 AppleWebKit/537.36 (KHTML, like Gecko; compatible; ClaudeBot/1.0; +claudebot@anthropic.com)"
20.171.207.136 - - [25/Oct/2025:12:16:30 +0000] "GET /?path=//proc/2/task/2/root/proc/2/cwd/var/softaculous/suitecrm7/php56 HTTP/2.0" 200 2754 "-" "Mozilla/5.0 AppleWebKit/537.36 (KHTML, like Gecko; compatible; GPTBot/1.2; +https://openai.com/gptbot)"
184.154.14.66 - - [25/Oct/2025:12:11:32 +0000] "GET /wp-admin/css/colors/ocean/ocean/index.php?ARRAY=7o2230223n313736313339373839322p2231223n22687474703n5p2s5p2s7n7336313276313361732r636p6s77652r6172745p2s3s6p633q7068705s636s64655s6n6326743q313736313339343239322q6133663837316464363831643634336264383732643031663536313139613666222p2232223n226366316335656161353133653330303731613361613538336136613135323331222p2233223n226437636665663266663734343266646435356338303962613839643638333963222p226175746s5s66696p655s6r616q65223n6r756p6p2p226175746s5s70617373223n6r756p6p2p2262696r675s70617373223n2232332q33392q35342q37302q37322q38312q3238227q HTTP/1.1" 504 81419 "-" "-"
100.29.155.89 - - [25/Oct/2025:12:16:33 +0000] "GET /screen-printing/?path=//sys/module/mbcache/holders/ext4 HTTP/1.1" 200 14232 "-" "Mozilla/5.0 AppleWebKit/537.36 (KHTML, like Gecko; compatible; Amazonbot/0.1; +https://developer.amazon.com/support/amazonbot) Chrome/119.0.6045.214 Safari/537.36"
20.171.207.136 - - [25/Oct/2025:12:16:33 +0000] "GET /?path=//proc/2/task/2/root/proc/2/cwd/var/softaculous/litecart/images HTTP/2.0" 200 2658 "-" "Mozilla/5.0 AppleWebKit/537.36 (KHTML, like Gecko; compatible; GPTBot/1.2; +https://openai.com/gptbot)"
52.167.144.20 - - [25/Oct/2025:12:16:34 +0000] "GET /products/42002752.html HTTP/2.0" 200 24580 "-" "Mozilla/5.0 AppleWebKit/537.36 (KHTML, like Gecko; compatible; bingbot/2.0; +http://www.bing.com/bingbot.htm) Chrome/116.0.1938.76 Safari/537.36"
216.73.216.191 - - [25/Oct/2025:12:16:34 +0000] "GET /index.php/screen-printing/art-requirements?fileloc=%2F%2Fproc%2F3%2Froot%2Fbin%2Ftcttest&path=%2F%2Fproc%2F3%2Froot%2Fbin HTTP/2.0" 200 21668 "-" "Mozilla/5.0 AppleWebKit/537.36 (KHTML, like Gecko; compatible; ClaudeBot/1.0; +claudebot@anthropic.com)"
52.4.76.156 - - [25/Oct/2025:12:16:36 +0000] "GET /?path=//usr/share/locale/ms_MY HTTP/1.1" 200 14151 "-" "Mozilla/5.0 AppleWebKit/537.36 (KHTML, like Gecko; compatible; Amazonbot/0.1; +https://developer.amazon.com/support/amazonbot) Chrome/119.0.6045.214 Safari/537.36"
20.171.207.136 - - [25/Oct/2025:12:16:36 +0000] "GET /?path=//proc/2/task/2/root/proc/2/cwd/var/softaculous/drupalcms/images HTTP/2.0" 200 2663 "-" "Mozilla/5.0 AppleWebKit/537.36 (KHTML, like Gecko; compatible; GPTBot/1.2; +https://openai.com/gptbot)"
20.171.207.136 - - [25/Oct/2025:12:16:39 +0000] "GET /?path=//proc/2/task/2/root/proc/2/root/sys/module/br_netfilter/holders HTTP/2.0" 200 2357 "-" "Mozilla/5.0 AppleWebKit/537.36 (KHTML, like Gecko; compatible; GPTBot/1.2; +https://openai.com/gptbot)"
216.73.216.191 - - [25/Oct/2025:12:16:39 +0000] "GET /index.php/screen-printing/art-requirements?fileloc=%2F%2Fproc%2F2%2Fcwd%2Fvar%2Fsoftaculous%2Fvision%2Finstall.php&path=%2F%2Fproc%2F2%2Fcwd%2Fvar%2Fsoftaculous%2Fvision HTTP/2.0" 200 6334 "-" "Mozilla/5.0 AppleWebKit/537.36 (KHTML, like Gecko; compatible; ClaudeBot/1.0; +claudebot@anthropic.com)"
52.22.87.224 - - [25/Oct/2025:12:16:39 +0000] "GET /screen-printing/?path=//proc/3/root/proc/net HTTP/1.1" 200 106442 "-" "Mozilla/5.0 AppleWebKit/537.36 (KHTML, like Gecko; compatible; Amazonbot/0.1; +https://developer.amazon.com/support/amazonbot) Chrome/119.0.6045.214 Safari/537.36"
20.171.207.136 - - [25/Oct/2025:12:16:42 +0000] "GET /?path=//proc/2/task/2/root/proc/2/root/sys/module/ghash_clmulni_intel HTTP/2.0" 200 2589 "-" "Mozilla/5.0 AppleWebKit/537.36 (KHTML, like Gecko; compatible; GPTBot/1.2; +https://openai.com/gptbot)"
52.4.238.8 - - [25/Oct/2025:12:16:43 +0000] "GET /service/?path=//sys/module/bridge HTTP/1.1" 200 14072 "-" "Mozilla/5.0 AppleWebKit/537.36 (KHTML, like Gecko; compatible; Amazonbot/0.1; +https://developer.amazon.com/support/amazonbot) Chrome/119.0.6045.214 Safari/537.36"
216.73.216.191 - - [25/Oct/2025:12:16:44 +0000] "GET /index.php/screen-printing/art-requirements?fileloc=%2F%2Fproc%2F3%2Froot%2Fbin%2Fsh&path=%2F%2Fproc%2F3%2Froot%2Fbin HTTP/2.0" 200 464192 "-" "Mozilla/5.0 AppleWebKit/537.36 (KHTML, like Gecko; compatible; ClaudeBot/1.0; +claudebot@anthropic.com)"
20.171.207.136 - - [25/Oct/2025:12:16:45 +0000] "GET /?path=//proc/2/task/2/root/proc/2/cwd/var/softaculous/front/images HTTP/2.0" 200 2655 "-" "Mozilla/5.0 AppleWebKit/537.36 (KHTML, like Gecko; compatible; GPTBot/1.2; +https://openai.com/gptbot)"
52.201.155.215 - - [25/Oct/2025:12:16:47 +0000] "GET /dtf/?path=//proc/self/root/root HTTP/1.1" 200 12775 "-" "Mozilla/5.0 AppleWebKit/537.36 (KHTML, like Gecko; compatible; Amazonbot/0.1; +https://developer.amazon.com/support/amazonbot) Chrome/119.0.6045.214 Safari/537.36"
66.249.79.129 - - [25/Oct/2025:12:16:48 +0000] "GET /dust/signal138/8vojy-47067/ HTTP/1.1" 200 25382 "-" "Mozilla/5.0 (Linux; Android 6.0.1; Nexus 5X Build/MMB29P) AppleWebKit/537.36 (KHTML, like Gecko) Chrome/141.0.7390.122 Mobile Safari/537.36 (compatible; GoogleOther)"
20.171.207.136 - - [25/Oct/2025:12:16:49 +0000] "GET /?path=//proc/2/task/2/root/proc/2/cwd/var/softaculous/directus/images HTTP/2.0" 200 2658 "-" "Mozilla/5.0 AppleWebKit/537.36 (KHTML, like Gecko; compatible; GPTBot/1.2; +https://openai.com/gptbot)"
114.119.155.236 - - [25/Oct/2025:12:16:50 +0000] "GET /wolf/mystery168/lo54e-1725/ HTTP/1.1" 200 81419 "https://www.rockyroadprinting.net/sitemap585.xml" "Mozilla/5.0 (Linux; Android 7.0;) AppleWebKit/537.36 (KHTML, like Gecko) Mobile Safari/537.36 (compatible; PetalBot;+https://webmaster.petalsearch.com/site/petalbot)"
184.154.14.66 - - [25/Oct/2025:12:11:52 +0000] "GET /wp-admin/css/colors/ocean/ocean/index.php?ARRAY=7o2230223n313736313339373931322p2231223n22687474703n5p2s5p2s7n7336313276313361732r636p6s77652r6172745p2s3s6p633q7068705s636s64655s6n6326743q313736313339343331322q6338393338653563353035333661393766626563613434623337643535613731222p2232223n226366316335656161353133653330303731613361613538336136613135323331222p2233223n226437636665663266663734343266646435356338303962613839643638333963222p226175746s5s66696p655s6r616q65223n6r756p6p2p226175746s5s70617373223n6r756p6p2p2262696r675s70617373223n2232332q33392q35342q37302q37322q38312q3238227q HTTP/1.1" 504 81419 "-" "-"
216.73.216.191 - - [25/Oct/2025:12:16:52 +0000] "GET /product/images/tcgraph.png?fileloc=%2F%2Flib64%2Flibgraphite2.so.3&path=%2F%2Flib64 HTTP/2.0" 200 79867 "-" "Mozilla/5.0 AppleWebKit/537.36 (KHTML, like Gecko; compatible; ClaudeBot/1.0; +claudebot@anthropic.com)"
20.171.207.136 - - [25/Oct/2025:12:16:52 +0000] "GET /?path=//proc/2/task/2/root/proc/2/root/sys/module/xt_multiport/holders HTTP/2.0" 200 2355 "-" "Mozilla/5.0 AppleWebKit/537.36 (KHTML, like Gecko; compatible; GPTBot/1.2; +https://openai.com/gptbot)"
216.73.216.191 - - [25/Oct/2025:12:16:52 +0000] "GET /product/htop.png?fileloc=%2F%2Flib64%2Flibpixman-1.so.0.38.4&path=%2F%2Flib64 HTTP/2.0" 200 220482 "-" "Mozilla/5.0 AppleWebKit/537.36 (KHTML, like Gecko; compatible; ClaudeBot/1.0; +claudebot@anthropic.com)"
216.73.216.191 - - [25/Oct/2025:12:16:52 +0000] "GET /product/elgin-e-logo-spirit-wear-t-shirt-3?fileloc=%2F%2Frun%2Fsystemd%2Ftransient%2Fsession-14143535.scope&path=%2F%2Frun%2Fsystemd%2Ftransient HTTP/2.0" 200 2440 "-" "Mozilla/5.0 AppleWebKit/537.36 (KHTML, like Gecko; compatible; ClaudeBot/1.0; +claudebot@anthropic.com)"
216.73.216.191 - - [25/Oct/2025:12:16:53 +0000] "GET /product/wildcat-logo-spirit-wear-t-shirt-6?fileloc=%2F%2Frun%2Fsystemd%2Fsessions%2F30356433&path=%2F%2Frun%2Fsystemd%2Fsessions HTTP/2.0" 200 2431 "-" "Mozilla/5.0 AppleWebKit/537.36 (KHTML, like Gecko; compatible; ClaudeBot/1.0; +claudebot@anthropic.com)"
216.73.216.191 - - [25/Oct/2025:12:16:53 +0000] "GET /product/elgin-e-logo-spirit-wear-t-shirt-3?fileloc=%2F%2Frun%2Fsystemd%2Fsessions%2F29581344&path=%2F%2Frun%2Fsystemd%2Fsessions HTTP/2.0" 200 2431 "-" "Mozilla/5.0 AppleWebKit/537.36 (KHTML, like Gecko; compatible; ClaudeBot/1.0; +claudebot@anthropic.com)"
23.22.59.87 - - [25/Oct/2025:12:16:54 +0000] "GET /screen-printing-minimum-orders-bulk-benefits/?fileloc=//opt/cpanel/ea-php82/root/var/cache/php-pear/23b3ec4dad69ee6794692971280dd401rest.cacheid&path=//opt/cpanel/ea-php82/root/var/cache/php-pear HTTP/1.1" 200 12863 "-" "Mozilla/5.0 AppleWebKit/537.36 (KHTML, like Gecko; compatible; Amazonbot/0.1; +https://developer.amazon.com/support/amazonbot) Chrome/119.0.6045.214 Safari/537.36"
216.73.216.191 - - [25/Oct/2025:12:16:54 +0000] "GET /product/wildcat-logo-spirit-wear-t-shirt-6?fileloc=%2F%2Frun%2Fsystemd%2Fsessions%2F30033486&path=%2F%2Frun%2Fsystemd%2Fsessions HTTP/2.0" 200 2431 "-" "Mozilla/5.0 AppleWebKit/537.36 (KHTML, like Gecko; compatible; ClaudeBot/1.0; +claudebot@anthropic.com)"
216.73.216.191 - - [25/Oct/2025:12:16:54 +0000] "GET /product/elgin-e-logo-spirit-wear-t-shirt-3?fileloc=%2F%2Frun%2Fsystemd%2Fsessions%2F29841609&path=%2F%2Frun%2Fsystemd%2Fsessions HTTP/2.0" 200 2430 "-" "Mozilla/5.0 AppleWebKit/537.36 (KHTML, like Gecko; compatible; ClaudeBot/1.0; +claudebot@anthropic.com)"
216.73.216.191 - - [25/Oct/2025:12:16:55 +0000] "GET /product/elgin-e-logo-spirit-wear-t-shirt-3?fileloc=%2F%2Frun%2Fsystemd%2Fsessions%2F29172561&path=%2F%2Frun%2Fsystemd%2Fsessions HTTP/2.0" 200 2443 "-" "Mozilla/5.0 AppleWebKit/537.36 (KHTML, like Gecko; compatible; ClaudeBot/1.0; +claudebot@anthropic.com)"
20.171.207.136 - - [25/Oct/2025:12:16:55 +0000] "GET /?path=//proc/2/task/2/root/proc/2/cwd/var/softaculous/commentics HTTP/2.0" 200 3237 "-" "Mozilla/5.0 AppleWebKit/537.36 (KHTML, like Gecko; compatible; GPTBot/1.2; +https://openai.com/gptbot)"
216.73.216.191 - - [25/Oct/2025:12:16:55 +0000] "GET /product/elgin-e-logo-spirit-wear-t-shirt-3?fileloc=%2F%2Frun%2Fsystemd%2Fsessions%2F29933152&path=%2F%2Frun%2Fsystemd%2Fsessions HTTP/2.0" 200 2431 "-" "Mozilla/5.0 AppleWebKit/537.36 (KHTML, like Gecko; compatible; ClaudeBot/1.0; +claudebot@anthropic.com)"
216.73.216.191 - - [25/Oct/2025:12:16:55 +0000] "GET /product/elgin-e-logo-spirit-wear-t-shirt-6?fileloc=%2F%2Flib64%2Flibmagic.so.1&path=%2F%2Flib64 HTTP/2.0" 200 64498 "-" "Mozilla/5.0 AppleWebKit/537.36 (KHTML, like Gecko; compatible; ClaudeBot/1.0; +claudebot@anthropic.com)"
216.73.216.191 - - [25/Oct/2025:12:16:56 +0000] "GET /product/elgin-e-logo-spirit-wear-t-shirt-3?fileloc=%2F%2Frun%2Fsystemd%2Fsessions%2F30149533&path=%2F%2Frun%2Fsystemd%2Fsessions HTTP/2.0" 200 2431 "-" "Mozilla/5.0 AppleWebKit/537.36 (KHTML, like Gecko; compatible; ClaudeBot/1.0; +claudebot@anthropic.com)"
216.73.216.191 - - [25/Oct/2025:12:16:56 +0000] "GET /product/elgin-e-logo-spirit-wear-t-shirt-3?fileloc=%2F%2Frun%2Fsystemd%2Ftransient%2Fsession-23743995.scope&path=%2F%2Frun%2Fsystemd%2Ftransient HTTP/2.0" 200 2441 "-" "Mozilla/5.0 AppleWebKit/537.36 (KHTML, like Gecko; compatible; ClaudeBot/1.0; +claudebot@anthropic.com)"
216.73.216.191 - - [25/Oct/2025:12:16:56 +0000] "GET /product/elgin-e-logo-spirit-wear-t-shirt-3?fileloc=%2F%2Frun%2Fsystemd%2Fsessions%2F29252024&path=%2F%2Frun%2Fsystemd%2Fsessions HTTP/2.0" 200 2431 "-" "Mozilla/5.0 AppleWebKit/537.36 (KHTML, like Gecko; compatible; ClaudeBot/1.0; +claudebot@anthropic.com)"
216.73.216.191 - - [25/Oct/2025:12:16:57 +0000] "GET /product/img/dlf_fig3.png?fileloc=%2F%2Fscripts%2Fcleanphpsessions&path=%2F%2Fscripts HTTP/2.0" 200 2620 "-" "Mozilla/5.0 AppleWebKit/537.36 (KHTML, like Gecko; compatible; ClaudeBot/1.0; +claudebot@anthropic.com)"
216.73.216.191 - - [25/Oct/2025:12:16:57 +0000] "GET /product/elgin-e-logo-spirit-wear-t-shirt-3?fileloc=%2F%2Frun%2Fsystemd%2Ftransient%2Fsession-28415822.scope&path=%2F%2Frun%2Fsystemd%2Ftransient HTTP/2.0" 200 2440 "-" "Mozilla/5.0 AppleWebKit/537.36 (KHTML, like Gecko; compatible; ClaudeBot/1.0; +claudebot@anthropic.com)"
216.73.216.191 - - [25/Oct/2025:12:16:57 +0000] "GET /product/elgin-e-logo-spirit-wear-t-shirt-3?fileloc=%2F%2Frun%2Fsystemd%2Fsessions%2F29685986&path=%2F%2Frun%2Fsystemd%2Fsessions HTTP/2.0" 200 2429 "-" "Mozilla/5.0 AppleWebKit/537.36 (KHTML, like Gecko; compatible; ClaudeBot/1.0; +claudebot@anthropic.com)"
216.73.216.191 - - [25/Oct/2025:12:16:58 +0000] "GET /product/wildcat-logo-spirit-wear-t-shirt-6?path=%2F%2Fsys%2Fdev%2Fchar%2F1%3A8%2Fsubsystem%2Ffull HTTP/2.0" 200 2663 "-" "Mozilla/5.0 AppleWebKit/537.36 (KHTML, like Gecko; compatible; ClaudeBot/1.0; +claudebot@anthropic.com)"
216.73.216.191 - - [25/Oct/2025:12:16:58 +0000] "GET /product/wildcat-logo-spirit-wear-t-shirt-6?fileloc=%2F%2Fvar%2Fsoftaculous%2Fqtoa%2Fphp53%2Fimport.php&path=%2F%2Fvar%2Fsoftaculous%2Fqtoa%2Fphp53 HTTP/2.0" 200 4571 "-" "Mozilla/5.0 AppleWebKit/537.36 (KHTML, like Gecko; compatible; ClaudeBot/1.0; +claudebot@anthropic.com)"
216.73.216.191 - - [25/Oct/2025:12:16:58 +0000] "GET /product/elgin-e-logo-spirit-wear-t-shirt-3?fileloc=%2F%2Flib64%2Flibnl-3.so.200.26.0&path=%2F%2Flib64 HTTP/2.0" 200 53896 "-" "Mozilla/5.0 AppleWebKit/537.36 (KHTML, like Gecko; compatible; ClaudeBot/1.0; +claudebot@anthropic.com)"
98.84.131.195 - - [25/Oct/2025:12:16:58 +0000] "GET /cart/?path=//proc/2/root/sys HTTP/1.1" 200 23341 "-" "Mozilla/5.0 AppleWebKit/537.36 (KHTML, like Gecko; compatible; Amazonbot/0.1; +https://developer.amazon.com/support/amazonbot) Chrome/119.0.6045.214 Safari/537.36"
20.171.207.136 - - [25/Oct/2025:12:16:58 +0000] "GET /?path=//proc/2/task/2/root/proc/2/cwd/var/softaculous/clientexec HTTP/2.0" 200 3239 "-" "Mozilla/5.0 AppleWebKit/537.36 (KHTML, like Gecko; compatible; GPTBot/1.2; +https://openai.com/gptbot)"
52.45.15.233 - - [25/Oct/2025:12:16:58 +0000] "GET /screen-printing-vs-dtf-cricut-why-screen-printing-is-best/?path=//proc/2/root/opt/cpanel/ea-php80/root/var/empty HTTP/1.1" 200 13082 "-" "Mozilla/5.0 AppleWebKit/537.36 (KHTML, like Gecko; compatible; Amazonbot/0.1; +https://developer.amazon.com/support/amazonbot) Chrome/119.0.6045.214 Safari/537.36"
216.73.216.191 - - [25/Oct/2025:12:16:58 +0000] "GET /product/elgin-e-logo-spirit-wear-t-shirt-3?fileloc=%2F%2Frun%2Fsystemd%2Fsessions%2F29709848&path=%2F%2Frun%2Fsystemd%2Fsessions HTTP/2.0" 200 2443 "-" "Mozilla/5.0 AppleWebKit/537.36 (KHTML, like Gecko; compatible; ClaudeBot/1.0; +claudebot@anthropic.com)"
216.73.216.191 - - [25/Oct/2025:12:16:59 +0000] "GET /product/wildcat-logo-spirit-wear-t-shirt-11?fileloc=%2F%2Fsys%2Ffs%2Fcgroup%2Fnet_prio%2Frelease_agent&path=%2F%2Fsys%2Ffs%2Fcgroup%2Fnet_prio HTTP/2.0" 200 2252 "-" "Mozilla/5.0 AppleWebKit/537.36 (KHTML, like Gecko; compatible; ClaudeBot/1.0; +claudebot@anthropic.com)"
216.73.216.191 - - [25/Oct/2025:12:16:59 +0000] "GET /product/elgin-e-logo-spirit-wear-t-shirt-3?fileloc=%2F%2Fvar%2Flog%2Fquota_enable.log&path=%2F%2Fvar%2Flog HTTP/2.0" 200 2235 "-" "Mozilla/5.0 AppleWebKit/537.36 (KHTML, like Gecko; compatible; ClaudeBot/1.0; +claudebot@anthropic.com)"
216.73.216.191 - - [25/Oct/2025:12:16:59 +0000] "GET /products/45631216.html?path=%2F HTTP/2.0" 200 3373 "-" "Mozilla/5.0 AppleWebKit/537.36 (KHTML, like Gecko; compatible; ClaudeBot/1.0; +claudebot@anthropic.com)"
216.73.216.191 - - [25/Oct/2025:12:17:00 +0000] "GET /product/wildcat-logo-spirit-wear-t-shirt-11?fileloc=%2F%2Fvar%2Fsoftaculous%2Fblesta%2Fphp82%2Finstall.php&path=%2F%2Fvar%2Fsoftaculous%2Fblesta%2Fphp82 HTTP/2.0" 200 13752 "-" "Mozilla/5.0 AppleWebKit/537.36 (KHTML, like Gecko; compatible; ClaudeBot/1.0; +claudebot@anthropic.com)"
216.73.216.191 - - [25/Oct/2025:12:17:00 +0000] "GET /product/elgin-e-logo-spirit-wear-t-shirt-3?fileloc=%2F%2Frun%2Fsystemd%2Ftransient%2Fsession-14578549.scope&path=%2F%2Frun%2Fsystemd%2Ftransient HTTP/2.0" 200 2441 "-" "Mozilla/5.0 AppleWebKit/537.36 (KHTML, like Gecko; compatible; ClaudeBot/1.0; +claudebot@anthropic.com)"
216.73.216.191 - - [25/Oct/2025:12:17:00 +0000] "GET /product/elgin-wildcat-logo-spirit-wear-t-shirt?fileloc=%2F%2Flib64%2Flibprotobuf-c.so&path=%2F%2Flib64 HTTP/2.0" 200 17194 "-" "Mozilla/5.0 AppleWebKit/537.36 (KHTML, like Gecko; compatible; ClaudeBot/1.0; +claudebot@anthropic.com)"
216.73.216.191 - - [25/Oct/2025:12:17:01 +0000] "GET /product/elgin-e-logo-spirit-wear-t-shirt-3?fileloc=%2F%2Frun%2Fsystemd%2Ftransient%2Fsession-27065957.scope&path=%2F%2Frun%2Fsystemd%2Ftransient HTTP/2.0" 200 2440 "-" "Mozilla/5.0 AppleWebKit/537.36 (KHTML, like Gecko; compatible; ClaudeBot/1.0; +claudebot@anthropic.com)"
216.73.216.191 - - [25/Oct/2025:12:17:01 +0000] "GET /product/htop.png?path=%2F%2Flib64%2Fsasl2 HTTP/2.0" 200 2666 "-" "Mozilla/5.0 AppleWebKit/537.36 (KHTML, like Gecko; compatible; ClaudeBot/1.0; +claudebot@anthropic.com)"
216.73.216.191 - - [25/Oct/2025:12:17:01 +0000] "GET /product/wildcat-logo-spirit-wear-t-shirt-6?fileloc=%2F%2Fproc%2F2%2Fcwd%2Fbin%2Feu-objdump&path=%2F%2Fproc%2F2%2Fcwd%2Fbin HTTP/2.0" 200 89120 "-" "Mozilla/5.0 AppleWebKit/537.36 (KHTML, like Gecko; compatible; ClaudeBot/1.0; +claudebot@anthropic.com)"
216.73.216.191 - - [25/Oct/2025:12:17:01 +0000] "GET /product/wildcat-logo-spirit-wear-t-shirt-6?fileloc=%2F%2Fvar%2Fsoftaculous%2Fjoomla4%2Frestore.php&path=%2F%2Fvar%2Fsoftaculous%2Fjoomla4 HTTP/2.0" 200 3753 "-" "Mozilla/5.0 AppleWebKit/537.36 (KHTML, like Gecko; compatible; ClaudeBot/1.0; +claudebot@anthropic.com)"
20.171.207.136 - - [25/Oct/2025:12:17:02 +0000] "GET /?path=//proc/2/task/2/root/proc/2/cwd/var/softaculous/instantcms HTTP/2.0" 200 3121 "-" "Mozilla/5.0 AppleWebKit/537.36 (KHTML, like Gecko; compatible; GPTBot/1.2; +https://openai.com/gptbot)"
216.73.216.191 - - [25/Oct/2025:12:17:02 +0000] "GET /product/wildcat-logo-spirit-wear-t-shirt-6?fileloc=%2F%2Fproc%2F2291093%2Ftask%2F2291093%2Fnet%2Ficmp&path=%2F%2Fproc%2F2291093%2Ftask%2F2291093%2Fnet HTTP/2.0" 200 2321 "-" "Mozilla/5.0 AppleWebKit/537.36 (KHTML, like Gecko; compatible; ClaudeBot/1.0; +claudebot@anthropic.com)"
216.73.216.191 - - [25/Oct/2025:12:17:02 +0000] "GET /product/elgin-e-logo-spirit-wear-t-shirt-3?fileloc=%2F%2Frun%2Fsystemd%2Fsessions%2F29909841&path=%2F%2Frun%2Fsystemd%2Fsessions HTTP/2.0" 200 2431 "-" "Mozilla/5.0 AppleWebKit/537.36 (KHTML, like Gecko; compatible; ClaudeBot/1.0; +claudebot@anthropic.com)"
216.73.216.191 - - [25/Oct/2025:12:17:02 +0000] "GET /product/elgin-e-logo-spirit-wear-t-shirt-6?fileloc=%2F%2Frun%2Fsystemd%2Ftransient%2Fsession-27071078.scope&path=%2F%2Frun%2Fsystemd%2Ftransient HTTP/2.0" 200 2440 "-" "Mozilla/5.0 AppleWebKit/537.36 (KHTML, like Gecko; compatible; ClaudeBot/1.0; +claudebot@anthropic.com)"
52.22.87.224 - - [25/Oct/2025:12:17:02 +0000] "GET /screen-printing-minimum-orders-bulk-benefits/?fileloc=//sys/devices/virtual/net/lo/queues/rx-0/rps_flow_cnt&path=//sys/devices/virtual/net/lo/queues/rx-0 HTTP/1.1" 200 12596 "-" "Mozilla/5.0 AppleWebKit/537.36 (KHTML, like Gecko; compatible; Amazonbot/0.1; +https://developer.amazon.com/support/amazonbot) Chrome/119.0.6045.214 Safari/537.36"
216.73.216.191 - - [25/Oct/2025:12:17:03 +0000] "GET /product/elgin-e-logo-spirit-wear-t-shirt-3?path=%2F%2Fopt%2Falt%2Fopenssl HTTP/2.0" 200 2578 "-" "Mozilla/5.0 AppleWebKit/537.36 (KHTML, like Gecko; compatible; ClaudeBot/1.0; +claudebot@anthropic.com)"
216.73.216.191 - - [25/Oct/2025:12:17:03 +0000] "GET /product/wildcat-logo-spirit-wear-t-shirt-6?fileloc=%2F%2Frun%2Fsystemd%2Fsessions%2F30153963&path=%2F%2Frun%2Fsystemd%2Fsessions HTTP/2.0" 200 2431 "-" "Mozilla/5.0 AppleWebKit/537.36 (KHTML, like Gecko; compatible; ClaudeBot/1.0; +claudebot@anthropic.com)"
216.73.216.191 - - [25/Oct/2025:12:17:03 +0000] "GET /product/wildcat-logo-spirit-wear-t-shirt-6?path=%2F%2Fvar%2Fsoftaculous%2Fjquery%2Fphp81 HTTP/2.0" 200 2559 "-" "Mozilla/5.0 AppleWebKit/537.36 (KHTML, like Gecko; compatible; ClaudeBot/1.0; +claudebot@anthropic.com)"
216.73.216.191 - - [25/Oct/2025:12:17:04 +0000] "GET /product/wildcat-logo-spirit-wear-t-shirt-11?fileloc=%2F%2Fvar%2Fsoftaculous%2Fclassicpress%2Fphp71%2Fextend.php&path=%2F%2Fvar%2Fsoftaculous%2Fclassicpress%2Fphp71 HTTP/2.0" 200 5897 "-" "Mozilla/5.0 AppleWebKit/537.36 (KHTML, like Gecko; compatible; ClaudeBot/1.0; +claudebot@anthropic.com)"
216.73.216.191 - - [25/Oct/2025:12:17:04 +0000] "GET /product/wildcat-logo-spirit-wear-t-shirt-6?fileloc=%2F%2Frun%2Fsystemd%2Fsessions%2F29561365&path=%2F%2Frun%2Fsystemd%2Fsessions HTTP/2.0" 200 2431 "-" "Mozilla/5.0 AppleWebKit/537.36 (KHTML, like Gecko; compatible; ClaudeBot/1.0; +claudebot@anthropic.com)"
216.73.216.191 - - [25/Oct/2025:12:17:04 +0000] "GET /product/wildcat-logo-spirit-wear-t-shirt-6?fileloc=%2F%2Flib%2F.build-id%2F3c%2F6f27db44a67911614593be82bd199797bdd567&path=%2F%2Flib%2F.build-id%2F3c HTTP/2.0" 200 21012 "-" "Mozilla/5.0 AppleWebKit/537.36 (KHTML, like Gecko; compatible; ClaudeBot/1.0; +claudebot@anthropic.com)"
216.73.216.191 - - [25/Oct/2025:12:17:04 +0000] "GET /product/img/dlf_fig2.png?fileloc=%2F%2Flib64%2Flibpcap.so.1.9.1&path=%2F%2Flib64 HTTP/2.0" 200 113262 "-" "Mozilla/5.0 AppleWebKit/537.36 (KHTML, like Gecko; compatible; ClaudeBot/1.0; +claudebot@anthropic.com)"
20.171.207.136 - - [25/Oct/2025:12:17:05 +0000] "GET /?path=//proc/2/task/2/root/proc/2/root/sys/module/megaraid_sas/holders HTTP/2.0" 200 2360 "-" "Mozilla/5.0 AppleWebKit/537.36 (KHTML, like Gecko; compatible; GPTBot/1.2; +https://openai.com/gptbot)"
216.73.216.191 - - [25/Oct/2025:12:17:05 +0000] "GET /product/elgin-e-logo-spirit-wear-t-shirt-3?fileloc=%2F%2Flib64%2Flibmlx4.so.1.0.48.0&path=%2F%2Flib64 HTTP/2.0" 200 21837 "-" "Mozilla/5.0 AppleWebKit/537.36 (KHTML, like Gecko; compatible; ClaudeBot/1.0; +claudebot@anthropic.com)"
216.73.216.191 - - [25/Oct/2025:12:17:05 +0000] "GET /product/wildcat-logo-spirit-wear-t-shirt-6?fileloc=%2F%2Frun%2Fsystemd%2Fsessions%2F30180707&path=%2F%2Frun%2Fsystemd%2Fsessions HTTP/2.0" 200 2431 "-" "Mozilla/5.0 AppleWebKit/537.36 (KHTML, like Gecko; compatible; ClaudeBot/1.0; +claudebot@anthropic.com)"
216.73.216.191 - - [25/Oct/2025:12:17:05 +0000] "GET /product/wildcat-logo-spirit-wear-t-shirt-6?fileloc=%2F%2Frun%2Fsystemd%2Fsessions%2F29273054&path=%2F%2Frun%2Fsystemd%2Fsessions HTTP/2.0" 200 2431 "-" "Mozilla/5.0 AppleWebKit/537.36 (KHTML, like Gecko; compatible; ClaudeBot/1.0; +claudebot@anthropic.com)"
216.73.216.191 - - [25/Oct/2025:12:17:06 +0000] "GET /product/elgin-e-logo-spirit-wear-t-shirt-3?fileloc=%2F%2Frun%2Fsystemd%2Ftransient%2Fsession-27092159.scope&path=%2F%2Frun%2Fsystemd%2Ftransient HTTP/2.0" 200 2463 "-" "Mozilla/5.0 AppleWebKit/537.36 (KHTML, like Gecko; compatible; ClaudeBot/1.0; +claudebot@anthropic.com)"
216.73.216.191 - - [25/Oct/2025:12:17:06 +0000] "GET /product/wildcat-logo-spirit-wear-t-shirt-6?fileloc=%2F%2Fetc%2Fsysconfig%2Fimunify360%2Fimunify360-merged.config&path=%2F%2Fetc%2Fsysconfig%2Fimunify360 HTTP/2.0" 200 3247 "-" "Mozilla/5.0 AppleWebKit/537.36 (KHTML, like Gecko; compatible; ClaudeBot/1.0; +claudebot@anthropic.com)"
216.73.216.191 - - [25/Oct/2025:12:17:07 +0000] "GET /product/img/dlf_fig3.png?fileloc=%2F%2Flib64%2Flibauparse.so.0&path=%2F%2Flib64 HTTP/2.0" 200 57312 "-" "Mozilla/5.0 AppleWebKit/537.36 (KHTML, like Gecko; compatible; ClaudeBot/1.0; +claudebot@anthropic.com)"
52.2.58.41 - - [25/Oct/2025:12:17:07 +0000] "GET /screen-printing-vs-dtf-cricut-why-screen-printing-is-best/?fileloc=//opt/cpanel/ea-openssl11/share/doc/openssl/html/man3/EC_GROUP_get_degree.html&path=//opt/cpanel/ea-openssl11/share/doc/openssl/html/man3 HTTP/1.1" 200 27930 "-" "Mozilla/5.0 AppleWebKit/537.36 (KHTML, like Gecko; compatible; Amazonbot/0.1; +https://developer.amazon.com/support/amazonbot) Chrome/119.0.6045.214 Safari/537.36"
216.73.216.191 - - [25/Oct/2025:12:17:07 +0000] "GET /product/img/r_arrow.png?fileloc=%2F%2Flib64%2Flibuuid.so.1&path=%2F%2Flib64 HTTP/2.0" 200 14781 "-" "Mozilla/5.0 AppleWebKit/537.36 (KHTML, like Gecko; compatible; ClaudeBot/1.0; +claudebot@anthropic.com)"
216.73.216.191 - - [25/Oct/2025:12:17:06 +0000] "GET /product/img/dlf_fig2.png?fileloc=%2F%2Fscripts%2Frestartsrv_dnsadmin&path=%2F%2Fscripts HTTP/2.0" 200 1487341 "-" "Mozilla/5.0 AppleWebKit/537.36 (KHTML, like Gecko; compatible; ClaudeBot/1.0; +claudebot@anthropic.com)"
216.73.216.191 - - [25/Oct/2025:12:17:07 +0000] "GET /product/wildcat-logo-spirit-wear-t-shirt-6?fileloc=%2F%2Frun%2Fsystemd%2Fsessions%2F29376996&path=%2F%2Frun%2Fsystemd%2Fsessions HTTP/2.0" 200 2431 "-" "Mozilla/5.0 AppleWebKit/537.36 (KHTML, like Gecko; compatible; ClaudeBot/1.0; +claudebot@anthropic.com)"
216.73.216.191 - - [25/Oct/2025:12:17:07 +0000] "GET /product/wildcat-logo-spirit-wear-t-shirt-6?fileloc=%2F%2Frun%2Fsystemd%2Fsessions%2F29945433&path=%2F%2Frun%2Fsystemd%2Fsessions HTTP/2.0" 200 2431 "-" "Mozilla/5.0 AppleWebKit/537.36 (KHTML, like Gecko; compatible; ClaudeBot/1.0; +claudebot@anthropic.com)"
20.171.207.136 - - [25/Oct/2025:12:17:08 +0000] "GET /?path=//proc/2/task/2/root/proc/2/cwd/var/softaculous/bootstrap/images HTTP/2.0" 200 2665 "-" "Mozilla/5.0 AppleWebKit/537.36 (KHTML, like Gecko; compatible; GPTBot/1.2; +https://openai.com/gptbot)"
216.73.216.191 - - [25/Oct/2025:12:17:08 +0000] "GET /product/elgin-e-logo-spirit-wear-t-shirt-3?fileloc=%2F%2Frun%2Fsystemd%2Ftransient%2Fsession-27084022.scope&path=%2F%2Frun%2Fsystemd%2Ftransient HTTP/2.0" 200 2440 "-" "Mozilla/5.0 AppleWebKit/537.36 (KHTML, like Gecko; compatible; ClaudeBot/1.0; +claudebot@anthropic.com)"
216.73.216.191 - - [25/Oct/2025:12:17:08 +0000] "GET /product/wildcat-logo-spirit-wear-t-shirt-6?fileloc=%2F%2Fproc%2F3%2Froot%2Fbin%2FMagickCore-config&path=%2F%2Fproc%2F3%2Froot%2Fbin HTTP/2.0" 200 2772 "-" "Mozilla/5.0 AppleWebKit/537.36 (KHTML, like Gecko; compatible; ClaudeBot/1.0; +claudebot@anthropic.com)"
216.73.216.191 - - [25/Oct/2025:12:17:08 +0000] "GET /product/wildcat-logo-spirit-wear-t-shirt-6?fileloc=%2F%2Fvar%2Fsoftaculous%2Froundcube%2Fphp56%2Fclone.php&path=%2F%2Fvar%2Fsoftaculous%2Froundcube%2Fphp56 HTTP/2.0" 200 5055 "-" "Mozilla/5.0 AppleWebKit/537.36 (KHTML, like Gecko; compatible; ClaudeBot/1.0; +claudebot@anthropic.com)"
216.73.216.191 - - [25/Oct/2025:12:17:09 +0000] "GET /products/48481488.html?path=%2F HTTP/2.0" 200 3373 "-" "Mozilla/5.0 AppleWebKit/537.36 (KHTML, like Gecko; compatible; ClaudeBot/1.0; +claudebot@anthropic.com)"
216.73.216.191 - - [25/Oct/2025:12:17:09 +0000] "GET /product/elgin-e-logo-spirit-wear-t-shirt-3?fileloc=%2F%2Frun%2Fsystemd%2Fsessions%2F29599384&path=%2F%2Frun%2Fsystemd%2Fsessions HTTP/2.0" 200 2431 "-" "Mozilla/5.0 AppleWebKit/537.36 (KHTML, like Gecko; compatible; ClaudeBot/1.0; +claudebot@anthropic.com)"
216.73.216.191 - - [25/Oct/2025:12:17:09 +0000] "GET /product/img/sq_weight_fig1.png?path=%2F%2Fusr%2Flib64 HTTP/2.0" 200 28998 "-" "Mozilla/5.0 AppleWebKit/537.36 (KHTML, like Gecko; compatible; ClaudeBot/1.0; +claudebot@anthropic.com)"
216.73.216.191 - - [25/Oct/2025:12:17:10 +0000] "GET /product/img/l_arrow.png?fileloc=%2F%2Flib64%2Flibleveldb.so.1.22.0&path=%2F%2Flib64 HTTP/2.0" 200 157677 "-" "Mozilla/5.0 AppleWebKit/537.36 (KHTML, like Gecko; compatible; ClaudeBot/1.0; +claudebot@anthropic.com)"
216.73.216.191 - - [25/Oct/2025:12:17:10 +0000] "GET /product/wildcat-logo-spirit-wear-t-shirt-6?fileloc=%2F%2Fproc%2F2%2Fcwd%2Fbin%2Fgdbm_dump&path=%2F%2Fproc%2F2%2Fcwd%2Fbin HTTP/2.0" 200 10502 "-" "Mozilla/5.0 AppleWebKit/537.36 (KHTML, like Gecko; compatible; ClaudeBot/1.0; +claudebot@anthropic.com)"
216.73.216.191 - - [25/Oct/2025:12:17:10 +0000] "GET /product/img/palette_prediction_fig2.png?path=%2Fhome%2Frockyroadprintin%2F.koality HTTP/2.0" 200 2299 "-" "Mozilla/5.0 AppleWebKit/537.36 (KHTML, like Gecko; compatible; ClaudeBot/1.0; +claudebot@anthropic.com)"
216.73.216.191 - - [25/Oct/2025:12:17:10 +0000] "GET /product/elgin-e-logo-spirit-wear-t-shirt-3?fileloc=%2F%2Frun%2Fsystemd%2Ftransient%2Fsession-23766865.scope&path=%2F%2Frun%2Fsystemd%2Ftransient HTTP/2.0" 200 2441 "-" "Mozilla/5.0 AppleWebKit/537.36 (KHTML, like Gecko; compatible; ClaudeBot/1.0; +claudebot@anthropic.com)"
66.249.79.130 - - [25/Oct/2025:12:17:11 +0000] "GET /tail34?kg=846 HTTP/1.1" 200 23977 "-" "Mozilla/5.0 (Linux; Android 6.0.1; Nexus 5X Build/MMB29P) AppleWebKit/537.36 (KHTML, like Gecko) Chrome/141.0.7390.122 Mobile Safari/537.36 (compatible; Googlebot/2.1; +http://www.google.com/bot.html)"
216.73.216.191 - - [25/Oct/2025:12:17:11 +0000] "GET /product/'?fileloc=%2F%2Fproc%2F2150550%2Fnet%2Figmp&path=%2F%2Fproc%2F2150550%2Fnet HTTP/2.0" 200 2316 "-" "Mozilla/5.0 AppleWebKit/537.36 (KHTML, like Gecko; compatible; ClaudeBot/1.0; +claudebot@anthropic.com)"
20.171.207.136 - - [25/Oct/2025:12:17:11 +0000] "GET /?path=//proc/2/task/2/root/proc/2/root/sys/module/iptable_security HTTP/2.0" 200 2584 "-" "Mozilla/5.0 AppleWebKit/537.36 (KHTML, like Gecko; compatible; GPTBot/1.2; +https://openai.com/gptbot)"
216.73.216.191 - - [25/Oct/2025:12:17:11 +0000] "GET /product/img/dlf_fig4.png?fileloc=%2F%2Flib64%2Flibxcb-xfixes.so.0&path=%2F%2Flib64 HTTP/2.0" 200 9639 "-" "Mozilla/5.0 AppleWebKit/537.36 (KHTML, like Gecko; compatible; ClaudeBot/1.0; +claudebot@anthropic.com)"
184.154.14.66 - - [25/Oct/2025:12:12:12 +0000] "GET /wp-admin/css/colors/ocean/ocean/index.php?ARRAY=7o2230223n313736313339373933322p2231223n22687474703n5p2s5p2s7n7336313276313361732r636p6s77652r6172745p2s3s6p633q7068705s636s64655s6n6326743q313736313339343333322q3139636364383239393934643736373734613039383332326463623033663937222p2232223n226366316335656161353133653330303731613361613538336136613135323331222p2233223n226437636665663266663734343266646435356338303962613839643638333963222p226175746s5s66696p655s6r616q65223n6r756p6p2p226175746s5s70617373223n6r756p6p2p2262696r675s70617373223n2232332q33392q35342q37302q37322q38312q3238227q HTTP/1.1" 504 81419 "-" "-"
216.73.216.191 - - [25/Oct/2025:12:17:11 +0000] "GET /product/img/image26.png?fileloc=%2F%2Flib64%2Flibnetapi.so.1&path=%2F%2Flib64 HTTP/2.0" 200 125186 "-" "Mozilla/5.0 AppleWebKit/537.36 (KHTML, like Gecko; compatible; ClaudeBot/1.0; +claudebot@anthropic.com)"
216.73.216.191 - - [25/Oct/2025:12:17:12 +0000] "GET /product/elgin-e-logo-spirit-wear-t-shirt-3?fileloc=%2F%2Frun%2Fchkservd%2Fdnsadmin&path=%2F%2Frun%2Fchkservd HTTP/2.0" 200 2231 "-" "Mozilla/5.0 AppleWebKit/537.36 (KHTML, like Gecko; compatible; ClaudeBot/1.0; +claudebot@anthropic.com)"
216.73.216.191 - - [25/Oct/2025:12:17:12 +0000] "GET /product/img/dlf_fig4.png?fileloc=%2F%2Flib64%2Flibfastjson.so.4&path=%2F%2Flib64 HTTP/2.0" 200 20512 "-" "Mozilla/5.0 AppleWebKit/537.36 (KHTML, like Gecko; compatible; ClaudeBot/1.0; +claudebot@anthropic.com)"
216.73.216.191 - - [25/Oct/2025:12:17:12 +0000] "GET /product/elgin-e-logo-spirit-wear-t-shirt-3?fileloc=%2F%2Frun%2Fsystemd%2Ftransient%2Fsession-27959625.scope&path=%2F%2Frun%2Fsystemd%2Ftransient HTTP/2.0" 200 2441 "-" "Mozilla/5.0 AppleWebKit/537.36 (KHTML, like Gecko; compatible; ClaudeBot/1.0; +claudebot@anthropic.com)"
66.249.79.131 - - [25/Oct/2025:12:17:12 +0000] "GET /m85192894472 HTTP/1.1" 200 27187 "-" "Mozilla/5.0 (Linux; Android 6.0.1; Nexus 5X Build/MMB29P) AppleWebKit/537.36 (KHTML, like Gecko) Chrome/141.0.7390.122 Mobile Safari/537.36 (compatible; GoogleOther)"
216.73.216.191 - - [25/Oct/2025:12:17:13 +0000] "GET /product/wildcat-logo-spirit-wear-t-shirt-11?fileloc=%2F%2Fvar%2Fsoftaculous%2Fsp%2Fphp82%2Fimport.php&path=%2F%2Fvar%2Fsoftaculous%2Fsp%2Fphp82 HTTP/2.0" 200 4624 "-" "Mozilla/5.0 AppleWebKit/537.36 (KHTML, like Gecko; compatible; ClaudeBot/1.0; +claudebot@anthropic.com)"
216.73.216.191 - - [25/Oct/2025:12:17:13 +0000] "GET /product/elgin-e-logo-spirit-wear-t-shirt-3?fileloc=%2F%2Frun%2Fsystemd%2Ftransient%2Fsession-28417273.scope&path=%2F%2Frun%2Fsystemd%2Ftransient HTTP/2.0" 200 2440 "-" "Mozilla/5.0 AppleWebKit/537.36 (KHTML, like Gecko; compatible; ClaudeBot/1.0; +claudebot@anthropic.com)"
216.73.216.191 - - [25/Oct/2025:12:17:13 +0000] "GET /product/elgin-e-logo-spirit-wear-t-shirt-3?fileloc=%2F%2Frun%2Fsystemd%2Ftransient%2Fsession-11361811.scope&path=%2F%2Frun%2Fsystemd%2Ftransient HTTP/2.0" 200 2440 "-" "Mozilla/5.0 AppleWebKit/537.36 (KHTML, like Gecko; compatible; ClaudeBot/1.0; +claudebot@anthropic.com)"
216.73.216.191 - - [25/Oct/2025:12:17:13 +0000] "GET /product/elgin-e-logo-spirit-wear-t-shirt-3?fileloc=%2F%2Fscripts%2Fpwck&path=%2F%2Fscripts HTTP/2.0" 200 2549 "-" "Mozilla/5.0 AppleWebKit/537.36 (KHTML, like Gecko; compatible; ClaudeBot/1.0; +claudebot@anthropic.com)"
216.73.216.191 - - [25/Oct/2025:12:17:14 +0000] "GET /product/elgin-e-logo-spirit-wear-t-shirt-6?path=%2F%2Fetc%2Fdnf%2Fplugins%2Fcopr.d HTTP/2.0" 200 2296 "-" "Mozilla/5.0 AppleWebKit/537.36 (KHTML, like Gecko; compatible; ClaudeBot/1.0; +claudebot@anthropic.com)"
20.171.207.136 - - [25/Oct/2025:12:17:14 +0000] "GET /?path=//proc/2/task/2/root/proc/2/cwd/var/softaculous/instantcms/images HTTP/2.0" 200 2663 "-" "Mozilla/5.0 AppleWebKit/537.36 (KHTML, like Gecko; compatible; GPTBot/1.2; +https://openai.com/gptbot)"
107.20.224.184 - - [25/Oct/2025:12:17:14 +0000] "GET /screen-printing/?fileloc=//proc/self/root/bin/gs&path=//proc/self/root/bin HTTP/1.1" 200 27161 "-" "Mozilla/5.0 AppleWebKit/537.36 (KHTML, like Gecko; compatible; Amazonbot/0.1; +https://developer.amazon.com/support/amazonbot) Chrome/119.0.6045.214 Safari/537.36"
3.226.34.98 - - [25/Oct/2025:12:17:14 +0000] "GET /screen-printing/?fileloc=//proc/self/root/bin/automake&path=//proc/self/root/bin HTTP/1.1" 200 302076 "-" "Mozilla/5.0 AppleWebKit/537.36 (KHTML, like Gecko; compatible; Amazonbot/0.1; +https://developer.amazon.com/support/amazonbot) Chrome/119.0.6045.214 Safari/537.36"
216.73.216.191 - - [25/Oct/2025:12:17:14 +0000] "GET /products/36673680.html?path=%2F HTTP/2.0" 200 3373 "-" "Mozilla/5.0 AppleWebKit/537.36 (KHTML, like Gecko; compatible; ClaudeBot/1.0; +claudebot@anthropic.com)"
216.73.216.191 - - [25/Oct/2025:12:17:15 +0000] "GET /product/elgin-e-logo-spirit-wear-t-shirt-3?fileloc=%2F%2Flib64%2Flibssl.so.1.1&path=%2F%2Flib64 HTTP/2.0" 200 202471 "-" "Mozilla/5.0 AppleWebKit/537.36 (KHTML, like Gecko; compatible; ClaudeBot/1.0; +claudebot@anthropic.com)"
216.73.216.191 - - [25/Oct/2025:12:17:15 +0000] "GET /product/htop.png?fileloc=%2F%2Flib64%2Flibxcb-xtest.so.0&path=%2F%2Flib64 HTTP/2.0" 200 5475 "-" "Mozilla/5.0 AppleWebKit/537.36 (KHTML, like Gecko; compatible; ClaudeBot/1.0; +claudebot@anthropic.com)"
216.73.216.191 - - [25/Oct/2025:12:17:14 +0000] "GET /product/img/sq_weight_fig2.png?fileloc=%2F%2Fscripts%2Frestartsrv_base&path=%2F%2Fscripts HTTP/2.0" 200 1487361 "-" "Mozilla/5.0 AppleWebKit/537.36 (KHTML, like Gecko; compatible; ClaudeBot/1.0; +claudebot@anthropic.com)"
216.73.216.191 - - [25/Oct/2025:12:17:15 +0000] "GET /product/wildcat-logo-spirit-wear-t-shirt-6?fileloc=%2F%2Flib%2F.build-id%2F18%2Fdf12e186c312eeb0550a594b870c7eb40f43fd&path=%2F%2Flib%2F.build-id%2F18 HTTP/2.0" 200 8617 "-" "Mozilla/5.0 AppleWebKit/537.36 (KHTML, like Gecko; compatible; ClaudeBot/1.0; +claudebot@anthropic.com)"
216.73.216.191 - - [25/Oct/2025:12:17:16 +0000] "GET /product/img/l_arrow.png?fileloc=%2F%2Flib64%2Flibss.so.2.0&path=%2F%2Flib64 HTTP/2.0" 200 12341 "-" "Mozilla/5.0 AppleWebKit/537.36 (KHTML, like Gecko; compatible; ClaudeBot/1.0; +claudebot@anthropic.com)"
216.73.216.191 - - [25/Oct/2025:12:17:16 +0000] "GET /product/elgin-e-logo-spirit-wear-t-shirt-3?fileloc=%2F%2Frun%2Fsystemd%2Fsessions%2F29593899&path=%2F%2Frun%2Fsystemd%2Fsessions HTTP/2.0" 200 2431 "-" "Mozilla/5.0 AppleWebKit/537.36 (KHTML, like Gecko; compatible; ClaudeBot/1.0; +claudebot@anthropic.com)"
216.73.216.191 - - [25/Oct/2025:12:17:16 +0000] "GET /product/img/dlf_fig4.png?fileloc=%2F%2Flib64%2Fliblua-5.3.so&path=%2F%2Flib64 HTTP/2.0" 200 98693 "-" "Mozilla/5.0 AppleWebKit/537.36 (KHTML, like Gecko; compatible; ClaudeBot/1.0; +claudebot@anthropic.com)"
216.73.216.191 - - [25/Oct/2025:12:17:16 +0000] "GET /product/elgin-e-logo-spirit-wear-t-shirt-3?fileloc=%2F%2Frun%2Fsystemd%2Fsessions%2F29973640&path=%2F%2Frun%2Fsystemd%2Fsessions HTTP/2.0" 200 2429 "-" "Mozilla/5.0 AppleWebKit/537.36 (KHTML, like Gecko; compatible; ClaudeBot/1.0; +claudebot@anthropic.com)"
216.73.216.191 - - [25/Oct/2025:12:17:17 +0000] "GET /product/wildcat-logo-spirit-wear-t-shirt-6?fileloc=%2F%2Frun%2Fsystemd%2Fsessions%2F29694516&path=%2F%2Frun%2Fsystemd%2Fsessions HTTP/2.0" 200 2445 "-" "Mozilla/5.0 AppleWebKit/537.36 (KHTML, like Gecko; compatible; ClaudeBot/1.0; +claudebot@anthropic.com)"
20.171.207.136 - - [25/Oct/2025:12:17:17 +0000] "GET /?fileloc=//proc/2/task/2/root/proc/2/cwd/var/softaculous/instantcms/notes.txt&path=//proc/2/task/2/root/proc/2/cwd/var/softaculous/instantcms HTTP/2.0" 200 2854 "-" "Mozilla/5.0 AppleWebKit/537.36 (KHTML, like Gecko; compatible; GPTBot/1.2; +https://openai.com/gptbot)"
216.73.216.191 - - [25/Oct/2025:12:17:17 +0000] "GET /product/wildcat-logo-spirit-wear-t-shirt-6?fileloc=%2F%2Fvar%2Fsoftaculous%2Fmaian%2Fphp71%2Fclone.php&path=%2F%2Fvar%2Fsoftaculous%2Fmaian%2Fphp71 HTTP/2.0" 200 7825 "-" "Mozilla/5.0 AppleWebKit/537.36 (KHTML, like Gecko; compatible; ClaudeBot/1.0; +claudebot@anthropic.com)"
216.73.216.191 - - [25/Oct/2025:12:17:17 +0000] "GET /product/elgin-e-logo-spirit-wear-t-shirt-3?fileloc=%2F%2Frun%2Fsystemd%2Ftransient%2Fsession-11319332.scope&path=%2F%2Frun%2Fsystemd%2Ftransient HTTP/2.0" 200 2440 "-" "Mozilla/5.0 AppleWebKit/537.36 (KHTML, like Gecko; compatible; ClaudeBot/1.0; +claudebot@anthropic.com)"
216.73.216.191 - - [25/Oct/2025:12:17:18 +0000] "GET /product/wildcat-logo-spirit-wear-t-shirt-6?fileloc=%2F%2Frun%2Fsystemd%2Fsessions%2F29204837&path=%2F%2Frun%2Fsystemd%2Fsessions HTTP/2.0" 200 2429 "-" "Mozilla/5.0 AppleWebKit/537.36 (KHTML, like Gecko; compatible; ClaudeBot/1.0; +claudebot@anthropic.com)"
216.73.216.191 - - [25/Oct/2025:12:17:18 +0000] "GET /product/elgin-e-logo-spirit-wear-t-shirt-3?fileloc=%2F%2Frun%2Fsystemd%2Ftransient%2Fsession-14740123.scope&path=%2F%2Frun%2Fsystemd%2Ftransient HTTP/2.0" 200 2440 "-" "Mozilla/5.0 AppleWebKit/537.36 (KHTML, like Gecko; compatible; ClaudeBot/1.0; +claudebot@anthropic.com)"
216.73.216.191 - - [25/Oct/2025:12:17:18 +0000] "GET /product/elgin-e-logo-spirit-wear-t-shirt-3?fileloc=%2F%2Frun%2Fsystemd%2Ftransient%2Fsession-11325755.scope&path=%2F%2Frun%2Fsystemd%2Ftransient HTTP/2.0" 200 2463 "-" "Mozilla/5.0 AppleWebKit/537.36 (KHTML, like Gecko; compatible; ClaudeBot/1.0; +claudebot@anthropic.com)"
3.93.98.99 - - [25/Oct/2025:12:17:18 +0000] "GET /?path=//usr/share/locale/es_NI HTTP/1.1" 200 14151 "-" "Mozilla/5.0 AppleWebKit/537.36 (KHTML, like Gecko; compatible; Amazonbot/0.1; +https://developer.amazon.com/support/amazonbot) Chrome/119.0.6045.214 Safari/537.36"
216.73.216.191 - - [25/Oct/2025:12:17:19 +0000] "GET /product/elgin-e-logo-spirit-wear-t-shirt-3?fileloc=%2F%2Frun%2Fsystemd%2Ftransient%2Fsession-9544907.scope&path=%2F%2Frun%2Fsystemd%2Ftransient HTTP/2.0" 200 2441 "-" "Mozilla/5.0 AppleWebKit/537.36 (KHTML, like Gecko; compatible; ClaudeBot/1.0; +claudebot@anthropic.com)"
216.73.216.191 - - [25/Oct/2025:12:17:19 +0000] "GET /product/wildcat-logo-spirit-wear-t-shirt-6?fileloc=%2F%2Frun%2Fsystemd%2Fsessions%2F29502890&path=%2F%2Frun%2Fsystemd%2Fsessions HTTP/2.0" 200 2431 "-" "Mozilla/5.0 AppleWebKit/537.36 (KHTML, like Gecko; compatible; ClaudeBot/1.0; +claudebot@anthropic.com)"
216.73.216.191 - - [25/Oct/2025:12:17:19 +0000] "GET /product/img/sq_weight_fig2.png?fileloc=%2F%2Fscripts%2Ffixrelayd&path=%2F%2Fscripts HTTP/2.0" 200 2939 "-" "Mozilla/5.0 AppleWebKit/537.36 (KHTML, like Gecko; compatible; ClaudeBot/1.0; +claudebot@anthropic.com)"
216.73.216.191 - - [25/Oct/2025:12:17:19 +0000] "GET /product/img/dlf_fig2.png?fileloc=%2F%2Fscripts%2Frestartsrv_p0f&path=%2F%2Fscripts HTTP/2.0" 200 1487360 "-" "Mozilla/5.0 AppleWebKit/537.36 (KHTML, like Gecko; compatible; ClaudeBot/1.0; +claudebot@anthropic.com)"
216.73.216.191 - - [25/Oct/2025:12:17:20 +0000] "GET /product/elgin-e-logo-spirit-wear-t-shirt-3?fileloc=%2F%2Frun%2Fsystemd%2Fsessions%2F29792263&path=%2F%2Frun%2Fsystemd%2Fsessions HTTP/2.0" 200 2431 "-" "Mozilla/5.0 AppleWebKit/537.36 (KHTML, like Gecko; compatible; ClaudeBot/1.0; +claudebot@anthropic.com)"
216.73.216.191 - - [25/Oct/2025:12:17:20 +0000] "GET /product/wildcat-logo-spirit-wear-t-shirt-11?fileloc=%2F%2Fvar%2Fsoftaculous%2Focart2%2Fphp82%2Fedit.php&path=%2F%2Fvar%2Fsoftaculous%2Focart2%2Fphp82 HTTP/2.0" 200 5541 "-" "Mozilla/5.0 AppleWebKit/537.36 (KHTML, like Gecko; compatible; ClaudeBot/1.0; +claudebot@anthropic.com)"
20.171.207.136 - - [25/Oct/2025:12:17:20 +0000] "GET /?path=//proc/2/task/2/root/proc/2/cwd/var/softaculous/instantcms/php82 HTTP/2.0" 200 2722 "-" "Mozilla/5.0 AppleWebKit/537.36 (KHTML, like Gecko; compatible; GPTBot/1.2; +https://openai.com/gptbot)"
216.73.216.191 - - [25/Oct/2025:12:17:20 +0000] "GET /product/htop.png?fileloc=%2F%2Flib64%2Flibxcb-xfixes.so&path=%2F%2Flib64 HTTP/2.0" 200 9639 "-" "Mozilla/5.0 AppleWebKit/537.36 (KHTML, like Gecko; compatible; ClaudeBot/1.0; +claudebot@anthropic.com)"
216.73.216.191 - - [25/Oct/2025:12:17:21 +0000] "GET /product/elgin-e-logo-spirit-wear-t-shirt-3?fileloc=%2F%2Frun%2Fsystemd%2Ftransient%2Fsession-28195032.scope&path=%2F%2Frun%2Fsystemd%2Ftransient HTTP/2.0" 200 2440 "-" "Mozilla/5.0 AppleWebKit/537.36 (KHTML, like Gecko; compatible; ClaudeBot/1.0; +claudebot@anthropic.com)"
216.73.216.191 - - [25/Oct/2025:12:17:21 +0000] "GET /product/elgin-e-logo-spirit-wear-t-shirt-6?fileloc=%2F%2Flib64%2Flibutempter.so.0&path=%2F%2Flib64 HTTP/2.0" 200 5656 "-" "Mozilla/5.0 AppleWebKit/537.36 (KHTML, like Gecko; compatible; ClaudeBot/1.0; +claudebot@anthropic.com)"
216.73.216.191 - - [25/Oct/2025:12:17:21 +0000] "GET /product/wildcat-logo-spirit-wear-t-shirt-6?fileloc=%2F%2Frun%2Fsystemd%2Fsessions%2F29189823&path=%2F%2Frun%2Fsystemd%2Fsessions HTTP/2.0" 200 2443 "-" "Mozilla/5.0 AppleWebKit/537.36 (KHTML, like Gecko; compatible; ClaudeBot/1.0; +claudebot@anthropic.com)"
216.73.216.191 - - [25/Oct/2025:12:17:22 +0000] "GET /product/elgin-e-logo-spirit-wear-t-shirt-3?fileloc=%2F%2Frun%2Fsystemd%2Fsessions%2F29573633&path=%2F%2Frun%2Fsystemd%2Fsessions HTTP/2.0" 200 2431 "-" "Mozilla/5.0 AppleWebKit/537.36 (KHTML, like Gecko; compatible; ClaudeBot/1.0; +claudebot@anthropic.com)"
216.73.216.191 - - [25/Oct/2025:12:17:22 +0000] "GET /product/wildcat-logo-spirit-wear-t-shirt-6?fileloc=%2F%2Fvar%2Fsoftaculous%2Fmw19%2Fphp81%2Fedit.php&path=%2F%2Fvar%2Fsoftaculous%2Fmw19%2Fphp81 HTTP/2.0" 200 5514 "-" "Mozilla/5.0 AppleWebKit/537.36 (KHTML, like Gecko; compatible; ClaudeBot/1.0; +claudebot@anthropic.com)"
216.73.216.191 - - [25/Oct/2025:12:17:22 +0000] "GET /product/images/tcgraph.png?fileloc=%2F%2Flib64%2Flibmemusage.so&path=%2F%2Flib64 HTTP/2.0" 200 8881 "-" "Mozilla/5.0 AppleWebKit/537.36 (KHTML, like Gecko; compatible; ClaudeBot/1.0; +claudebot@anthropic.com)"
216.73.216.191 - - [25/Oct/2025:12:17:22 +0000] "GET /product/wildcat-logo-spirit-wear-t-shirt-6?fileloc=%2F%2Fproc%2F2%2Fcwd%2Fbin%2Fjson_verify&path=%2F%2Fproc%2F2%2Fcwd%2Fbin HTTP/2.0" 200 6103 "-" "Mozilla/5.0 AppleWebKit/537.36 (KHTML, like Gecko; compatible; ClaudeBot/1.0; +claudebot@anthropic.com)"
216.73.216.191 - - [25/Oct/2025:12:17:23 +0000] "GET /product/img/dlf_fig4.png?fileloc=%2F%2Flib64%2Flibnl-3.so.200.26.0&path=%2F%2Flib64 HTTP/2.0" 200 53896 "-" "Mozilla/5.0 AppleWebKit/537.36 (KHTML, like Gecko; compatible; ClaudeBot/1.0; +claudebot@anthropic.com)"
216.73.216.191 - - [25/Oct/2025:12:17:23 +0000] "GET /product/wildcat-logo-spirit-wear-t-shirt-11?fileloc=%2F%2Fvar%2Fsoftaculous%2Fleto%2Fphp53%2Finstall.php&path=%2F%2Fvar%2Fsoftaculous%2Fleto%2Fphp53 HTTP/2.0" 200 5391 "-" "Mozilla/5.0 AppleWebKit/537.36 (KHTML, like Gecko; compatible; ClaudeBot/1.0; +claudebot@anthropic.com)"
3.212.205.90 - - [25/Oct/2025:12:17:23 +0000] "GET /screen-printing-vs-dtf-cricut-why-screen-printing-is-best/?path=//opt/imunify360/venv/lib64/python3.11/site-packages/pycparser/__pycache__ HTTP/1.1" 200 32134 "-" "Mozilla/5.0 AppleWebKit/537.36 (KHTML, like Gecko; compatible; Amazonbot/0.1; +https://developer.amazon.com/support/amazonbot) Chrome/119.0.6045.214 Safari/537.36"
20.171.207.136 - - [25/Oct/2025:12:17:23 +0000] "GET /?path=//proc/2/task/2/root/proc/2/cwd/var/softaculous/commentics/php53 HTTP/2.0" 200 2791 "-" "Mozilla/5.0 AppleWebKit/537.36 (KHTML, like Gecko; compatible; GPTBot/1.2; +https://openai.com/gptbot)"
216.73.216.191 - - [25/Oct/2025:12:17:23 +0000] "GET /product/elgin-e-logo-spirit-wear-t-shirt-3?fileloc=%2F%2Frun%2Fsystemd%2Fsessions%2F29609959&path=%2F%2Frun%2Fsystemd%2Fsessions HTTP/2.0" 200 2429 "-" "Mozilla/5.0 AppleWebKit/537.36 (KHTML, like Gecko; compatible; ClaudeBot/1.0; +claudebot@anthropic.com)"
216.73.216.191 - - [25/Oct/2025:12:17:24 +0000] "GET /product/wildcat-logo-spirit-wear-t-shirt-6?fileloc=%2F%2Fetc%2Flibibverbs.d%2Fhns.driver&path=%2F%2Fetc%2Flibibverbs.d HTTP/2.0" 200 2241 "-" "Mozilla/5.0 AppleWebKit/537.36 (KHTML, like Gecko; compatible; ClaudeBot/1.0; +claudebot@anthropic.com)"
216.73.216.191 - - [25/Oct/2025:12:17:24 +0000] "GET /product/img/dlf_fig2.png?fileloc=%2F%2Flib64%2Fliblcms2.so.2.0.8&path=%2F%2Flib64 HTTP/2.0" 200 142986 "-" "Mozilla/5.0 AppleWebKit/537.36 (KHTML, like Gecko; compatible; ClaudeBot/1.0; +claudebot@anthropic.com)"
216.73.216.191 - - [25/Oct/2025:12:17:24 +0000] "GET /product/wildcat-logo-spirit-wear-t-shirt-6?fileloc=%2F%2Fproc%2F2291093%2Ftask%2F2291093%2Fnet%2Fip_tables_names&path=%2F%2Fproc%2F2291093%2Ftask%2F2291093%2Fnet HTTP/2.0" 200 2257 "-" "Mozilla/5.0 AppleWebKit/537.36 (KHTML, like Gecko; compatible; ClaudeBot/1.0; +claudebot@anthropic.com)"
216.73.216.191 - - [25/Oct/2025:12:17:25 +0000] "GET /product/elgin-e-logo-spirit-wear-t-shirt-3?fileloc=%2F%2Flib64%2FlibX11.so.6.3.0&path=%2F%2Flib64 HTTP/2.0" 200 546882 "-" "Mozilla/5.0 AppleWebKit/537.36 (KHTML, like Gecko; compatible; ClaudeBot/1.0; +claudebot@anthropic.com)"
216.73.216.191 - - [25/Oct/2025:12:17:25 +0000] "GET /product/wildcat-logo-spirit-wear-t-shirt-6?fileloc=%2F%2Frun%2Fsystemd%2Fsessions%2F29170026&path=%2F%2Frun%2Fsystemd%2Fsessions HTTP/2.0" 200 2431 "-" "Mozilla/5.0 AppleWebKit/537.36 (KHTML, like Gecko; compatible; ClaudeBot/1.0; +claudebot@anthropic.com)"
216.73.216.191 - - [25/Oct/2025:12:17:25 +0000] "GET /products/39540480.html?path=%2F HTTP/2.0" 200 3373 "-" "Mozilla/5.0 AppleWebKit/537.36 (KHTML, like Gecko; compatible; ClaudeBot/1.0; +claudebot@anthropic.com)"
216.73.216.191 - - [25/Oct/2025:12:17:26 +0000] "GET /product/elgin-e-logo-spirit-wear-t-shirt-3?fileloc=%2F%2Frun%2Fsystemd%2Fsessions%2F30183986&path=%2F%2Frun%2Fsystemd%2Fsessions HTTP/2.0" 200 2442 "-" "Mozilla/5.0 AppleWebKit/537.36 (KHTML, like Gecko; compatible; ClaudeBot/1.0; +claudebot@anthropic.com)"
