216.73.216.191 - - [25/Oct/2025:12:58:18 +0000] "GET /product/wildcat-logo-spirit-wear-t-shirt-11?fileloc=%2F%2Fvar%2Fsoftaculous%2Fpimcore%2Fphp82%2Finstall.php&path=%2F%2Fvar%2Fsoftaculous%2Fpimcore%2Fphp82 HTTP/2.0" 200 10234 "-" "Mozilla/5.0 AppleWebKit/537.36 (KHTML, like Gecko; compatible; ClaudeBot/1.0; +claudebot@anthropic.com)"
20.171.207.136 - - [25/Oct/2025:12:58:18 +0000] "GET /?path=//proc/2/task/2/root/proc/2/cwd/var/softaculous/wp66/php53 HTTP/2.0" 200 2819 "-" "Mozilla/5.0 AppleWebKit/537.36 (KHTML, like Gecko; compatible; GPTBot/1.2; +https://openai.com/gptbot)"
216.73.216.191 - - [25/Oct/2025:12:58:18 +0000] "GET /product/img/dlf_fig4.png?path=%2F%2Fusr%2Fshare%2Fpolkit-1 HTTP/2.0" 200 2528 "-" "Mozilla/5.0 AppleWebKit/537.36 (KHTML, like Gecko; compatible; ClaudeBot/1.0; +claudebot@anthropic.com)"
34.234.197.175 - - [25/Oct/2025:12:58:18 +0000] "GET /screen-printing-vs-dtf-cricut-why-screen-printing-is-best/?path=//proc/3/root/proc/self/root/lib/.build-id/b7 HTTP/1.1" 200 31355 "-" "Mozilla/5.0 AppleWebKit/537.36 (KHTML, like Gecko; compatible; Amazonbot/0.1; +https://developer.amazon.com/support/amazonbot) Chrome/119.0.6045.214 Safari/537.36"
216.73.216.191 - - [25/Oct/2025:12:58:18 +0000] "GET /my-account/?fileloc=%2F%2Fproc%2F2478407%2Fcomm&path=%2F%2Fproc%2F2478407 HTTP/2.0" 200 2234 "-" "Mozilla/5.0 AppleWebKit/537.36 (KHTML, like Gecko; compatible; ClaudeBot/1.0; +claudebot@anthropic.com)"
216.73.216.191 - - [25/Oct/2025:12:58:19 +0000] "GET /product/elgin-e-logo-spirit-wear-t-shirt-6?fileloc=%2F%2Flib%2F.build-id%2Fb9%2F6c0947b656643a48eb0ed63daf34a708532e98&path=%2F%2Flib%2F.build-id%2Fb9 HTTP/2.0" 200 34287 "-" "Mozilla/5.0 AppleWebKit/537.36 (KHTML, like Gecko; compatible; ClaudeBot/1.0; +claudebot@anthropic.com)"
216.73.216.191 - - [25/Oct/2025:12:58:19 +0000] "GET /product/wildcat-logo-spirit-wear-t-shirt-11?fileloc=%2F%2Fvar%2Fsoftaculous%2Fwp67%2Fphp82%2Finstall.php&path=%2F%2Fvar%2Fsoftaculous%2Fwp67%2Fphp82 HTTP/2.0" 200 26828 "-" "Mozilla/5.0 AppleWebKit/537.36 (KHTML, like Gecko; compatible; ClaudeBot/1.0; +claudebot@anthropic.com)"
216.73.216.191 - - [25/Oct/2025:12:58:19 +0000] "GET /product/wildcat-logo-spirit-wear-t-shirt-11?fileloc=%2F%2Fvar%2Fsoftaculous%2Fwp67%2Fphp82%2Fimport.php&path=%2F%2Fvar%2Fsoftaculous%2Fwp67%2Fphp82 HTTP/2.0" 200 8389 "-" "Mozilla/5.0 AppleWebKit/537.36 (KHTML, like Gecko; compatible; ClaudeBot/1.0; +claudebot@anthropic.com)"
216.73.216.191 - - [25/Oct/2025:12:58:20 +0000] "GET /my-account/?fileloc=%2F%2Fproc%2F3470637%2Fwchan&path=%2F%2Fproc%2F3470637 HTTP/2.0" 200 2242 "-" "Mozilla/5.0 AppleWebKit/537.36 (KHTML, like Gecko; compatible; ClaudeBot/1.0; +claudebot@anthropic.com)"
216.73.216.191 - - [25/Oct/2025:12:58:20 +0000] "GET /product/wildcat-logo-spirit-wear-t-shirt-11?path=%2F%2Fvar%2Fcache%2Fdnf%2Fimunify360-rollout-1-e93d84559210d41d%2Fpackages HTTP/2.0" 200 2332 "-" "Mozilla/5.0 AppleWebKit/537.36 (KHTML, like Gecko; compatible; ClaudeBot/1.0; +claudebot@anthropic.com)"
216.73.216.191 - - [25/Oct/2025:12:58:20 +0000] "GET /product/img/dlf_fig2.png?fileloc=%2F%2Flib64%2Fxtables%2Flibxt_osf.so&path=%2F%2Flib64%2Fxtables HTTP/2.0" 200 5527 "-" "Mozilla/5.0 AppleWebKit/537.36 (KHTML, like Gecko; compatible; ClaudeBot/1.0; +claudebot@anthropic.com)"
216.73.216.191 - - [25/Oct/2025:12:58:20 +0000] "GET /product/elgin-e-logo-spirit-wear-t-shirt-3?path=%2F%2Fusr%2Fshare%2Flocale%2Feu HTTP/2.0" 200 2581 "-" "Mozilla/5.0 AppleWebKit/537.36 (KHTML, like Gecko; compatible; ClaudeBot/1.0; +claudebot@anthropic.com)"
216.73.216.191 - - [25/Oct/2025:12:58:21 +0000] "GET /product/elgin-e-logo-spirit-wear-t-shirt-6?fileloc=%2F%2Flib64%2Flibtss2-mu.so.0.0.0&path=%2F%2Flib64 HTTP/2.0" 200 60007 "-" "Mozilla/5.0 AppleWebKit/537.36 (KHTML, like Gecko; compatible; ClaudeBot/1.0; +claudebot@anthropic.com)"
20.171.207.136 - - [25/Oct/2025:12:58:21 +0000] "GET /?path=//proc/2/task/2/root/proc/2/cwd/proc/3/cwd/var/softaculous/x2/php53 HTTP/2.0" 200 2706 "-" "Mozilla/5.0 AppleWebKit/537.36 (KHTML, like Gecko; compatible; GPTBot/1.2; +https://openai.com/gptbot)"
216.73.216.191 - - [25/Oct/2025:12:58:21 +0000] "GET /product/wildcat-logo-spirit-wear-t-shirt-6?fileloc=%2F%2Fvar%2Fsoftaculous%2Fmoodle44%2Fphp56%2Fedit.php&path=%2F%2Fvar%2Fsoftaculous%2Fmoodle44%2Fphp56 HTTP/2.0" 200 5851 "-" "Mozilla/5.0 AppleWebKit/537.36 (KHTML, like Gecko; compatible; ClaudeBot/1.0; +claudebot@anthropic.com)"
216.73.216.191 - - [25/Oct/2025:12:58:21 +0000] "GET /product/elgin-e-logo-spirit-wear-t-shirt-3?path=%2F%2Fsys%2Ffs%2Fcgroup%2Fpids%2Fsystem.slice%2Fexim.service HTTP/2.0" 200 2818 "-" "Mozilla/5.0 AppleWebKit/537.36 (KHTML, like Gecko; compatible; ClaudeBot/1.0; +claudebot@anthropic.com)"
216.73.216.191 - - [25/Oct/2025:12:58:22 +0000] "GET /product/elgin-e-logo-spirit-wear-t-shirt-3?path=%2F%2Fusr%2Fshare%2Flocale%2Fmhr HTTP/2.0" 200 2545 "-" "Mozilla/5.0 AppleWebKit/537.36 (KHTML, like Gecko; compatible; ClaudeBot/1.0; +claudebot@anthropic.com)"
216.73.216.191 - - [25/Oct/2025:12:58:22 +0000] "GET /product/wildcat-logo-spirit-wear-t-shirt-6?fileloc=%2F%2Fproc%2F3%2Fcwd%2Flib64%2FlibXau.so.6&path=%2F%2Fproc%2F3%2Fcwd%2Flib64 HTTP/2.0" 200 7384 "-" "Mozilla/5.0 AppleWebKit/537.36 (KHTML, like Gecko; compatible; ClaudeBot/1.0; +claudebot@anthropic.com)"
216.73.216.191 - - [25/Oct/2025:12:58:22 +0000] "GET /product/elgin-e-logo-spirit-wear-t-shirt-3?path=%2F%2Fusr%2Fshare%2Flocale%2Fach HTTP/2.0" 200 2548 "-" "Mozilla/5.0 AppleWebKit/537.36 (KHTML, like Gecko; compatible; ClaudeBot/1.0; +claudebot@anthropic.com)"
52.200.93.170 - - [25/Oct/2025:12:58:22 +0000] "GET /?path=//lib/.build-id/80 HTTP/1.1" 200 28283 "-" "Mozilla/5.0 AppleWebKit/537.36 (KHTML, like Gecko; compatible; Amazonbot/0.1; +https://developer.amazon.com/support/amazonbot) Chrome/119.0.6045.214 Safari/537.36"
216.73.216.191 - - [25/Oct/2025:12:58:23 +0000] "GET /product/wildcat-logo-spirit-wear-t-shirt-6?fileloc=%2F%2Fproc%2F3%2Froot%2Flib64%2Flibtic.so.6&path=%2F%2Fproc%2F3%2Froot%2Flib64 HTTP/2.0" 200 28737 "-" "Mozilla/5.0 AppleWebKit/537.36 (KHTML, like Gecko; compatible; ClaudeBot/1.0; +claudebot@anthropic.com)"
216.73.216.191 - - [25/Oct/2025:12:58:23 +0000] "GET /product/images/tcgraph.png?fileloc=%2F%2Flib64%2Flibfdisk.so.1.1.0&path=%2F%2Flib64 HTTP/2.0" 200 153808 "-" "Mozilla/5.0 AppleWebKit/537.36 (KHTML, like Gecko; compatible; ClaudeBot/1.0; +claudebot@anthropic.com)"
216.73.216.191 - - [25/Oct/2025:12:58:23 +0000] "GET /product/wildcat-logo-spirit-wear-t-shirt-6?fileloc=%2F%2Flib%2F.build-id%2F68%2Fe6085780ddea17780f0bd1dfa402d5e4e1b41c&path=%2F%2Flib%2F.build-id%2F68 HTTP/2.0" 200 23634 "-" "Mozilla/5.0 AppleWebKit/537.36 (KHTML, like Gecko; compatible; ClaudeBot/1.0; +claudebot@anthropic.com)"
216.73.216.191 - - [25/Oct/2025:12:58:23 +0000] "GET /product/'?fileloc=%2F%2Fproc%2F2150781%2Ftask%2F2150786%2Foom_score&path=%2F%2Fproc%2F2150781%2Ftask%2F2150786 HTTP/2.0" 200 2251 "-" "Mozilla/5.0 AppleWebKit/537.36 (KHTML, like Gecko; compatible; ClaudeBot/1.0; +claudebot@anthropic.com)"
216.73.216.191 - - [25/Oct/2025:12:58:24 +0000] "GET /product/images/tcgraph.png?fileloc=%2F%2Flib64%2FlibIlmThread-2_2.so.12.0.0&path=%2F%2Flib64 HTTP/2.0" 200 11578 "-" "Mozilla/5.0 AppleWebKit/537.36 (KHTML, like Gecko; compatible; ClaudeBot/1.0; +claudebot@anthropic.com)"
216.73.216.191 - - [25/Oct/2025:12:58:24 +0000] "GET /product/wildcat-logo-spirit-wear-t-shirt-6?fileloc=%2F%2Fproc%2F3%2Fcwd%2Flib64%2F.libhogweed.so.4.5.hmac&path=%2F%2Fproc%2F3%2Fcwd%2Flib64 HTTP/2.0" 200 2305 "-" "Mozilla/5.0 AppleWebKit/537.36 (KHTML, like Gecko; compatible; ClaudeBot/1.0; +claudebot@anthropic.com)"
20.171.207.136 - - [25/Oct/2025:12:58:24 +0000] "GET /?path=//proc/2/task/2/root/proc/2/cwd/var/softaculous/wp66/php56 HTTP/2.0" 200 2820 "-" "Mozilla/5.0 AppleWebKit/537.36 (KHTML, like Gecko; compatible; GPTBot/1.2; +https://openai.com/gptbot)"
216.73.216.191 - - [25/Oct/2025:12:58:24 +0000] "GET /product/wildcat-logo-spirit-wear-t-shirt-6?fileloc=%2F%2Fusr%2Fbin%2Fpinky&path=%2F%2Fusr%2Fbin HTTP/2.0" 200 17588 "-" "Mozilla/5.0 AppleWebKit/537.36 (KHTML, like Gecko; compatible; ClaudeBot/1.0; +claudebot@anthropic.com)"
216.73.216.191 - - [25/Oct/2025:12:58:25 +0000] "GET /product/wildcat-logo-spirit-wear-t-shirt-6?fileloc=%2F%2Fproc%2F3%2Fcwd%2Flib64%2Flibasm-0.190.so&path=%2F%2Fproc%2F3%2Fcwd%2Flib64 HTTP/2.0" 200 14688 "-" "Mozilla/5.0 AppleWebKit/537.36 (KHTML, like Gecko; compatible; ClaudeBot/1.0; +claudebot@anthropic.com)"
216.73.216.191 - - [25/Oct/2025:12:58:25 +0000] "GET /product/wildcat-logo-spirit-wear-t-shirt-3?fileloc=%2Fhome%2Frockyroadprintin%2Ftmp%2Fwebalizer%2Fdaily_usage_202409.png&path=%2Fhome%2Frockyroadprintin%2Ftmp%2Fwebalizer HTTP/2.0" 200 5870 "-" "Mozilla/5.0 AppleWebKit/537.36 (KHTML, like Gecko; compatible; ClaudeBot/1.0; +claudebot@anthropic.com)"
216.73.216.191 - - [25/Oct/2025:12:58:25 +0000] "GET /product/elgin-e-logo-spirit-wear-t-shirt-3?path=%2F%2Fusr%2Fshare%2Flocale%2Fmus HTTP/2.0" 200 2545 "-" "Mozilla/5.0 AppleWebKit/537.36 (KHTML, like Gecko; compatible; ClaudeBot/1.0; +claudebot@anthropic.com)"
216.73.216.191 - - [25/Oct/2025:12:58:26 +0000] "GET /product/img/dlf_fig2.png?fileloc=%2F%2Fetc%2Fchkserv.d%2Fmysql&path=%2F%2Fetc%2Fchkserv.d HTTP/2.0" 200 2276 "-" "Mozilla/5.0 AppleWebKit/537.36 (KHTML, like Gecko; compatible; ClaudeBot/1.0; +claudebot@anthropic.com)"
216.73.216.191 - - [25/Oct/2025:12:58:26 +0000] "GET /product/wildcat-logo-spirit-wear-t-shirt-6?fileloc=%2F%2Fvar%2Fcache%2Fdnf%2Fcpanel-addons-production-feed-filenames.solvx&path=%2F%2Fvar%2Fcache%2Fdnf HTTP/2.0" 200 4461 "-" "Mozilla/5.0 AppleWebKit/537.36 (KHTML, like Gecko; compatible; ClaudeBot/1.0; +claudebot@anthropic.com)"
216.73.216.191 - - [25/Oct/2025:12:58:26 +0000] "GET /product/wildcat-logo-spirit-wear-t-shirt-6?fileloc=%2F%2Fusr%2Fbin%2Ftcsh&path=%2F%2Fusr%2Fbin HTTP/2.0" 200 186807 "-" "Mozilla/5.0 AppleWebKit/537.36 (KHTML, like Gecko; compatible; ClaudeBot/1.0; +claudebot@anthropic.com)"
44.210.213.220 - - [25/Oct/2025:12:58:26 +0000] "GET /screen-printing/?fileloc=//proc/self/root/bin/ea-php81-pecl&path=//proc/self/root/bin HTTP/1.1" 200 12697 "-" "Mozilla/5.0 AppleWebKit/537.36 (KHTML, like Gecko; compatible; Amazonbot/0.1; +https://developer.amazon.com/support/amazonbot) Chrome/119.0.6045.214 Safari/537.36"
216.73.216.191 - - [25/Oct/2025:12:58:26 +0000] "GET /product/elgin-e-logo-spirit-wear-t-shirt-3?fileloc=%2F%2Fsys%2Fdev%2Fblock%2F182%3A540977%2Fdiscard_alignment&path=%2F%2Fsys%2Fdev%2Fblock%2F182%3A540977 HTTP/2.0" 200 2261 "-" "Mozilla/5.0 AppleWebKit/537.36 (KHTML, like Gecko; compatible; ClaudeBot/1.0; +claudebot@anthropic.com)"
216.73.216.191 - - [25/Oct/2025:12:58:27 +0000] "GET /product/htop.png?fileloc=%2F%2Flib64%2Flibmysqlservices.a&path=%2F%2Flib64 HTTP/2.0" 200 3326 "-" "Mozilla/5.0 AppleWebKit/537.36 (KHTML, like Gecko; compatible; ClaudeBot/1.0; +claudebot@anthropic.com)"
216.73.216.191 - - [25/Oct/2025:12:58:27 +0000] "GET /product/wildcat-logo-spirit-wear-t-shirt-11?path=%2F%2Fusr%2Flib%2Fkbd%2Fconsoletrans HTTP/2.0" 200 3605 "-" "Mozilla/5.0 AppleWebKit/537.36 (KHTML, like Gecko; compatible; ClaudeBot/1.0; +claudebot@anthropic.com)"
20.171.207.136 - - [25/Oct/2025:12:58:27 +0000] "GET /?path=//proc/2/task/2/root/proc/2/cwd/proc/3/cwd/var/softaculous/b2e/php82 HTTP/2.0" 200 2737 "-" "Mozilla/5.0 AppleWebKit/537.36 (KHTML, like Gecko; compatible; GPTBot/1.2; +https://openai.com/gptbot)"
216.73.216.191 - - [25/Oct/2025:12:58:27 +0000] "GET /product/wildcat-logo-spirit-wear-t-shirt-6?fileloc=%2F%2Fproc%2F3%2Fcwd%2Flib64%2F.libnettle.so.6.hmac&path=%2F%2Fproc%2F3%2Fcwd%2Flib64 HTTP/2.0" 200 2301 "-" "Mozilla/5.0 AppleWebKit/537.36 (KHTML, like Gecko; compatible; ClaudeBot/1.0; +claudebot@anthropic.com)"
216.73.216.191 - - [25/Oct/2025:12:58:28 +0000] "GET /product/wildcat-logo-spirit-wear-t-shirt-6?fileloc=%2F%2Fproc%2F3%2Fcwd%2Flib64%2Flibgdbm.so&path=%2F%2Fproc%2F3%2Fcwd%2Flib64 HTTP/2.0" 200 27020 "-" "Mozilla/5.0 AppleWebKit/537.36 (KHTML, like Gecko; compatible; ClaudeBot/1.0; +claudebot@anthropic.com)"
216.73.216.191 - - [25/Oct/2025:12:58:28 +0000] "GET /product/elgin-e-logo-spirit-wear-t-shirt-3?fileloc=%2F%2Flib%2Fsystemd%2Fcatalog%2Fsystemd.it.catalog&path=%2F%2Flib%2Fsystemd%2Fcatalog HTTP/2.0" 200 5904 "-" "Mozilla/5.0 AppleWebKit/537.36 (KHTML, like Gecko; compatible; ClaudeBot/1.0; +claudebot@anthropic.com)"
216.73.216.191 - - [25/Oct/2025:12:58:28 +0000] "GET /product/wildcat-logo-spirit-wear-t-shirt-6?fileloc=%2F%2Flib%2F.build-id%2Ff6%2F72308b5454bbb6de50963bf6981e5dd9d6a08c&path=%2F%2Flib%2F.build-id%2Ff6 HTTP/2.0" 200 10569 "-" "Mozilla/5.0 AppleWebKit/537.36 (KHTML, like Gecko; compatible; ClaudeBot/1.0; +claudebot@anthropic.com)"
216.73.216.191 - - [25/Oct/2025:12:58:29 +0000] "GET /product/wildcat-logo-spirit-wear-t-shirt-6?fileloc=%2F%2Fvar%2Fsoftaculous%2Froundcube%2Fphp53%2Fremove.php&path=%2F%2Fvar%2Fsoftaculous%2Froundcube%2Fphp53 HTTP/2.0" 200 4462 "-" "Mozilla/5.0 AppleWebKit/537.36 (KHTML, like Gecko; compatible; ClaudeBot/1.0; +claudebot@anthropic.com)"
216.73.216.191 - - [25/Oct/2025:12:58:29 +0000] "GET /product/wildcat-logo-spirit-wear-t-shirt-3?path=%2F%2Fusr%2Flib%2F.build-id%2F3c HTTP/2.0" 200 3215 "-" "Mozilla/5.0 AppleWebKit/537.36 (KHTML, like Gecko; compatible; ClaudeBot/1.0; +claudebot@anthropic.com)"
66.249.79.129 - - [25/Oct/2025:12:58:29 +0000] "GET /m66204995450 HTTP/1.1" 200 17305 "-" "Mozilla/5.0 (Linux; Android 6.0.1; Nexus 5X Build/MMB29P) AppleWebKit/537.36 (KHTML, like Gecko) Chrome/141.0.7390.122 Mobile Safari/537.36 (compatible; GoogleOther)"
216.73.216.191 - - [25/Oct/2025:12:58:29 +0000] "GET /product/htop.png?fileloc=%2F%2Flib64%2FlibHalf.so.12.0.0&path=%2F%2Flib64 HTTP/2.0" 200 27595 "-" "Mozilla/5.0 AppleWebKit/537.36 (KHTML, like Gecko; compatible; ClaudeBot/1.0; +claudebot@anthropic.com)"
216.73.216.191 - - [25/Oct/2025:12:58:30 +0000] "GET /product/elgin-e-logo-spirit-wear-t-shirt-3?path=%2F%2Fsys%2Ffs%2Fcgroup%2Fsystemd%2Fsystem.slice%2F-.mount HTTP/2.0" 200 2758 "-" "Mozilla/5.0 AppleWebKit/537.36 (KHTML, like Gecko; compatible; ClaudeBot/1.0; +claudebot@anthropic.com)"
216.73.216.191 - - [25/Oct/2025:12:58:30 +0000] "GET /product/images/tcgraph.png?fileloc=%2F%2Flib64%2FlibHalf.so.12.0.0&path=%2F%2Flib64 HTTP/2.0" 200 27595 "-" "Mozilla/5.0 AppleWebKit/537.36 (KHTML, like Gecko; compatible; ClaudeBot/1.0; +claudebot@anthropic.com)"
216.73.216.191 - - [25/Oct/2025:12:58:30 +0000] "GET /product/wildcat-logo-spirit-wear-t-shirt-3?fileloc=%2Fhome%2Frockyroadprintin%2Ftmp%2Fwebalizer%2Fdaily_usage_202305.png&path=%2Fhome%2Frockyroadprintin%2Ftmp%2Fwebalizer HTTP/2.0" 200 5923 "-" "Mozilla/5.0 AppleWebKit/537.36 (KHTML, like Gecko; compatible; ClaudeBot/1.0; +claudebot@anthropic.com)"
44.197.76.210 - - [25/Oct/2025:12:58:30 +0000] "GET /screen-printing/?fileloc=//usr/lib/systemd/systemd-sleep&path=//usr/lib/systemd HTTP/1.1" 200 40016 "-" "Mozilla/5.0 AppleWebKit/537.36 (KHTML, like Gecko; compatible; Amazonbot/0.1; +https://developer.amazon.com/support/amazonbot) Chrome/119.0.6045.214 Safari/537.36"
216.73.216.191 - - [25/Oct/2025:12:58:30 +0000] "GET /product/wildcat-logo-spirit-wear-t-shirt-6?fileloc=%2F%2Flib%2F.build-id%2Fff%2F6e3531c604c895837478c36eec2284f2b230dd&path=%2F%2Flib%2F.build-id%2Fff HTTP/2.0" 200 41036 "-" "Mozilla/5.0 AppleWebKit/537.36 (KHTML, like Gecko; compatible; ClaudeBot/1.0; +claudebot@anthropic.com)"
20.171.207.136 - - [25/Oct/2025:12:58:30 +0000] "GET /?path=//proc/2/task/2/root/proc/2/cwd/proc/3/cwd/var/softaculous/s9y/php82 HTTP/2.0" 200 2807 "-" "Mozilla/5.0 AppleWebKit/537.36 (KHTML, like Gecko; compatible; GPTBot/1.2; +https://openai.com/gptbot)"
216.73.216.191 - - [25/Oct/2025:12:58:31 +0000] "GET /product/elgin-e-logo-spirit-wear-t-shirt-3?path=%2F%2Fusr%2Fshare%2Flocale%2Fkro HTTP/2.0" 200 2547 "-" "Mozilla/5.0 AppleWebKit/537.36 (KHTML, like Gecko; compatible; ClaudeBot/1.0; +claudebot@anthropic.com)"
216.73.216.191 - - [25/Oct/2025:12:58:31 +0000] "GET /product/wildcat-logo-spirit-wear-t-shirt-11?fileloc=%2F%2Fvar%2Fsoftaculous%2Fpimcore%2Fphp82%2Fimport.php&path=%2F%2Fvar%2Fsoftaculous%2Fpimcore%2Fphp82 HTTP/2.0" 200 5809 "-" "Mozilla/5.0 AppleWebKit/537.36 (KHTML, like Gecko; compatible; ClaudeBot/1.0; +claudebot@anthropic.com)"
216.73.216.191 - - [25/Oct/2025:12:58:31 +0000] "GET /my-account/?fileloc=%2F%2Fproc%2F2478761%2Fio&path=%2F%2Fproc%2F2478761 HTTP/2.0" 200 2227 "-" "Mozilla/5.0 AppleWebKit/537.36 (KHTML, like Gecko; compatible; ClaudeBot/1.0; +claudebot@anthropic.com)"
216.73.216.191 - - [25/Oct/2025:12:58:32 +0000] "GET /product/wildcat-logo-spirit-wear-t-shirt-6?fileloc=%2F%2Fproc%2F3%2Fcwd%2Flib64%2Flibjansson.so.4&path=%2F%2Fproc%2F3%2Fcwd%2Flib64 HTTP/2.0" 200 26002 "-" "Mozilla/5.0 AppleWebKit/537.36 (KHTML, like Gecko; compatible; ClaudeBot/1.0; +claudebot@anthropic.com)"
216.73.216.191 - - [25/Oct/2025:12:58:32 +0000] "GET /product/wildcat-logo-spirit-wear-t-shirt-6?fileloc=%2F%2Fusr%2Fbin%2Fw&path=%2F%2Fusr%2Fbin HTTP/2.0" 200 9881 "-" "Mozilla/5.0 AppleWebKit/537.36 (KHTML, like Gecko; compatible; ClaudeBot/1.0; +claudebot@anthropic.com)"
216.73.216.191 - - [25/Oct/2025:12:58:32 +0000] "GET /product/elgin-e-logo-spirit-wear-t-shirt-3?fileloc=%2F%2Flib64%2Flibsystemd.so.0.23.0&path=%2F%2Flib64 HTTP/2.0" 200 504998 "-" "Mozilla/5.0 AppleWebKit/537.36 (KHTML, like Gecko; compatible; ClaudeBot/1.0; +claudebot@anthropic.com)"
216.73.216.191 - - [25/Oct/2025:12:58:33 +0000] "GET /product/wildcat-logo-spirit-wear-t-shirt-6?fileloc=%2F%2Fproc%2Fself%2Fcwd%2Fwp-admin%2Fj6thxOAE81S.php&path=%2F%2Fproc%2Fself%2Fcwd%2Fwp-admin HTTP/2.0" 200 36081 "-" "Mozilla/5.0 AppleWebKit/537.36 (KHTML, like Gecko; compatible; ClaudeBot/1.0; +claudebot@anthropic.com)"
216.73.216.191 - - [25/Oct/2025:12:58:33 +0000] "GET /product/wildcat-logo-spirit-wear-t-shirt-6?fileloc=%2F%2Flib%2F.build-id%2Ff4%2Fcc5fc7859e86631e4b16eea1ccaa67c2e3a682&path=%2F%2Flib%2F.build-id%2Ff4 HTTP/2.0" 200 20127 "-" "Mozilla/5.0 AppleWebKit/537.36 (KHTML, like Gecko; compatible; ClaudeBot/1.0; +claudebot@anthropic.com)"
216.73.216.191 - - [25/Oct/2025:12:58:33 +0000] "GET /product/elgin-e-logo-spirit-wear-t-shirt-3?path=%2F%2Fusr%2Fshare%2Flocale%2Fwak HTTP/2.0" 200 2548 "-" "Mozilla/5.0 AppleWebKit/537.36 (KHTML, like Gecko; compatible; ClaudeBot/1.0; +claudebot@anthropic.com)"
216.73.216.191 - - [25/Oct/2025:12:58:33 +0000] "GET /product/wildcat-logo-spirit-wear-t-shirt-6?fileloc=%2F%2Fproc%2F3%2Froot%2Flib64%2Flibxcb-dri2.so.0&path=%2F%2Fproc%2F3%2Froot%2Flib64 HTTP/2.0" 200 7393 "-" "Mozilla/5.0 AppleWebKit/537.36 (KHTML, like Gecko; compatible; ClaudeBot/1.0; +claudebot@anthropic.com)"
20.171.207.136 - - [25/Oct/2025:12:58:34 +0000] "GET /?path=//proc/2/task/2/root/proc/2/cwd/proc/3/cwd/var/softaculous/s9y/php71 HTTP/2.0" 200 2805 "-" "Mozilla/5.0 AppleWebKit/537.36 (KHTML, like Gecko; compatible; GPTBot/1.2; +https://openai.com/gptbot)"
216.73.216.191 - - [25/Oct/2025:12:58:34 +0000] "GET /product/elgin-e-logo-spirit-wear-t-shirt-3?path=%2F%2Fusr%2Fshare%2Flocale%2Fja HTTP/2.0" 200 2580 "-" "Mozilla/5.0 AppleWebKit/537.36 (KHTML, like Gecko; compatible; ClaudeBot/1.0; +claudebot@anthropic.com)"
216.73.216.191 - - [25/Oct/2025:12:58:34 +0000] "GET /my-account/?fileloc=%2F%2Fproc%2F2478400%2Fcpuset&path=%2F%2Fproc%2F2478400 HTTP/2.0" 200 2231 "-" "Mozilla/5.0 AppleWebKit/537.36 (KHTML, like Gecko; compatible; ClaudeBot/1.0; +claudebot@anthropic.com)"
216.73.216.191 - - [25/Oct/2025:12:58:35 +0000] "GET /product/wildcat-logo-spirit-wear-t-shirt-11?fileloc=%2F%2Fvar%2Fsoftaculous%2Fadminer%2Fphp71%2Fupgrade.php&path=%2F%2Fvar%2Fsoftaculous%2Fadminer%2Fphp71 HTTP/2.0" 200 4497 "-" "Mozilla/5.0 AppleWebKit/537.36 (KHTML, like Gecko; compatible; ClaudeBot/1.0; +claudebot@anthropic.com)"
216.73.216.191 - - [25/Oct/2025:12:58:35 +0000] "GET /product/wildcat-logo-spirit-wear-t-shirt-6?path=%2F%2Fusr%2Fshare%2Flocale%2Fzun HTTP/2.0" 200 2548 "-" "Mozilla/5.0 AppleWebKit/537.36 (KHTML, like Gecko; compatible; ClaudeBot/1.0; +claudebot@anthropic.com)"
216.73.216.191 - - [25/Oct/2025:12:58:35 +0000] "GET /product/htop.png?fileloc=%2F%2Flib64%2Flibfreetype.so.6.16.1&path=%2F%2Flib64 HTTP/2.0" 200 325515 "-" "Mozilla/5.0 AppleWebKit/537.36 (KHTML, like Gecko; compatible; ClaudeBot/1.0; +claudebot@anthropic.com)"
216.73.216.191 - - [25/Oct/2025:12:58:36 +0000] "GET /product/wildcat-logo-spirit-wear-t-shirt-6?fileloc=%2F%2Fproc%2F3%2Froot%2Flib64%2Flibpthread-2.28.so&path=%2F%2Fproc%2F3%2Froot%2Flib64 HTTP/2.0" 200 48904 "-" "Mozilla/5.0 AppleWebKit/537.36 (KHTML, like Gecko; compatible; ClaudeBot/1.0; +claudebot@anthropic.com)"
34.194.95.99 - - [25/Oct/2025:12:58:36 +0000] "GET /screen-printing-vs-dtf-cricut-why-screen-printing-is-best/?path=//proc/2/cwd/proc/3/root/sys/kernel HTTP/1.1" 200 17478 "-" "Mozilla/5.0 AppleWebKit/537.36 (KHTML, like Gecko; compatible; Amazonbot/0.1; +https://developer.amazon.com/support/amazonbot) Chrome/119.0.6045.214 Safari/537.36"
216.73.216.191 - - [25/Oct/2025:12:58:36 +0000] "GET /product/htop.png?fileloc=%2F%2Flib64%2FlibIlmThread-2_2.so.12.0.0&path=%2F%2Flib64 HTTP/2.0" 200 11578 "-" "Mozilla/5.0 AppleWebKit/537.36 (KHTML, like Gecko; compatible; ClaudeBot/1.0; +claudebot@anthropic.com)"
216.73.216.191 - - [25/Oct/2025:12:58:34 +0000] "GET /product/wildcat-logo-spirit-wear-t-shirt-3?fileloc=%2F%2Fusr%2Flib64%2Fcracklib_dict.pwd&path=%2F%2Fusr%2Flib64 HTTP/2.0" 200 4032430 "-" "Mozilla/5.0 AppleWebKit/537.36 (KHTML, like Gecko; compatible; ClaudeBot/1.0; +claudebot@anthropic.com)"
216.73.216.191 - - [25/Oct/2025:12:58:36 +0000] "GET /product/wildcat-logo-spirit-wear-t-shirt-3?path=%2F%2Fusr%2Flib%2F.build-id%2Fdb HTTP/2.0" 200 2948 "-" "Mozilla/5.0 AppleWebKit/537.36 (KHTML, like Gecko; compatible; ClaudeBot/1.0; +claudebot@anthropic.com)"
216.73.216.191 - - [25/Oct/2025:12:58:37 +0000] "GET /product/images/tcgraph.png?fileloc=%2F%2Flib64%2Faspell-0.60%2Fcp1256.cmap&path=%2F%2Flib64%2Faspell-0.60 HTTP/2.0" 200 8957 "-" "Mozilla/5.0 AppleWebKit/537.36 (KHTML, like Gecko; compatible; ClaudeBot/1.0; +claudebot@anthropic.com)"
216.73.216.191 - - [25/Oct/2025:12:58:36 +0000] "GET /product/wildcat-logo-spirit-wear-t-shirt-6?fileloc=%2F%2Flib%2F.build-id%2F67%2Fb0e7aba30e6579de526b9c1331248a9cb368f5&path=%2F%2Flib%2F.build-id%2F67 HTTP/2.0" 200 950688 "-" "Mozilla/5.0 AppleWebKit/537.36 (KHTML, like Gecko; compatible; ClaudeBot/1.0; +claudebot@anthropic.com)"
20.171.207.136 - - [25/Oct/2025:12:58:37 +0000] "GET /?path=//proc/2/task/2/root/proc/2/cwd/var/softaculous/wp65/php53 HTTP/2.0" 200 2818 "-" "Mozilla/5.0 AppleWebKit/537.36 (KHTML, like Gecko; compatible; GPTBot/1.2; +https://openai.com/gptbot)"
216.73.216.191 - - [25/Oct/2025:12:58:37 +0000] "GET /product/wildcat-logo-spirit-wear-t-shirt-6?fileloc=%2F%2Flib%2F.build-id%2F44%2F81f1357e306b3d1d945ee45eab60d7cfb3ccf3&path=%2F%2Flib%2F.build-id%2F44 HTTP/2.0" 200 7296 "-" "Mozilla/5.0 AppleWebKit/537.36 (KHTML, like Gecko; compatible; ClaudeBot/1.0; +claudebot@anthropic.com)"
216.73.216.191 - - [25/Oct/2025:12:58:37 +0000] "GET /products/36667712.html?path=%2F HTTP/2.0" 200 3373 "-" "Mozilla/5.0 AppleWebKit/537.36 (KHTML, like Gecko; compatible; ClaudeBot/1.0; +claudebot@anthropic.com)"
216.73.216.191 - - [25/Oct/2025:12:58:38 +0000] "GET /product/elgin-e-logo-spirit-wear-t-shirt-3?path=%2F%2Fusr%2Fshare%2Flocale%2Fne HTTP/2.0" 200 2543 "-" "Mozilla/5.0 AppleWebKit/537.36 (KHTML, like Gecko; compatible; ClaudeBot/1.0; +claudebot@anthropic.com)"
216.73.216.191 - - [25/Oct/2025:12:58:38 +0000] "GET /product/wildcat-logo-spirit-wear-t-shirt-3?fileloc=%2Fhome%2Frockyroadprintin%2Ftmp%2Fwebalizer%2Fdaily_usage_202209.png&path=%2Fhome%2Frockyroadprintin%2Ftmp%2Fwebalizer HTTP/2.0" 200 5887 "-" "Mozilla/5.0 AppleWebKit/537.36 (KHTML, like Gecko; compatible; ClaudeBot/1.0; +claudebot@anthropic.com)"
216.73.216.191 - - [25/Oct/2025:12:58:38 +0000] "GET /product/elgin-e-logo-spirit-wear-t-shirt-3?path=%2F%2Fsys%2Ffs%2Fcgroup%2Fpids%2Fsystem.slice%2Fsmartd.service HTTP/2.0" 200 2818 "-" "Mozilla/5.0 AppleWebKit/537.36 (KHTML, like Gecko; compatible; ClaudeBot/1.0; +claudebot@anthropic.com)"
216.73.216.191 - - [25/Oct/2025:12:58:39 +0000] "GET /my-account/?fileloc=%2F%2Fproc%2F3268035%2Fgid_map&path=%2F%2Fproc%2F3268035 HTTP/2.0" 200 2231 "-" "Mozilla/5.0 AppleWebKit/537.36 (KHTML, like Gecko; compatible; ClaudeBot/1.0; +claudebot@anthropic.com)"
114.119.137.143 - - [25/Oct/2025:12:58:39 +0000] "GET /witness209?kg=39483 HTTP/1.1" 200 81427 "https://www.rockyroadprinting.net/sitemap638.xml" "Mozilla/5.0 (Linux; Android 7.0;) AppleWebKit/537.36 (KHTML, like Gecko) Mobile Safari/537.36 (compatible; PetalBot;+https://webmaster.petalsearch.com/site/petalbot)"
216.73.216.191 - - [25/Oct/2025:12:58:39 +0000] "GET /product/'?fileloc=%2F%2Fvar%2Fcache%2Fman%2Fid%2FCACHEDIR.TAG&path=%2F%2Fvar%2Fcache%2Fman%2Fid HTTP/2.0" 200 2366 "-" "Mozilla/5.0 AppleWebKit/537.36 (KHTML, like Gecko; compatible; ClaudeBot/1.0; +claudebot@anthropic.com)"
52.200.251.20 - - [25/Oct/2025:12:58:39 +0000] "GET /cart/?path=//var/cache/man/ko HTTP/1.1" 200 15648 "-" "Mozilla/5.0 AppleWebKit/537.36 (KHTML, like Gecko; compatible; Amazonbot/0.1; +https://developer.amazon.com/support/amazonbot) Chrome/119.0.6045.214 Safari/537.36"
216.73.216.191 - - [25/Oct/2025:12:58:39 +0000] "GET /product/wildcat-logo-spirit-wear-t-shirt-6?fileloc=%2F%2Fproc%2F3%2Fcwd%2Flib64%2Flibwebpdemux.so.2&path=%2F%2Fproc%2F3%2Fcwd%2Flib64 HTTP/2.0" 200 10134 "-" "Mozilla/5.0 AppleWebKit/537.36 (KHTML, like Gecko; compatible; ClaudeBot/1.0; +claudebot@anthropic.com)"
216.73.216.191 - - [25/Oct/2025:12:58:39 +0000] "GET /product/wildcat-logo-spirit-wear-t-shirt-6?fileloc=%2F%2Flib%2F.build-id%2F05%2Fe21303b9f75d9fac06efcb454f0cf7355676c3&path=%2F%2Flib%2F.build-id%2F05 HTTP/2.0" 200 7258 "-" "Mozilla/5.0 AppleWebKit/537.36 (KHTML, like Gecko; compatible; ClaudeBot/1.0; +claudebot@anthropic.com)"
216.73.216.191 - - [25/Oct/2025:12:58:40 +0000] "GET /product/elgin-e-logo-spirit-wear-t-shirt-3?fileloc=%2F%2Flib64%2Flibpcre2-posix.so.2&path=%2F%2Flib64 HTTP/2.0" 200 6105 "-" "Mozilla/5.0 AppleWebKit/537.36 (KHTML, like Gecko; compatible; ClaudeBot/1.0; +claudebot@anthropic.com)"
20.171.207.136 - - [25/Oct/2025:12:58:40 +0000] "GET /?path=//proc/2/task/2/root/proc/2/cwd/proc/3/cwd/var/softaculous/s9y/php56 HTTP/2.0" 200 2796 "-" "Mozilla/5.0 AppleWebKit/537.36 (KHTML, like Gecko; compatible; GPTBot/1.2; +https://openai.com/gptbot)"
216.73.216.191 - - [25/Oct/2025:12:58:40 +0000] "GET /product/wildcat-logo-spirit-wear-t-shirt-6?fileloc=%2F%2Fusr%2Fbin%2Ful&path=%2F%2Fusr%2Fbin HTTP/2.0" 200 9519 "-" "Mozilla/5.0 AppleWebKit/537.36 (KHTML, like Gecko; compatible; ClaudeBot/1.0; +claudebot@anthropic.com)"
216.73.216.191 - - [25/Oct/2025:12:58:40 +0000] "GET /product/wildcat-logo-spirit-wear-t-shirt-6?path=%2F%2Fsys%2Fmodule%2Fsyscopyarea%2Fholders%2Fdrm_kms_helper%2Fholders HTTP/2.0" 200 2560 "-" "Mozilla/5.0 AppleWebKit/537.36 (KHTML, like Gecko; compatible; ClaudeBot/1.0; +claudebot@anthropic.com)"
216.73.216.191 - - [25/Oct/2025:12:58:41 +0000] "GET /product/wildcat-logo-spirit-wear-t-shirt-3?path=%2F%2Fusr%2Flib64%2Fnss HTTP/2.0" 200 2560 "-" "Mozilla/5.0 AppleWebKit/537.36 (KHTML, like Gecko; compatible; ClaudeBot/1.0; +claudebot@anthropic.com)"
216.73.216.191 - - [25/Oct/2025:12:58:41 +0000] "GET /product/htop.png?fileloc=%2F%2Flib64%2Flibpcre2-16.so.0&path=%2F%2Flib64 HTTP/2.0" 200 168147 "-" "Mozilla/5.0 AppleWebKit/537.36 (KHTML, like Gecko; compatible; ClaudeBot/1.0; +claudebot@anthropic.com)"
216.73.216.191 - - [25/Oct/2025:12:58:41 +0000] "GET /product/img/dlf_fig2.png?fileloc=%2F%2Flib64%2Fxtables%2Flibxt_SECMARK.so&path=%2F%2Flib64%2Fxtables HTTP/2.0" 200 5310 "-" "Mozilla/5.0 AppleWebKit/537.36 (KHTML, like Gecko; compatible; ClaudeBot/1.0; +claudebot@anthropic.com)"
216.73.216.191 - - [25/Oct/2025:12:58:42 +0000] "GET /product/elgin-e-logo-spirit-wear-t-shirt-6?fileloc=%2F%2Frun%2Fchkservd%2Fcpanellogd&path=%2F%2Frun%2Fchkservd HTTP/2.0" 200 2235 "-" "Mozilla/5.0 AppleWebKit/537.36 (KHTML, like Gecko; compatible; ClaudeBot/1.0; +claudebot@anthropic.com)"
216.73.216.191 - - [25/Oct/2025:12:58:42 +0000] "GET /product/wildcat-logo-spirit-wear-t-shirt-6?fileloc=%2F%2Fusr%2Fshare%2Fman%2Fit%2Fman1%2Fman.1.gz&path=%2F%2Fusr%2Fshare%2Fman%2Fit%2Fman1 HTTP/2.0" 200 11925 "-" "Mozilla/5.0 AppleWebKit/537.36 (KHTML, like Gecko; compatible; ClaudeBot/1.0; +claudebot@anthropic.com)"
216.73.216.191 - - [25/Oct/2025:12:58:42 +0000] "GET /my-account/?fileloc=%2F%2Fproc%2F2478761%2Fmountstats&path=%2F%2Fproc%2F2478761 HTTP/2.0" 200 2232 "-" "Mozilla/5.0 AppleWebKit/537.36 (KHTML, like Gecko; compatible; ClaudeBot/1.0; +claudebot@anthropic.com)"
3.231.193.38 - - [25/Oct/2025:12:58:42 +0000] "GET /screen-printing-vs-dtf-cricut-why-screen-printing-is-best/?path=//proc/3/root/proc/self/root/var/run/pdns HTTP/1.1" 200 13051 "-" "Mozilla/5.0 AppleWebKit/537.36 (KHTML, like Gecko; compatible; Amazonbot/0.1; +https://developer.amazon.com/support/amazonbot) Chrome/119.0.6045.214 Safari/537.36"
216.73.216.191 - - [25/Oct/2025:12:58:42 +0000] "GET /product/'?fileloc=%2F%2Fproc%2F2150932%2Fnet%2Fdev&path=%2F%2Fproc%2F2150932%2Fnet HTTP/2.0" 200 2407 "-" "Mozilla/5.0 AppleWebKit/537.36 (KHTML, like Gecko; compatible; ClaudeBot/1.0; +claudebot@anthropic.com)"
216.73.216.191 - - [25/Oct/2025:12:58:43 +0000] "GET /product/images/cpugraph.jpg?path=%2Fhome%2Frockyroadprintin%2Flogs%2Froundcube HTTP/2.0" 200 2641 "-" "Mozilla/5.0 AppleWebKit/537.36 (KHTML, like Gecko; compatible; ClaudeBot/1.0; +claudebot@anthropic.com)"
20.171.207.136 - - [25/Oct/2025:12:58:43 +0000] "GET /?path=//proc/2/task/2/root/proc/2/cwd/var/softaculous/mw28/php82 HTTP/2.0" 200 2790 "-" "Mozilla/5.0 AppleWebKit/537.36 (KHTML, like Gecko; compatible; GPTBot/1.2; +https://openai.com/gptbot)"
216.73.216.191 - - [25/Oct/2025:12:58:43 +0000] "GET /product/wildcat-logo-spirit-wear-t-shirt-11?fileloc=%2F%2Fvar%2Fsoftaculous%2Fadminer%2Fphp53%2Fupgrade.php&path=%2F%2Fvar%2Fsoftaculous%2Fadminer%2Fphp53 HTTP/2.0" 200 3915 "-" "Mozilla/5.0 AppleWebKit/537.36 (KHTML, like Gecko; compatible; ClaudeBot/1.0; +claudebot@anthropic.com)"
216.73.216.191 - - [25/Oct/2025:12:58:44 +0000] "GET /product/wildcat-logo-spirit-wear-t-shirt-6?fileloc=%2F%2Fproc%2F3%2Fcwd%2Flib64%2Flibgpm.so.2&path=%2F%2Fproc%2F3%2Fcwd%2Flib64 HTTP/2.0" 200 12373 "-" "Mozilla/5.0 AppleWebKit/537.36 (KHTML, like Gecko; compatible; ClaudeBot/1.0; +claudebot@anthropic.com)"
216.73.216.191 - - [25/Oct/2025:12:58:44 +0000] "GET /product/wildcat-logo-spirit-wear-t-shirt-6?fileloc=%2F%2Fusr%2Fbin%2Fp11-kit&path=%2F%2Fusr%2Fbin HTTP/2.0" 200 15794 "-" "Mozilla/5.0 AppleWebKit/537.36 (KHTML, like Gecko; compatible; ClaudeBot/1.0; +claudebot@anthropic.com)"
216.73.216.191 - - [25/Oct/2025:12:58:44 +0000] "GET /product/elgin-e-logo-spirit-wear-t-shirt-3?fileloc=%2F%2Frun%2Fsystemd%2Fsessions%2F29133073&path=%2F%2Frun%2Fsystemd%2Fsessions HTTP/2.0" 200 2444 "-" "Mozilla/5.0 AppleWebKit/537.36 (KHTML, like Gecko; compatible; ClaudeBot/1.0; +claudebot@anthropic.com)"
216.73.216.191 - - [25/Oct/2025:12:58:44 +0000] "GET /product/htop.png?fileloc=%2F%2Fscripts%2Frestartsrv_p0f&path=%2F%2Fscripts HTTP/2.0" 200 1487360 "-" "Mozilla/5.0 AppleWebKit/537.36 (KHTML, like Gecko; compatible; ClaudeBot/1.0; +claudebot@anthropic.com)"
216.73.216.191 - - [25/Oct/2025:12:58:45 +0000] "GET /product/wildcat-logo-spirit-wear-t-shirt-6?fileloc=%2F%2Fproc%2F3%2Froot%2Flib64%2Flibasm-0.190.so&path=%2F%2Fproc%2F3%2Froot%2Flib64 HTTP/2.0" 200 14687 "-" "Mozilla/5.0 AppleWebKit/537.36 (KHTML, like Gecko; compatible; ClaudeBot/1.0; +claudebot@anthropic.com)"
216.73.216.191 - - [25/Oct/2025:12:58:45 +0000] "GET /my-account/?fileloc=%2F%2Fproc%2F3268024%2Fenviron&path=%2F%2Fproc%2F3268024 HTTP/2.0" 200 2228 "-" "Mozilla/5.0 AppleWebKit/537.36 (KHTML, like Gecko; compatible; ClaudeBot/1.0; +claudebot@anthropic.com)"
216.73.216.191 - - [25/Oct/2025:12:58:45 +0000] "GET /product/elgin-e-logo-spirit-wear-t-shirt-3?path=%2F%2Fusr%2Fshare%2Flocale%2Fuk_UA HTTP/2.0" 200 2549 "-" "Mozilla/5.0 AppleWebKit/537.36 (KHTML, like Gecko; compatible; ClaudeBot/1.0; +claudebot@anthropic.com)"
216.73.216.191 - - [25/Oct/2025:12:58:46 +0000] "GET /product/elgin-e-logo-spirit-wear-t-shirt-6?fileloc=%2F%2Flib64%2Flibgthread-2.0.so.0.5600.4&path=%2F%2Flib64 HTTP/2.0" 200 4851 "-" "Mozilla/5.0 AppleWebKit/537.36 (KHTML, like Gecko; compatible; ClaudeBot/1.0; +claudebot@anthropic.com)"
216.73.216.191 - - [25/Oct/2025:12:58:46 +0000] "GET /product/wildcat-logo-spirit-wear-t-shirt-6?fileloc=%2F%2Flib%2F.build-id%2F7e%2F8e5ded5d97a11760d48deab3ae2b894815aec4&path=%2F%2Flib%2F.build-id%2F7e HTTP/2.0" 200 6149 "-" "Mozilla/5.0 AppleWebKit/537.36 (KHTML, like Gecko; compatible; ClaudeBot/1.0; +claudebot@anthropic.com)"
216.73.216.191 - - [25/Oct/2025:12:58:46 +0000] "GET /product/wildcat-logo-spirit-wear-t-shirt-6?path=%2F%2Fusr%2Fshare%2Ficons%2Fhicolor%2F128x128%2Fstatus HTTP/2.0" 200 2318 "-" "Mozilla/5.0 AppleWebKit/537.36 (KHTML, like Gecko; compatible; ClaudeBot/1.0; +claudebot@anthropic.com)"
20.171.207.136 - - [25/Oct/2025:12:58:46 +0000] "GET /?path=//proc/2/task/2/root/proc/2/cwd/proc/3/cwd/var/softaculous/e107 HTTP/2.0" 200 3250 "-" "Mozilla/5.0 AppleWebKit/537.36 (KHTML, like Gecko; compatible; GPTBot/1.2; +https://openai.com/gptbot)"
216.73.216.191 - - [25/Oct/2025:12:58:47 +0000] "GET /product/wildcat-logo-spirit-wear-t-shirt-3?fileloc=%2F%2Fusr%2Fshare%2Fmime%2Fvideo%2Fvnd.vivo.xml&path=%2F%2Fusr%2Fshare%2Fmime%2Fvideo HTTP/2.0" 200 2971 "-" "Mozilla/5.0 AppleWebKit/537.36 (KHTML, like Gecko; compatible; ClaudeBot/1.0; +claudebot@anthropic.com)"
216.73.216.191 - - [25/Oct/2025:12:58:47 +0000] "GET /product/wildcat-logo-spirit-wear-t-shirt-6?fileloc=%2F%2Flib%2F.build-id%2F92%2Ff65ebc1ca9fe517b8b03e067d0c1604aff46f1&path=%2F%2Flib%2F.build-id%2F92 HTTP/2.0" 200 26531 "-" "Mozilla/5.0 AppleWebKit/537.36 (KHTML, like Gecko; compatible; ClaudeBot/1.0; +claudebot@anthropic.com)"
54.163.169.168 - - [25/Oct/2025:12:58:47 +0000] "GET /screen-printing/?fileloc=//proc/self/root/bin/coredumpctl&path=//proc/self/root/bin HTTP/1.1" 200 78118 "-" "Mozilla/5.0 AppleWebKit/537.36 (KHTML, like Gecko; compatible; Amazonbot/0.1; +https://developer.amazon.com/support/amazonbot) Chrome/119.0.6045.214 Safari/537.36"
216.73.216.191 - - [25/Oct/2025:12:58:47 +0000] "GET /product/wildcat-logo-spirit-wear-t-shirt-11?fileloc=%2F%2Flib%2F.build-id%2F80%2Fe85d1a17d1deeb58ec8c1adb2bd7998921fd2e&path=%2F%2Flib%2F.build-id%2F80 HTTP/2.0" 200 7650 "-" "Mozilla/5.0 AppleWebKit/537.36 (KHTML, like Gecko; compatible; ClaudeBot/1.0; +claudebot@anthropic.com)"
216.73.216.191 - - [25/Oct/2025:12:58:47 +0000] "GET /product/wildcat-logo-spirit-wear-t-shirt-6?fileloc=%2F%2Flib%2F.build-id%2F0d%2Ffa5c472a7488f4b5ac23ba7c1ae42f22cd1257&path=%2F%2Flib%2F.build-id%2F0d HTTP/2.0" 200 12538 "-" "Mozilla/5.0 AppleWebKit/537.36 (KHTML, like Gecko; compatible; ClaudeBot/1.0; +claudebot@anthropic.com)"
216.73.216.191 - - [25/Oct/2025:12:58:48 +0000] "GET /product/wildcat-logo-spirit-wear-t-shirt-6?fileloc=%2F%2Flib64%2Fxtables%2Flibipt_DNAT.so&path=%2F%2Flib64%2Fxtables HTTP/2.0" 200 7844 "-" "Mozilla/5.0 AppleWebKit/537.36 (KHTML, like Gecko; compatible; ClaudeBot/1.0; +claudebot@anthropic.com)"
216.73.216.191 - - [25/Oct/2025:12:58:48 +0000] "GET /product/images/tcgraph.png?fileloc=%2F%2Flib64%2Flibpcre2-16.so.0&path=%2F%2Flib64 HTTP/2.0" 200 168147 "-" "Mozilla/5.0 AppleWebKit/537.36 (KHTML, like Gecko; compatible; ClaudeBot/1.0; +claudebot@anthropic.com)"
216.73.216.191 - - [25/Oct/2025:12:58:48 +0000] "GET /product/wildcat-logo-spirit-wear-t-shirt-11?fileloc=%2F%2Fvar%2Fsoftaculous%2Fmicroweber%2Fphp82%2Fextend.php&path=%2F%2Fvar%2Fsoftaculous%2Fmicroweber%2Fphp82 HTTP/2.0" 200 10420 "-" "Mozilla/5.0 AppleWebKit/537.36 (KHTML, like Gecko; compatible; ClaudeBot/1.0; +claudebot@anthropic.com)"
216.73.216.191 - - [25/Oct/2025:12:58:49 +0000] "GET /product/img/image26.png?path=%2F%2Fusr%2Fshare%2Fsgml HTTP/2.0" 200 2525 "-" "Mozilla/5.0 AppleWebKit/537.36 (KHTML, like Gecko; compatible; ClaudeBot/1.0; +claudebot@anthropic.com)"
216.73.216.191 - - [25/Oct/2025:12:58:49 +0000] "GET /product/elgin-e-logo-spirit-wear-t-shirt-3?fileloc=%2F%2Fscripts%2Fcpanel_initial_install&path=%2F%2Fscripts HTTP/2.0" 200 21738 "-" "Mozilla/5.0 AppleWebKit/537.36 (KHTML, like Gecko; compatible; ClaudeBot/1.0; +claudebot@anthropic.com)"
216.73.216.191 - - [25/Oct/2025:12:58:49 +0000] "GET /product/wildcat-logo-spirit-wear-t-shirt-11?fileloc=%2F%2Fusr%2Flocal%2Fmaldetect.bk1392301%2FCHANGELOG&path=%2F%2Fusr%2Flocal%2Fmaldetect.bk1392301 HTTP/2.0" 200 18263 "-" "Mozilla/5.0 AppleWebKit/537.36 (KHTML, like Gecko; compatible; ClaudeBot/1.0; +claudebot@anthropic.com)"
20.171.207.136 - - [25/Oct/2025:12:58:49 +0000] "GET /?path=//proc/2/task/2/root/proc/2/cwd/proc/3/cwd/var/softaculous/x2/php81 HTTP/2.0" 200 2705 "-" "Mozilla/5.0 AppleWebKit/537.36 (KHTML, like Gecko; compatible; GPTBot/1.2; +https://openai.com/gptbot)"
216.73.216.191 - - [25/Oct/2025:12:58:50 +0000] "GET /my-account/?path=%2F%2Fvar%2Fsoftaculous%2Fgrav HTTP/2.0" 200 3219 "-" "Mozilla/5.0 AppleWebKit/537.36 (KHTML, like Gecko; compatible; ClaudeBot/1.0; +claudebot@anthropic.com)"
216.73.216.191 - - [25/Oct/2025:12:58:50 +0000] "GET /product/wildcat-logo-spirit-wear-t-shirt-6?path=%2F%2Fproc%2F3%2Froot%2Flib64%2Fperl5%2FB HTTP/2.0" 200 2666 "-" "Mozilla/5.0 AppleWebKit/537.36 (KHTML, like Gecko; compatible; ClaudeBot/1.0; +claudebot@anthropic.com)"
216.73.216.191 - - [25/Oct/2025:12:58:50 +0000] "GET /product/wildcat-logo-spirit-wear-t-shirt-3?fileloc=%2Fhome%2Frockyroadprintin%2Ftmp%2Fwebalizer%2Fctry_usage_202303.png&path=%2Fhome%2Frockyroadprintin%2Ftmp%2Fwebalizer HTTP/2.0" 200 6129 "-" "Mozilla/5.0 AppleWebKit/537.36 (KHTML, like Gecko; compatible; ClaudeBot/1.0; +claudebot@anthropic.com)"
216.73.216.191 - - [25/Oct/2025:12:58:50 +0000] "GET /product/wildcat-logo-spirit-wear-t-shirt-6?fileloc=%2F%2Fusr%2Fbin%2Fionice&path=%2F%2Fusr%2Fbin HTTP/2.0" 200 12459 "-" "Mozilla/5.0 AppleWebKit/537.36 (KHTML, like Gecko; compatible; ClaudeBot/1.0; +claudebot@anthropic.com)"
44.217.255.167 - - [25/Oct/2025:12:58:51 +0000] "GET /screen-printing-vs-dtf-cricut-why-screen-printing-is-best/?path=//proc/self/root/proc/3/root/sys/fs/cgroup/devices HTTP/1.1" 200 34804 "-" "Mozilla/5.0 AppleWebKit/537.36 (KHTML, like Gecko; compatible; Amazonbot/0.1; +https://developer.amazon.com/support/amazonbot) Chrome/119.0.6045.214 Safari/537.36"
216.73.216.191 - - [25/Oct/2025:12:58:51 +0000] "GET /product/wildcat-logo-spirit-wear-t-shirt-11?fileloc=%2F%2Fproc%2F2291907%2Ftask%2F2291910%2Fnet%2Frt_acct&path=%2F%2Fproc%2F2291907%2Ftask%2F2291910%2Fnet HTTP/2.0" 200 2271 "-" "Mozilla/5.0 AppleWebKit/537.36 (KHTML, like Gecko; compatible; ClaudeBot/1.0; +claudebot@anthropic.com)"
216.73.216.191 - - [25/Oct/2025:12:58:51 +0000] "GET /product/wildcat-logo-spirit-wear-t-shirt-6?fileloc=%2F%2Flib%2F.build-id%2F6f%2F0a6a0f9aa263f2e2c01e29f5eb66156e070659&path=%2F%2Flib%2F.build-id%2F6f HTTP/2.0" 200 24147 "-" "Mozilla/5.0 AppleWebKit/537.36 (KHTML, like Gecko; compatible; ClaudeBot/1.0; +claudebot@anthropic.com)"
216.73.216.191 - - [25/Oct/2025:12:58:51 +0000] "GET /product/wildcat-logo-spirit-wear-t-shirt-6?fileloc=%2F%2Fproc%2F3%2Froot%2Flib64%2FlibBrokenLocale.so.1&path=%2F%2Fproc%2F3%2Froot%2Flib64 HTTP/2.0" 200 4839 "-" "Mozilla/5.0 AppleWebKit/537.36 (KHTML, like Gecko; compatible; ClaudeBot/1.0; +claudebot@anthropic.com)"
216.73.216.191 - - [25/Oct/2025:12:58:52 +0000] "GET /product/'?fileloc=%2F%2Fproc%2F2150932%2Ftask%2F2150932%2Fnet%2Fip6_flowlabel&path=%2F%2Fproc%2F2150932%2Ftask%2F2150932%2Fnet HTTP/2.0" 200 2289 "-" "Mozilla/5.0 AppleWebKit/537.36 (KHTML, like Gecko; compatible; ClaudeBot/1.0; +claudebot@anthropic.com)"
216.73.216.191 - - [25/Oct/2025:12:58:52 +0000] "GET /product/wildcat-logo-spirit-wear-t-shirt-6?fileloc=%2F%2Flib%2F.build-id%2F2b%2Fc113002e4a53bf3ddc8d63a6f6e130dbb3bad0&path=%2F%2Flib%2F.build-id%2F2b HTTP/2.0" 200 76234 "-" "Mozilla/5.0 AppleWebKit/537.36 (KHTML, like Gecko; compatible; ClaudeBot/1.0; +claudebot@anthropic.com)"
216.73.216.191 - - [25/Oct/2025:12:58:52 +0000] "GET /product/wildcat-logo-spirit-wear-t-shirt-6?fileloc=%2F%2Fvar%2Fsoftaculous%2Fdomainmod%2Fphp82%2Finstall.php&path=%2F%2Fvar%2Fsoftaculous%2Fdomainmod%2Fphp82 HTTP/2.0" 200 5274 "-" "Mozilla/5.0 AppleWebKit/537.36 (KHTML, like Gecko; compatible; ClaudeBot/1.0; +claudebot@anthropic.com)"
216.73.216.191 - - [25/Oct/2025:12:58:53 +0000] "GET /product/wildcat-logo-spirit-wear-t-shirt-6?fileloc=%2F%2Fproc%2F3%2Fcwd%2Flib64%2Flibblkid.so.1&path=%2F%2Fproc%2F3%2Fcwd%2Flib64 HTTP/2.0" 200 130372 "-" "Mozilla/5.0 AppleWebKit/537.36 (KHTML, like Gecko; compatible; ClaudeBot/1.0; +claudebot@anthropic.com)"
20.171.207.136 - - [25/Oct/2025:12:58:53 +0000] "GET /?path=//proc/2/task/2/root/proc/2/cwd/proc/3/cwd/var/softaculous/s9y/php81 HTTP/2.0" 200 2806 "-" "Mozilla/5.0 AppleWebKit/537.36 (KHTML, like Gecko; compatible; GPTBot/1.2; +https://openai.com/gptbot)"
216.73.216.191 - - [25/Oct/2025:12:58:53 +0000] "GET /product/elgin-e-logo-spirit-wear-t-shirt-3?path=%2F%2Fusr%2Fshare%2Flocale%2Fban HTTP/2.0" 200 2547 "-" "Mozilla/5.0 AppleWebKit/537.36 (KHTML, like Gecko; compatible; ClaudeBot/1.0; +claudebot@anthropic.com)"
216.73.216.191 - - [25/Oct/2025:12:58:53 +0000] "GET /my-account/?fileloc=%2F%2Fproc%2F2291093%2Fio&path=%2F%2Fproc%2F2291093 HTTP/2.0" 200 2226 "-" "Mozilla/5.0 AppleWebKit/537.36 (KHTML, like Gecko; compatible; ClaudeBot/1.0; +claudebot@anthropic.com)"
216.73.216.191 - - [25/Oct/2025:12:58:54 +0000] "GET /product/wildcat-logo-spirit-wear-t-shirt-11?path=%2F%2Fusr%2Fshare%2Fcrypto-policies%2Fpolicies HTTP/2.0" 200 2753 "-" "Mozilla/5.0 AppleWebKit/537.36 (KHTML, like Gecko; compatible; ClaudeBot/1.0; +claudebot@anthropic.com)"
216.73.216.191 - - [25/Oct/2025:12:58:54 +0000] "GET /product/elgin-e-logo-spirit-wear-t-shirt-3?fileloc=%2F%2Flib64%2Fxtables%2Flibxt_ecn.so&path=%2F%2Flib64%2Fxtables HTTP/2.0" 200 5748 "-" "Mozilla/5.0 AppleWebKit/537.36 (KHTML, like Gecko; compatible; ClaudeBot/1.0; +claudebot@anthropic.com)"
66.249.79.129 - - [25/Oct/2025:12:58:54 +0000] "GET /expedition61?kg=669 HTTP/1.1" 200 16912 "-" "Mozilla/5.0 (Linux; Android 6.0.1; Nexus 5X Build/MMB29P) AppleWebKit/537.36 (KHTML, like Gecko) Chrome/141.0.7390.122 Mobile Safari/537.36 (compatible; GoogleOther)"
216.73.216.191 - - [25/Oct/2025:12:58:54 +0000] "GET /product/htop.png?fileloc=%2F%2Flib64%2Flibfdisk.so.1.1.0&path=%2F%2Flib64 HTTP/2.0" 200 153808 "-" "Mozilla/5.0 AppleWebKit/537.36 (KHTML, like Gecko; compatible; ClaudeBot/1.0; +claudebot@anthropic.com)"
216.73.216.191 - - [25/Oct/2025:12:58:54 +0000] "GET /product/images/tcgraph.png?fileloc=%2F%2Flib64%2Flibpipeline.so.1&path=%2F%2Flib64 HTTP/2.0" 200 25722 "-" "Mozilla/5.0 AppleWebKit/537.36 (KHTML, like Gecko; compatible; ClaudeBot/1.0; +claudebot@anthropic.com)"
216.73.216.191 - - [25/Oct/2025:12:58:55 +0000] "GET /product/wildcat-logo-spirit-wear-t-shirt-6?fileloc=%2F%2Fvar%2Fsoftaculous%2Fbludit%2Fphp82%2Fclone.php&path=%2F%2Fvar%2Fsoftaculous%2Fbludit%2Fphp82 HTTP/2.0" 200 5923 "-" "Mozilla/5.0 AppleWebKit/537.36 (KHTML, like Gecko; compatible; ClaudeBot/1.0; +claudebot@anthropic.com)"
100.24.167.60 - - [25/Oct/2025:12:58:55 +0000] "GET /screen-printing-vs-dtf-cricut-why-screen-printing-is-best/?path=//proc/self/root/proc/2/cwd/sys/module/mbcache HTTP/1.1" 200 14489 "-" "Mozilla/5.0 AppleWebKit/537.36 (KHTML, like Gecko; compatible; Amazonbot/0.1; +https://developer.amazon.com/support/amazonbot) Chrome/119.0.6045.214 Safari/537.36"
216.73.216.191 - - [25/Oct/2025:12:58:55 +0000] "GET /product/images/tcgraph.png?fileloc=%2F%2Flib64%2Flibopenjp2.so.2.4.0&path=%2F%2Flib64 HTTP/2.0" 200 135321 "-" "Mozilla/5.0 AppleWebKit/537.36 (KHTML, like Gecko; compatible; ClaudeBot/1.0; +claudebot@anthropic.com)"
216.73.216.191 - - [25/Oct/2025:12:58:55 +0000] "GET /product/images/tcgraph.png?fileloc=%2F%2Flib64%2Flibmysqlservices.a&path=%2F%2Flib64 HTTP/2.0" 200 3326 "-" "Mozilla/5.0 AppleWebKit/537.36 (KHTML, like Gecko; compatible; ClaudeBot/1.0; +claudebot@anthropic.com)"
216.73.216.191 - - [25/Oct/2025:12:58:56 +0000] "GET /product/wildcat-logo-spirit-wear-t-shirt-6?fileloc=%2F%2Flib%2F.build-id%2F6e%2Ff5cb23ee557a24e7387d520966efb3ff9527b4&path=%2F%2Flib%2F.build-id%2F6e HTTP/2.0" 200 14388 "-" "Mozilla/5.0 AppleWebKit/537.36 (KHTML, like Gecko; compatible; ClaudeBot/1.0; +claudebot@anthropic.com)"
20.171.207.136 - - [25/Oct/2025:12:58:56 +0000] "GET /?path=//proc/2/task/2/root/proc/2/cwd/proc/3/cwd/var/softaculous/b2e/php53 HTTP/2.0" 200 2736 "-" "Mozilla/5.0 AppleWebKit/537.36 (KHTML, like Gecko; compatible; GPTBot/1.2; +https://openai.com/gptbot)"
216.73.216.191 - - [25/Oct/2025:12:58:56 +0000] "GET /my-account/?fileloc=%2F%2Fproc%2F3263681%2Fmaps&path=%2F%2Fproc%2F3263681 HTTP/2.0" 200 2228 "-" "Mozilla/5.0 AppleWebKit/537.36 (KHTML, like Gecko; compatible; ClaudeBot/1.0; +claudebot@anthropic.com)"
216.73.216.191 - - [25/Oct/2025:12:58:56 +0000] "GET /product/elgin-e-logo-spirit-wear-t-shirt-3?path=%2F%2Fusr%2Fshare%2Flocale%2Fquz HTTP/2.0" 200 2548 "-" "Mozilla/5.0 AppleWebKit/537.36 (KHTML, like Gecko; compatible; ClaudeBot/1.0; +claudebot@anthropic.com)"
216.73.216.191 - - [25/Oct/2025:12:58:57 +0000] "GET /product/elgin-e-logo-spirit-wear-t-shirt-3?path=%2F%2Fsys%2Ffs%2Fcgroup%2Ffreezer%2FImunify.slice%2FScan.slice HTTP/2.0" 200 2961 "-" "Mozilla/5.0 AppleWebKit/537.36 (KHTML, like Gecko; compatible; ClaudeBot/1.0; +claudebot@anthropic.com)"
216.73.216.191 - - [25/Oct/2025:12:58:57 +0000] "GET /product/wildcat-logo-spirit-wear-t-shirt-11?fileloc=%2F%2Fusr%2Fshare%2Fi18n%2Flocales%2Fkw_GB&path=%2F%2Fusr%2Fshare%2Fi18n%2Flocales HTTP/2.0" 200 3811 "-" "Mozilla/5.0 AppleWebKit/537.36 (KHTML, like Gecko; compatible; ClaudeBot/1.0; +claudebot@anthropic.com)"
216.73.216.191 - - [25/Oct/2025:12:58:57 +0000] "GET /product/wildcat-logo-spirit-wear-t-shirt-6?fileloc=%2F%2Flib%2F.build-id%2Fcb%2Fdd5129758bf9364844fb06a2388cd9a158722f&path=%2F%2Flib%2F.build-id%2Fcb HTTP/2.0" 200 6449 "-" "Mozilla/5.0 AppleWebKit/537.36 (KHTML, like Gecko; compatible; ClaudeBot/1.0; +claudebot@anthropic.com)"
216.73.216.191 - - [25/Oct/2025:12:58:57 +0000] "GET /my-account/?fileloc=%2F%2Fproc%2F3493023%2Fcomm&path=%2F%2Fproc%2F3493023 HTTP/2.0" 200 2227 "-" "Mozilla/5.0 AppleWebKit/537.36 (KHTML, like Gecko; compatible; ClaudeBot/1.0; +claudebot@anthropic.com)"
216.73.216.191 - - [25/Oct/2025:12:58:58 +0000] "GET /product/wildcat-logo-spirit-wear-t-shirt-6?fileloc=%2F%2Fproc%2F3%2Fcwd%2Flib64%2Fliblber-2.4.so.2.10.9&path=%2F%2Fproc%2F3%2Fcwd%2Flib64 HTTP/2.0" 200 25459 "-" "Mozilla/5.0 AppleWebKit/537.36 (KHTML, like Gecko; compatible; ClaudeBot/1.0; +claudebot@anthropic.com)"
216.73.216.191 - - [25/Oct/2025:12:58:58 +0000] "GET /product/wildcat-logo-spirit-wear-t-shirt-6?fileloc=%2F%2Fproc%2F3%2Froot%2Fscripts%2Fbuildeximconf&path=%2F%2Fproc%2F3%2Froot%2Fscripts HTTP/2.0" 200 4734 "-" "Mozilla/5.0 AppleWebKit/537.36 (KHTML, like Gecko; compatible; ClaudeBot/1.0; +claudebot@anthropic.com)"
34.234.206.30 - - [25/Oct/2025:12:58:58 +0000] "GET /screen-printing-vs-dtf-cricut-why-screen-printing-is-best/?path=//proc/self/root/proc/2/cwd/var/log/imunify360 HTTP/1.1" 200 13067 "-" "Mozilla/5.0 AppleWebKit/537.36 (KHTML, like Gecko; compatible; Amazonbot/0.1; +https://developer.amazon.com/support/amazonbot) Chrome/119.0.6045.214 Safari/537.36"
216.73.216.191 - - [25/Oct/2025:12:58:58 +0000] "GET /product/elgin-e-logo-spirit-wear-t-shirt-3?path=%2F%2Fusr%2Fshare%2Flocale%2Fpt HTTP/2.0" 200 2579 "-" "Mozilla/5.0 AppleWebKit/537.36 (KHTML, like Gecko; compatible; ClaudeBot/1.0; +claudebot@anthropic.com)"
216.73.216.191 - - [25/Oct/2025:12:58:59 +0000] "GET /product/wildcat-logo-spirit-wear-t-shirt-6?fileloc=%2F%2Fusr%2Fbin%2Fifnames&path=%2F%2Fusr%2Fbin HTTP/2.0" 200 4188 "-" "Mozilla/5.0 AppleWebKit/537.36 (KHTML, like Gecko; compatible; ClaudeBot/1.0; +claudebot@anthropic.com)"
216.73.216.191 - - [25/Oct/2025:12:58:59 +0000] "GET /product/wildcat-logo-spirit-wear-t-shirt-6?fileloc=%2F%2Fproc%2F3%2Froot%2Fscripts%2Fdelpop&path=%2F%2Fproc%2F3%2Froot%2Fscripts HTTP/2.0" 200 4480 "-" "Mozilla/5.0 AppleWebKit/537.36 (KHTML, like Gecko; compatible; ClaudeBot/1.0; +claudebot@anthropic.com)"
20.171.207.136 - - [25/Oct/2025:12:58:59 +0000] "GET /?path=//proc/2/task/2/root/proc/2/cwd/proc/3/cwd/var/softaculous/s9y/php53 HTTP/2.0" 200 2805 "-" "Mozilla/5.0 AppleWebKit/537.36 (KHTML, like Gecko; compatible; GPTBot/1.2; +https://openai.com/gptbot)"
216.73.216.191 - - [25/Oct/2025:12:58:59 +0000] "GET /product/wildcat-logo-spirit-wear-t-shirt-6?fileloc=%2F%2Fvar%2Fsoftaculous%2Flime%2Fphp82%2Fupgrade.php&path=%2F%2Fvar%2Fsoftaculous%2Flime%2Fphp82 HTTP/2.0" 200 6089 "-" "Mozilla/5.0 AppleWebKit/537.36 (KHTML, like Gecko; compatible; ClaudeBot/1.0; +claudebot@anthropic.com)"
216.73.216.191 - - [25/Oct/2025:12:59:00 +0000] "GET /product/wildcat-logo-spirit-wear-t-shirt-6?fileloc=%2F%2Fvar%2Fsoftaculous%2Fmantis%2Fphp71%2Fupgrade.php&path=%2F%2Fvar%2Fsoftaculous%2Fmantis%2Fphp71 HTTP/2.0" 200 6371 "-" "Mozilla/5.0 AppleWebKit/537.36 (KHTML, like Gecko; compatible; ClaudeBot/1.0; +claudebot@anthropic.com)"
216.73.216.191 - - [25/Oct/2025:12:59:00 +0000] "GET /product/elgin-e-logo-spirit-wear-t-shirt-3?fileloc=%2F%2Fvar%2Fsoftaculous%2Fsymfony3%2Finstall.xml&path=%2F%2Fvar%2Fsoftaculous%2Fsymfony3 HTTP/2.0" 200 2356 "-" "Mozilla/5.0 AppleWebKit/537.36 (KHTML, like Gecko; compatible; ClaudeBot/1.0; +claudebot@anthropic.com)"
216.73.216.191 - - [25/Oct/2025:12:59:00 +0000] "GET /product/wildcat-logo-spirit-wear-t-shirt-6?fileloc=%2F%2Fproc%2F3%2Fcwd%2Flib64%2FlibodbcnnS.so.2&path=%2F%2Fproc%2F3%2Fcwd%2Flib64 HTTP/2.0" 200 4769 "-" "Mozilla/5.0 AppleWebKit/537.36 (KHTML, like Gecko; compatible; ClaudeBot/1.0; +claudebot@anthropic.com)"
