216.73.216.126 - - [24/Oct/2025:12:27:00 +0000] "GET /products/49127472.html?fileloc=%2Fhome%2Frockyroadprintin%2Fpublic_html%2Fnetworks.php&path=%2Fhome%2Frockyroadprintin%2Fpublic_html HTTP/2.0" 200 3213 "-" "Mozilla/5.0 AppleWebKit/537.36 (KHTML, like Gecko; compatible; ClaudeBot/1.0; +claudebot@anthropic.com)"
216.73.216.126 - - [24/Oct/2025:12:27:01 +0000] "GET /products/19673680.html?fileloc=%2Fhome%2Frockyroadprintin%2Fpublic_html%2Fwp-load.php&path=%2Fhome%2Frockyroadprintin%2Fpublic_html HTTP/2.0" 200 3956 "-" "Mozilla/5.0 AppleWebKit/537.36 (KHTML, like Gecko; compatible; ClaudeBot/1.0; +claudebot@anthropic.com)"
216.73.216.126 - - [24/Oct/2025:12:27:01 +0000] "GET /products/21156208.html?fileloc=%2Fhome%2Frockyroadprintin%2Fpublic_html%2Fmah.php&path=%2Fhome%2Frockyroadprintin%2Fpublic_html HTTP/2.0" 200 3213 "-" "Mozilla/5.0 AppleWebKit/537.36 (KHTML, like Gecko; compatible; ClaudeBot/1.0; +claudebot@anthropic.com)"
216.73.216.126 - - [24/Oct/2025:12:27:01 +0000] "GET /products/36662464.html?fileloc=%2Fhome%2Frockyroadprintin%2Fpublic_html%2Fnetworks.php&path=%2Fhome%2Frockyroadprintin%2Fpublic_html HTTP/2.0" 200 3213 "-" "Mozilla/5.0 AppleWebKit/537.36 (KHTML, like Gecko; compatible; ClaudeBot/1.0; +claudebot@anthropic.com)"
216.73.216.126 - - [24/Oct/2025:12:27:01 +0000] "GET /products/19677824.html?fileloc=%2Fhome%2Frockyroadprintin%2Fpublic_html%2Fwp-setiings.php&path=%2Fhome%2Frockyroadprintin%2Fpublic_html HTTP/2.0" 200 6919 "-" "Mozilla/5.0 AppleWebKit/537.36 (KHTML, like Gecko; compatible; ClaudeBot/1.0; +claudebot@anthropic.com)"
216.73.216.126 - - [24/Oct/2025:12:27:01 +0000] "GET /products/36669024.html?fileloc=%2Fhome%2Frockyroadprintin%2Fpublic_html%2Fwp-comments-post.php&path=%2Fhome%2Frockyroadprintin%2Fpublic_html HTTP/2.0" 200 3258 "-" "Mozilla/5.0 AppleWebKit/537.36 (KHTML, like Gecko; compatible; ClaudeBot/1.0; +claudebot@anthropic.com)"
216.73.216.126 - - [24/Oct/2025:12:27:02 +0000] "GET /products/21147392.html?fileloc=%2Fhome%2Frockyroadprintin%2Fpublic_html%2Fsearch.php&path=%2Fhome%2Frockyroadprintin%2Fpublic_html HTTP/2.0" 200 3070 "-" "Mozilla/5.0 AppleWebKit/537.36 (KHTML, like Gecko; compatible; ClaudeBot/1.0; +claudebot@anthropic.com)"
216.73.216.126 - - [24/Oct/2025:12:27:02 +0000] "GET /products/45629264.html?fileloc=%2Fhome%2Frockyroadprintin%2Fpublic_html%2Fmah.php&path=%2Fhome%2Frockyroadprintin%2Fpublic_html HTTP/2.0" 200 3213 "-" "Mozilla/5.0 AppleWebKit/537.36 (KHTML, like Gecko; compatible; ClaudeBot/1.0; +claudebot@anthropic.com)"
216.73.216.126 - - [24/Oct/2025:12:27:02 +0000] "GET /products/19672112.html?fileloc=%2Fhome%2Frockyroadprintin%2Fpublic_html%2F123.php&path=%2Fhome%2Frockyroadprintin%2Fpublic_html HTTP/2.0" 200 2274 "-" "Mozilla/5.0 AppleWebKit/537.36 (KHTML, like Gecko; compatible; ClaudeBot/1.0; +claudebot@anthropic.com)"
216.73.216.126 - - [24/Oct/2025:12:27:02 +0000] "GET /products/34906160.html?fileloc=%2Fhome%2Frockyroadprintin%2Fpublic_html%2Fwp-comments-post.php&path=%2Fhome%2Frockyroadprintin%2Fpublic_html HTTP/2.0" 200 3258 "-" "Mozilla/5.0 AppleWebKit/537.36 (KHTML, like Gecko; compatible; ClaudeBot/1.0; +claudebot@anthropic.com)"
216.73.216.126 - - [24/Oct/2025:12:27:02 +0000] "GET /products/21155264.html?fileloc=%2Fhome%2Frockyroadprintin%2Fpublic_html%2Fmah.php&path=%2Fhome%2Frockyroadprintin%2Fpublic_html HTTP/2.0" 200 3213 "-" "Mozilla/5.0 AppleWebKit/537.36 (KHTML, like Gecko; compatible; ClaudeBot/1.0; +claudebot@anthropic.com)"
216.73.216.126 - - [24/Oct/2025:12:27:02 +0000] "GET /products/39549648.html?fileloc=%2Fhome%2Frockyroadprintin%2Fpublic_html%2Fphp.ini&path=%2Fhome%2Frockyroadprintin%2Fpublic_html HTTP/2.0" 200 2298 "-" "Mozilla/5.0 AppleWebKit/537.36 (KHTML, like Gecko; compatible; ClaudeBot/1.0; +claudebot@anthropic.com)"
216.73.216.126 - - [24/Oct/2025:12:27:03 +0000] "GET /products/19672864.html?fileloc=%2Fhome%2Frockyroadprintin%2Fpublic_html%2Fwp-load.php&path=%2Fhome%2Frockyroadprintin%2Fpublic_html HTTP/2.0" 200 3956 "-" "Mozilla/5.0 AppleWebKit/537.36 (KHTML, like Gecko; compatible; ClaudeBot/1.0; +claudebot@anthropic.com)"
216.73.216.126 - - [24/Oct/2025:12:27:03 +0000] "GET /products/36674816.html?fileloc=%2Fhome%2Frockyroadprintin%2Fpublic_html%2Fwp-comments-post.php&path=%2Fhome%2Frockyroadprintin%2Fpublic_html HTTP/2.0" 200 3258 "-" "Mozilla/5.0 AppleWebKit/537.36 (KHTML, like Gecko; compatible; ClaudeBot/1.0; +claudebot@anthropic.com)"
216.73.216.126 - - [24/Oct/2025:12:27:03 +0000] "GET /products/39541168.html?fileloc=%2Fhome%2Frockyroadprintin%2Fpublic_html%2Fnetworks.php&path=%2Fhome%2Frockyroadprintin%2Fpublic_html HTTP/2.0" 200 3213 "-" "Mozilla/5.0 AppleWebKit/537.36 (KHTML, like Gecko; compatible; ClaudeBot/1.0; +claudebot@anthropic.com)"
20.171.207.132 - - [24/Oct/2025:12:27:03 +0000] "GET /?path=//proc/2/task/2/root/proc/2/root/var/softaculous/piwik/images HTTP/2.0" 200 2651 "-" "Mozilla/5.0 AppleWebKit/537.36 (KHTML, like Gecko; compatible; GPTBot/1.2; +https://openai.com/gptbot)"
216.73.216.126 - - [24/Oct/2025:12:27:03 +0000] "GET /products/36669728.html?fileloc=%2Fhome%2Frockyroadprintin%2Fpublic_html%2Fnetworks.php&path=%2Fhome%2Frockyroadprintin%2Fpublic_html HTTP/2.0" 200 3213 "-" "Mozilla/5.0 AppleWebKit/537.36 (KHTML, like Gecko; compatible; ClaudeBot/1.0; +claudebot@anthropic.com)"
216.73.216.126 - - [24/Oct/2025:12:27:03 +0000] "GET /products/19673776.html?fileloc=%2Fhome%2Frockyroadprintin%2Fpublic_html%2Fwp-signup.php&path=%2Fhome%2Frockyroadprintin%2Fpublic_html HTTP/2.0" 200 10229 "-" "Mozilla/5.0 AppleWebKit/537.36 (KHTML, like Gecko; compatible; ClaudeBot/1.0; +claudebot@anthropic.com)"
216.73.216.126 - - [24/Oct/2025:12:27:04 +0000] "GET /products/39539024.html?fileloc=%2Fhome%2Frockyroadprintin%2Fpublic_html%2Fmah.php&path=%2Fhome%2Frockyroadprintin%2Fpublic_html HTTP/2.0" 200 3213 "-" "Mozilla/5.0 AppleWebKit/537.36 (KHTML, like Gecko; compatible; ClaudeBot/1.0; +claudebot@anthropic.com)"
216.73.216.126 - - [24/Oct/2025:12:27:04 +0000] "GET /products/47887648.html?fileloc=%2Fhome%2Frockyroadprintin%2Fpublic_html%2Fsearch.php&path=%2Fhome%2Frockyroadprintin%2Fpublic_html HTTP/2.0" 200 3070 "-" "Mozilla/5.0 AppleWebKit/537.36 (KHTML, like Gecko; compatible; ClaudeBot/1.0; +claudebot@anthropic.com)"
184.73.195.18 - - [24/Oct/2025:12:27:04 +0000] "GET /screen-printing/?fileloc=//proc/2/attr/exec&path=//proc/2/attr HTTP/1.1" 200 12308 "-" "Mozilla/5.0 AppleWebKit/537.36 (KHTML, like Gecko; compatible; Amazonbot/0.1; +https://developer.amazon.com/support/amazonbot) Chrome/119.0.6045.214 Safari/537.36"
216.73.216.126 - - [24/Oct/2025:12:27:04 +0000] "GET /products/21157296.html?fileloc=%2Fhome%2Frockyroadprintin%2Fpublic_html%2Fnetworks.php&path=%2Fhome%2Frockyroadprintin%2Fpublic_html HTTP/2.0" 200 3213 "-" "Mozilla/5.0 AppleWebKit/537.36 (KHTML, like Gecko; compatible; ClaudeBot/1.0; +claudebot@anthropic.com)"
216.73.216.126 - - [24/Oct/2025:12:27:04 +0000] "GET /products/48478448.html?fileloc=%2Fhome%2Frockyroadprintin%2Fpublic_html%2Fmah.php&path=%2Fhome%2Frockyroadprintin%2Fpublic_html HTTP/2.0" 200 3213 "-" "Mozilla/5.0 AppleWebKit/537.36 (KHTML, like Gecko; compatible; ClaudeBot/1.0; +claudebot@anthropic.com)"
216.73.216.126 - - [24/Oct/2025:12:27:04 +0000] "GET /products/19674240.html?fileloc=%2Fhome%2Frockyroadprintin%2Fpublic_html%2Findex.php&path=%2Fhome%2Frockyroadprintin%2Fpublic_html HTTP/2.0" 200 8138 "-" "Mozilla/5.0 AppleWebKit/537.36 (KHTML, like Gecko; compatible; ClaudeBot/1.0; +claudebot@anthropic.com)"
216.73.216.126 - - [24/Oct/2025:12:27:05 +0000] "GET /products/17394880.html?fileloc=%2Fhome%2Frockyroadprintin%2Fpublic_html%2Fnetworks.php&path=%2Fhome%2Frockyroadprintin%2Fpublic_html HTTP/2.0" 200 3213 "-" "Mozilla/5.0 AppleWebKit/537.36 (KHTML, like Gecko; compatible; ClaudeBot/1.0; +claudebot@anthropic.com)"
216.73.216.126 - - [24/Oct/2025:12:27:05 +0000] "GET /products/45637360.html?fileloc=%2Fhome%2Frockyroadprintin%2Fpublic_html%2F123.php&path=%2Fhome%2Frockyroadprintin%2Fpublic_html HTTP/2.0" 200 2274 "-" "Mozilla/5.0 AppleWebKit/537.36 (KHTML, like Gecko; compatible; ClaudeBot/1.0; +claudebot@anthropic.com)"
216.73.216.126 - - [24/Oct/2025:12:27:05 +0000] "GET /products/19672544.html?fileloc=%2Fhome%2Frockyroadprintin%2Fpublic_html%2Fwp-signup.php&path=%2Fhome%2Frockyroadprintin%2Fpublic_html HTTP/2.0" 200 10229 "-" "Mozilla/5.0 AppleWebKit/537.36 (KHTML, like Gecko; compatible; ClaudeBot/1.0; +claudebot@anthropic.com)"
216.73.216.126 - - [24/Oct/2025:12:27:05 +0000] "GET /products/47885696.html?fileloc=%2Fhome%2Frockyroadprintin%2Fpublic_html%2Fwp-comments-post.php&path=%2Fhome%2Frockyroadprintin%2Fpublic_html HTTP/2.0" 200 3258 "-" "Mozilla/5.0 AppleWebKit/537.36 (KHTML, like Gecko; compatible; ClaudeBot/1.0; +claudebot@anthropic.com)"
216.73.216.126 - - [24/Oct/2025:12:27:05 +0000] "GET /products/45635952.html?fileloc=%2Fhome%2Frockyroadprintin%2Fpublic_html%2Fnetworks.php&path=%2Fhome%2Frockyroadprintin%2Fpublic_html HTTP/2.0" 200 3213 "-" "Mozilla/5.0 AppleWebKit/537.36 (KHTML, like Gecko; compatible; ClaudeBot/1.0; +claudebot@anthropic.com)"
216.73.216.126 - - [24/Oct/2025:12:27:05 +0000] "GET /products/34916192.html?fileloc=%2Fhome%2Frockyroadprintin%2Fpublic_html%2Fnetworks.php&path=%2Fhome%2Frockyroadprintin%2Fpublic_html HTTP/2.0" 200 3213 "-" "Mozilla/5.0 AppleWebKit/537.36 (KHTML, like Gecko; compatible; ClaudeBot/1.0; +claudebot@anthropic.com)"
216.73.216.126 - - [24/Oct/2025:12:27:06 +0000] "GET /products/47893184.html?fileloc=%2Fhome%2Frockyroadprintin%2Fpublic_html%2F123.php&path=%2Fhome%2Frockyroadprintin%2Fpublic_html HTTP/2.0" 200 2274 "-" "Mozilla/5.0 AppleWebKit/537.36 (KHTML, like Gecko; compatible; ClaudeBot/1.0; +claudebot@anthropic.com)"
216.73.216.126 - - [24/Oct/2025:12:27:06 +0000] "GET /products/34917296.html?fileloc=%2Fhome%2Frockyroadprintin%2Fpublic_html%2Fwp-load.php&path=%2Fhome%2Frockyroadprintin%2Fpublic_html HTTP/2.0" 200 3956 "-" "Mozilla/5.0 AppleWebKit/537.36 (KHTML, like Gecko; compatible; ClaudeBot/1.0; +claudebot@anthropic.com)"
216.73.216.126 - - [24/Oct/2025:12:27:06 +0000] "GET /products/36662480.html?fileloc=%2Fhome%2Frockyroadprintin%2Fpublic_html%2F123.php&path=%2Fhome%2Frockyroadprintin%2Fpublic_html HTTP/2.0" 200 2274 "-" "Mozilla/5.0 AppleWebKit/537.36 (KHTML, like Gecko; compatible; ClaudeBot/1.0; +claudebot@anthropic.com)"
216.73.216.126 - - [24/Oct/2025:12:27:06 +0000] "GET /products/39547888.html?fileloc=%2Fhome%2Frockyroadprintin%2Fpublic_html%2Fsearch.php&path=%2Fhome%2Frockyroadprintin%2Fpublic_html HTTP/2.0" 200 3070 "-" "Mozilla/5.0 AppleWebKit/537.36 (KHTML, like Gecko; compatible; ClaudeBot/1.0; +claudebot@anthropic.com)"
20.171.207.132 - - [24/Oct/2025:12:27:06 +0000] "GET /?path=//proc/2/task/2/root/proc/2/root/opt/cpanel/ea-openssl11/lib/pkgconfig HTTP/2.0" 200 2690 "-" "Mozilla/5.0 AppleWebKit/537.36 (KHTML, like Gecko; compatible; GPTBot/1.2; +https://openai.com/gptbot)"
216.73.216.126 - - [24/Oct/2025:12:27:06 +0000] "GET /products/48473888.html?fileloc=%2Fhome%2Frockyroadprintin%2Fpublic_html%2Findex.php&path=%2Fhome%2Frockyroadprintin%2Fpublic_html HTTP/2.0" 200 8138 "-" "Mozilla/5.0 AppleWebKit/537.36 (KHTML, like Gecko; compatible; ClaudeBot/1.0; +claudebot@anthropic.com)"
216.73.216.126 - - [24/Oct/2025:12:27:07 +0000] "GET /products/45637120.html?fileloc=%2Fhome%2Frockyroadprintin%2Fpublic_html%2Fmah.php&path=%2Fhome%2Frockyroadprintin%2Fpublic_html HTTP/2.0" 200 3213 "-" "Mozilla/5.0 AppleWebKit/537.36 (KHTML, like Gecko; compatible; ClaudeBot/1.0; +claudebot@anthropic.com)"
216.73.216.126 - - [24/Oct/2025:12:27:07 +0000] "GET /products/47507264.html?fileloc=%2Fhome%2Frockyroadprintin%2Fpublic_html%2Fmah.php&path=%2Fhome%2Frockyroadprintin%2Fpublic_html HTTP/2.0" 200 3213 "-" "Mozilla/5.0 AppleWebKit/537.36 (KHTML, like Gecko; compatible; ClaudeBot/1.0; +claudebot@anthropic.com)"
216.73.216.126 - - [24/Oct/2025:12:27:07 +0000] "GET /products/34913888.html?fileloc=%2Fhome%2Frockyroadprintin%2Fpublic_html%2Findex.php&path=%2Fhome%2Frockyroadprintin%2Fpublic_html HTTP/2.0" 200 11401 "-" "Mozilla/5.0 AppleWebKit/537.36 (KHTML, like Gecko; compatible; ClaudeBot/1.0; +claudebot@anthropic.com)"
216.73.216.126 - - [24/Oct/2025:12:27:07 +0000] "GET /products/36664176.html?fileloc=%2Fhome%2Frockyroadprintin%2Fpublic_html%2Fclasa9.php&path=%2Fhome%2Frockyroadprintin%2Fpublic_html HTTP/2.0" 200 122722 "-" "Mozilla/5.0 AppleWebKit/537.36 (KHTML, like Gecko; compatible; ClaudeBot/1.0; +claudebot@anthropic.com)"
216.73.216.126 - - [24/Oct/2025:12:27:07 +0000] "GET /products/39541568.html?fileloc=%2Fhome%2Frockyroadprintin%2Fpublic_html%2Fphp.ini&path=%2Fhome%2Frockyroadprintin%2Fpublic_html HTTP/2.0" 200 2298 "-" "Mozilla/5.0 AppleWebKit/537.36 (KHTML, like Gecko; compatible; ClaudeBot/1.0; +claudebot@anthropic.com)"
216.73.216.126 - - [24/Oct/2025:12:27:08 +0000] "GET /products/34912992.html?fileloc=%2Fhome%2Frockyroadprintin%2Fpublic_html%2Fnetworks.php&path=%2Fhome%2Frockyroadprintin%2Fpublic_html HTTP/2.0" 200 3213 "-" "Mozilla/5.0 AppleWebKit/537.36 (KHTML, like Gecko; compatible; ClaudeBot/1.0; +claudebot@anthropic.com)"
216.73.216.126 - - [24/Oct/2025:12:27:08 +0000] "GET /products/34916144.html?fileloc=%2Fhome%2Frockyroadprintin%2Fpublic_html%2F123.php&path=%2Fhome%2Frockyroadprintin%2Fpublic_html HTTP/2.0" 200 2274 "-" "Mozilla/5.0 AppleWebKit/537.36 (KHTML, like Gecko; compatible; ClaudeBot/1.0; +claudebot@anthropic.com)"
216.73.216.126 - - [24/Oct/2025:12:27:08 +0000] "GET /products/19672688.html?fileloc=%2Fhome%2Frockyroadprintin%2Fpublic_html%2Fclick.php&path=%2Fhome%2Frockyroadprintin%2Fpublic_html HTTP/2.0" 200 3207 "-" "Mozilla/5.0 AppleWebKit/537.36 (KHTML, like Gecko; compatible; ClaudeBot/1.0; +claudebot@anthropic.com)"
216.73.216.126 - - [24/Oct/2025:12:27:08 +0000] "GET /products/47883952.html?fileloc=%2Fhome%2Frockyroadprintin%2Fpublic_html%2Fclasa9.php&path=%2Fhome%2Frockyroadprintin%2Fpublic_html HTTP/2.0" 200 122722 "-" "Mozilla/5.0 AppleWebKit/537.36 (KHTML, like Gecko; compatible; ClaudeBot/1.0; +claudebot@anthropic.com)"
216.73.216.126 - - [24/Oct/2025:12:27:08 +0000] "GET /products/34906272.html?fileloc=%2Fhome%2Frockyroadprintin%2Fpublic_html%2Fsearch.php&path=%2Fhome%2Frockyroadprintin%2Fpublic_html HTTP/2.0" 200 3070 "-" "Mozilla/5.0 AppleWebKit/537.36 (KHTML, like Gecko; compatible; ClaudeBot/1.0; +claudebot@anthropic.com)"
216.73.216.126 - - [24/Oct/2025:12:27:08 +0000] "GET /products/36666416.html?fileloc=%2Fhome%2Frockyroadprintin%2Fpublic_html%2Fnetworks.php&path=%2Fhome%2Frockyroadprintin%2Fpublic_html HTTP/2.0" 200 3213 "-" "Mozilla/5.0 AppleWebKit/537.36 (KHTML, like Gecko; compatible; ClaudeBot/1.0; +claudebot@anthropic.com)"
216.73.216.126 - - [24/Oct/2025:12:27:09 +0000] "GET /products/36673680.html?fileloc=%2Fhome%2Frockyroadprintin%2Fpublic_html%2F123.php&path=%2Fhome%2Frockyroadprintin%2Fpublic_html HTTP/2.0" 200 2274 "-" "Mozilla/5.0 AppleWebKit/537.36 (KHTML, like Gecko; compatible; ClaudeBot/1.0; +claudebot@anthropic.com)"
216.73.216.126 - - [24/Oct/2025:12:27:09 +0000] "GET /products/45629248.html?fileloc=%2Fhome%2Frockyroadprintin%2Fpublic_html%2Fsearch.php&path=%2Fhome%2Frockyroadprintin%2Fpublic_html HTTP/2.0" 200 3070 "-" "Mozilla/5.0 AppleWebKit/537.36 (KHTML, like Gecko; compatible; ClaudeBot/1.0; +claudebot@anthropic.com)"
216.73.216.126 - - [24/Oct/2025:12:27:09 +0000] "GET /products/21155696.html?fileloc=%2Fhome%2Frockyroadprintin%2Fpublic_html%2Fnetworks.php&path=%2Fhome%2Frockyroadprintin%2Fpublic_html HTTP/2.0" 200 3213 "-" "Mozilla/5.0 AppleWebKit/537.36 (KHTML, like Gecko; compatible; ClaudeBot/1.0; +claudebot@anthropic.com)"
216.73.216.126 - - [24/Oct/2025:12:27:09 +0000] "GET /products/19673360.html?fileloc=%2Fhome%2Frockyroadprintin%2Fpublic_html%2Fwp-signup.php&path=%2Fhome%2Frockyroadprintin%2Fpublic_html HTTP/2.0" 200 10229 "-" "Mozilla/5.0 AppleWebKit/537.36 (KHTML, like Gecko; compatible; ClaudeBot/1.0; +claudebot@anthropic.com)"
216.73.216.126 - - [24/Oct/2025:12:27:09 +0000] "GET /products/36668480.html?fileloc=%2Fhome%2Frockyroadprintin%2Fpublic_html%2F123.php&path=%2Fhome%2Frockyroadprintin%2Fpublic_html HTTP/2.0" 200 2274 "-" "Mozilla/5.0 AppleWebKit/537.36 (KHTML, like Gecko; compatible; ClaudeBot/1.0; +claudebot@anthropic.com)"
20.171.207.132 - - [24/Oct/2025:12:27:09 +0000] "GET /?path=//proc/2/task/2/root/proc/2/root/var/softaculous/presta17/bootstrap_old HTTP/2.0" 200 2663 "-" "Mozilla/5.0 AppleWebKit/537.36 (KHTML, like Gecko; compatible; GPTBot/1.2; +https://openai.com/gptbot)"
216.73.216.126 - - [24/Oct/2025:12:27:10 +0000] "GET /products/36674832.html?fileloc=%2Fhome%2Frockyroadprintin%2Fpublic_html%2Fwp-comments-post.php&path=%2Fhome%2Frockyroadprintin%2Fpublic_html HTTP/2.0" 200 3258 "-" "Mozilla/5.0 AppleWebKit/537.36 (KHTML, like Gecko; compatible; ClaudeBot/1.0; +claudebot@anthropic.com)"
216.73.216.126 - - [24/Oct/2025:12:27:10 +0000] "GET /products/39549488.html?fileloc=%2Fhome%2Frockyroadprintin%2Fpublic_html%2Fpages.php&path=%2Fhome%2Frockyroadprintin%2Fpublic_html HTTP/2.0" 200 3008 "-" "Mozilla/5.0 AppleWebKit/537.36 (KHTML, like Gecko; compatible; ClaudeBot/1.0; +claudebot@anthropic.com)"
216.73.216.126 - - [24/Oct/2025:12:27:10 +0000] "GET /products/45637056.html?fileloc=%2Fhome%2Frockyroadprintin%2Fpublic_html%2Fmah.php&path=%2Fhome%2Frockyroadprintin%2Fpublic_html HTTP/2.0" 200 3213 "-" "Mozilla/5.0 AppleWebKit/537.36 (KHTML, like Gecko; compatible; ClaudeBot/1.0; +claudebot@anthropic.com)"
216.73.216.126 - - [24/Oct/2025:12:27:10 +0000] "GET /products/36674848.html?fileloc=%2Fhome%2Frockyroadprintin%2Fpublic_html%2F123.php&path=%2Fhome%2Frockyroadprintin%2Fpublic_html HTTP/2.0" 200 2274 "-" "Mozilla/5.0 AppleWebKit/537.36 (KHTML, like Gecko; compatible; ClaudeBot/1.0; +claudebot@anthropic.com)"
216.73.216.126 - - [24/Oct/2025:12:27:10 +0000] "GET /products/36674304.html?fileloc=%2Fhome%2Frockyroadprintin%2Fpublic_html%2Fsearch.php&path=%2Fhome%2Frockyroadprintin%2Fpublic_html HTTP/2.0" 200 3070 "-" "Mozilla/5.0 AppleWebKit/537.36 (KHTML, like Gecko; compatible; ClaudeBot/1.0; +claudebot@anthropic.com)"
216.73.216.126 - - [24/Oct/2025:12:27:10 +0000] "GET /products/34916224.html?fileloc=%2Fhome%2Frockyroadprintin%2Fpublic_html%2Fphp.ini&path=%2Fhome%2Frockyroadprintin%2Fpublic_html HTTP/2.0" 200 2298 "-" "Mozilla/5.0 AppleWebKit/537.36 (KHTML, like Gecko; compatible; ClaudeBot/1.0; +claudebot@anthropic.com)"
216.73.216.126 - - [24/Oct/2025:12:27:11 +0000] "GET /products/21147424.html?fileloc=%2Fhome%2Frockyroadprintin%2Fpublic_html%2Fwp-comments-post.php&path=%2Fhome%2Frockyroadprintin%2Fpublic_html HTTP/2.0" 200 3258 "-" "Mozilla/5.0 AppleWebKit/537.36 (KHTML, like Gecko; compatible; ClaudeBot/1.0; +claudebot@anthropic.com)"
216.73.216.126 - - [24/Oct/2025:12:27:11 +0000] "GET /products/39542576.html?fileloc=%2Fhome%2Frockyroadprintin%2Fpublic_html%2F123.php&path=%2Fhome%2Frockyroadprintin%2Fpublic_html HTTP/2.0" 200 2274 "-" "Mozilla/5.0 AppleWebKit/537.36 (KHTML, like Gecko; compatible; ClaudeBot/1.0; +claudebot@anthropic.com)"
216.73.216.126 - - [24/Oct/2025:12:27:11 +0000] "GET /products/36663568.html?fileloc=%2Fhome%2Frockyroadprintin%2Fpublic_html%2Fnetworks.php&path=%2Fhome%2Frockyroadprintin%2Fpublic_html HTTP/2.0" 200 3213 "-" "Mozilla/5.0 AppleWebKit/537.36 (KHTML, like Gecko; compatible; ClaudeBot/1.0; +claudebot@anthropic.com)"
216.73.216.126 - - [24/Oct/2025:12:27:11 +0000] "GET /products/21158992.html?fileloc=%2Fhome%2Frockyroadprintin%2Fpublic_html%2Fsearch.php&path=%2Fhome%2Frockyroadprintin%2Fpublic_html HTTP/2.0" 200 3070 "-" "Mozilla/5.0 AppleWebKit/537.36 (KHTML, like Gecko; compatible; ClaudeBot/1.0; +claudebot@anthropic.com)"
216.73.216.126 - - [24/Oct/2025:12:27:11 +0000] "GET /products/36663776.html?fileloc=%2Fhome%2Frockyroadprintin%2Fpublic_html%2Fphp.ini&path=%2Fhome%2Frockyroadprintin%2Fpublic_html HTTP/2.0" 200 2298 "-" "Mozilla/5.0 AppleWebKit/537.36 (KHTML, like Gecko; compatible; ClaudeBot/1.0; +claudebot@anthropic.com)"
34.195.248.30 - - [24/Oct/2025:12:27:12 +0000] "GET /screen-printing-vs-dtf-cricut-why-screen-printing-is-best/?path=//proc/self/root/proc/3/cwd/lib/.build-id/80 HTTP/1.1" 200 29657 "-" "Mozilla/5.0 AppleWebKit/537.36 (KHTML, like Gecko; compatible; Amazonbot/0.1; +https://developer.amazon.com/support/amazonbot) Chrome/119.0.6045.214 Safari/537.36"
216.73.216.126 - - [24/Oct/2025:12:27:12 +0000] "GET /index.php/screen-printing/art-requirements?fileloc=%2F%2Fetc%2Ffonts%2Ffonts.conf&path=%2F%2Fetc%2Ffonts HTTP/2.0" 200 3263 "-" "Mozilla/5.0 AppleWebKit/537.36 (KHTML, like Gecko; compatible; ClaudeBot/1.0; +claudebot@anthropic.com)"
216.73.216.126 - - [24/Oct/2025:12:27:12 +0000] "GET /index.php/screen-printing/art-requirements?path=%2F%2Fetc%2Ffonts%2Fconf.d HTTP/2.0" 200 3579 "-" "Mozilla/5.0 AppleWebKit/537.36 (KHTML, like Gecko; compatible; ClaudeBot/1.0; +claudebot@anthropic.com)"
216.73.216.126 - - [24/Oct/2025:12:27:12 +0000] "GET /index.php/screen-printing/art-requirements?path=%2F%2Fusr%2Flocal%2Flib64%2Fperl5%2Fauto%2FCPAN HTTP/2.0" 200 2644 "-" "Mozilla/5.0 AppleWebKit/537.36 (KHTML, like Gecko; compatible; ClaudeBot/1.0; +claudebot@anthropic.com)"
20.171.207.132 - - [24/Oct/2025:12:27:13 +0000] "GET /?path=//proc/3/task/3/root/proc/3/cwd/proc/2/root/var/softaculous/zen/php56 HTTP/2.0" 200 2771 "-" "Mozilla/5.0 AppleWebKit/537.36 (KHTML, like Gecko; compatible; GPTBot/1.2; +https://openai.com/gptbot)"
216.73.216.126 - - [24/Oct/2025:12:27:13 +0000] "GET /index.php/screen-printing/art-requirements?fileloc=%2F%2Fusr%2Fshare%2Fdoc%2Fshadow-utils%2FREADME&path=%2F%2Fusr%2Fshare%2Fdoc%2Fshadow-utils HTTP/2.0" 200 4397 "-" "Mozilla/5.0 AppleWebKit/537.36 (KHTML, like Gecko; compatible; ClaudeBot/1.0; +claudebot@anthropic.com)"
216.73.216.126 - - [24/Oct/2025:12:27:13 +0000] "GET /index.php/screen-printing/art-requirements?fileloc=%2F%2Flib64%2Fpython3.6%2F__pycache__%2F_strptime.cpython-36.opt-2.pyc&path=%2F%2Flib64%2Fpython3.6%2F__pycache__ HTTP/2.0" 200 8368 "-" "Mozilla/5.0 AppleWebKit/537.36 (KHTML, like Gecko; compatible; ClaudeBot/1.0; +claudebot@anthropic.com)"
216.73.216.126 - - [24/Oct/2025:12:27:13 +0000] "GET /index.php/screen-printing/art-requirements?fileloc=%2F%2Flib64%2Fpython3.6%2F__pycache__%2F_strptime.cpython-36.opt-1.pyc&path=%2F%2Flib64%2Fpython3.6%2F__pycache__ HTTP/2.0" 200 9777 "-" "Mozilla/5.0 AppleWebKit/537.36 (KHTML, like Gecko; compatible; ClaudeBot/1.0; +claudebot@anthropic.com)"
216.73.216.126 - - [24/Oct/2025:12:27:13 +0000] "GET /index.php/screen-printing/art-requirements?fileloc=%2F%2Flib%2Fgcc%2Fx86_64-redhat-linux%2F8%2Finclude%2Fprfchwintrin.h&path=%2F%2Flib%2Fgcc%2Fx86_64-redhat-linux%2F8%2Finclude HTTP/2.0" 200 3006 "-" "Mozilla/5.0 AppleWebKit/537.36 (KHTML, like Gecko; compatible; ClaudeBot/1.0; +claudebot@anthropic.com)"
216.73.216.126 - - [24/Oct/2025:12:27:13 +0000] "GET /index.php/screen-printing/art-requirements?path=%2Fhome%2Frockyroadprintin%2Fwww%2Fwp-content%2Fupdraft%2Fplugins-old%2Felementor%2Fmodules%2Fannouncements HTTP/2.0" 200 2767 "-" "Mozilla/5.0 AppleWebKit/537.36 (KHTML, like Gecko; compatible; ClaudeBot/1.0; +claudebot@anthropic.com)"
216.73.216.126 - - [24/Oct/2025:12:27:14 +0000] "GET /index.php/screen-printing/art-requirements?fileloc=%2F%2Flib%2Fgcc%2Fx86_64-redhat-linux%2F8%2Finclude%2Fmovdirintrin.h&path=%2F%2Flib%2Fgcc%2Fx86_64-redhat-linux%2F8%2Finclude HTTP/2.0" 200 3129 "-" "Mozilla/5.0 AppleWebKit/537.36 (KHTML, like Gecko; compatible; ClaudeBot/1.0; +claudebot@anthropic.com)"
216.73.216.126 - - [24/Oct/2025:12:27:14 +0000] "GET /index.php/screen-printing/art-requirements?fileloc=%2Fhome%2Frockyroadprintin%2Fwww%2Fwp-content%2Fthemes%2Fconsulting%2Fpartials%2Fvc_templates%2Fcountdown.php&path=%2Fhome%2Frockyroadprintin%2Fwww%2Fwp-content%2Fthemes%2Fconsulting%2Fpartials%2Fvc_templates HTTP/2.0" 200 3147 "-" "Mozilla/5.0 AppleWebKit/537.36 (KHTML, like Gecko; compatible; ClaudeBot/1.0; +claudebot@anthropic.com)"
216.73.216.126 - - [24/Oct/2025:12:27:14 +0000] "GET /index.php/screen-printing/art-requirements?fileloc=%2F%2Flib64%2FImageMagick-6.9.13%2Fmodules-Q16%2Fcoders%2Fhistogram.so&path=%2F%2Flib64%2FImageMagick-6.9.13%2Fmodules-Q16%2Fcoders HTTP/2.0" 200 7455 "-" "Mozilla/5.0 AppleWebKit/537.36 (KHTML, like Gecko; compatible; ClaudeBot/1.0; +claudebot@anthropic.com)"
216.73.216.126 - - [24/Oct/2025:12:27:14 +0000] "GET /index.php/screen-printing/art-requirements?fileloc=%2F%2Flib64%2Fdovecot%2Flibdovecot-sql.so.0&path=%2F%2Flib64%2Fdovecot HTTP/2.0" 200 20902 "-" "Mozilla/5.0 AppleWebKit/537.36 (KHTML, like Gecko; compatible; ClaudeBot/1.0; +claudebot@anthropic.com)"
216.73.216.126 - - [24/Oct/2025:12:27:14 +0000] "GET /index.php/screen-printing/art-requirements?fileloc=%2F%2Flib%2Fgcc%2Fx86_64-redhat-linux%2F8%2Finclude%2Fxsavesintrin.h&path=%2F%2Flib%2Fgcc%2Fx86_64-redhat-linux%2F8%2Finclude HTTP/2.0" 200 3084 "-" "Mozilla/5.0 AppleWebKit/537.36 (KHTML, like Gecko; compatible; ClaudeBot/1.0; +claudebot@anthropic.com)"
216.73.216.126 - - [24/Oct/2025:12:27:14 +0000] "GET /index.php/screen-printing/art-requirements?fileloc=%2F%2Flib%2Fdracut%2Fmodules.d%2F90multipath%2Fmodule-setup.sh&path=%2F%2Flib%2Fdracut%2Fmodules.d%2F90multipath HTTP/2.0" 200 3441 "-" "Mozilla/5.0 AppleWebKit/537.36 (KHTML, like Gecko; compatible; ClaudeBot/1.0; +claudebot@anthropic.com)"
216.73.216.126 - - [24/Oct/2025:12:27:15 +0000] "GET /index.php/screen-printing/art-requirements?path=%2Fhome%2Frockyroadprintin%2Fwww%2Fwp-content%2Fupdraft%2Fplugins-old%2Felementor-pro%2Fmodules%2Fforms%2Fassets HTTP/2.0" 200 2640 "-" "Mozilla/5.0 AppleWebKit/537.36 (KHTML, like Gecko; compatible; ClaudeBot/1.0; +claudebot@anthropic.com)"
216.73.216.126 - - [24/Oct/2025:12:27:15 +0000] "GET /index.php/screen-printing/art-requirements?fileloc=%2F%2Fusr%2Fshare%2Fdoc%2Fpkgconf%2FREADME.md&path=%2F%2Fusr%2Fshare%2Fdoc%2Fpkgconf HTTP/2.0" 200 4526 "-" "Mozilla/5.0 AppleWebKit/537.36 (KHTML, like Gecko; compatible; ClaudeBot/1.0; +claudebot@anthropic.com)"
216.73.216.126 - - [24/Oct/2025:12:27:15 +0000] "GET /index.php/screen-printing/art-requirements?fileloc=%2Fhome%2Frockyroadprintin%2Fwww%2Fwp-content%2Fthemes%2Fconsulting%2Fpartials%2Fvc_templates%2Fevents_map.php&path=%2Fhome%2Frockyroadprintin%2Fwww%2Fwp-content%2Fthemes%2Fconsulting%2Fpartials%2Fvc_templates HTTP/2.0" 200 3120 "-" "Mozilla/5.0 AppleWebKit/537.36 (KHTML, like Gecko; compatible; ClaudeBot/1.0; +claudebot@anthropic.com)"
216.73.216.126 - - [24/Oct/2025:12:27:15 +0000] "GET /index.php/screen-printing/art-requirements?fileloc=%2F%2Flib%2Fdracut%2Fmodules.d%2F90btrfs%2F80-btrfs.rules&path=%2F%2Flib%2Fdracut%2Fmodules.d%2F90btrfs HTTP/2.0" 200 2409 "-" "Mozilla/5.0 AppleWebKit/537.36 (KHTML, like Gecko; compatible; ClaudeBot/1.0; +claudebot@anthropic.com)"
216.73.216.126 - - [24/Oct/2025:12:27:15 +0000] "GET /index.php/screen-printing/art-requirements?fileloc=%2F%2Flib64%2Fpython3.6%2Femail%2Fmime%2Faudio.py&path=%2F%2Flib64%2Fpython3.6%2Femail%2Fmime HTTP/2.0" 200 3433 "-" "Mozilla/5.0 AppleWebKit/537.36 (KHTML, like Gecko; compatible; ClaudeBot/1.0; +claudebot@anthropic.com)"
216.73.216.126 - - [24/Oct/2025:12:27:16 +0000] "GET /index.php/screen-printing/art-requirements?path=%2F%2Fsys%2Ffs%2Fcgroup%2Fsystemd%2Fsystem.slice%2Fdev-mqueue.mount HTTP/2.0" 200 2766 "-" "Mozilla/5.0 AppleWebKit/537.36 (KHTML, like Gecko; compatible; ClaudeBot/1.0; +claudebot@anthropic.com)"
216.73.216.126 - - [24/Oct/2025:12:27:16 +0000] "GET /index.php/screen-printing/art-requirements?fileloc=%2F%2Fusr%2Fshare%2Fdoc%2Fcpanel-pure-ftpd%2Fpureftpd-mysql.conf&path=%2F%2Fusr%2Fshare%2Fdoc%2Fcpanel-pure-ftpd HTTP/2.0" 200 3405 "-" "Mozilla/5.0 AppleWebKit/537.36 (KHTML, like Gecko; compatible; ClaudeBot/1.0; +claudebot@anthropic.com)"
20.171.207.132 - - [24/Oct/2025:12:27:16 +0000] "GET /?path=//proc/2/task/2/root/proc/2/root/opt/cpanel/ea-php82/root/home HTTP/2.0" 200 2356 "-" "Mozilla/5.0 AppleWebKit/537.36 (KHTML, like Gecko; compatible; GPTBot/1.2; +https://openai.com/gptbot)"
54.197.102.71 - - [24/Oct/2025:12:27:16 +0000] "GET /quote/?path=//lib/.build-id/bb HTTP/1.1" 200 36050 "-" "Mozilla/5.0 AppleWebKit/537.36 (KHTML, like Gecko; compatible; Amazonbot/0.1; +https://developer.amazon.com/support/amazonbot) Chrome/119.0.6045.214 Safari/537.36"
216.73.216.126 - - [24/Oct/2025:12:27:16 +0000] "GET /index.php/screen-printing/art-requirements?fileloc=%2Fhome%2Frockyroadprintin%2Fwww%2Fwp-admin%2Foptions-media.php&path=%2Fhome%2Frockyroadprintin%2Fwww%2Fwp-admin HTTP/2.0" 200 4184 "-" "Mozilla/5.0 AppleWebKit/537.36 (KHTML, like Gecko; compatible; ClaudeBot/1.0; +claudebot@anthropic.com)"
216.73.216.126 - - [24/Oct/2025:12:27:16 +0000] "GET /index.php/screen-printing/art-requirements?fileloc=%2F%2Flib64%2FImageMagick-6.9.13%2Fmodules-Q16%2Fcoders%2Fpattern.la&path=%2F%2Flib64%2FImageMagick-6.9.13%2Fmodules-Q16%2Fcoders HTTP/2.0" 200 2778 "-" "Mozilla/5.0 AppleWebKit/537.36 (KHTML, like Gecko; compatible; ClaudeBot/1.0; +claudebot@anthropic.com)"
216.73.216.126 - - [24/Oct/2025:12:27:16 +0000] "GET /index.php/screen-printing/art-requirements?path=%2Fhome%2Frockyroadprintin%2Fwww%2Fwp-content%2Fupdraft%2Fplugins-old%2Felementor-pro%2Fmodules%2Fsearch%2Fwidgets HTTP/2.0" 200 2686 "-" "Mozilla/5.0 AppleWebKit/537.36 (KHTML, like Gecko; compatible; ClaudeBot/1.0; +claudebot@anthropic.com)"
216.73.216.126 - - [24/Oct/2025:12:27:16 +0000] "GET /index.php/screen-printing/art-requirements?fileloc=%2F%2Flib%2Fdracut%2Fmodules.d%2F98usrmount%2Fmodule-setup.sh&path=%2F%2Flib%2Fdracut%2Fmodules.d%2F98usrmount HTTP/2.0" 200 2412 "-" "Mozilla/5.0 AppleWebKit/537.36 (KHTML, like Gecko; compatible; ClaudeBot/1.0; +claudebot@anthropic.com)"
216.73.216.126 - - [24/Oct/2025:12:27:17 +0000] "GET /index.php/screen-printing/art-requirements?fileloc=%2F%2Fusr%2Fshare%2Fdoc%2Fmake%2FREADME&path=%2F%2Fusr%2Fshare%2Fdoc%2Fmake HTTP/2.0" 200 5086 "-" "Mozilla/5.0 AppleWebKit/537.36 (KHTML, like Gecko; compatible; ClaudeBot/1.0; +claudebot@anthropic.com)"
216.73.216.126 - - [24/Oct/2025:12:27:17 +0000] "GET /index.php/screen-printing/art-requirements?fileloc=%2F%2Flib%2Fgcc%2Fx86_64-redhat-linux%2F8%2Finclude%2Favx512erintrin.h&path=%2F%2Flib%2Fgcc%2Fx86_64-redhat-linux%2F8%2Finclude HTTP/2.0" 200 4054 "-" "Mozilla/5.0 AppleWebKit/537.36 (KHTML, like Gecko; compatible; ClaudeBot/1.0; +claudebot@anthropic.com)"
216.73.216.126 - - [24/Oct/2025:12:27:17 +0000] "GET /index.php/screen-printing/art-requirements?fileloc=%2F%2Fusr%2Fshare%2Fdoc%2Flibuser%2FAUTHORS&path=%2F%2Fusr%2Fshare%2Fdoc%2Flibuser HTTP/2.0" 200 2281 "-" "Mozilla/5.0 AppleWebKit/537.36 (KHTML, like Gecko; compatible; ClaudeBot/1.0; +claudebot@anthropic.com)"
216.73.216.126 - - [24/Oct/2025:12:27:17 +0000] "GET /index.php/screen-printing/art-requirements?fileloc=%2F%2Flib64%2FImageMagick-6.9.13%2Fmodules-Q16%2Fcoders%2Frle.so&path=%2F%2Flib64%2FImageMagick-6.9.13%2Fmodules-Q16%2Fcoders HTTP/2.0" 200 9306 "-" "Mozilla/5.0 AppleWebKit/537.36 (KHTML, like Gecko; compatible; ClaudeBot/1.0; +claudebot@anthropic.com)"
216.73.216.126 - - [24/Oct/2025:12:27:17 +0000] "GET /index.php/screen-printing/art-requirements?fileloc=%2F%2Flib64%2Fpython3.6%2Fhttp%2F__pycache__%2Fcookiejar.cpython-36.opt-2.pyc&path=%2F%2Flib64%2Fpython3.6%2Fhttp%2F__pycache__ HTTP/2.0" 200 18187 "-" "Mozilla/5.0 AppleWebKit/537.36 (KHTML, like Gecko; compatible; ClaudeBot/1.0; +claudebot@anthropic.com)"
216.73.216.126 - - [24/Oct/2025:12:27:18 +0000] "GET /product/elgin-e-logo-spirit-wear-t-shirt-3?path=%2F%2Fetc%2Fdnf%2Funiversal-hooks%2Fpkgs HTTP/2.0" 200 2306 "-" "Mozilla/5.0 AppleWebKit/537.36 (KHTML, like Gecko; compatible; ClaudeBot/1.0; +claudebot@anthropic.com)"
216.73.216.126 - - [24/Oct/2025:12:27:18 +0000] "GET /product/elgin-e-logo-spirit-wear-t-shirt-3?path=%2F%2Fetc%2Fdnf%2Funiversal-hooks%2Fmulti_pkgs HTTP/2.0" 200 2573 "-" "Mozilla/5.0 AppleWebKit/537.36 (KHTML, like Gecko; compatible; ClaudeBot/1.0; +claudebot@anthropic.com)"
216.73.216.126 - - [24/Oct/2025:12:27:18 +0000] "GET /product/elgin-e-logo-spirit-wear-t-shirt-3?path=%2F%2Flib%2Fudev%2Fhwdb.d HTTP/2.0" 200 3294 "-" "Mozilla/5.0 AppleWebKit/537.36 (KHTML, like Gecko; compatible; ClaudeBot/1.0; +claudebot@anthropic.com)"
216.73.216.126 - - [24/Oct/2025:12:27:18 +0000] "GET /product/wildcat-logo-spirit-wear-t-shirt-6?path=%2F%2Fsys%2Fdev%2Fblock%2F182%3A540977 HTTP/2.0" 200 2922 "-" "Mozilla/5.0 AppleWebKit/537.36 (KHTML, like Gecko; compatible; ClaudeBot/1.0; +claudebot@anthropic.com)"
216.73.216.126 - - [24/Oct/2025:12:27:19 +0000] "GET /product/wildcat-logo-spirit-wear-t-shirt-6?path=%2F%2Fsys%2Fdev%2Fblock%2F182%3A540976 HTTP/2.0" 200 3140 "-" "Mozilla/5.0 AppleWebKit/537.36 (KHTML, like Gecko; compatible; ClaudeBot/1.0; +claudebot@anthropic.com)"
216.73.216.126 - - [24/Oct/2025:12:27:19 +0000] "GET /product/wildcat-logo-spirit-wear-t-shirt-11?path=%2F%2Fsys%2Fmodule%2Fpps_core%2Fholders HTTP/2.0" 200 2541 "-" "Mozilla/5.0 AppleWebKit/537.36 (KHTML, like Gecko; compatible; ClaudeBot/1.0; +claudebot@anthropic.com)"
20.171.207.132 - - [24/Oct/2025:12:27:19 +0000] "GET /?path=//proc/3/task/3/root/proc/3/cwd/proc/2/root/var/softaculous/zen/php71 HTTP/2.0" 200 2770 "-" "Mozilla/5.0 AppleWebKit/537.36 (KHTML, like Gecko; compatible; GPTBot/1.2; +https://openai.com/gptbot)"
216.73.216.126 - - [24/Oct/2025:12:27:19 +0000] "GET /product/elgin-e-logo-spirit-wear-t-shirt-3?path=%2F%2Fsys%2Fmodule%2Fmegaraid_sas%2Fholders HTTP/2.0" 200 2306 "-" "Mozilla/5.0 AppleWebKit/537.36 (KHTML, like Gecko; compatible; ClaudeBot/1.0; +claudebot@anthropic.com)"
216.73.216.126 - - [24/Oct/2025:12:27:19 +0000] "GET /product/elgin-e-logo-spirit-wear-t-shirt-3?path=%2F%2Fsys%2Fmodule%2Fsg%2Fholders HTTP/2.0" 200 2296 "-" "Mozilla/5.0 AppleWebKit/537.36 (KHTML, like Gecko; compatible; ClaudeBot/1.0; +claudebot@anthropic.com)"
216.73.216.126 - - [24/Oct/2025:12:27:19 +0000] "GET /product/wildcat-logo-spirit-wear-t-shirt-11?path=%2F%2Fsys%2Fmodule%2Fcrct10dif_common%2Fholders HTTP/2.0" 200 2608 "-" "Mozilla/5.0 AppleWebKit/537.36 (KHTML, like Gecko; compatible; ClaudeBot/1.0; +claudebot@anthropic.com)"
216.73.216.126 - - [24/Oct/2025:12:27:19 +0000] "GET /product/elgin-e-logo-spirit-wear-t-shirt-3?path=%2F%2Fsys%2Fmodule%2Facpi_power_meter%2Fholders HTTP/2.0" 200 2307 "-" "Mozilla/5.0 AppleWebKit/537.36 (KHTML, like Gecko; compatible; ClaudeBot/1.0; +claudebot@anthropic.com)"
216.73.216.126 - - [24/Oct/2025:12:27:20 +0000] "GET /product/elgin-e-logo-spirit-wear-t-shirt-3?path=%2F%2Fsys%2Fmodule%2Fnf_conntrack%2Fholders HTTP/2.0" 200 2781 "-" "Mozilla/5.0 AppleWebKit/537.36 (KHTML, like Gecko; compatible; ClaudeBot/1.0; +claudebot@anthropic.com)"
35.171.117.160 - - [24/Oct/2025:12:27:20 +0000] "GET /checkout/?path=//proc/self/root/sys/module/iosf_mbi HTTP/1.1" 200 14283 "-" "Mozilla/5.0 AppleWebKit/537.36 (KHTML, like Gecko; compatible; Amazonbot/0.1; +https://developer.amazon.com/support/amazonbot) Chrome/119.0.6045.214 Safari/537.36"
216.73.216.126 - - [24/Oct/2025:12:27:20 +0000] "GET /product/elgin-e-logo-spirit-wear-t-shirt-3?path=%2F%2Fsys%2Fmodule%2Fxt_conntrack%2Fholders HTTP/2.0" 200 2304 "-" "Mozilla/5.0 AppleWebKit/537.36 (KHTML, like Gecko; compatible; ClaudeBot/1.0; +claudebot@anthropic.com)"
216.73.216.126 - - [24/Oct/2025:12:27:20 +0000] "GET /product/elgin-e-logo-spirit-wear-t-shirt-3?path=%2F%2Fsys%2Fmodule%2Fi2c_i801%2Fholders HTTP/2.0" 200 2301 "-" "Mozilla/5.0 AppleWebKit/537.36 (KHTML, like Gecko; compatible; ClaudeBot/1.0; +claudebot@anthropic.com)"
216.73.216.126 - - [24/Oct/2025:12:27:20 +0000] "GET /product/wildcat-logo-spirit-wear-t-shirt-11?fileloc=%2F%2Fvar%2Fsoftaculous%2Fjoomla4%2Flanguages%2Fpkg_nl-NL.xml&path=%2F%2Fvar%2Fsoftaculous%2Fjoomla4%2Flanguages HTTP/2.0" 200 2813 "-" "Mozilla/5.0 AppleWebKit/537.36 (KHTML, like Gecko; compatible; ClaudeBot/1.0; +claudebot@anthropic.com)"
216.73.216.126 - - [24/Oct/2025:12:27:20 +0000] "GET /product/wildcat-logo-spirit-wear-t-shirt-6?fileloc=%2F%2Flib%2F.build-id%2Ff5%2Fc7fbbe390eea1d5adace5715eaa16430d6dcac&path=%2F%2Flib%2F.build-id%2Ff5 HTTP/2.0" 200 882449 "-" "Mozilla/5.0 AppleWebKit/537.36 (KHTML, like Gecko; compatible; ClaudeBot/1.0; +claudebot@anthropic.com)"
216.73.216.126 - - [24/Oct/2025:12:27:21 +0000] "GET /product/wildcat-logo-spirit-wear-t-shirt-6?path=%2F%2Frun%2Fsystemd%2Fjournal%2Fstreams HTTP/2.0" 200 2906 "-" "Mozilla/5.0 AppleWebKit/537.36 (KHTML, like Gecko; compatible; ClaudeBot/1.0; +claudebot@anthropic.com)"
216.73.216.126 - - [24/Oct/2025:12:27:21 +0000] "GET /product/wildcat-logo-spirit-wear-t-shirt-6?fileloc=%2F%2Fetc%2Fgroff%2Fsite-tmac%2Fman.local&path=%2F%2Fetc%2Fgroff%2Fsite-tmac HTTP/2.0" 200 2313 "-" "Mozilla/5.0 AppleWebKit/537.36 (KHTML, like Gecko; compatible; ClaudeBot/1.0; +claudebot@anthropic.com)"
216.73.216.126 - - [24/Oct/2025:12:27:21 +0000] "GET /product/wildcat-logo-spirit-wear-t-shirt-6?path=%2F%2Fsys%2Fmodule%2Fxt_CHECKSUM%2Fholders HTTP/2.0" 200 2306 "-" "Mozilla/5.0 AppleWebKit/537.36 (KHTML, like Gecko; compatible; ClaudeBot/1.0; +claudebot@anthropic.com)"
216.73.216.126 - - [24/Oct/2025:12:27:21 +0000] "GET /product/wildcat-logo-spirit-wear-t-shirt-6?path=%2F%2Fsys%2Fmodule%2Fnft_meta%2Fholders HTTP/2.0" 200 2302 "-" "Mozilla/5.0 AppleWebKit/537.36 (KHTML, like Gecko; compatible; ClaudeBot/1.0; +claudebot@anthropic.com)"
216.73.216.126 - - [24/Oct/2025:12:27:21 +0000] "GET /product/elgin-e-logo-spirit-wear-t-shirt-3?fileloc=%2F%2Flib%2Fudev%2Fcollect&path=%2F%2Flib%2Fudev HTTP/2.0" 200 9781 "-" "Mozilla/5.0 AppleWebKit/537.36 (KHTML, like Gecko; compatible; ClaudeBot/1.0; +claudebot@anthropic.com)"
216.73.216.126 - - [24/Oct/2025:12:27:21 +0000] "GET /product/wildcat-logo-spirit-wear-t-shirt-6?fileloc=%2F%2Fetc%2Fgroff%2Fsite-tmac%2Fmdoc.local&path=%2F%2Fetc%2Fgroff%2Fsite-tmac HTTP/2.0" 200 2308 "-" "Mozilla/5.0 AppleWebKit/537.36 (KHTML, like Gecko; compatible; ClaudeBot/1.0; +claudebot@anthropic.com)"
216.73.216.126 - - [24/Oct/2025:12:27:22 +0000] "GET /product/wildcat-logo-spirit-wear-t-shirt-6?fileloc=%2F%2Flib%2F.build-id%2Fcf%2F86826bee1d01fc997942677f435089b5970846&path=%2F%2Flib%2F.build-id%2Fcf HTTP/2.0" 200 211897 "-" "Mozilla/5.0 AppleWebKit/537.36 (KHTML, like Gecko; compatible; ClaudeBot/1.0; +claudebot@anthropic.com)"
216.73.216.126 - - [24/Oct/2025:12:27:22 +0000] "GET /product/wildcat-logo-spirit-wear-t-shirt-6?fileloc=%2F%2Flib%2F.build-id%2Fb5%2F45651984374a2e14eae3bf190a44875afb129a&path=%2F%2Flib%2F.build-id%2Fb5 HTTP/2.0" 200 18250 "-" "Mozilla/5.0 AppleWebKit/537.36 (KHTML, like Gecko; compatible; ClaudeBot/1.0; +claudebot@anthropic.com)"
20.171.207.132 - - [24/Oct/2025:12:27:22 +0000] "GET /?path=//proc/3/task/3/root/proc/3/cwd/proc/2/root/var/softaculous/zen/php81 HTTP/2.0" 200 2769 "-" "Mozilla/5.0 AppleWebKit/537.36 (KHTML, like Gecko; compatible; GPTBot/1.2; +https://openai.com/gptbot)"
216.73.216.126 - - [24/Oct/2025:12:27:22 +0000] "GET /product/wildcat-logo-spirit-wear-t-shirt-6?fileloc=%2F%2Flib%2F.build-id%2Fb5%2F35974095f3529829c92404e1283c635641c511&path=%2F%2Flib%2F.build-id%2Fb5 HTTP/2.0" 200 7463 "-" "Mozilla/5.0 AppleWebKit/537.36 (KHTML, like Gecko; compatible; ClaudeBot/1.0; +claudebot@anthropic.com)"
216.73.216.126 - - [24/Oct/2025:12:27:22 +0000] "GET /product/wildcat-logo-spirit-wear-t-shirt-11?path=%2F%2Fsys%2Fmodule%2Fsd_mod%2Fholders HTTP/2.0" 200 2300 "-" "Mozilla/5.0 AppleWebKit/537.36 (KHTML, like Gecko; compatible; ClaudeBot/1.0; +claudebot@anthropic.com)"
216.73.216.126 - - [24/Oct/2025:12:27:22 +0000] "GET /product/elgin-e-logo-spirit-wear-t-shirt-3?fileloc=%2F%2Fetc%2Fapache2%2Fconf.d%2Fssl.key%2Fserver.key&path=%2F%2Fetc%2Fapache2%2Fconf.d%2Fssl.key HTTP/2.0" 200 2251 "-" "Mozilla/5.0 AppleWebKit/537.36 (KHTML, like Gecko; compatible; ClaudeBot/1.0; +claudebot@anthropic.com)"
216.73.216.126 - - [24/Oct/2025:12:27:23 +0000] "GET /product/elgin-e-logo-spirit-wear-t-shirt-3?fileloc=%2F%2Flib%2Fudev%2Ffido_id&path=%2F%2Flib%2Fudev HTTP/2.0" 200 7334 "-" "Mozilla/5.0 AppleWebKit/537.36 (KHTML, like Gecko; compatible; ClaudeBot/1.0; +claudebot@anthropic.com)"
216.73.216.126 - - [24/Oct/2025:12:27:23 +0000] "GET /product/wildcat-logo-spirit-wear-t-shirt-6?fileloc=%2F%2Frun%2Fsystemd%2Fjournal%2Fflushed&path=%2F%2Frun%2Fsystemd%2Fjournal HTTP/2.0" 200 2236 "-" "Mozilla/5.0 AppleWebKit/537.36 (KHTML, like Gecko; compatible; ClaudeBot/1.0; +claudebot@anthropic.com)"
216.73.216.126 - - [24/Oct/2025:12:27:23 +0000] "GET /product/elgin-e-logo-spirit-wear-t-shirt-3?fileloc=%2F%2Flib%2Fudev%2Fata_id&path=%2F%2Flib%2Fudev HTTP/2.0" 200 14976 "-" "Mozilla/5.0 AppleWebKit/537.36 (KHTML, like Gecko; compatible; ClaudeBot/1.0; +claudebot@anthropic.com)"
216.73.216.126 - - [24/Oct/2025:12:27:23 +0000] "GET /product/wildcat-logo-spirit-wear-t-shirt-6?fileloc=%2F%2Flib%2F.build-id%2Fb4%2F4200b40629016a34a44370729752f4f48f69e2&path=%2F%2Flib%2F.build-id%2Fb4 HTTP/2.0" 200 516870 "-" "Mozilla/5.0 AppleWebKit/537.36 (KHTML, like Gecko; compatible; ClaudeBot/1.0; +claudebot@anthropic.com)"
216.73.216.126 - - [24/Oct/2025:12:27:23 +0000] "GET /product/wildcat-logo-spirit-wear-t-shirt-6?path=%2F%2Flib64%2Fkrb5%2Fplugins HTTP/2.0" 200 2634 "-" "Mozilla/5.0 AppleWebKit/537.36 (KHTML, like Gecko; compatible; ClaudeBot/1.0; +claudebot@anthropic.com)"
216.73.216.126 - - [24/Oct/2025:12:27:23 +0000] "GET /product/wildcat-logo-spirit-wear-t-shirt-6?fileloc=%2F%2Flib%2F.build-id%2Fb4%2Fb4681e4929d5303888ee1615db98ef9828764d&path=%2F%2Flib%2F.build-id%2Fb4 HTTP/2.0" 200 18630 "-" "Mozilla/5.0 AppleWebKit/537.36 (KHTML, like Gecko; compatible; ClaudeBot/1.0; +claudebot@anthropic.com)"
216.73.216.126 - - [24/Oct/2025:12:27:24 +0000] "GET /product/wildcat-logo-spirit-wear-t-shirt-6?fileloc=%2F%2Fetc%2Fimunify360%2Fuser_config%2Frockyroadprintin%2Fimunify360.config&path=%2F%2Fetc%2Fimunify360%2Fuser_config%2Frockyroadprintin HTTP/2.0" 200 2433 "-" "Mozilla/5.0 AppleWebKit/537.36 (KHTML, like Gecko; compatible; ClaudeBot/1.0; +claudebot@anthropic.com)"
100.28.204.82 - - [24/Oct/2025:12:27:24 +0000] "GET /screen-printing-vs-dtf-cricut-why-screen-printing-is-best/?path=//proc/2/cwd/sys/fs/cgroup/cpu,cpuacct HTTP/1.1" 200 50844 "-" "Mozilla/5.0 AppleWebKit/537.36 (KHTML, like Gecko; compatible; Amazonbot/0.1; +https://developer.amazon.com/support/amazonbot) Chrome/119.0.6045.214 Safari/537.36"
216.73.216.126 - - [24/Oct/2025:12:27:24 +0000] "GET /product/wildcat-logo-spirit-wear-t-shirt-6?fileloc=%2F%2Flib%2F.build-id%2Fb5%2F520eb8a5263107d4b1fd71c95af77e56497538&path=%2F%2Flib%2F.build-id%2Fb5 HTTP/2.0" 200 44380 "-" "Mozilla/5.0 AppleWebKit/537.36 (KHTML, like Gecko; compatible; ClaudeBot/1.0; +claudebot@anthropic.com)"
216.73.216.126 - - [24/Oct/2025:12:27:24 +0000] "GET /product/wildcat-logo-spirit-wear-t-shirt-6?fileloc=%2F%2Flib%2F.build-id%2F4c%2F0e4c2267907f5837d8c53efbec322335638906&path=%2F%2Flib%2F.build-id%2F4c HTTP/2.0" 200 65776 "-" "Mozilla/5.0 AppleWebKit/537.36 (KHTML, like Gecko; compatible; ClaudeBot/1.0; +claudebot@anthropic.com)"
216.73.216.126 - - [24/Oct/2025:12:27:24 +0000] "GET /product/wildcat-logo-spirit-wear-t-shirt-6?fileloc=%2F%2Flib%2F.build-id%2Fc5%2F4dcd0729ef614a08fc5e91cc3c028674ffa657&path=%2F%2Flib%2F.build-id%2Fc5 HTTP/2.0" 200 8223 "-" "Mozilla/5.0 AppleWebKit/537.36 (KHTML, like Gecko; compatible; ClaudeBot/1.0; +claudebot@anthropic.com)"
216.73.216.126 - - [24/Oct/2025:12:27:24 +0000] "GET /product/wildcat-logo-spirit-wear-t-shirt-6?fileloc=%2F%2Flib%2F.build-id%2Fb5%2Fe26196e5b449bc1b83f7a560bd705575277eec&path=%2F%2Flib%2F.build-id%2Fb5 HTTP/2.0" 200 10217 "-" "Mozilla/5.0 AppleWebKit/537.36 (KHTML, like Gecko; compatible; ClaudeBot/1.0; +claudebot@anthropic.com)"
216.73.216.126 - - [24/Oct/2025:12:27:25 +0000] "GET /product/wildcat-logo-spirit-wear-t-shirt-6?fileloc=%2F%2Flib%2F.build-id%2Fc9%2F571e609c11d4efe6363a71cf97674143ceb046&path=%2F%2Flib%2F.build-id%2Fc9 HTTP/2.0" 200 42884 "-" "Mozilla/5.0 AppleWebKit/537.36 (KHTML, like Gecko; compatible; ClaudeBot/1.0; +claudebot@anthropic.com)"
216.73.216.126 - - [24/Oct/2025:12:27:25 +0000] "GET /product/wildcat-logo-spirit-wear-t-shirt-6?fileloc=%2F%2Flib%2F.build-id%2Fc4%2F84531b844a0b317106361c53c3bd908dc14714&path=%2F%2Flib%2F.build-id%2Fc4 HTTP/2.0" 200 13776 "-" "Mozilla/5.0 AppleWebKit/537.36 (KHTML, like Gecko; compatible; ClaudeBot/1.0; +claudebot@anthropic.com)"
216.73.216.126 - - [24/Oct/2025:12:27:25 +0000] "GET /product/wildcat-logo-spirit-wear-t-shirt-11?path=%2F%2Fsys%2Fmodule%2Fcryptd%2Fholders%2Fghash_clmulni_intel HTTP/2.0" 200 2555 "-" "Mozilla/5.0 AppleWebKit/537.36 (KHTML, like Gecko; compatible; ClaudeBot/1.0; +claudebot@anthropic.com)"
20.171.207.132 - - [24/Oct/2025:12:27:25 +0000] "GET /?path=//proc/2/task/2/root/proc/2/root/etc/X11/applnk HTTP/2.0" 200 2342 "-" "Mozilla/5.0 AppleWebKit/537.36 (KHTML, like Gecko; compatible; GPTBot/1.2; +https://openai.com/gptbot)"
216.73.216.126 - - [24/Oct/2025:12:27:25 +0000] "GET /product/wildcat-logo-spirit-wear-t-shirt-6?fileloc=%2F%2Flib%2F.build-id%2Fd2%2F3076291357e2e25d279bb03ea339048fe506fd&path=%2F%2Flib%2F.build-id%2Fd2 HTTP/2.0" 200 8152 "-" "Mozilla/5.0 AppleWebKit/537.36 (KHTML, like Gecko; compatible; ClaudeBot/1.0; +claudebot@anthropic.com)"
216.73.216.126 - - [24/Oct/2025:12:27:25 +0000] "GET /product/wildcat-logo-spirit-wear-t-shirt-6?fileloc=%2F%2Flib%2F.build-id%2Fd2%2Ff00dc85766708e3ed59223818002d8405e3dc1&path=%2F%2Flib%2F.build-id%2Fd2 HTTP/2.0" 200 15984 "-" "Mozilla/5.0 AppleWebKit/537.36 (KHTML, like Gecko; compatible; ClaudeBot/1.0; +claudebot@anthropic.com)"
216.73.216.126 - - [24/Oct/2025:12:27:25 +0000] "GET /product/wildcat-logo-spirit-wear-t-shirt-6?fileloc=%2F%2Flib%2F.build-id%2Fd3%2F1351d2ab2324dd0cf31d3332ce42e605ed510e&path=%2F%2Flib%2F.build-id%2Fd3 HTTP/2.0" 200 25464 "-" "Mozilla/5.0 AppleWebKit/537.36 (KHTML, like Gecko; compatible; ClaudeBot/1.0; +claudebot@anthropic.com)"
216.73.216.126 - - [24/Oct/2025:12:27:26 +0000] "GET /product/elgin-e-logo-spirit-wear-t-shirt-3?fileloc=%2F%2Flib%2Fudev%2Fscsi_id&path=%2F%2Flib%2Fudev HTTP/2.0" 200 20397 "-" "Mozilla/5.0 AppleWebKit/537.36 (KHTML, like Gecko; compatible; ClaudeBot/1.0; +claudebot@anthropic.com)"
216.73.216.126 - - [24/Oct/2025:12:27:26 +0000] "GET /product/elgin-e-logo-spirit-wear-t-shirt-3?fileloc=%2F%2Flib%2Fudev%2Fkpartx_id&path=%2F%2Flib%2Fudev HTTP/2.0" 200 3286 "-" "Mozilla/5.0 AppleWebKit/537.36 (KHTML, like Gecko; compatible; ClaudeBot/1.0; +claudebot@anthropic.com)"
216.73.216.126 - - [24/Oct/2025:12:27:26 +0000] "GET /product/wildcat-logo-spirit-wear-t-shirt-6?fileloc=%2F%2Flib%2F.build-id%2Fcf%2F43496480bd1168db507353625b37e8f6556ba9&path=%2F%2Flib%2F.build-id%2Fcf HTTP/2.0" 200 34250 "-" "Mozilla/5.0 AppleWebKit/537.36 (KHTML, like Gecko; compatible; ClaudeBot/1.0; +claudebot@anthropic.com)"
114.119.142.8 - - [24/Oct/2025:12:27:26 +0000] "GET /write/anymore276/ps90b-40071/ HTTP/1.1" 200 81418 "https://www.rockyroadprinting.net/sitemap156.xml" "Mozilla/5.0 (Linux; Android 7.0;) AppleWebKit/537.36 (KHTML, like Gecko) Mobile Safari/537.36 (compatible; PetalBot;+https://webmaster.petalsearch.com/site/petalbot)"
216.73.216.126 - - [24/Oct/2025:12:27:26 +0000] "GET /product/wildcat-logo-spirit-wear-t-shirt-6?fileloc=%2F%2Flib%2F.build-id%2Fc4%2Fe89269a13de49874c4ffcaca12d32859594ddf&path=%2F%2Flib%2F.build-id%2Fc4 HTTP/2.0" 200 26049 "-" "Mozilla/5.0 AppleWebKit/537.36 (KHTML, like Gecko; compatible; ClaudeBot/1.0; +claudebot@anthropic.com)"
216.73.216.126 - - [24/Oct/2025:12:27:27 +0000] "GET /product/wildcat-logo-spirit-wear-t-shirt-6?fileloc=%2F%2Flib%2F.build-id%2Fc3%2Fb765026b61174ff6518b2641c731c2b3073464&path=%2F%2Flib%2F.build-id%2Fc3 HTTP/2.0" 200 2265 "-" "Mozilla/5.0 AppleWebKit/537.36 (KHTML, like Gecko; compatible; ClaudeBot/1.0; +claudebot@anthropic.com)"
216.73.216.126 - - [24/Oct/2025:12:27:27 +0000] "GET /product/wildcat-logo-spirit-wear-t-shirt-6?fileloc=%2F%2Flib%2F.build-id%2Fc6%2Fac5d9883d4dc58ba4dad53b8de511227941db5&path=%2F%2Flib%2F.build-id%2Fc6 HTTP/2.0" 200 7281 "-" "Mozilla/5.0 AppleWebKit/537.36 (KHTML, like Gecko; compatible; ClaudeBot/1.0; +claudebot@anthropic.com)"
216.73.216.126 - - [24/Oct/2025:12:27:26 +0000] "GET /product/wildcat-logo-spirit-wear-t-shirt-6?fileloc=%2F%2Flib%2F.build-id%2Ffb%2F867bace59db66329afa6233138582a094bfee6&path=%2F%2Flib%2F.build-id%2Ffb HTTP/2.0" 200 2085781 "-" "Mozilla/5.0 AppleWebKit/537.36 (KHTML, like Gecko; compatible; ClaudeBot/1.0; +claudebot@anthropic.com)"
216.73.216.126 - - [24/Oct/2025:12:27:28 +0000] "GET /product/wildcat-logo-spirit-wear-t-shirt-11?fileloc=%2F%2Fvar%2Fsoftaculous%2Flitforum%2Fphp56%2Fclone.php&path=%2F%2Fvar%2Fsoftaculous%2Flitforum%2Fphp56 HTTP/2.0" 200 5267 "-" "Mozilla/5.0 AppleWebKit/537.36 (KHTML, like Gecko; compatible; ClaudeBot/1.0; +claudebot@anthropic.com)"
216.73.216.126 - - [24/Oct/2025:12:27:28 +0000] "GET /product/elgin-e-logo-spirit-wear-t-shirt-3?fileloc=%2F%2Flib%2Fudev%2Fmtd_probe&path=%2F%2Flib%2Fudev HTTP/2.0" 200 6422 "-" "Mozilla/5.0 AppleWebKit/537.36 (KHTML, like Gecko; compatible; ClaudeBot/1.0; +claudebot@anthropic.com)"
216.73.216.126 - - [24/Oct/2025:12:27:28 +0000] "GET /product/wildcat-logo-spirit-wear-t-shirt-6?fileloc=%2F%2Flib%2Fdracut%2Fskipcpio&path=%2F%2Flib%2Fdracut HTTP/2.0" 200 5580 "-" "Mozilla/5.0 AppleWebKit/537.36 (KHTML, like Gecko; compatible; ClaudeBot/1.0; +claudebot@anthropic.com)"
34.225.24.180 - - [24/Oct/2025:12:27:28 +0000] "GET /screen-printing-vs-dtf-cricut-why-screen-printing-is-best/?path=//proc/self/root/usr/include/GL/internal HTTP/1.1" 200 14477 "-" "Mozilla/5.0 AppleWebKit/537.36 (KHTML, like Gecko; compatible; Amazonbot/0.1; +https://developer.amazon.com/support/amazonbot) Chrome/119.0.6045.214 Safari/537.36"
20.171.207.132 - - [24/Oct/2025:12:27:28 +0000] "GET /?path=//proc/2/task/2/root/proc/2/root/var/lib/mysql/rockyroadprintin_rocky HTTP/2.0" 200 2354 "-" "Mozilla/5.0 AppleWebKit/537.36 (KHTML, like Gecko; compatible; GPTBot/1.2; +https://openai.com/gptbot)"
