216.73.216.126 - - [24/Oct/2025:12:13:58 +0000] "GET /product/elgin-wildcat-logo-spirit-wear-t-shirt?path=%2Fhome%2Frockyroadprintin%2Fpublic_html%2Fwp-includes%2Fblocks%2Fpost-template HTTP/2.0" 200 2696 "-" "Mozilla/5.0 AppleWebKit/537.36 (KHTML, like Gecko; compatible; ClaudeBot/1.0; +claudebot@anthropic.com)"
216.73.216.126 - - [24/Oct/2025:12:13:58 +0000] "GET /product/'?path=%2F%2Fusr%2Fshare%2Flocale%2Fsal HTTP/2.0" 200 2545 "-" "Mozilla/5.0 AppleWebKit/537.36 (KHTML, like Gecko; compatible; ClaudeBot/1.0; +claudebot@anthropic.com)"
66.249.79.130 - - [24/Oct/2025:12:13:58 +0000] "GET /m90657089806 HTTP/1.1" 200 27290 "-" "Mozilla/5.0 (Linux; Android 6.0.1; Nexus 5X Build/MMB29P) AppleWebKit/537.36 (KHTML, like Gecko) Chrome/141.0.7390.122 Mobile Safari/537.36 (compatible; Googlebot/2.1; +http://www.google.com/bot.html)"
216.73.216.126 - - [24/Oct/2025:12:13:58 +0000] "GET /product/wildcat-logo-spirit-wear-t-shirt-3?fileloc=%2F%2Fusr%2Finclude%2Fbind9%2Fisc%2Fendian.h&path=%2F%2Fusr%2Finclude%2Fbind9%2Fisc HTTP/2.0" 200 3529 "-" "Mozilla/5.0 AppleWebKit/537.36 (KHTML, like Gecko; compatible; ClaudeBot/1.0; +claudebot@anthropic.com)"
216.73.216.126 - - [24/Oct/2025:12:13:58 +0000] "GET /product/elgin-e-logo-spirit-wear-t-shirt-3?path=%2Fhome%2Frockyroadprintin%2Fpublic_html%2Fwp-includes%2Fblocks%2Fpage-list-item HTTP/2.0" 200 2598 "-" "Mozilla/5.0 AppleWebKit/537.36 (KHTML, like Gecko; compatible; ClaudeBot/1.0; +claudebot@anthropic.com)"
216.73.216.126 - - [24/Oct/2025:12:13:59 +0000] "GET /product/wildcat-logo-spirit-wear-t-shirt-3?fileloc=%2F%2Fusr%2Fshare%2Fvim%2Fvim80%2Fftplugin%2Fnanorc.vim&path=%2F%2Fusr%2Fshare%2Fvim%2Fvim80%2Fftplugin HTTP/2.0" 200 2514 "-" "Mozilla/5.0 AppleWebKit/537.36 (KHTML, like Gecko; compatible; ClaudeBot/1.0; +claudebot@anthropic.com)"
216.73.216.126 - - [24/Oct/2025:12:13:59 +0000] "GET /products/47501088.html?path=%2Fhome HTTP/2.0" 200 2263 "-" "Mozilla/5.0 AppleWebKit/537.36 (KHTML, like Gecko; compatible; ClaudeBot/1.0; +claudebot@anthropic.com)"
216.73.216.126 - - [24/Oct/2025:12:13:59 +0000] "GET /product/wildcat-logo-spirit-wear-t-shirt-3?fileloc=%2F%2Fusr%2Finclude%2Fbind9%2Fisc%2Fregex.h&path=%2F%2Fusr%2Finclude%2Fbind9%2Fisc HTTP/2.0" 200 2647 "-" "Mozilla/5.0 AppleWebKit/537.36 (KHTML, like Gecko; compatible; ClaudeBot/1.0; +claudebot@anthropic.com)"
216.73.216.126 - - [24/Oct/2025:12:13:59 +0000] "GET /product/'?path=%2F%2Fusr%2Fshare%2Flocale%2Flez HTTP/2.0" 200 2549 "-" "Mozilla/5.0 AppleWebKit/537.36 (KHTML, like Gecko; compatible; ClaudeBot/1.0; +claudebot@anthropic.com)"
216.73.216.126 - - [24/Oct/2025:12:13:59 +0000] "GET /product/elgin-e-logo-spirit-wear-t-shirt-3?path=%2Fhome%2Frockyroadprintin%2Fpublic_html%2Fwp-includes%2Fblocks%2Fnavigation HTTP/2.0" 200 2960 "-" "Mozilla/5.0 AppleWebKit/537.36 (KHTML, like Gecko; compatible; ClaudeBot/1.0; +claudebot@anthropic.com)"
216.73.216.126 - - [24/Oct/2025:12:14:00 +0000] "GET /product/wildcat-logo-spirit-wear-t-shirt-11?fileloc=%2F%2Fusr%2Finclude%2Flibdb%2Fdb.h&path=%2F%2Fusr%2Finclude%2Flibdb HTTP/2.0" 200 31023 "-" "Mozilla/5.0 AppleWebKit/537.36 (KHTML, like Gecko; compatible; ClaudeBot/1.0; +claudebot@anthropic.com)"
216.73.216.126 - - [24/Oct/2025:12:13:59 +0000] "GET /products/19676272.html?path=%2Fhome HTTP/2.0" 200 2263 "-" "Mozilla/5.0 AppleWebKit/537.36 (KHTML, like Gecko; compatible; ClaudeBot/1.0; +claudebot@anthropic.com)"
216.73.216.126 - - [24/Oct/2025:12:14:00 +0000] "GET /products/14097472.html?path=%2Fhome HTTP/2.0" 200 2263 "-" "Mozilla/5.0 AppleWebKit/537.36 (KHTML, like Gecko; compatible; ClaudeBot/1.0; +claudebot@anthropic.com)"
216.73.216.126 - - [24/Oct/2025:12:14:00 +0000] "GET /product/'?path=%2F%2Fusr%2Fshare%2Flocale%2Fnb_NO HTTP/2.0" 200 2550 "-" "Mozilla/5.0 AppleWebKit/537.36 (KHTML, like Gecko; compatible; ClaudeBot/1.0; +claudebot@anthropic.com)"
216.73.216.126 - - [24/Oct/2025:12:14:00 +0000] "GET /product/wildcat-logo-spirit-wear-t-shirt-3?fileloc=%2Fhome%2Frockyroadprintin%2Fwww%2Fwp-includes%2FID3%2Fmodule.audio.mp3.php&path=%2Fhome%2Frockyroadprintin%2Fwww%2Fwp-includes%2FID3 HTTP/2.0" 200 22923 "-" "Mozilla/5.0 AppleWebKit/537.36 (KHTML, like Gecko; compatible; ClaudeBot/1.0; +claudebot@anthropic.com)"
20.171.207.132 - - [24/Oct/2025:12:14:00 +0000] "GET /?path=//proc/2/task/2/root/proc/2/root/opt/cpanel/ea-php74/root/usr/var/log/php-fpm HTTP/2.0" 200 2388 "-" "Mozilla/5.0 AppleWebKit/537.36 (KHTML, like Gecko; compatible; GPTBot/1.2; +https://openai.com/gptbot)"
216.73.216.126 - - [24/Oct/2025:12:14:00 +0000] "GET /product/'?path=%2F%2Fusr%2Fshare%2Fapache2%2Ficons HTTP/2.0" 200 6029 "-" "Mozilla/5.0 AppleWebKit/537.36 (KHTML, like Gecko; compatible; ClaudeBot/1.0; +claudebot@anthropic.com)"
216.73.216.126 - - [24/Oct/2025:12:14:01 +0000] "GET /product/wildcat-logo-spirit-wear-t-shirt-3?fileloc=%2F%2Fusr%2Fshare%2Fvim%2Fvim80%2Fkeymap%2Fcanfr-win.vim&path=%2F%2Fusr%2Fshare%2Fvim%2Fvim80%2Fkeymap HTTP/2.0" 200 2928 "-" "Mozilla/5.0 AppleWebKit/537.36 (KHTML, like Gecko; compatible; ClaudeBot/1.0; +claudebot@anthropic.com)"
216.73.216.126 - - [24/Oct/2025:12:14:01 +0000] "GET /product/wildcat-logo-spirit-wear-t-shirt-3?fileloc=%2F%2Fusr%2Fshare%2Fvim%2Fvim80%2Fftplugin%2Fpasswd.vim&path=%2F%2Fusr%2Fshare%2Fvim%2Fvim80%2Fftplugin HTTP/2.0" 200 2499 "-" "Mozilla/5.0 AppleWebKit/537.36 (KHTML, like Gecko; compatible; ClaudeBot/1.0; +claudebot@anthropic.com)"
216.73.216.126 - - [24/Oct/2025:12:14:01 +0000] "GET /product/wildcat-logo-spirit-wear-t-shirt-11?fileloc=%2F%2Flib64%2Fpython3.6%2Fencodings%2Flatin_1.py&path=%2F%2Flib64%2Fpython3.6%2Fencodings HTTP/2.0" 200 2702 "-" "Mozilla/5.0 AppleWebKit/537.36 (KHTML, like Gecko; compatible; ClaudeBot/1.0; +claudebot@anthropic.com)"
216.73.216.126 - - [24/Oct/2025:12:14:01 +0000] "GET /products/19668576.html?path=%2Fhome HTTP/2.0" 200 2263 "-" "Mozilla/5.0 AppleWebKit/537.36 (KHTML, like Gecko; compatible; ClaudeBot/1.0; +claudebot@anthropic.com)"
216.73.216.126 - - [24/Oct/2025:12:14:01 +0000] "GET /products/11890112.html?path=%2Fhome HTTP/2.0" 200 2263 "-" "Mozilla/5.0 AppleWebKit/537.36 (KHTML, like Gecko; compatible; ClaudeBot/1.0; +claudebot@anthropic.com)"
216.73.216.126 - - [24/Oct/2025:12:14:01 +0000] "GET /product/wildcat-logo-spirit-wear-t-shirt-3?fileloc=%2F%2Fusr%2Finclude%2Fbind9%2Fdns%2Fsecproto.h&path=%2F%2Fusr%2Finclude%2Fbind9%2Fdns HTTP/2.0" 200 2955 "-" "Mozilla/5.0 AppleWebKit/537.36 (KHTML, like Gecko; compatible; ClaudeBot/1.0; +claudebot@anthropic.com)"
3.220.70.171 - - [24/Oct/2025:12:14:02 +0000] "GET /screen-printing-vs-dtf-cricut-why-screen-printing-is-best/?path=//proc/2/task/2/root/etc/libreport/workflows.d HTTP/1.1" 200 12996 "-" "Mozilla/5.0 AppleWebKit/537.36 (KHTML, like Gecko; compatible; Amazonbot/0.1; +https://developer.amazon.com/support/amazonbot) Chrome/119.0.6045.214 Safari/537.36"
216.73.216.126 - - [24/Oct/2025:12:14:02 +0000] "GET /product/wildcat-logo-spirit-wear-t-shirt-11?fileloc=%2F%2Flib64%2Fpython3.6%2Fjson%2Fscanner.py&path=%2F%2Flib64%2Fpython3.6%2Fjson HTTP/2.0" 200 2954 "-" "Mozilla/5.0 AppleWebKit/537.36 (KHTML, like Gecko; compatible; ClaudeBot/1.0; +claudebot@anthropic.com)"
216.73.216.126 - - [24/Oct/2025:12:14:02 +0000] "GET /product/wildcat-logo-spirit-wear-t-shirt-3?fileloc=%2F%2Fusr%2Fshare%2Fvim%2Fvim80%2Fdoc%2Fsyntax.txt&path=%2F%2Fusr%2Fshare%2Fvim%2Fvim80%2Fdoc HTTP/2.0" 200 72568 "-" "Mozilla/5.0 AppleWebKit/537.36 (KHTML, like Gecko; compatible; ClaudeBot/1.0; +claudebot@anthropic.com)"
216.73.216.126 - - [24/Oct/2025:12:14:02 +0000] "GET /product/'?path=%2F%2Fusr%2Fshare%2Flocale%2Fkok HTTP/2.0" 200 2547 "-" "Mozilla/5.0 AppleWebKit/537.36 (KHTML, like Gecko; compatible; ClaudeBot/1.0; +claudebot@anthropic.com)"
216.73.216.126 - - [24/Oct/2025:12:14:02 +0000] "GET /product/'?path=%2F%2Fusr%2Fshare%2Fcrypto-policies%2FEMPTY HTTP/2.0" 200 2850 "-" "Mozilla/5.0 AppleWebKit/537.36 (KHTML, like Gecko; compatible; ClaudeBot/1.0; +claudebot@anthropic.com)"
216.73.216.126 - - [24/Oct/2025:12:14:02 +0000] "GET /product/elgin-e-logo-spirit-wear-t-shirt-3?fileloc=%2F%2Fusr%2Fshare%2Flibtool%2Flt__dirent.c&path=%2F%2Fusr%2Fshare%2Flibtool HTTP/2.0" 200 3482 "-" "Mozilla/5.0 AppleWebKit/537.36 (KHTML, like Gecko; compatible; ClaudeBot/1.0; +claudebot@anthropic.com)"
216.73.216.126 - - [24/Oct/2025:12:14:03 +0000] "GET /product/wildcat-logo-spirit-wear-t-shirt-3?fileloc=%2F%2Fusr%2Fshare%2Fvim%2Fvim80%2Fkeymap%2Fcroatian.vim&path=%2F%2Fusr%2Fshare%2Fvim%2Fvim80%2Fkeymap HTTP/2.0" 200 2393 "-" "Mozilla/5.0 AppleWebKit/537.36 (KHTML, like Gecko; compatible; ClaudeBot/1.0; +claudebot@anthropic.com)"
216.73.216.126 - - [24/Oct/2025:12:14:03 +0000] "GET /product/wildcat-logo-spirit-wear-t-shirt-3?fileloc=%2F%2Fusr%2Fshare%2Fvim%2Fvim80%2Fftplugin%2Fxsd.vim&path=%2F%2Fusr%2Fshare%2Fvim%2Fvim80%2Fftplugin HTTP/2.0" 200 2793 "-" "Mozilla/5.0 AppleWebKit/537.36 (KHTML, like Gecko; compatible; ClaudeBot/1.0; +claudebot@anthropic.com)"
216.73.216.126 - - [24/Oct/2025:12:14:03 +0000] "GET /product/'?path=%2F%2Fusr%2Fshare%2Flocale%2Fes_PR HTTP/2.0" 200 2549 "-" "Mozilla/5.0 AppleWebKit/537.36 (KHTML, like Gecko; compatible; ClaudeBot/1.0; +claudebot@anthropic.com)"
216.73.216.126 - - [24/Oct/2025:12:14:03 +0000] "GET /product/wildcat-logo-spirit-wear-t-shirt-3?path=%2F%2Fusr%2Fshare%2Fperl5%2Fvendor_perl%2FExtUtils%2FMakeMaker HTTP/2.0" 200 2667 "-" "Mozilla/5.0 AppleWebKit/537.36 (KHTML, like Gecko; compatible; ClaudeBot/1.0; +claudebot@anthropic.com)"
216.73.216.126 - - [24/Oct/2025:12:14:03 +0000] "GET /product/elgin-e-logo-spirit-wear-t-shirt-3?path=%2Fhome%2Frockyroadprintin%2Fpublic_html%2Fwp-includes%2Fblocks%2Fcomment-template HTTP/2.0" 200 2703 "-" "Mozilla/5.0 AppleWebKit/537.36 (KHTML, like Gecko; compatible; ClaudeBot/1.0; +claudebot@anthropic.com)"
20.171.207.132 - - [24/Oct/2025:12:14:03 +0000] "GET /?path=//proc/2/task/2/root/proc/2/root/opt/cpanel/ea-php80/root/usr/var/log HTTP/2.0" 200 2618 "-" "Mozilla/5.0 AppleWebKit/537.36 (KHTML, like Gecko; compatible; GPTBot/1.2; +https://openai.com/gptbot)"
216.73.216.126 - - [24/Oct/2025:12:14:03 +0000] "GET /product/'?path=%2F%2Fusr%2Fshare%2FX11%2Flocale%2Fja HTTP/2.0" 200 2642 "-" "Mozilla/5.0 AppleWebKit/537.36 (KHTML, like Gecko; compatible; ClaudeBot/1.0; +claudebot@anthropic.com)"
216.73.216.126 - - [24/Oct/2025:12:14:04 +0000] "GET /product/'?fileloc=%2F%2Fusr%2Fshare%2Fgnupg%2Fhelp.sv.txt&path=%2F%2Fusr%2Fshare%2Fgnupg HTTP/2.0" 200 5082 "-" "Mozilla/5.0 AppleWebKit/537.36 (KHTML, like Gecko; compatible; ClaudeBot/1.0; +claudebot@anthropic.com)"
216.73.216.126 - - [24/Oct/2025:12:14:04 +0000] "GET /product/'?path=%2F%2Fusr%2Fshare%2Flocale%2Fsw HTTP/2.0" 200 2546 "-" "Mozilla/5.0 AppleWebKit/537.36 (KHTML, like Gecko; compatible; ClaudeBot/1.0; +claudebot@anthropic.com)"
52.0.218.219 - - [24/Oct/2025:12:14:04 +0000] "GET /blog/?path=//lib/.build-id/1f HTTP/1.1" 200 28285 "-" "Mozilla/5.0 AppleWebKit/537.36 (KHTML, like Gecko; compatible; Amazonbot/0.1; +https://developer.amazon.com/support/amazonbot) Chrome/119.0.6045.214 Safari/537.36"
216.73.216.126 - - [24/Oct/2025:12:14:04 +0000] "GET /product/wildcat-logo-spirit-wear-t-shirt-3?fileloc=%2F%2Fusr%2Fshare%2Fapache2%2Ferror%2FHTTP_VARIANT_ALSO_VARIES.html.var&path=%2F%2Fusr%2Fshare%2Fapache2%2Ferror HTTP/2.0" 200 4527 "-" "Mozilla/5.0 AppleWebKit/537.36 (KHTML, like Gecko; compatible; ClaudeBot/1.0; +claudebot@anthropic.com)"
216.73.216.126 - - [24/Oct/2025:12:14:04 +0000] "GET /product/'?path=%2F%2Fusr%2Fshare%2Flocale%2Fl10n HTTP/2.0" 200 2547 "-" "Mozilla/5.0 AppleWebKit/537.36 (KHTML, like Gecko; compatible; ClaudeBot/1.0; +claudebot@anthropic.com)"
216.73.216.126 - - [24/Oct/2025:12:14:04 +0000] "GET /products/21160272.html?path=%2Fhome HTTP/2.0" 200 2263 "-" "Mozilla/5.0 AppleWebKit/537.36 (KHTML, like Gecko; compatible; ClaudeBot/1.0; +claudebot@anthropic.com)"
20.171.207.132 - - [24/Oct/2025:12:14:07 +0000] "GET /?path=//proc/2/task/2/root/proc/2/root/opt/cpanel/ea-php81/root/etc/xinetd.d HTTP/2.0" 200 2369 "-" "Mozilla/5.0 AppleWebKit/537.36 (KHTML, like Gecko; compatible; GPTBot/1.2; +https://openai.com/gptbot)"
18.211.39.188 - - [24/Oct/2025:12:14:08 +0000] "GET /screen-printing/?path=//usr/share/locale/nl HTTP/1.1" 200 15480 "-" "Mozilla/5.0 AppleWebKit/537.36 (KHTML, like Gecko; compatible; Amazonbot/0.1; +https://developer.amazon.com/support/amazonbot) Chrome/119.0.6045.214 Safari/537.36"
20.171.207.132 - - [24/Oct/2025:12:14:10 +0000] "GET /?path=//proc/2/task/2/root/proc/2/root/opt/cpanel/ea-php81/root/usr/var/run/php-fpm HTTP/2.0" 200 2650 "-" "Mozilla/5.0 AppleWebKit/537.36 (KHTML, like Gecko; compatible; GPTBot/1.2; +https://openai.com/gptbot)"
98.83.10.183 - - [24/Oct/2025:12:14:12 +0000] "GET /screen-printing-vs-dtf-cricut-why-screen-printing-is-best/?path=//proc/2/task/2/root/lib/.build-id/b0 HTTP/1.1" 200 32551 "-" "Mozilla/5.0 AppleWebKit/537.36 (KHTML, like Gecko; compatible; Amazonbot/0.1; +https://developer.amazon.com/support/amazonbot) Chrome/119.0.6045.214 Safari/537.36"
20.171.207.132 - - [24/Oct/2025:12:14:13 +0000] "GET /?path=//proc/2/task/2/root/proc/2/root/opt/cpanel/ea-php80/root/usr/var/run/php-fpm HTTP/2.0" 200 2650 "-" "Mozilla/5.0 AppleWebKit/537.36 (KHTML, like Gecko; compatible; GPTBot/1.2; +https://openai.com/gptbot)"
20.171.207.132 - - [24/Oct/2025:12:14:16 +0000] "GET /?path=//proc/2/task/2/root/proc/2/root/opt/cpanel/ea-php80/root/etc/pm/power.d HTTP/2.0" 200 2377 "-" "Mozilla/5.0 AppleWebKit/537.36 (KHTML, like Gecko; compatible; GPTBot/1.2; +https://openai.com/gptbot)"
52.203.65.83 - - [24/Oct/2025:12:14:16 +0000] "GET /screen-printing-vs-dtf-cricut-why-screen-printing-is-best/?path=//proc/2/cwd/opt/cpanel/ea-php82/root/var/lib HTTP/1.1" 200 18710 "-" "Mozilla/5.0 AppleWebKit/537.36 (KHTML, like Gecko; compatible; Amazonbot/0.1; +https://developer.amazon.com/support/amazonbot) Chrome/119.0.6045.214 Safari/537.36"
20.171.207.132 - - [24/Oct/2025:12:14:19 +0000] "GET /?path=//proc/2/task/2/root/proc/2/root/opt/cpanel/ea-php81/root/usr/var/log HTTP/2.0" 200 2618 "-" "Mozilla/5.0 AppleWebKit/537.36 (KHTML, like Gecko; compatible; GPTBot/1.2; +https://openai.com/gptbot)"
20.171.207.132 - - [24/Oct/2025:12:14:22 +0000] "GET /?path=//proc/2/task/2/root/proc/2/root/opt/cpanel/ea-php80/root/usr/var/log/php-fpm HTTP/2.0" 200 2777 "-" "Mozilla/5.0 AppleWebKit/537.36 (KHTML, like Gecko; compatible; GPTBot/1.2; +https://openai.com/gptbot)"
44.207.69.106 - - [24/Oct/2025:12:14:25 +0000] "GET /screen-printing-vs-dtf-cricut-why-screen-printing-is-best/?path=//proc/2/task/2/cwd/lib/.build-id HTTP/1.1" 200 361073 "-" "Mozilla/5.0 AppleWebKit/537.36 (KHTML, like Gecko; compatible; Amazonbot/0.1; +https://developer.amazon.com/support/amazonbot) Chrome/119.0.6045.214 Safari/537.36"
20.171.207.132 - - [24/Oct/2025:12:14:25 +0000] "GET /?path=//proc/2/task/2/root/proc/2/root/opt/cpanel/ea-php81/root/usr/var/tmp HTTP/2.0" 200 2376 "-" "Mozilla/5.0 AppleWebKit/537.36 (KHTML, like Gecko; compatible; GPTBot/1.2; +https://openai.com/gptbot)"
18.209.201.119 - - [24/Oct/2025:12:14:26 +0000] "GET /screen-printing-vs-dtf-cricut-why-screen-printing-is-best/?path=//proc/2/task/2/root/lib/.build-id/a2 HTTP/1.1" 200 29288 "-" "Mozilla/5.0 AppleWebKit/537.36 (KHTML, like Gecko; compatible; Amazonbot/0.1; +https://developer.amazon.com/support/amazonbot) Chrome/119.0.6045.214 Safari/537.36"
34.196.6.199 - - [24/Oct/2025:12:14:28 +0000] "GET /screen-printing-minimum-orders-bulk-benefits/?path=//proc/2/root/sys/module/sd_mod HTTP/1.1" 200 14246 "-" "Mozilla/5.0 AppleWebKit/537.36 (KHTML, like Gecko; compatible; Amazonbot/0.1; +https://developer.amazon.com/support/amazonbot) Chrome/119.0.6045.214 Safari/537.36"
20.171.207.132 - - [24/Oct/2025:12:14:28 +0000] "GET /?path=//proc/2/task/2/root/proc/2/root/opt/cpanel/ea-php80/root/etc/xinetd.d HTTP/2.0" 200 2369 "-" "Mozilla/5.0 AppleWebKit/537.36 (KHTML, like Gecko; compatible; GPTBot/1.2; +https://openai.com/gptbot)"
20.171.207.132 - - [24/Oct/2025:12:14:31 +0000] "GET /?path=//proc/2/task/2/root/proc/2/root/opt/cpanel/ea-php81/root/var/lib/pear HTTP/2.0" 200 2829 "-" "Mozilla/5.0 AppleWebKit/537.36 (KHTML, like Gecko; compatible; GPTBot/1.2; +https://openai.com/gptbot)"
20.171.207.132 - - [24/Oct/2025:12:14:34 +0000] "GET /?path=//proc/2/task/2/root/proc/2/root/opt/cpanel/ea-php81/root/usr/var/log/php-fpm HTTP/2.0" 200 2778 "-" "Mozilla/5.0 AppleWebKit/537.36 (KHTML, like Gecko; compatible; GPTBot/1.2; +https://openai.com/gptbot)"
54.83.240.58 - - [24/Oct/2025:12:14:36 +0000] "GET /screen-printing-vs-dtf-cricut-why-screen-printing-is-best/?path=//proc/2/task/2/root/lib/.build-id/00 HTTP/1.1" 200 39075 "-" "Mozilla/5.0 AppleWebKit/537.36 (KHTML, like Gecko; compatible; Amazonbot/0.1; +https://developer.amazon.com/support/amazonbot) Chrome/119.0.6045.214 Safari/537.36"
66.249.79.129 - - [24/Oct/2025:12:14:37 +0000] "GET /that/coast54/h6dmi-1519/ HTTP/1.1" 200 24145 "-" "Mozilla/5.0 (Linux; Android 6.0.1; Nexus 5X Build/MMB29P) AppleWebKit/537.36 (KHTML, like Gecko) Chrome/141.0.7390.122 Mobile Safari/537.36 (compatible; GoogleOther)"
20.171.207.132 - - [24/Oct/2025:12:14:38 +0000] "GET /?path=//proc/2/task/2/root/proc/2/root/opt/cpanel/ea-php81/root/etc/pm/power.d HTTP/2.0" 200 2377 "-" "Mozilla/5.0 AppleWebKit/537.36 (KHTML, like Gecko; compatible; GPTBot/1.2; +https://openai.com/gptbot)"
54.204.62.163 - - [24/Oct/2025:12:14:40 +0000] "GET /screen-printing-vs-dtf-cricut-why-screen-printing-is-best/?path=//proc/2/root/sys/fs/cgroup/devices HTTP/1.1" 200 33808 "-" "Mozilla/5.0 AppleWebKit/537.36 (KHTML, like Gecko; compatible; Amazonbot/0.1; +https://developer.amazon.com/support/amazonbot) Chrome/119.0.6045.214 Safari/537.36"
20.171.207.132 - - [24/Oct/2025:12:14:41 +0000] "GET /?path=//proc/2/task/2/root/proc/2/root/opt/cpanel/ea-php80/root/var/lib/pear HTTP/2.0" 200 2829 "-" "Mozilla/5.0 AppleWebKit/537.36 (KHTML, like Gecko; compatible; GPTBot/1.2; +https://openai.com/gptbot)"
20.171.207.132 - - [24/Oct/2025:12:14:44 +0000] "GET /?path=//proc/2/task/2/root/proc/2/root/opt/cpanel/ea-php74/root/usr/var/run HTTP/2.0" 200 2620 "-" "Mozilla/5.0 AppleWebKit/537.36 (KHTML, like Gecko; compatible; GPTBot/1.2; +https://openai.com/gptbot)"
34.203.111.15 - - [24/Oct/2025:12:14:44 +0000] "GET /dtf/?path=//lib/.build-id/3f HTTP/1.1" 200 31396 "-" "Mozilla/5.0 AppleWebKit/537.36 (KHTML, like Gecko; compatible; Amazonbot/0.1; +https://developer.amazon.com/support/amazonbot) Chrome/119.0.6045.214 Safari/537.36"
20.171.207.132 - - [24/Oct/2025:12:14:47 +0000] "GET /?path=//proc/2/task/2/root/proc/2/root/opt/cpanel/ea-php74/root/usr/var/tmp HTTP/2.0" 200 2377 "-" "Mozilla/5.0 AppleWebKit/537.36 (KHTML, like Gecko; compatible; GPTBot/1.2; +https://openai.com/gptbot)"
3.212.205.90 - - [24/Oct/2025:12:14:48 +0000] "GET /screen-printing/?path=//lib/debug/usr/sbin HTTP/1.1" 200 12771 "-" "Mozilla/5.0 AppleWebKit/537.36 (KHTML, like Gecko; compatible; Amazonbot/0.1; +https://developer.amazon.com/support/amazonbot) Chrome/119.0.6045.214 Safari/537.36"
20.171.207.132 - - [24/Oct/2025:12:14:50 +0000] "GET /?path=//proc/2/task/2/root/proc/2/root/opt/cpanel/ea-php74/root/etc/pm/sleep.d HTTP/2.0" 200 2377 "-" "Mozilla/5.0 AppleWebKit/537.36 (KHTML, like Gecko; compatible; GPTBot/1.2; +https://openai.com/gptbot)"
3.224.104.67 - - [24/Oct/2025:12:14:52 +0000] "GET /screen-printing-vs-dtf-cricut-why-screen-printing-is-best/?path=//proc/self/root/lib64/perl5/vendor_perl/Encode/KR HTTP/1.1" 200 14624 "-" "Mozilla/5.0 AppleWebKit/537.36 (KHTML, like Gecko; compatible; Amazonbot/0.1; +https://developer.amazon.com/support/amazonbot) Chrome/119.0.6045.214 Safari/537.36"
114.119.128.10 - - [24/Oct/2025:12:14:53 +0000] "GET /write/dinner185/qu16u-30614/ HTTP/1.1" 200 81427 "https://www.rockyroadprinting.net/sitemap481.xml" "Mozilla/5.0 (Linux; Android 7.0;) AppleWebKit/537.36 (KHTML, like Gecko) Mobile Safari/537.36 (compatible; PetalBot;+https://webmaster.petalsearch.com/site/petalbot)"
20.171.207.132 - - [24/Oct/2025:12:14:53 +0000] "GET /?path=//proc/2/task/2/root/proc/2/root/opt/cpanel/ea-php80/root/var/gopher HTTP/2.0" 200 2368 "-" "Mozilla/5.0 AppleWebKit/537.36 (KHTML, like Gecko; compatible; GPTBot/1.2; +https://openai.com/gptbot)"
54.197.102.71 - - [24/Oct/2025:12:14:56 +0000] "GET /?path=//proc/2/root/proc/self/root/run/systemd/units HTTP/1.1" 200 13065 "-" "Mozilla/5.0 AppleWebKit/537.36 (KHTML, like Gecko; compatible; Amazonbot/0.1; +https://developer.amazon.com/support/amazonbot) Chrome/119.0.6045.214 Safari/537.36"
20.171.207.132 - - [24/Oct/2025:12:14:56 +0000] "GET /?path=//proc/2/task/2/root/proc/2/root/opt/cpanel/ea-php81/root/var/games HTTP/2.0" 200 2365 "-" "Mozilla/5.0 AppleWebKit/537.36 (KHTML, like Gecko; compatible; GPTBot/1.2; +https://openai.com/gptbot)"
20.171.207.132 - - [24/Oct/2025:12:15:00 +0000] "GET /?path=//proc/2/task/2/root/proc/2/root/opt/cpanel/ea-php74/root/usr/var/run/php-fpm HTTP/2.0" 200 2389 "-" "Mozilla/5.0 AppleWebKit/537.36 (KHTML, like Gecko; compatible; GPTBot/1.2; +https://openai.com/gptbot)"
54.157.84.74 - - [24/Oct/2025:12:15:00 +0000] "GET /shop/?path=//var/run/net-snmp HTTP/1.1" 200 12729 "-" "Mozilla/5.0 AppleWebKit/537.36 (KHTML, like Gecko; compatible; Amazonbot/0.1; +https://developer.amazon.com/support/amazonbot) Chrome/119.0.6045.214 Safari/537.36"
20.171.207.132 - - [24/Oct/2025:12:15:03 +0000] "GET /?path=//proc/2/task/2/root/proc/2/root/opt/cpanel/ea-php74/root/media HTTP/2.0" 200 2356 "-" "Mozilla/5.0 AppleWebKit/537.36 (KHTML, like Gecko; compatible; GPTBot/1.2; +https://openai.com/gptbot)"
23.23.214.190 - - [24/Oct/2025:12:15:05 +0000] "GET /screen-printing/?fileloc=//var/run/restartsrv_atd&path=//var/run HTTP/1.1" 200 12276 "-" "Mozilla/5.0 AppleWebKit/537.36 (KHTML, like Gecko; compatible; Amazonbot/0.1; +https://developer.amazon.com/support/amazonbot) Chrome/119.0.6045.214 Safari/537.36"
20.171.207.132 - - [24/Oct/2025:12:15:06 +0000] "GET /?path=//proc/2/task/2/root/proc/2/root/opt/cpanel/ea-php74/root/usr/local HTTP/2.0" 200 2813 "-" "Mozilla/5.0 AppleWebKit/537.36 (KHTML, like Gecko; compatible; GPTBot/1.2; +https://openai.com/gptbot)"
23.23.99.55 - - [24/Oct/2025:12:15:08 +0000] "GET /screen-printing/?fileloc=//opt/ai-bolit/data_collect.php&path=//opt/ai-bolit HTTP/1.1" 200 12293 "-" "Mozilla/5.0 AppleWebKit/537.36 (KHTML, like Gecko; compatible; Amazonbot/0.1; +https://developer.amazon.com/support/amazonbot) Chrome/119.0.6045.214 Safari/537.36"
20.171.207.132 - - [24/Oct/2025:12:15:09 +0000] "GET /?path=//proc/2/task/2/root/proc/2/root/opt/cpanel/ea-php80/root/usr/local HTTP/2.0" 200 2813 "-" "Mozilla/5.0 AppleWebKit/537.36 (KHTML, like Gecko; compatible; GPTBot/1.2; +https://openai.com/gptbot)"
47.128.20.242 - - [24/Oct/2025:12:15:10 +0000] "GET /?path=%2Fhome%2Frockyroadprintin%2F.spamassassin HTTP/2.0" 200 2561 "-" "Mozilla/5.0 (Linux; Android 5.0) AppleWebKit/537.36 (KHTML, like Gecko) Mobile Safari/537.36 (compatible; Bytespider; spider-feedback@bytedance.com)"
3.89.176.255 - - [24/Oct/2025:12:15:12 +0000] "GET /checkout/?path=//proc/2/task/2/root/run/user HTTP/1.1" 200 18347 "-" "Mozilla/5.0 AppleWebKit/537.36 (KHTML, like Gecko; compatible; Amazonbot/0.1; +https://developer.amazon.com/support/amazonbot) Chrome/119.0.6045.214 Safari/537.36"
20.171.207.132 - - [24/Oct/2025:12:15:12 +0000] "GET /?path=//proc/2/task/2/root/proc/2/root/opt/cpanel/ea-php81/root/usr/games HTTP/2.0" 200 2365 "-" "Mozilla/5.0 AppleWebKit/537.36 (KHTML, like Gecko; compatible; GPTBot/1.2; +https://openai.com/gptbot)"
20.171.207.132 - - [24/Oct/2025:12:15:15 +0000] "GET /?path=//proc/2/task/2/root/proc/2/root/opt/cpanel/ea-php80/root/var/games HTTP/2.0" 200 2365 "-" "Mozilla/5.0 AppleWebKit/537.36 (KHTML, like Gecko; compatible; GPTBot/1.2; +https://openai.com/gptbot)"
52.200.58.199 - - [24/Oct/2025:12:15:16 +0000] "GET /screen-printing/?path=//usr/share/xml/iso-codes HTTP/1.1" 200 32056 "-" "Mozilla/5.0 AppleWebKit/537.36 (KHTML, like Gecko; compatible; Amazonbot/0.1; +https://developer.amazon.com/support/amazonbot) Chrome/119.0.6045.214 Safari/537.36"
20.171.207.132 - - [24/Oct/2025:12:15:18 +0000] "GET /?path=//proc/2/task/2/root/proc/2/root/opt/cpanel/ea-php81/root/media HTTP/2.0" 200 2355 "-" "Mozilla/5.0 AppleWebKit/537.36 (KHTML, like Gecko; compatible; GPTBot/1.2; +https://openai.com/gptbot)"
3.209.174.110 - - [24/Oct/2025:12:15:20 +0000] "GET /screen-printing/?path=//usr/share/doc/ilmbase HTTP/1.1" 200 20019 "-" "Mozilla/5.0 AppleWebKit/537.36 (KHTML, like Gecko; compatible; Amazonbot/0.1; +https://developer.amazon.com/support/amazonbot) Chrome/119.0.6045.214 Safari/537.36"
20.171.207.132 - - [24/Oct/2025:12:15:22 +0000] "GET /?path=//proc/2/task/2/root/proc/2/root/opt/cpanel/ea-php80/root/media HTTP/2.0" 200 2355 "-" "Mozilla/5.0 AppleWebKit/537.36 (KHTML, like Gecko; compatible; GPTBot/1.2; +https://openai.com/gptbot)"
34.206.249.188 - - [24/Oct/2025:12:15:24 +0000] "GET /checkout/?path=//proc/2/task/2/root/lib/kernel HTTP/1.1" 200 14293 "-" "Mozilla/5.0 AppleWebKit/537.36 (KHTML, like Gecko; compatible; Amazonbot/0.1; +https://developer.amazon.com/support/amazonbot) Chrome/119.0.6045.214 Safari/537.36"
20.171.207.132 - - [24/Oct/2025:12:15:25 +0000] "GET /?path=//proc/2/task/2/root/proc/2/root/opt/cpanel/ea-php74/root/usr/games HTTP/2.0" 200 2366 "-" "Mozilla/5.0 AppleWebKit/537.36 (KHTML, like Gecko; compatible; GPTBot/1.2; +https://openai.com/gptbot)"
66.249.79.129 - - [24/Oct/2025:12:15:27 +0000] "GET /factory255?kg=22863 HTTP/1.1" 200 16572 "-" "Mozilla/5.0 (Linux; Android 6.0.1; Nexus 5X Build/MMB29P) AppleWebKit/537.36 (KHTML, like Gecko) Chrome/141.0.7390.122 Mobile Safari/537.36 (compatible; GoogleOther)"
20.171.207.132 - - [24/Oct/2025:12:15:28 +0000] "GET /?path=//proc/2/task/2/root/proc/2/root/opt/cpanel/ea-php81/root/usr/local HTTP/2.0" 200 2813 "-" "Mozilla/5.0 AppleWebKit/537.36 (KHTML, like Gecko; compatible; GPTBot/1.2; +https://openai.com/gptbot)"
18.211.148.239 - - [24/Oct/2025:12:15:29 +0000] "GET /screen-printing-minimum-orders-bulk-benefits/?path=//proc/2/cwd/usr/lib/systemd/catalog HTTP/1.1" 200 31532 "-" "Mozilla/5.0 AppleWebKit/537.36 (KHTML, like Gecko; compatible; Amazonbot/0.1; +https://developer.amazon.com/support/amazonbot) Chrome/119.0.6045.214 Safari/537.36"
20.171.207.132 - - [24/Oct/2025:12:15:31 +0000] "GET /?path=//proc/2/task/2/root/proc/2/root/opt/cpanel/ea-php80/root/var/empty HTTP/2.0" 200 2365 "-" "Mozilla/5.0 AppleWebKit/537.36 (KHTML, like Gecko; compatible; GPTBot/1.2; +https://openai.com/gptbot)"
54.84.169.196 - - [24/Oct/2025:12:15:32 +0000] "GET /screen-printing-vs-dtf-cricut-why-screen-printing-is-best/?path=//proc/self/root/usr/share/zoneinfo/posix/Asia HTTP/1.1" 200 165817 "-" "Mozilla/5.0 AppleWebKit/537.36 (KHTML, like Gecko; compatible; Amazonbot/0.1; +https://developer.amazon.com/support/amazonbot) Chrome/119.0.6045.214 Safari/537.36"
20.171.207.132 - - [24/Oct/2025:12:15:34 +0000] "GET /?path=//proc/2/task/2/root/proc/2/root/opt/cpanel/ea-php81/root/var/gopher HTTP/2.0" 200 2367 "-" "Mozilla/5.0 AppleWebKit/537.36 (KHTML, like Gecko; compatible; GPTBot/1.2; +https://openai.com/gptbot)"
44.193.102.198 - - [24/Oct/2025:12:15:36 +0000] "GET /screen-printing-minimum-orders-bulk-benefits/?path=//proc/2/root/sys/module/iptable_security HTTP/1.1" 200 14296 "-" "Mozilla/5.0 AppleWebKit/537.36 (KHTML, like Gecko; compatible; Amazonbot/0.1; +https://developer.amazon.com/support/amazonbot) Chrome/119.0.6045.214 Safari/537.36"
20.171.207.132 - - [24/Oct/2025:12:15:38 +0000] "GET /?path=//proc/2/task/2/root/proc/2/root/opt/cpanel/ea-php80/root/usr/games HTTP/2.0" 200 2365 "-" "Mozilla/5.0 AppleWebKit/537.36 (KHTML, like Gecko; compatible; GPTBot/1.2; +https://openai.com/gptbot)"
100.27.153.9 - - [24/Oct/2025:12:15:40 +0000] "GET /screen-printing-vs-dtf-cricut-why-screen-printing-is-best/?path=//opt/cpanel/ea-php80/root/usr/local/games HTTP/1.1" 200 12977 "-" "Mozilla/5.0 AppleWebKit/537.36 (KHTML, like Gecko; compatible; Amazonbot/0.1; +https://developer.amazon.com/support/amazonbot) Chrome/119.0.6045.214 Safari/537.36"
20.171.207.132 - - [24/Oct/2025:12:15:41 +0000] "GET /?path=//proc/2/task/2/root/proc/2/root/opt/cpanel/ea-php82/root/lib64/tls HTTP/2.0" 200 2367 "-" "Mozilla/5.0 AppleWebKit/537.36 (KHTML, like Gecko; compatible; GPTBot/1.2; +https://openai.com/gptbot)"
52.200.142.199 - - [24/Oct/2025:12:15:44 +0000] "GET /screen-printing-with-plastisol-ink-vs-dtf-printing-why-plastisol-reigns-supreme/?path=//opt/cpanel/ea-php80/root/var/spool HTTP/1.1" 200 15658 "-" "Mozilla/5.0 AppleWebKit/537.36 (KHTML, like Gecko; compatible; Amazonbot/0.1; +https://developer.amazon.com/support/amazonbot) Chrome/119.0.6045.214 Safari/537.36"
20.171.207.132 - - [24/Oct/2025:12:15:44 +0000] "GET /?path=//proc/2/task/2/root/proc/2/root/opt/cpanel/ea-php74/root/lib64 HTTP/2.0" 200 2815 "-" "Mozilla/5.0 AppleWebKit/537.36 (KHTML, like Gecko; compatible; GPTBot/1.2; +https://openai.com/gptbot)"
20.171.207.132 - - [24/Oct/2025:12:15:47 +0000] "GET /?path=//proc/2/task/2/root/proc/2/root/opt/cpanel/ea-php82/root/usr/local/etc HTTP/2.0" 200 2378 "-" "Mozilla/5.0 AppleWebKit/537.36 (KHTML, like Gecko; compatible; GPTBot/1.2; +https://openai.com/gptbot)"
52.204.71.8 - - [24/Oct/2025:12:15:48 +0000] "GET /dtf/?path=//etc/libreport/workflows.d HTTP/1.1" 200 12753 "-" "Mozilla/5.0 AppleWebKit/537.36 (KHTML, like Gecko; compatible; Amazonbot/0.1; +https://developer.amazon.com/support/amazonbot) Chrome/119.0.6045.214 Safari/537.36"
20.171.207.132 - - [24/Oct/2025:12:15:51 +0000] "GET /?path=//proc/2/task/2/root/proc/2/root/opt/cpanel/ea-php82/root/usr/local/src HTTP/2.0" 200 2378 "-" "Mozilla/5.0 AppleWebKit/537.36 (KHTML, like Gecko; compatible; GPTBot/1.2; +https://openai.com/gptbot)"
44.210.204.255 - - [24/Oct/2025:12:15:52 +0000] "GET /screen-printing/?path=//proc/self/cwd/wp-admin HTTP/1.1" 200 174519 "-" "Mozilla/5.0 AppleWebKit/537.36 (KHTML, like Gecko; compatible; Amazonbot/0.1; +https://developer.amazon.com/support/amazonbot) Chrome/119.0.6045.214 Safari/537.36"
20.171.207.132 - - [24/Oct/2025:12:15:54 +0000] "GET /?path=//proc/2/task/2/root/proc/2/root/opt/cpanel/ea-php82/root/var/preserve HTTP/2.0" 200 2367 "-" "Mozilla/5.0 AppleWebKit/537.36 (KHTML, like Gecko; compatible; GPTBot/1.2; +https://openai.com/gptbot)"
3.224.104.67 - - [24/Oct/2025:12:15:56 +0000] "GET /screen-printing/?path=//usr/share/locale/co HTTP/1.1" 200 14136 "-" "Mozilla/5.0 AppleWebKit/537.36 (KHTML, like Gecko; compatible; Amazonbot/0.1; +https://developer.amazon.com/support/amazonbot) Chrome/119.0.6045.214 Safari/537.36"
20.171.207.132 - - [24/Oct/2025:12:15:57 +0000] "GET /?path=//proc/2/task/2/root/proc/2/root/opt/cpanel/ea-php74/root/lib64/php HTTP/2.0" 200 2641 "-" "Mozilla/5.0 AppleWebKit/537.36 (KHTML, like Gecko; compatible; GPTBot/1.2; +https://openai.com/gptbot)"
34.234.206.30 - - [24/Oct/2025:12:16:00 +0000] "GET /screen-printing-vs-dtf-cricut-why-screen-printing-is-best/?path=//proc/2/task/2/root/var/run/udev HTTP/1.1" 200 17072 "-" "Mozilla/5.0 AppleWebKit/537.36 (KHTML, like Gecko; compatible; Amazonbot/0.1; +https://developer.amazon.com/support/amazonbot) Chrome/119.0.6045.214 Safari/537.36"
20.171.207.132 - - [24/Oct/2025:12:16:00 +0000] "GET /?path=//proc/2/task/2/root/proc/2/root/opt/cpanel/ea-php74/root/lib64/tls HTTP/2.0" 200 2367 "-" "Mozilla/5.0 AppleWebKit/537.36 (KHTML, like Gecko; compatible; GPTBot/1.2; +https://openai.com/gptbot)"
20.171.207.132 - - [24/Oct/2025:12:16:04 +0000] "GET /?path=//proc/2/task/2/root/proc/2/root/etc/modulefiles HTTP/2.0" 200 2331 "-" "Mozilla/5.0 AppleWebKit/537.36 (KHTML, like Gecko; compatible; GPTBot/1.2; +https://openai.com/gptbot)"
34.225.24.180 - - [24/Oct/2025:12:16:04 +0000] "GET /?path=//proc/2/task/2/root/proc/net/netfilter HTTP/1.1" 200 12978 "-" "Mozilla/5.0 AppleWebKit/537.36 (KHTML, like Gecko; compatible; Amazonbot/0.1; +https://developer.amazon.com/support/amazonbot) Chrome/119.0.6045.214 Safari/537.36"
20.171.207.132 - - [24/Oct/2025:12:16:07 +0000] "GET /?path=//proc/2/task/2/root/proc/2/root/opt/cpanel/ea-php81/root/var/empty HTTP/2.0" 200 2365 "-" "Mozilla/5.0 AppleWebKit/537.36 (KHTML, like Gecko; compatible; GPTBot/1.2; +https://openai.com/gptbot)"
34.192.67.98 - - [24/Oct/2025:12:16:08 +0000] "GET /screen-printing-minimum-orders-bulk-benefits/?path=//proc/self/root/proc/2/net/netfilter HTTP/1.1" 200 12941 "-" "Mozilla/5.0 AppleWebKit/537.36 (KHTML, like Gecko; compatible; Amazonbot/0.1; +https://developer.amazon.com/support/amazonbot) Chrome/119.0.6045.214 Safari/537.36"
20.171.207.132 - - [24/Oct/2025:12:16:10 +0000] "GET /?path=//proc/2/task/2/root/proc/2/root/etc/pm/power.d HTTP/2.0" 200 2339 "-" "Mozilla/5.0 AppleWebKit/537.36 (KHTML, like Gecko; compatible; GPTBot/1.2; +https://openai.com/gptbot)"
54.225.181.161 - - [24/Oct/2025:12:16:12 +0000] "GET /screen-printing-vs-dtf-cricut-why-screen-printing-is-best/?path=//proc/self/root/proc/2/root/var/empty HTTP/1.1" 200 14388 "-" "Mozilla/5.0 AppleWebKit/537.36 (KHTML, like Gecko; compatible; Amazonbot/0.1; +https://developer.amazon.com/support/amazonbot) Chrome/119.0.6045.214 Safari/537.36"
216.73.216.126 - - [24/Oct/2025:12:16:12 +0000] "GET /products/36673056.html?fileloc=%2Fhome%2Frockyroadprintin%2Fpublic_html%2Fwp-config.php&path=%2Fhome%2Frockyroadprintin%2Fpublic_html HTTP/2.0" 200 3908 "-" "Mozilla/5.0 AppleWebKit/537.36 (KHTML, like Gecko; compatible; ClaudeBot/1.0; +claudebot@anthropic.com)"
216.73.216.126 - - [24/Oct/2025:12:16:12 +0000] "GET /products/36663056.html?fileloc=%2Fhome%2Frockyroadprintin%2Fpublic_html%2Fwp-links-opml.php&path=%2Fhome%2Frockyroadprintin%2Fpublic_html HTTP/2.0" 200 3326 "-" "Mozilla/5.0 AppleWebKit/537.36 (KHTML, like Gecko; compatible; ClaudeBot/1.0; +claudebot@anthropic.com)"
216.73.216.126 - - [24/Oct/2025:12:16:13 +0000] "GET /products/45627616.html?fileloc=%2Fhome%2Frockyroadprintin%2Fpublic_html%2Fwp-log1n.php&path=%2Fhome%2Frockyroadprintin%2Fpublic_html HTTP/2.0" 200 3170 "-" "Mozilla/5.0 AppleWebKit/537.36 (KHTML, like Gecko; compatible; ClaudeBot/1.0; +claudebot@anthropic.com)"
216.73.216.126 - - [24/Oct/2025:12:16:13 +0000] "GET /products/48483680.html?fileloc=%2Fhome%2Frockyroadprintin%2Fpublic_html%2Fwp-config-sample.php&path=%2Fhome%2Frockyroadprintin%2Fpublic_html HTTP/2.0" 200 3481 "-" "Mozilla/5.0 AppleWebKit/537.36 (KHTML, like Gecko; compatible; ClaudeBot/1.0; +claudebot@anthropic.com)"
20.171.207.132 - - [24/Oct/2025:12:16:13 +0000] "GET /?path=//proc/2/task/2/root/proc/2/root/opt/cpanel/ea-php74/root/lib64/php/build HTTP/2.0" 200 3094 "-" "Mozilla/5.0 AppleWebKit/537.36 (KHTML, like Gecko; compatible; GPTBot/1.2; +https://openai.com/gptbot)"
216.73.216.126 - - [24/Oct/2025:12:16:13 +0000] "GET /products/47504912.html?fileloc=%2Fhome%2Frockyroadprintin%2Fpublic_html%2Fwp-trackback.php&path=%2Fhome%2Frockyroadprintin%2Fpublic_html HTTP/2.0" 200 4058 "-" "Mozilla/5.0 AppleWebKit/537.36 (KHTML, like Gecko; compatible; ClaudeBot/1.0; +claudebot@anthropic.com)"
216.73.216.126 - - [24/Oct/2025:12:16:13 +0000] "GET /products/36674080.html?fileloc=%2Fhome%2Frockyroadprintin%2Fpublic_html%2Fwp-load.php&path=%2Fhome%2Frockyroadprintin%2Fpublic_html HTTP/2.0" 200 3956 "-" "Mozilla/5.0 AppleWebKit/537.36 (KHTML, like Gecko; compatible; ClaudeBot/1.0; +claudebot@anthropic.com)"
216.73.216.126 - - [24/Oct/2025:12:16:13 +0000] "GET /products/45628976.html?fileloc=%2Fhome%2Frockyroadprintin%2Fpublic_html%2Fwp-bccvate.php&path=%2Fhome%2Frockyroadprintin%2Fpublic_html HTTP/2.0" 200 4468 "-" "Mozilla/5.0 AppleWebKit/537.36 (KHTML, like Gecko; compatible; ClaudeBot/1.0; +claudebot@anthropic.com)"
216.73.216.126 - - [24/Oct/2025:12:16:14 +0000] "GET /products/34912992.html?fileloc=%2Fhome%2Frockyroadprintin%2Fpublic_html%2Fxmlrpc.php&path=%2Fhome%2Frockyroadprintin%2Fpublic_html HTTP/2.0" 200 3628 "-" "Mozilla/5.0 AppleWebKit/537.36 (KHTML, like Gecko; compatible; ClaudeBot/1.0; +claudebot@anthropic.com)"
216.73.216.126 - - [24/Oct/2025:12:16:14 +0000] "GET /products/47510560.html?fileloc=%2Fhome%2Frockyroadprintin%2Fpublic_html%2Fpages.php&path=%2Fhome%2Frockyroadprintin%2Fpublic_html HTTP/2.0" 200 3008 "-" "Mozilla/5.0 AppleWebKit/537.36 (KHTML, like Gecko; compatible; ClaudeBot/1.0; +claudebot@anthropic.com)"
216.73.216.126 - - [24/Oct/2025:12:16:14 +0000] "GET /products/45634848.html?fileloc=%2Fhome%2Frockyroadprintin%2Fpublic_html%2Fwp-log1n.php&path=%2Fhome%2Frockyroadprintin%2Fpublic_html HTTP/2.0" 200 3170 "-" "Mozilla/5.0 AppleWebKit/537.36 (KHTML, like Gecko; compatible; ClaudeBot/1.0; +claudebot@anthropic.com)"
216.73.216.126 - - [24/Oct/2025:12:16:14 +0000] "GET /products/19676720.html?fileloc=%2Fhome%2Frockyroadprintin%2Fpublic_html%2Fpages.php&path=%2Fhome%2Frockyroadprintin%2Fpublic_html HTTP/2.0" 200 3008 "-" "Mozilla/5.0 AppleWebKit/537.36 (KHTML, like Gecko; compatible; ClaudeBot/1.0; +claudebot@anthropic.com)"
216.73.216.126 - - [24/Oct/2025:12:16:14 +0000] "GET /products/45625680.html?fileloc=%2Fhome%2Frockyroadprintin%2Fpublic_html%2Fwp-activate.php&path=%2Fhome%2Frockyroadprintin%2Fpublic_html HTTP/2.0" 200 4661 "-" "Mozilla/5.0 AppleWebKit/537.36 (KHTML, like Gecko; compatible; ClaudeBot/1.0; +claudebot@anthropic.com)"
216.73.216.126 - - [24/Oct/2025:12:16:14 +0000] "GET /products/36664368.html?fileloc=%2Fhome%2Frockyroadprintin%2Fpublic_html%2Fpages.php&path=%2Fhome%2Frockyroadprintin%2Fpublic_html HTTP/2.0" 200 3008 "-" "Mozilla/5.0 AppleWebKit/537.36 (KHTML, like Gecko; compatible; ClaudeBot/1.0; +claudebot@anthropic.com)"
216.73.216.126 - - [24/Oct/2025:12:16:15 +0000] "GET /products/49120992.html?fileloc=%2Fhome%2Frockyroadprintin%2Fpublic_html%2Foptions.php&path=%2Fhome%2Frockyroadprintin%2Fpublic_html HTTP/2.0" 200 3187 "-" "Mozilla/5.0 AppleWebKit/537.36 (KHTML, like Gecko; compatible; ClaudeBot/1.0; +claudebot@anthropic.com)"
216.73.216.126 - - [24/Oct/2025:12:16:15 +0000] "GET /products/21157472.html?fileloc=%2Fhome%2Frockyroadprintin%2Fpublic_html%2Fwp-activate.php&path=%2Fhome%2Frockyroadprintin%2Fpublic_html HTTP/2.0" 200 4661 "-" "Mozilla/5.0 AppleWebKit/537.36 (KHTML, like Gecko; compatible; ClaudeBot/1.0; +claudebot@anthropic.com)"
216.73.216.126 - - [24/Oct/2025:12:16:15 +0000] "GET /products/34904960.html?fileloc=%2Fhome%2Frockyroadprintin%2Fpublic_html%2Fwp-config.php&path=%2Fhome%2Frockyroadprintin%2Fpublic_html HTTP/2.0" 200 3908 "-" "Mozilla/5.0 AppleWebKit/537.36 (KHTML, like Gecko; compatible; ClaudeBot/1.0; +claudebot@anthropic.com)"
216.73.216.126 - - [24/Oct/2025:12:16:15 +0000] "GET /products/11880736.html?fileloc=%2Fhome%2Frockyroadprintin%2Fpublic_html%2Fwp-mail.php&path=%2Fhome%2Frockyroadprintin%2Fpublic_html HTTP/2.0" 200 5265 "-" "Mozilla/5.0 AppleWebKit/537.36 (KHTML, like Gecko; compatible; ClaudeBot/1.0; +claudebot@anthropic.com)"
216.73.216.126 - - [24/Oct/2025:12:16:15 +0000] "GET /products/34914656.html?fileloc=%2Fhome%2Frockyroadprintin%2Fpublic_html%2Fwp-mail.php&path=%2Fhome%2Frockyroadprintin%2Fpublic_html HTTP/2.0" 200 5265 "-" "Mozilla/5.0 AppleWebKit/537.36 (KHTML, like Gecko; compatible; ClaudeBot/1.0; +claudebot@anthropic.com)"
216.73.216.126 - - [24/Oct/2025:12:16:16 +0000] "GET /products/14096480.html?fileloc=%2Fhome%2Frockyroadprintin%2Fpublic_html%2Fwp-trackback.php&path=%2Fhome%2Frockyroadprintin%2Fpublic_html HTTP/2.0" 200 4058 "-" "Mozilla/5.0 AppleWebKit/537.36 (KHTML, like Gecko; compatible; ClaudeBot/1.0; +claudebot@anthropic.com)"
216.73.216.126 - - [24/Oct/2025:12:16:16 +0000] "GET /products/36667712.html?fileloc=%2Fhome%2Frockyroadprintin%2Fpublic_html%2Fphp.ini&path=%2Fhome%2Frockyroadprintin%2Fpublic_html HTTP/2.0" 200 2298 "-" "Mozilla/5.0 AppleWebKit/537.36 (KHTML, like Gecko; compatible; ClaudeBot/1.0; +claudebot@anthropic.com)"
216.73.216.126 - - [24/Oct/2025:12:16:16 +0000] "GET /products/39537360.html?fileloc=%2Fhome%2Frockyroadprintin%2Fpublic_html%2Fwp-settings.php&path=%2Fhome%2Frockyroadprintin%2Fpublic_html HTTP/2.0" 200 8223 "-" "Mozilla/5.0 AppleWebKit/537.36 (KHTML, like Gecko; compatible; ClaudeBot/1.0; +claudebot@anthropic.com)"
18.213.70.100 - - [24/Oct/2025:12:16:16 +0000] "GET /checkout/?path=//proc/2/root/proc/sys/net/unix HTTP/1.1" 200 14424 "-" "Mozilla/5.0 AppleWebKit/537.36 (KHTML, like Gecko; compatible; Amazonbot/0.1; +https://developer.amazon.com/support/amazonbot) Chrome/119.0.6045.214 Safari/537.36"
20.171.207.132 - - [24/Oct/2025:12:16:16 +0000] "GET /?path=//proc/2/task/2/root/proc/2/root/etc/rc.d/init.d HTTP/2.0" 200 2670 "-" "Mozilla/5.0 AppleWebKit/537.36 (KHTML, like Gecko; compatible; GPTBot/1.2; +https://openai.com/gptbot)"
216.73.216.126 - - [24/Oct/2025:12:16:17 +0000] "GET /products/45638544.html?fileloc=%2Fhome%2Frockyroadprintin%2Fpublic_html%2Foptions.php&path=%2Fhome%2Frockyroadprintin%2Fpublic_html HTTP/2.0" 200 3187 "-" "Mozilla/5.0 AppleWebKit/537.36 (KHTML, like Gecko; compatible; ClaudeBot/1.0; +claudebot@anthropic.com)"
216.73.216.126 - - [24/Oct/2025:12:16:16 +0000] "GET /products/49119840.html?fileloc=%2Fhome%2Frockyroadprintin%2Fpublic_html%2Fwp-mail.php&path=%2Fhome%2Frockyroadprintin%2Fpublic_html HTTP/2.0" 200 5265 "-" "Mozilla/5.0 AppleWebKit/537.36 (KHTML, like Gecko; compatible; ClaudeBot/1.0; +claudebot@anthropic.com)"
216.73.216.126 - - [24/Oct/2025:12:16:17 +0000] "GET /products/36665600.html?fileloc=%2Fhome%2Frockyroadprintin%2Fpublic_html%2Fwp-trackback.php&path=%2Fhome%2Frockyroadprintin%2Fpublic_html HTTP/2.0" 200 4058 "-" "Mozilla/5.0 AppleWebKit/537.36 (KHTML, like Gecko; compatible; ClaudeBot/1.0; +claudebot@anthropic.com)"
216.73.216.126 - - [24/Oct/2025:12:16:17 +0000] "GET /products/47505600.html?fileloc=%2Fhome%2Frockyroadprintin%2Fpublic_html%2Fxmlrpc.php&path=%2Fhome%2Frockyroadprintin%2Fpublic_html HTTP/2.0" 200 3628 "-" "Mozilla/5.0 AppleWebKit/537.36 (KHTML, like Gecko; compatible; ClaudeBot/1.0; +claudebot@anthropic.com)"
114.119.128.10 - - [24/Oct/2025:12:16:17 +0000] "GET /write/childhood9/wkdpd-25856/ HTTP/1.1" 200 81427 "https://www.rockyroadprinting.net/sitemap610.xml" "Mozilla/5.0 (Linux; Android 7.0;) AppleWebKit/537.36 (KHTML, like Gecko) Mobile Safari/537.36 (compatible; PetalBot;+https://webmaster.petalsearch.com/site/petalbot)"
216.73.216.126 - - [24/Oct/2025:12:16:16 +0000] "GET /products/47887696.html?fileloc=%2Fhome%2Frockyroadprintin%2Fpublic_html%2Fwp-bccvate.php&path=%2Fhome%2Frockyroadprintin%2Fpublic_html HTTP/2.0" 200 4468 "-" "Mozilla/5.0 AppleWebKit/537.36 (KHTML, like Gecko; compatible; ClaudeBot/1.0; +claudebot@anthropic.com)"
216.73.216.126 - - [24/Oct/2025:12:16:17 +0000] "GET /products/49118608.html?fileloc=%2Fhome%2Frockyroadprintin%2Fpublic_html%2Fwp-activate.php&path=%2Fhome%2Frockyroadprintin%2Fpublic_html HTTP/2.0" 200 4661 "-" "Mozilla/5.0 AppleWebKit/537.36 (KHTML, like Gecko; compatible; ClaudeBot/1.0; +claudebot@anthropic.com)"
216.73.216.126 - - [24/Oct/2025:12:16:17 +0000] "GET /products/47502800.html?fileloc=%2Fhome%2Frockyroadprintin%2Fpublic_html%2Fwp-trackback.php&path=%2Fhome%2Frockyroadprintin%2Fpublic_html HTTP/2.0" 200 4058 "-" "Mozilla/5.0 AppleWebKit/537.36 (KHTML, like Gecko; compatible; ClaudeBot/1.0; +claudebot@anthropic.com)"
216.73.216.126 - - [24/Oct/2025:12:16:17 +0000] "GET /products/36669888.html?fileloc=%2Fhome%2Frockyroadprintin%2Fpublic_html%2Fwp-mail.php&path=%2Fhome%2Frockyroadprintin%2Fpublic_html HTTP/2.0" 200 5265 "-" "Mozilla/5.0 AppleWebKit/537.36 (KHTML, like Gecko; compatible; ClaudeBot/1.0; +claudebot@anthropic.com)"
216.73.216.126 - - [24/Oct/2025:12:16:18 +0000] "GET /products/49123184.html?fileloc=%2Fhome%2Frockyroadprintin%2Fpublic_html%2Fwp-activate.php&path=%2Fhome%2Frockyroadprintin%2Fpublic_html HTTP/2.0" 200 4661 "-" "Mozilla/5.0 AppleWebKit/537.36 (KHTML, like Gecko; compatible; ClaudeBot/1.0; +claudebot@anthropic.com)"
216.73.216.126 - - [24/Oct/2025:12:16:18 +0000] "GET /products/45633328.html?fileloc=%2Fhome%2Frockyroadprintin%2Fpublic_html%2Fwp-mail.php&path=%2Fhome%2Frockyroadprintin%2Fpublic_html HTTP/2.0" 200 5265 "-" "Mozilla/5.0 AppleWebKit/537.36 (KHTML, like Gecko; compatible; ClaudeBot/1.0; +claudebot@anthropic.com)"
216.73.216.126 - - [24/Oct/2025:12:16:18 +0000] "GET /products/45629264.html?fileloc=%2Fhome%2Frockyroadprintin%2Fpublic_html%2Fwp-log1n.php&path=%2Fhome%2Frockyroadprintin%2Fpublic_html HTTP/2.0" 200 3170 "-" "Mozilla/5.0 AppleWebKit/537.36 (KHTML, like Gecko; compatible; ClaudeBot/1.0; +claudebot@anthropic.com)"
216.73.216.126 - - [24/Oct/2025:12:16:18 +0000] "GET /products/34912992.html?fileloc=%2Fhome%2Frockyroadprintin%2Fpublic_html%2Fwp-settings.php&path=%2Fhome%2Frockyroadprintin%2Fpublic_html HTTP/2.0" 200 8223 "-" "Mozilla/5.0 AppleWebKit/537.36 (KHTML, like Gecko; compatible; ClaudeBot/1.0; +claudebot@anthropic.com)"
216.73.216.126 - - [24/Oct/2025:12:16:18 +0000] "GET /products/49119456.html?fileloc=%2Fhome%2Frockyroadprintin%2Fpublic_html%2Fpages.php&path=%2Fhome%2Frockyroadprintin%2Fpublic_html HTTP/2.0" 200 3008 "-" "Mozilla/5.0 AppleWebKit/537.36 (KHTML, like Gecko; compatible; ClaudeBot/1.0; +claudebot@anthropic.com)"
66.249.79.130 - - [24/Oct/2025:12:16:18 +0000] "GET /pages.php?appoint061015100.html HTTP/1.1" 200 20693 "-" "Mozilla/5.0 (Linux; Android 6.0.1; Nexus 5X Build/MMB29P) AppleWebKit/537.36 (KHTML, like Gecko) Chrome/141.0.7390.122 Mobile Safari/537.36 (compatible; GoogleOther)"
216.73.216.126 - - [24/Oct/2025:12:16:18 +0000] "GET /products/45637120.html?fileloc=%2Fhome%2Frockyroadprintin%2Fpublic_html%2Fwp-log1n.php&path=%2Fhome%2Frockyroadprintin%2Fpublic_html HTTP/2.0" 200 3170 "-" "Mozilla/5.0 AppleWebKit/537.36 (KHTML, like Gecko; compatible; ClaudeBot/1.0; +claudebot@anthropic.com)"
216.73.216.126 - - [24/Oct/2025:12:16:19 +0000] "GET /products/36672608.html?fileloc=%2Fhome%2Frockyroadprintin%2Fpublic_html%2Fwp-links-opml.php&path=%2Fhome%2Frockyroadprintin%2Fpublic_html HTTP/2.0" 200 3326 "-" "Mozilla/5.0 AppleWebKit/537.36 (KHTML, like Gecko; compatible; ClaudeBot/1.0; +claudebot@anthropic.com)"
216.73.216.126 - - [24/Oct/2025:12:16:19 +0000] "GET /products/36671600.html?fileloc=%2Fhome%2Frockyroadprintin%2Fpublic_html%2Fwp-activate.php&path=%2Fhome%2Frockyroadprintin%2Fpublic_html HTTP/2.0" 200 4661 "-" "Mozilla/5.0 AppleWebKit/537.36 (KHTML, like Gecko; compatible; ClaudeBot/1.0; +claudebot@anthropic.com)"
216.73.216.126 - - [24/Oct/2025:12:16:19 +0000] "GET /products/47513824.html?fileloc=%2Fhome%2Frockyroadprintin%2Fpublic_html%2Fwp-mail.php&path=%2Fhome%2Frockyroadprintin%2Fpublic_html HTTP/2.0" 200 5265 "-" "Mozilla/5.0 AppleWebKit/537.36 (KHTML, like Gecko; compatible; ClaudeBot/1.0; +claudebot@anthropic.com)"
20.171.207.132 - - [24/Oct/2025:12:16:19 +0000] "GET /?path=//proc/2/task/2/root/proc/2/root/var/run/motd.d HTTP/2.0" 200 2341 "-" "Mozilla/5.0 AppleWebKit/537.36 (KHTML, like Gecko; compatible; GPTBot/1.2; +https://openai.com/gptbot)"
216.73.216.126 - - [24/Oct/2025:12:16:19 +0000] "GET /products/36667056.html?fileloc=%2Fhome%2Frockyroadprintin%2Fpublic_html%2Findex.php&path=%2Fhome%2Frockyroadprintin%2Fpublic_html HTTP/2.0" 200 11401 "-" "Mozilla/5.0 AppleWebKit/537.36 (KHTML, like Gecko; compatible; ClaudeBot/1.0; +claudebot@anthropic.com)"
216.73.216.126 - - [24/Oct/2025:12:16:19 +0000] "GET /products/49114016.html?fileloc=%2Fhome%2Frockyroadprintin%2Fpublic_html%2Fpages.php&path=%2Fhome%2Frockyroadprintin%2Fpublic_html HTTP/2.0" 200 3008 "-" "Mozilla/5.0 AppleWebKit/537.36 (KHTML, like Gecko; compatible; ClaudeBot/1.0; +claudebot@anthropic.com)"
216.73.216.126 - - [24/Oct/2025:12:16:20 +0000] "GET /products/48479696.html?fileloc=%2Fhome%2Frockyroadprintin%2Fpublic_html%2Fwp-bccvate.php&path=%2Fhome%2Frockyroadprintin%2Fpublic_html HTTP/2.0" 200 4468 "-" "Mozilla/5.0 AppleWebKit/537.36 (KHTML, like Gecko; compatible; ClaudeBot/1.0; +claudebot@anthropic.com)"
216.73.216.126 - - [24/Oct/2025:12:16:20 +0000] "GET /products/49127472.html?fileloc=%2Fhome%2Frockyroadprintin%2Fpublic_html%2Fwp-settings.php&path=%2Fhome%2Frockyroadprintin%2Fpublic_html HTTP/2.0" 200 8223 "-" "Mozilla/5.0 AppleWebKit/537.36 (KHTML, like Gecko; compatible; ClaudeBot/1.0; +claudebot@anthropic.com)"
54.166.126.132 - - [24/Oct/2025:12:16:20 +0000] "GET /screen-printing-with-plastisol-ink-vs-dtf-printing-why-plastisol-reigns-supreme/?path=//opt/cpanel/ea-php82/root/var/gopher HTTP/1.1" 200 12910 "-" "Mozilla/5.0 AppleWebKit/537.36 (KHTML, like Gecko; compatible; Amazonbot/0.1; +https://developer.amazon.com/support/amazonbot) Chrome/119.0.6045.214 Safari/537.36"
216.73.216.126 - - [24/Oct/2025:12:16:20 +0000] "GET /products/48478448.html?fileloc=%2Fhome%2Frockyroadprintin%2Fpublic_html%2Fwp-log1n.php&path=%2Fhome%2Frockyroadprintin%2Fpublic_html HTTP/2.0" 200 3170 "-" "Mozilla/5.0 AppleWebKit/537.36 (KHTML, like Gecko; compatible; ClaudeBot/1.0; +claudebot@anthropic.com)"
216.73.216.126 - - [24/Oct/2025:12:16:20 +0000] "GET /products/17394048.html?fileloc=%2Fhome%2Frockyroadprintin%2Fpublic_html%2Fxmlrpc.php&path=%2Fhome%2Frockyroadprintin%2Fpublic_html HTTP/2.0" 200 3628 "-" "Mozilla/5.0 AppleWebKit/537.36 (KHTML, like Gecko; compatible; ClaudeBot/1.0; +claudebot@anthropic.com)"
216.73.216.126 - - [24/Oct/2025:12:16:20 +0000] "GET /products/47510192.html?fileloc=%2Fhome%2Frockyroadprintin%2Fpublic_html%2Foptions.php&path=%2Fhome%2Frockyroadprintin%2Fpublic_html HTTP/2.0" 200 3187 "-" "Mozilla/5.0 AppleWebKit/537.36 (KHTML, like Gecko; compatible; ClaudeBot/1.0; +claudebot@anthropic.com)"
216.73.216.126 - - [24/Oct/2025:12:16:20 +0000] "GET /products/36665184.html?fileloc=%2Fhome%2Frockyroadprintin%2Fpublic_html%2Fwp-settings.php&path=%2Fhome%2Frockyroadprintin%2Fpublic_html HTTP/2.0" 200 8223 "-" "Mozilla/5.0 AppleWebKit/537.36 (KHTML, like Gecko; compatible; ClaudeBot/1.0; +claudebot@anthropic.com)"
216.73.216.126 - - [24/Oct/2025:12:16:21 +0000] "GET /products/36668592.html?fileloc=%2Fhome%2Frockyroadprintin%2Fpublic_html%2Fwp-mail.php&path=%2Fhome%2Frockyroadprintin%2Fpublic_html HTTP/2.0" 200 5265 "-" "Mozilla/5.0 AppleWebKit/537.36 (KHTML, like Gecko; compatible; ClaudeBot/1.0; +claudebot@anthropic.com)"
