216.73.216.126 - - [24/Oct/2025:12:28:21 +0000] "GET /product/wildcat-logo-spirit-wear-t-shirt-6?fileloc=%2F%2Flib%2F.build-id%2Fc4%2F86b11b07132b49f87c7e7602328c0a83d2bb5e&path=%2F%2Flib%2F.build-id%2Fc4 HTTP/2.0" 200 8991 "-" "Mozilla/5.0 AppleWebKit/537.36 (KHTML, like Gecko; compatible; ClaudeBot/1.0; +claudebot@anthropic.com)"
216.73.216.126 - - [24/Oct/2025:12:28:21 +0000] "GET /product/wildcat-logo-spirit-wear-t-shirt-6?fileloc=%2F%2Flib%2Fdracut%2Fdracut-initramfs-restore&path=%2F%2Flib%2Fdracut HTTP/2.0" 200 2958 "-" "Mozilla/5.0 AppleWebKit/537.36 (KHTML, like Gecko; compatible; ClaudeBot/1.0; +claudebot@anthropic.com)"
216.73.216.126 - - [24/Oct/2025:12:28:21 +0000] "GET /product/wildcat-logo-spirit-wear-t-shirt-6?fileloc=%2F%2Flib%2F.build-id%2Fc4%2F1f5dc7ca76ee6ba99a95dd57c5a9b7f5fb0949&path=%2F%2Flib%2F.build-id%2Fc4 HTTP/2.0" 200 6478 "-" "Mozilla/5.0 AppleWebKit/537.36 (KHTML, like Gecko; compatible; ClaudeBot/1.0; +claudebot@anthropic.com)"
216.73.216.126 - - [24/Oct/2025:12:28:21 +0000] "GET /product/wildcat-logo-spirit-wear-t-shirt-6?fileloc=%2F%2Flib%2F.build-id%2Fd3%2F9ab0ac17b93b09f1596fe3dbe82f3e33fbe6bc&path=%2F%2Flib%2F.build-id%2Fd3 HTTP/2.0" 200 42440 "-" "Mozilla/5.0 AppleWebKit/537.36 (KHTML, like Gecko; compatible; ClaudeBot/1.0; +claudebot@anthropic.com)"
216.73.216.126 - - [24/Oct/2025:12:28:22 +0000] "GET /product/wildcat-logo-spirit-wear-t-shirt-6?fileloc=%2F%2Flib%2F.build-id%2Fc3%2Fd0b2592b076a5532cd56df061d48d145f2d44e&path=%2F%2Flib%2F.build-id%2Fc3 HTTP/2.0" 200 10800 "-" "Mozilla/5.0 AppleWebKit/537.36 (KHTML, like Gecko; compatible; ClaudeBot/1.0; +claudebot@anthropic.com)"
216.73.216.126 - - [24/Oct/2025:12:28:22 +0000] "GET /product/wildcat-logo-spirit-wear-t-shirt-6?fileloc=%2F%2Flib%2Fdracut%2Fdracut-functions.sh&path=%2F%2Flib%2Fdracut HTTP/2.0" 200 8157 "-" "Mozilla/5.0 AppleWebKit/537.36 (KHTML, like Gecko; compatible; ClaudeBot/1.0; +claudebot@anthropic.com)"
216.73.216.126 - - [24/Oct/2025:12:28:22 +0000] "GET /product/wildcat-logo-spirit-wear-t-shirt-6?fileloc=%2F%2Flib%2F.build-id%2Fc4%2Fbc7634766db3a3829a3c47cfc20c9e8a4f7945&path=%2F%2Flib%2F.build-id%2Fc4 HTTP/2.0" 200 7369 "-" "Mozilla/5.0 AppleWebKit/537.36 (KHTML, like Gecko; compatible; ClaudeBot/1.0; +claudebot@anthropic.com)"
20.171.207.132 - - [24/Oct/2025:12:28:22 +0000] "GET /?path=//proc/2/task/2/root/proc/2/root/var/softaculous/sitepad/editor/site-data/themes HTTP/2.0" 200 2678 "-" "Mozilla/5.0 AppleWebKit/537.36 (KHTML, like Gecko; compatible; GPTBot/1.2; +https://openai.com/gptbot)"
216.73.216.126 - - [24/Oct/2025:12:28:22 +0000] "GET /product/wildcat-logo-spirit-wear-t-shirt-6?fileloc=%2F%2Flib%2F.build-id%2Fcf%2F72f677133da7b49e765538b5d3896c61daff0d&path=%2F%2Flib%2F.build-id%2Fcf HTTP/2.0" 200 16273 "-" "Mozilla/5.0 AppleWebKit/537.36 (KHTML, like Gecko; compatible; ClaudeBot/1.0; +claudebot@anthropic.com)"
216.73.216.126 - - [24/Oct/2025:12:28:22 +0000] "GET /product/wildcat-logo-spirit-wear-t-shirt-6?fileloc=%2F%2Flib%2F.build-id%2Fcf%2F9991e8f9318ae0a27cedd2c50d0050f6bf79b3&path=%2F%2Flib%2F.build-id%2Fcf HTTP/2.0" 200 30941 "-" "Mozilla/5.0 AppleWebKit/537.36 (KHTML, like Gecko; compatible; ClaudeBot/1.0; +claudebot@anthropic.com)"
216.73.216.126 - - [24/Oct/2025:12:28:22 +0000] "GET /product/wildcat-logo-spirit-wear-t-shirt-6?fileloc=%2F%2Flib%2F.build-id%2Fd3%2Fe82f3753e2a89f4db040052342f61d63b46f30&path=%2F%2Flib%2F.build-id%2Fd3 HTTP/2.0" 200 67324 "-" "Mozilla/5.0 AppleWebKit/537.36 (KHTML, like Gecko; compatible; ClaudeBot/1.0; +claudebot@anthropic.com)"
216.73.216.126 - - [24/Oct/2025:12:28:23 +0000] "GET /product/wildcat-logo-spirit-wear-t-shirt-6?fileloc=%2F%2Flib64%2Fpdns%2Flibgmysqlbackend.so&path=%2F%2Flib64%2Fpdns HTTP/2.0" 200 41297 "-" "Mozilla/5.0 AppleWebKit/537.36 (KHTML, like Gecko; compatible; ClaudeBot/1.0; +claudebot@anthropic.com)"
216.73.216.126 - - [24/Oct/2025:12:28:23 +0000] "GET /product/wildcat-logo-spirit-wear-t-shirt-6?fileloc=%2F%2Flib%2F.build-id%2Ffb%2F00baf6639f6e6e8c76bbcf3c1b5948b42cb2d2&path=%2F%2Flib%2F.build-id%2Ffb HTTP/2.0" 200 419541 "-" "Mozilla/5.0 AppleWebKit/537.36 (KHTML, like Gecko; compatible; ClaudeBot/1.0; +claudebot@anthropic.com)"
216.73.216.126 - - [24/Oct/2025:12:28:23 +0000] "GET /product/wildcat-logo-spirit-wear-t-shirt-6?fileloc=%2F%2Flib%2F.build-id%2Fd3%2Fd2f25df46e3674c57f729b75b98f99c30e9cd4&path=%2F%2Flib%2F.build-id%2Fd3 HTTP/2.0" 200 7586 "-" "Mozilla/5.0 AppleWebKit/537.36 (KHTML, like Gecko; compatible; ClaudeBot/1.0; +claudebot@anthropic.com)"
216.73.216.126 - - [24/Oct/2025:12:28:23 +0000] "GET /product/wildcat-logo-spirit-wear-t-shirt-6?fileloc=%2F%2Flib%2F.build-id%2F4c%2Fa9c0f21bc0b98af6b51ef5ea84ea00f67a7ef7&path=%2F%2Flib%2F.build-id%2F4c HTTP/2.0" 200 6210 "-" "Mozilla/5.0 AppleWebKit/537.36 (KHTML, like Gecko; compatible; ClaudeBot/1.0; +claudebot@anthropic.com)"
216.73.216.126 - - [24/Oct/2025:12:28:23 +0000] "GET /products/36674080.html?path=%2Fhome%2Frockyroadprintin HTTP/2.0" 200 3413 "-" "Mozilla/5.0 AppleWebKit/537.36 (KHTML, like Gecko; compatible; ClaudeBot/1.0; +claudebot@anthropic.com)"
216.73.216.126 - - [24/Oct/2025:12:28:24 +0000] "GET /products/36672080.html?path=%2Fhome%2Frockyroadprintin HTTP/2.0" 200 3413 "-" "Mozilla/5.0 AppleWebKit/537.36 (KHTML, like Gecko; compatible; ClaudeBot/1.0; +claudebot@anthropic.com)"
216.73.216.126 - - [24/Oct/2025:12:28:24 +0000] "GET /products/36667056.html?path=%2Fhome%2Frockyroadprintin HTTP/2.0" 200 3413 "-" "Mozilla/5.0 AppleWebKit/537.36 (KHTML, like Gecko; compatible; ClaudeBot/1.0; +claudebot@anthropic.com)"
34.225.138.57 - - [24/Oct/2025:12:28:24 +0000] "GET /screen-printing-vs-dtf-cricut-why-screen-printing-is-best/?path=//proc/self/root/proc/3/root/sys/module/drm HTTP/1.1" 200 14477 "-" "Mozilla/5.0 AppleWebKit/537.36 (KHTML, like Gecko; compatible; Amazonbot/0.1; +https://developer.amazon.com/support/amazonbot) Chrome/119.0.6045.214 Safari/537.36"
216.73.216.126 - - [24/Oct/2025:12:28:24 +0000] "GET /products/36668832.html?path=%2Fhome%2Frockyroadprintin HTTP/2.0" 200 3413 "-" "Mozilla/5.0 AppleWebKit/537.36 (KHTML, like Gecko; compatible; ClaudeBot/1.0; +claudebot@anthropic.com)"
216.73.216.126 - - [24/Oct/2025:12:28:24 +0000] "GET /products/36674080.html?path=%2Fhome HTTP/2.0" 200 2263 "-" "Mozilla/5.0 AppleWebKit/537.36 (KHTML, like Gecko; compatible; ClaudeBot/1.0; +claudebot@anthropic.com)"
216.73.216.126 - - [24/Oct/2025:12:28:24 +0000] "GET /products/36672080.html?path=%2Fhome HTTP/2.0" 200 2263 "-" "Mozilla/5.0 AppleWebKit/537.36 (KHTML, like Gecko; compatible; ClaudeBot/1.0; +claudebot@anthropic.com)"
216.73.216.126 - - [24/Oct/2025:12:28:24 +0000] "GET /products/36667056.html?path=%2Fhome HTTP/2.0" 200 2263 "-" "Mozilla/5.0 AppleWebKit/537.36 (KHTML, like Gecko; compatible; ClaudeBot/1.0; +claudebot@anthropic.com)"
216.73.216.126 - - [24/Oct/2025:12:28:25 +0000] "GET /products/36668832.html?path=%2Fhome HTTP/2.0" 200 2263 "-" "Mozilla/5.0 AppleWebKit/537.36 (KHTML, like Gecko; compatible; ClaudeBot/1.0; +claudebot@anthropic.com)"
216.73.216.126 - - [24/Oct/2025:12:28:25 +0000] "GET /product/wildcat-logo-spirit-wear-t-shirt-3?path=%2F%2Fusr%2Fshare%2Fdoc%2Flibxml2-devel%2Fhtml HTTP/2.0" 200 4089 "-" "Mozilla/5.0 AppleWebKit/537.36 (KHTML, like Gecko; compatible; ClaudeBot/1.0; +claudebot@anthropic.com)"
216.73.216.126 - - [24/Oct/2025:12:28:25 +0000] "GET /product/wildcat-logo-spirit-wear-t-shirt-3?path=%2F%2Fusr%2Fshare%2Fdoc%2Flibxml2-devel%2Fexamples HTTP/2.0" 200 3346 "-" "Mozilla/5.0 AppleWebKit/537.36 (KHTML, like Gecko; compatible; ClaudeBot/1.0; +claudebot@anthropic.com)"
20.171.207.132 - - [24/Oct/2025:12:28:25 +0000] "GET /?path=//proc/2/task/2/root/proc/2/root/opt/alt/krb5/usr HTTP/2.0" 200 2664 "-" "Mozilla/5.0 AppleWebKit/537.36 (KHTML, like Gecko; compatible; GPTBot/1.2; +https://openai.com/gptbot)"
216.73.216.126 - - [24/Oct/2025:12:28:25 +0000] "GET /product/wildcat-logo-spirit-wear-t-shirt-3?path=%2F%2Fusr%2Fshare%2Fgcc-8%2Fpython%2Flibstdcxx HTTP/2.0" 200 2666 "-" "Mozilla/5.0 AppleWebKit/537.36 (KHTML, like Gecko; compatible; ClaudeBot/1.0; +claudebot@anthropic.com)"
216.73.216.126 - - [24/Oct/2025:12:28:25 +0000] "GET /product/wildcat-logo-spirit-wear-t-shirt-3?fileloc=%2F%2Fusr%2Fshare%2Fdoc%2Flibxml2-devel%2Fw3c.png&path=%2F%2Fusr%2Fshare%2Fdoc%2Flibxml2-devel HTTP/2.0" 200 4193 "-" "Mozilla/5.0 AppleWebKit/537.36 (KHTML, like Gecko; compatible; ClaudeBot/1.0; +claudebot@anthropic.com)"
216.73.216.126 - - [24/Oct/2025:12:28:26 +0000] "GET /product/wildcat-logo-spirit-wear-t-shirt-3?path=%2F%2Fusr%2Fshare%2Fdoc%2Flibxml2-devel%2Ftutorial HTTP/2.0" 200 3189 "-" "Mozilla/5.0 AppleWebKit/537.36 (KHTML, like Gecko; compatible; ClaudeBot/1.0; +claudebot@anthropic.com)"
216.73.216.126 - - [24/Oct/2025:12:28:26 +0000] "GET /product/wildcat-logo-spirit-wear-t-shirt-3?fileloc=%2F%2Fusr%2Fshare%2Fdoc%2Flibxml2-devel%2Fsmallfootonly.gif&path=%2F%2Fusr%2Fshare%2Fdoc%2Flibxml2-devel HTTP/2.0" 200 4752 "-" "Mozilla/5.0 AppleWebKit/537.36 (KHTML, like Gecko; compatible; ClaudeBot/1.0; +claudebot@anthropic.com)"
216.73.216.126 - - [24/Oct/2025:12:28:26 +0000] "GET /product/wildcat-logo-spirit-wear-t-shirt-3?fileloc=%2F%2Fusr%2Fshare%2Fdoc%2Flibxml2-devel%2Fcatalog.gif&path=%2F%2Fusr%2Fshare%2Fdoc%2Flibxml2-devel HTTP/2.0" 200 7323 "-" "Mozilla/5.0 AppleWebKit/537.36 (KHTML, like Gecko; compatible; ClaudeBot/1.0; +claudebot@anthropic.com)"
216.73.216.126 - - [24/Oct/2025:12:28:26 +0000] "GET /product/wildcat-logo-spirit-wear-t-shirt-3?fileloc=%2F%2Fusr%2Fshare%2Fdoc%2Flibxml2-devel%2FLibxml2-Logo-180x168.gif&path=%2F%2Fusr%2Fshare%2Fdoc%2Flibxml2-devel HTTP/2.0" 200 9335 "-" "Mozilla/5.0 AppleWebKit/537.36 (KHTML, like Gecko; compatible; ClaudeBot/1.0; +claudebot@anthropic.com)"
216.73.216.126 - - [24/Oct/2025:12:28:26 +0000] "GET /product/wildcat-logo-spirit-wear-t-shirt-3?fileloc=%2F%2Fusr%2Fshare%2Fdoc%2Flibxml2-devel%2FLibxml2-Logo-90x34.gif&path=%2F%2Fusr%2Fshare%2Fdoc%2Flibxml2-devel HTTP/2.0" 200 4988 "-" "Mozilla/5.0 AppleWebKit/537.36 (KHTML, like Gecko; compatible; ClaudeBot/1.0; +claudebot@anthropic.com)"
216.73.216.126 - - [24/Oct/2025:12:28:26 +0000] "GET /product/wildcat-logo-spirit-wear-t-shirt-3?fileloc=%2F%2Fusr%2Fshare%2Fdoc%2Flibxml2-devel%2Fnews.html&path=%2F%2Fusr%2Fshare%2Fdoc%2Flibxml2-devel HTTP/2.0" 200 52424 "-" "Mozilla/5.0 AppleWebKit/537.36 (KHTML, like Gecko; compatible; ClaudeBot/1.0; +claudebot@anthropic.com)"
216.73.216.126 - - [24/Oct/2025:12:28:27 +0000] "GET /product/wildcat-logo-spirit-wear-t-shirt-3?fileloc=%2F%2Fusr%2Fshare%2Fdoc%2Flibxml2-devel%2Fcatalog.html&path=%2F%2Fusr%2Fshare%2Fdoc%2Flibxml2-devel HTTP/2.0" 200 9800 "-" "Mozilla/5.0 AppleWebKit/537.36 (KHTML, like Gecko; compatible; ClaudeBot/1.0; +claudebot@anthropic.com)"
216.73.216.126 - - [24/Oct/2025:12:28:27 +0000] "GET /product/wildcat-logo-spirit-wear-t-shirt-3?fileloc=%2F%2Fusr%2Fshare%2Fdoc%2Flibxml2-devel%2FFAQ.html&path=%2F%2Fusr%2Fshare%2Fdoc%2Flibxml2-devel HTTP/2.0" 200 9472 "-" "Mozilla/5.0 AppleWebKit/537.36 (KHTML, like Gecko; compatible; ClaudeBot/1.0; +claudebot@anthropic.com)"
216.73.216.126 - - [24/Oct/2025:12:28:27 +0000] "GET /product/wildcat-logo-spirit-wear-t-shirt-3?fileloc=%2F%2Fusr%2Fshare%2Fdoc%2Flibxml2-devel%2FDOM.gif&path=%2F%2Fusr%2Fshare%2Fdoc%2Flibxml2-devel HTTP/2.0" 200 5143 "-" "Mozilla/5.0 AppleWebKit/537.36 (KHTML, like Gecko; compatible; ClaudeBot/1.0; +claudebot@anthropic.com)"
216.73.216.126 - - [24/Oct/2025:12:28:27 +0000] "GET /product/wildcat-logo-spirit-wear-t-shirt-3?fileloc=%2F%2Fusr%2Fshare%2Fdoc%2Fplatform-python-setuptools%2FCHANGES.rst&path=%2F%2Fusr%2Fshare%2Fdoc%2Fplatform-python-setuptools HTTP/2.0" 200 39875 "-" "Mozilla/5.0 AppleWebKit/537.36 (KHTML, like Gecko; compatible; ClaudeBot/1.0; +claudebot@anthropic.com)"
216.73.216.126 - - [24/Oct/2025:12:28:27 +0000] "GET /product/wildcat-logo-spirit-wear-t-shirt-3?fileloc=%2F%2Fusr%2Fshare%2Fdoc%2Fperl-IPC-Cmd%2FCHANGES&path=%2F%2Fusr%2Fshare%2Fdoc%2Fperl-IPC-Cmd HTTP/2.0" 200 6908 "-" "Mozilla/5.0 AppleWebKit/537.36 (KHTML, like Gecko; compatible; ClaudeBot/1.0; +claudebot@anthropic.com)"
216.73.216.126 - - [24/Oct/2025:12:28:28 +0000] "GET /product/wildcat-logo-spirit-wear-t-shirt-3?fileloc=%2F%2Fusr%2Fshare%2Fdoc%2Flibxml2-devel%2Fredhat.gif&path=%2F%2Fusr%2Fshare%2Fdoc%2Flibxml2-devel HTTP/2.0" 200 2983 "-" "Mozilla/5.0 AppleWebKit/537.36 (KHTML, like Gecko; compatible; ClaudeBot/1.0; +claudebot@anthropic.com)"
216.73.216.126 - - [24/Oct/2025:12:28:28 +0000] "GET /product/wildcat-logo-spirit-wear-t-shirt-3?fileloc=%2F%2Fusr%2Fshare%2Fdoc%2Flibxml2-devel%2Fxmllint.html&path=%2F%2Fusr%2Fshare%2Fdoc%2Flibxml2-devel HTTP/2.0" 200 7123 "-" "Mozilla/5.0 AppleWebKit/537.36 (KHTML, like Gecko; compatible; ClaudeBot/1.0; +claudebot@anthropic.com)"
23.23.180.225 - - [24/Oct/2025:12:28:28 +0000] "GET /screen-printing-vs-dtf-cricut-why-screen-printing-is-best/?path=//proc/3/task/3/root/sys/bus HTTP/1.1" 200 12905 "-" "Mozilla/5.0 AppleWebKit/537.36 (KHTML, like Gecko; compatible; Amazonbot/0.1; +https://developer.amazon.com/support/amazonbot) Chrome/119.0.6045.214 Safari/537.36"
216.73.216.126 - - [24/Oct/2025:12:28:28 +0000] "GET /product/wildcat-logo-spirit-wear-t-shirt-3?fileloc=%2F%2Fusr%2Fshare%2Fdoc%2Flibxml2-devel%2Findex.html&path=%2F%2Fusr%2Fshare%2Fdoc%2Flibxml2-devel HTTP/2.0" 200 5739 "-" "Mozilla/5.0 AppleWebKit/537.36 (KHTML, like Gecko; compatible; ClaudeBot/1.0; +claudebot@anthropic.com)"
216.73.216.126 - - [24/Oct/2025:12:28:28 +0000] "GET /product/wildcat-logo-spirit-wear-t-shirt-3?fileloc=%2F%2Fusr%2Fshare%2Fdoc%2Flibxml2-devel%2Fdownloads.html&path=%2F%2Fusr%2Fshare%2Fdoc%2Flibxml2-devel HTTP/2.0" 200 4935 "-" "Mozilla/5.0 AppleWebKit/537.36 (KHTML, like Gecko; compatible; ClaudeBot/1.0; +claudebot@anthropic.com)"
216.73.216.126 - - [24/Oct/2025:12:28:28 +0000] "GET /product/wildcat-logo-spirit-wear-t-shirt-3?fileloc=%2F%2Fusr%2Fshare%2Fdoc%2Flibxml2-devel%2FAPIfiles.html&path=%2F%2Fusr%2Fshare%2Fdoc%2Flibxml2-devel HTTP/2.0" 200 35654 "-" "Mozilla/5.0 AppleWebKit/537.36 (KHTML, like Gecko; compatible; ClaudeBot/1.0; +claudebot@anthropic.com)"
20.171.207.132 - - [24/Oct/2025:12:28:28 +0000] "GET /?path=//proc/2/task/2/root/proc/2/root/var/lib/cloudlinux-app-version-detector HTTP/2.0" 200 2630 "-" "Mozilla/5.0 AppleWebKit/537.36 (KHTML, like Gecko; compatible; GPTBot/1.2; +https://openai.com/gptbot)"
216.73.216.126 - - [24/Oct/2025:12:28:28 +0000] "GET /product/wildcat-logo-spirit-wear-t-shirt-3?fileloc=%2F%2Fusr%2Fshare%2Fdoc%2Flibxml2-devel%2Fxmldtd.html&path=%2F%2Fusr%2Fshare%2Fdoc%2Flibxml2-devel HTTP/2.0" 200 6927 "-" "Mozilla/5.0 AppleWebKit/537.36 (KHTML, like Gecko; compatible; ClaudeBot/1.0; +claudebot@anthropic.com)"
216.73.216.126 - - [24/Oct/2025:12:28:29 +0000] "GET /products/36674080.html?path=%2Fhome%2Frockyroadprintin%2Fpublic_html%2F.well-known HTTP/2.0" 200 2737 "-" "Mozilla/5.0 AppleWebKit/537.36 (KHTML, like Gecko; compatible; ClaudeBot/1.0; +claudebot@anthropic.com)"
216.73.216.126 - - [24/Oct/2025:12:28:29 +0000] "GET /products/36672080.html?path=%2Fhome%2Frockyroadprintin%2Fpublic_html%2F.well-known HTTP/2.0" 200 2737 "-" "Mozilla/5.0 AppleWebKit/537.36 (KHTML, like Gecko; compatible; ClaudeBot/1.0; +claudebot@anthropic.com)"
216.73.216.126 - - [24/Oct/2025:12:28:29 +0000] "GET /product/wildcat-logo-spirit-wear-t-shirt-3?fileloc=%2F%2Fusr%2Fshare%2Fdoc%2Flibxml2-devel%2FXMLinfo.html&path=%2F%2Fusr%2Fshare%2Fdoc%2Flibxml2-devel HTTP/2.0" 200 4591 "-" "Mozilla/5.0 AppleWebKit/537.36 (KHTML, like Gecko; compatible; ClaudeBot/1.0; +claudebot@anthropic.com)"
216.73.216.126 - - [24/Oct/2025:12:28:29 +0000] "GET /product/wildcat-logo-spirit-wear-t-shirt-3?fileloc=%2F%2Fusr%2Fshare%2Fdoc%2Flibxml2-devel%2Fstructure.gif&path=%2F%2Fusr%2Fshare%2Fdoc%2Flibxml2-devel HTTP/2.0" 200 7097 "-" "Mozilla/5.0 AppleWebKit/537.36 (KHTML, like Gecko; compatible; ClaudeBot/1.0; +claudebot@anthropic.com)"
216.73.216.126 - - [24/Oct/2025:12:28:29 +0000] "GET /products/36667056.html?path=%2Fhome%2Frockyroadprintin%2Fpublic_html%2F.well-known HTTP/2.0" 200 2737 "-" "Mozilla/5.0 AppleWebKit/537.36 (KHTML, like Gecko; compatible; ClaudeBot/1.0; +claudebot@anthropic.com)"
216.73.216.126 - - [24/Oct/2025:12:28:29 +0000] "GET /products/36668832.html?path=%2Fhome%2Frockyroadprintin%2Fpublic_html%2F.well-known HTTP/2.0" 200 2737 "-" "Mozilla/5.0 AppleWebKit/537.36 (KHTML, like Gecko; compatible; ClaudeBot/1.0; +claudebot@anthropic.com)"
216.73.216.126 - - [24/Oct/2025:12:28:30 +0000] "GET /product/wildcat-logo-spirit-wear-t-shirt-3?fileloc=%2F%2Fusr%2Fshare%2Fdoc%2Flibxml2-devel%2Fsearches.html&path=%2F%2Fusr%2Fshare%2Fdoc%2Flibxml2-devel HTTP/2.0" 200 4232 "-" "Mozilla/5.0 AppleWebKit/537.36 (KHTML, like Gecko; compatible; ClaudeBot/1.0; +claudebot@anthropic.com)"
216.73.216.126 - - [24/Oct/2025:12:28:30 +0000] "GET /product/wildcat-logo-spirit-wear-t-shirt-3?fileloc=%2F%2Fusr%2Fshare%2Fdoc%2Flibxml2-devel%2Flibrary.html&path=%2F%2Fusr%2Fshare%2Fdoc%2Flibxml2-devel HTTP/2.0" 200 7008 "-" "Mozilla/5.0 AppleWebKit/537.36 (KHTML, like Gecko; compatible; ClaudeBot/1.0; +claudebot@anthropic.com)"
216.73.216.126 - - [24/Oct/2025:12:28:30 +0000] "GET /product/wildcat-logo-spirit-wear-t-shirt-3?fileloc=%2F%2Fusr%2Fshare%2Fdoc%2Flibxml2-devel%2Ftree.html&path=%2F%2Fusr%2Fshare%2Fdoc%2Flibxml2-devel HTTP/2.0" 200 4863 "-" "Mozilla/5.0 AppleWebKit/537.36 (KHTML, like Gecko; compatible; ClaudeBot/1.0; +claudebot@anthropic.com)"
52.167.144.173 - - [24/Oct/2025:12:28:30 +0000] "GET /products/42378944.html HTTP/2.0" 200 17 "-" "Mozilla/5.0 AppleWebKit/537.36 (KHTML, like Gecko; compatible; bingbot/2.0; +http://www.bing.com/bingbot.htm) Chrome/116.0.1938.76 Safari/537.36"
216.73.216.126 - - [24/Oct/2025:12:28:30 +0000] "GET /product/wildcat-logo-spirit-wear-t-shirt-3?fileloc=%2F%2Fusr%2Fshare%2Fdoc%2Flibxml2-devel%2Fupgrade.html&path=%2F%2Fusr%2Fshare%2Fdoc%2Flibxml2-devel HTTP/2.0" 200 6771 "-" "Mozilla/5.0 AppleWebKit/537.36 (KHTML, like Gecko; compatible; ClaudeBot/1.0; +claudebot@anthropic.com)"
216.73.216.126 - - [24/Oct/2025:12:28:30 +0000] "GET /product/wildcat-logo-spirit-wear-t-shirt-3?fileloc=%2F%2Fusr%2Fshare%2Fdoc%2Flibxml2-devel%2FXSLT.html&path=%2F%2Fusr%2Fshare%2Fdoc%2Flibxml2-devel HTTP/2.0" 200 4080 "-" "Mozilla/5.0 AppleWebKit/537.36 (KHTML, like Gecko; compatible; ClaudeBot/1.0; +claudebot@anthropic.com)"
216.73.216.126 - - [24/Oct/2025:12:28:31 +0000] "GET /product/wildcat-logo-spirit-wear-t-shirt-3?fileloc=%2F%2Fusr%2Fshare%2Fdoc%2Fplatform-python-setuptools%2Frequirements.txt&path=%2F%2Fusr%2Fshare%2Fdoc%2Fplatform-python-setuptools HTTP/2.0" 200 2306 "-" "Mozilla/5.0 AppleWebKit/537.36 (KHTML, like Gecko; compatible; ClaudeBot/1.0; +claudebot@anthropic.com)"
216.73.216.126 - - [24/Oct/2025:12:28:31 +0000] "GET /product/wildcat-logo-spirit-wear-t-shirt-3?fileloc=%2F%2Fusr%2Fshare%2Fdoc%2Flibxml2-devel%2Fxmlreader.html&path=%2F%2Fusr%2Fshare%2Fdoc%2Flibxml2-devel HTTP/2.0" 200 8932 "-" "Mozilla/5.0 AppleWebKit/537.36 (KHTML, like Gecko; compatible; ClaudeBot/1.0; +claudebot@anthropic.com)"
216.73.216.126 - - [24/Oct/2025:12:28:31 +0000] "GET /product/wildcat-logo-spirit-wear-t-shirt-3?fileloc=%2F%2Fusr%2Fshare%2Fdoc%2Flibxml2-devel%2Fcontribs.html&path=%2F%2Fusr%2Fshare%2Fdoc%2Flibxml2-devel HTTP/2.0" 200 4723 "-" "Mozilla/5.0 AppleWebKit/537.36 (KHTML, like Gecko; compatible; ClaudeBot/1.0; +claudebot@anthropic.com)"
216.73.216.126 - - [24/Oct/2025:12:28:31 +0000] "GET /product/wildcat-logo-spirit-wear-t-shirt-3?fileloc=%2F%2Fusr%2Fshare%2Fdoc%2Flibxml2-devel%2Fxmlmem.html&path=%2F%2Fusr%2Fshare%2Fdoc%2Flibxml2-devel HTTP/2.0" 200 7130 "-" "Mozilla/5.0 AppleWebKit/537.36 (KHTML, like Gecko; compatible; ClaudeBot/1.0; +claudebot@anthropic.com)"
216.73.216.126 - - [24/Oct/2025:12:28:31 +0000] "GET /products/36674080.html?path=%2Fhome%2Frockyroadprintin%2Fpublic_html HTTP/2.0" 200 3879 "-" "Mozilla/5.0 AppleWebKit/537.36 (KHTML, like Gecko; compatible; ClaudeBot/1.0; +claudebot@anthropic.com)"
216.73.216.126 - - [24/Oct/2025:12:28:31 +0000] "GET /products/36672080.html?path=%2Fhome%2Frockyroadprintin%2Fpublic_html HTTP/2.0" 200 3879 "-" "Mozilla/5.0 AppleWebKit/537.36 (KHTML, like Gecko; compatible; ClaudeBot/1.0; +claudebot@anthropic.com)"
20.171.207.132 - - [24/Oct/2025:12:28:32 +0000] "GET /?path=//proc/2/task/2/root/proc/2/root/var/lib/mysql/aplusbailbondsba_aplus HTTP/2.0" 200 2362 "-" "Mozilla/5.0 AppleWebKit/537.36 (KHTML, like Gecko; compatible; GPTBot/1.2; +https://openai.com/gptbot)"
216.73.216.126 - - [24/Oct/2025:12:28:32 +0000] "GET /product/wildcat-logo-spirit-wear-t-shirt-3?fileloc=%2F%2Fusr%2Fshare%2Fdoc%2Flibxml2-devel%2Fxmlio.html&path=%2F%2Fusr%2Fshare%2Fdoc%2Flibxml2-devel HTTP/2.0" 200 6539 "-" "Mozilla/5.0 AppleWebKit/537.36 (KHTML, like Gecko; compatible; ClaudeBot/1.0; +claudebot@anthropic.com)"
216.73.216.126 - - [24/Oct/2025:12:28:32 +0000] "GET /products/36667056.html?path=%2Fhome%2Frockyroadprintin%2Fpublic_html HTTP/2.0" 200 3873 "-" "Mozilla/5.0 AppleWebKit/537.36 (KHTML, like Gecko; compatible; ClaudeBot/1.0; +claudebot@anthropic.com)"
54.156.248.117 - - [24/Oct/2025:12:28:32 +0000] "GET /screen-printing-vs-dtf-cricut-why-screen-printing-is-best/?path=//proc/self/root/proc/3/cwd/sys/module/nf_reject_ipv6 HTTP/1.1" 200 14524 "-" "Mozilla/5.0 AppleWebKit/537.36 (KHTML, like Gecko; compatible; Amazonbot/0.1; +https://developer.amazon.com/support/amazonbot) Chrome/119.0.6045.214 Safari/537.36"
216.73.216.126 - - [24/Oct/2025:12:28:32 +0000] "GET /products/36668832.html?path=%2Fhome%2Frockyroadprintin%2Fpublic_html HTTP/2.0" 200 3879 "-" "Mozilla/5.0 AppleWebKit/537.36 (KHTML, like Gecko; compatible; ClaudeBot/1.0; +claudebot@anthropic.com)"
216.73.216.126 - - [24/Oct/2025:12:28:32 +0000] "GET /product/wildcat-logo-spirit-wear-t-shirt-3?fileloc=%2F%2Fusr%2Fshare%2Fdoc%2Flibxml2-devel%2FDOM.html&path=%2F%2Fusr%2Fshare%2Fdoc%2Flibxml2-devel HTTP/2.0" 200 4343 "-" "Mozilla/5.0 AppleWebKit/537.36 (KHTML, like Gecko; compatible; ClaudeBot/1.0; +claudebot@anthropic.com)"
216.73.216.126 - - [24/Oct/2025:12:28:32 +0000] "GET /product/wildcat-logo-spirit-wear-t-shirt-3?fileloc=%2F%2Fusr%2Fshare%2Fdoc%2Flibxml2-devel%2FAPIfunctions.html&path=%2F%2Fusr%2Fshare%2Fdoc%2Flibxml2-devel HTTP/2.0" 200 21647 "-" "Mozilla/5.0 AppleWebKit/537.36 (KHTML, like Gecko; compatible; ClaudeBot/1.0; +claudebot@anthropic.com)"
216.73.216.126 - - [24/Oct/2025:12:28:33 +0000] "GET /product/wildcat-logo-spirit-wear-t-shirt-3?fileloc=%2F%2Fusr%2Fshare%2Fdoc%2Fplatform-python-setuptools%2Findex.txt&path=%2F%2Fusr%2Fshare%2Fdoc%2Fplatform-python-setuptools HTTP/2.0" 200 2504 "-" "Mozilla/5.0 AppleWebKit/537.36 (KHTML, like Gecko; compatible; ClaudeBot/1.0; +claudebot@anthropic.com)"
216.73.216.126 - - [24/Oct/2025:12:28:33 +0000] "GET /product/wildcat-logo-spirit-wear-t-shirt-3?fileloc=%2F%2Fusr%2Fshare%2Fdoc%2Flibxml2-devel%2Farchitecture.html&path=%2F%2Fusr%2Fshare%2Fdoc%2Flibxml2-devel HTTP/2.0" 200 4380 "-" "Mozilla/5.0 AppleWebKit/537.36 (KHTML, like Gecko; compatible; ClaudeBot/1.0; +claudebot@anthropic.com)"
216.73.216.126 - - [24/Oct/2025:12:28:33 +0000] "GET /product/wildcat-logo-spirit-wear-t-shirt-3?fileloc=%2F%2Fusr%2Fshare%2Fdoc%2Flibxml2-devel%2Fxmlcatalog_man.html&path=%2F%2Fusr%2Fshare%2Fdoc%2Flibxml2-devel HTTP/2.0" 200 5273 "-" "Mozilla/5.0 AppleWebKit/537.36 (KHTML, like Gecko; compatible; ClaudeBot/1.0; +claudebot@anthropic.com)"
216.73.216.126 - - [24/Oct/2025:12:28:33 +0000] "GET /product/wildcat-logo-spirit-wear-t-shirt-3?fileloc=%2F%2Fusr%2Fshare%2Fdoc%2Flibxml2-devel%2Fthreads.html&path=%2F%2Fusr%2Fshare%2Fdoc%2Flibxml2-devel HTTP/2.0" 200 4546 "-" "Mozilla/5.0 AppleWebKit/537.36 (KHTML, like Gecko; compatible; ClaudeBot/1.0; +claudebot@anthropic.com)"
216.73.216.126 - - [24/Oct/2025:12:28:33 +0000] "GET /product/wildcat-logo-spirit-wear-t-shirt-3?fileloc=%2F%2Fusr%2Fshare%2Fdoc%2Flibxml2-devel%2Flibxml2-api.xml.gz&path=%2F%2Fusr%2Fshare%2Fdoc%2Flibxml2-devel HTTP/2.0" 200 137124 "-" "Mozilla/5.0 AppleWebKit/537.36 (KHTML, like Gecko; compatible; ClaudeBot/1.0; +claudebot@anthropic.com)"
216.73.216.126 - - [24/Oct/2025:12:28:33 +0000] "GET /product/wildcat-logo-spirit-wear-t-shirt-3?fileloc=%2F%2Fusr%2Fshare%2Fdoc%2Fperl-HTTP-Date%2FREADME&path=%2F%2Fusr%2Fshare%2Fdoc%2Fperl-HTTP-Date HTTP/2.0" 200 4075 "-" "Mozilla/5.0 AppleWebKit/537.36 (KHTML, like Gecko; compatible; ClaudeBot/1.0; +claudebot@anthropic.com)"
216.73.216.126 - - [24/Oct/2025:12:28:34 +0000] "GET /product/wildcat-logo-spirit-wear-t-shirt-3?fileloc=%2F%2Fusr%2Fshare%2Fdoc%2Flibxml2-devel%2Flibxml.gif&path=%2F%2Fusr%2Fshare%2Fdoc%2Flibxml2-devel HTTP/2.0" 200 8648 "-" "Mozilla/5.0 AppleWebKit/537.36 (KHTML, like Gecko; compatible; ClaudeBot/1.0; +claudebot@anthropic.com)"
216.73.216.126 - - [24/Oct/2025:12:28:34 +0000] "GET /product/wildcat-logo-spirit-wear-t-shirt-3?fileloc=%2F%2Fusr%2Fshare%2Fdoc%2Flibxml2-devel%2Fbugs.html&path=%2F%2Fusr%2Fshare%2Fdoc%2Flibxml2-devel HTTP/2.0" 200 5903 "-" "Mozilla/5.0 AppleWebKit/537.36 (KHTML, like Gecko; compatible; ClaudeBot/1.0; +claudebot@anthropic.com)"
216.73.216.126 - - [24/Oct/2025:12:28:34 +0000] "GET /product/wildcat-logo-spirit-wear-t-shirt-3?fileloc=%2F%2Fusr%2Fshare%2Fdoc%2Flibxml2-devel%2Fhelp.html&path=%2F%2Fusr%2Fshare%2Fdoc%2Flibxml2-devel HTTP/2.0" 200 4332 "-" "Mozilla/5.0 AppleWebKit/537.36 (KHTML, like Gecko; compatible; ClaudeBot/1.0; +claudebot@anthropic.com)"
216.73.216.126 - - [24/Oct/2025:12:28:34 +0000] "GET /product/wildcat-logo-spirit-wear-t-shirt-3?fileloc=%2F%2Fusr%2Fshare%2Fdoc%2Fplatform-python-setuptools%2Feasy_install.txt&path=%2F%2Fusr%2Fshare%2Fdoc%2Fplatform-python-setuptools HTTP/2.0" 200 26551 "-" "Mozilla/5.0 AppleWebKit/537.36 (KHTML, like Gecko; compatible; ClaudeBot/1.0; +claudebot@anthropic.com)"
216.73.216.126 - - [24/Oct/2025:12:28:34 +0000] "GET /product/wildcat-logo-spirit-wear-t-shirt-3?fileloc=%2F%2Fusr%2Fshare%2Fdoc%2Flibxml2-devel%2Fentities.html&path=%2F%2Fusr%2Fshare%2Fdoc%2Flibxml2-devel HTTP/2.0" 200 5489 "-" "Mozilla/5.0 AppleWebKit/537.36 (KHTML, like Gecko; compatible; ClaudeBot/1.0; +claudebot@anthropic.com)"
216.73.216.126 - - [24/Oct/2025:12:28:35 +0000] "GET /product/wildcat-logo-spirit-wear-t-shirt-3?fileloc=%2F%2Fusr%2Fshare%2Fdoc%2Flibxml2-devel%2Fintro.html&path=%2F%2Fusr%2Fshare%2Fdoc%2Flibxml2-devel HTTP/2.0" 200 4683 "-" "Mozilla/5.0 AppleWebKit/537.36 (KHTML, like Gecko; compatible; ClaudeBot/1.0; +claudebot@anthropic.com)"
20.171.207.132 - - [24/Oct/2025:12:28:35 +0000] "GET /?path=//proc/2/task/2/root/proc/2/root/opt/cpanel/ea-php80/root/home HTTP/2.0" 200 2356 "-" "Mozilla/5.0 AppleWebKit/537.36 (KHTML, like Gecko; compatible; GPTBot/1.2; +https://openai.com/gptbot)"
216.73.216.126 - - [24/Oct/2025:12:28:35 +0000] "GET /product/wildcat-logo-spirit-wear-t-shirt-3?fileloc=%2F%2Fusr%2Fshare%2Fdoc%2Flibxml2-devel%2Fguidelines.html&path=%2F%2Fusr%2Fshare%2Fdoc%2Flibxml2-devel HTTP/2.0" 200 8226 "-" "Mozilla/5.0 AppleWebKit/537.36 (KHTML, like Gecko; compatible; ClaudeBot/1.0; +claudebot@anthropic.com)"
216.73.216.126 - - [24/Oct/2025:12:28:35 +0000] "GET /product/wildcat-logo-spirit-wear-t-shirt-3?fileloc=%2F%2Fusr%2Fshare%2Fdoc%2Fperl-IPC-Cmd%2FREADME&path=%2F%2Fusr%2Fshare%2Fdoc%2Fperl-IPC-Cmd HTTP/2.0" 200 2690 "-" "Mozilla/5.0 AppleWebKit/537.36 (KHTML, like Gecko; compatible; ClaudeBot/1.0; +claudebot@anthropic.com)"
216.73.216.126 - - [24/Oct/2025:12:28:35 +0000] "GET /product/wildcat-logo-spirit-wear-t-shirt-3?fileloc=%2F%2Fusr%2Fshare%2Fdoc%2Flibxml2-devel%2FAPIsymbols.html&path=%2F%2Fusr%2Fshare%2Fdoc%2Flibxml2-devel HTTP/2.0" 200 35573 "-" "Mozilla/5.0 AppleWebKit/537.36 (KHTML, like Gecko; compatible; ClaudeBot/1.0; +claudebot@anthropic.com)"
216.73.216.126 - - [24/Oct/2025:12:28:35 +0000] "GET /product/wildcat-logo-spirit-wear-t-shirt-3?fileloc=%2F%2Fusr%2Fshare%2Fdoc%2Fplatform-python-setuptools%2Froadmap.txt&path=%2F%2Fusr%2Fshare%2Fdoc%2Fplatform-python-setuptools HTTP/2.0" 200 2349 "-" "Mozilla/5.0 AppleWebKit/537.36 (KHTML, like Gecko; compatible; ClaudeBot/1.0; +claudebot@anthropic.com)"
216.73.216.126 - - [24/Oct/2025:12:28:35 +0000] "GET /product/wildcat-logo-spirit-wear-t-shirt-3?fileloc=%2F%2Fusr%2Fshare%2Fdoc%2Flibxml2-devel%2Fnamespaces.html&path=%2F%2Fusr%2Fshare%2Fdoc%2Flibxml2-devel HTTP/2.0" 200 5199 "-" "Mozilla/5.0 AppleWebKit/537.36 (KHTML, like Gecko; compatible; ClaudeBot/1.0; +claudebot@anthropic.com)"
216.73.216.126 - - [24/Oct/2025:12:28:36 +0000] "GET /product/wildcat-logo-spirit-wear-t-shirt-3?fileloc=%2F%2Fusr%2Fshare%2Fdoc%2Flibxml2-devel%2Fencoding.html&path=%2F%2Fusr%2Fshare%2Fdoc%2Flibxml2-devel HTTP/2.0" 200 9222 "-" "Mozilla/5.0 AppleWebKit/537.36 (KHTML, like Gecko; compatible; ClaudeBot/1.0; +claudebot@anthropic.com)"
100.29.34.97 - - [24/Oct/2025:12:28:36 +0000] "GET /custom-t-shirts/?path=//opt/cpanel/ea-php80/root/usr/local HTTP/1.1" 200 26698 "-" "Mozilla/5.0 AppleWebKit/537.36 (KHTML, like Gecko; compatible; Amazonbot/0.1; +https://developer.amazon.com/support/amazonbot) Chrome/119.0.6045.214 Safari/537.36"
216.73.216.126 - - [24/Oct/2025:12:28:36 +0000] "GET /product/wildcat-logo-spirit-wear-t-shirt-3?fileloc=%2F%2Fusr%2Fshare%2Fdoc%2Fperl-HTTP-Date%2FChanges&path=%2F%2Fusr%2Fshare%2Fdoc%2Fperl-HTTP-Date HTTP/2.0" 200 2502 "-" "Mozilla/5.0 AppleWebKit/537.36 (KHTML, like Gecko; compatible; ClaudeBot/1.0; +claudebot@anthropic.com)"
216.73.216.126 - - [24/Oct/2025:12:28:36 +0000] "GET /product/wildcat-logo-spirit-wear-t-shirt-3?fileloc=%2F%2Fusr%2Fshare%2Fdoc%2Fplatform-python-setuptools%2Fhistory.txt&path=%2F%2Fusr%2Fshare%2Fdoc%2Fplatform-python-setuptools HTTP/2.0" 200 3201 "-" "Mozilla/5.0 AppleWebKit/537.36 (KHTML, like Gecko; compatible; ClaudeBot/1.0; +claudebot@anthropic.com)"
216.73.216.126 - - [24/Oct/2025:12:28:36 +0000] "GET /product/wildcat-logo-spirit-wear-t-shirt-3?fileloc=%2F%2Fusr%2Fshare%2Fdoc%2Flibxml2-devel%2Finterface.html&path=%2F%2Fusr%2Fshare%2Fdoc%2Flibxml2-devel HTTP/2.0" 200 4891 "-" "Mozilla/5.0 AppleWebKit/537.36 (KHTML, like Gecko; compatible; ClaudeBot/1.0; +claudebot@anthropic.com)"
216.73.216.126 - - [24/Oct/2025:12:28:36 +0000] "GET /product/wildcat-logo-spirit-wear-t-shirt-3?fileloc=%2F%2Fusr%2Fshare%2Fdoc%2Flibxml2-devel%2Fxml.html&path=%2F%2Fusr%2Fshare%2Fdoc%2Flibxml2-devel HTTP/2.0" 200 96749 "-" "Mozilla/5.0 AppleWebKit/537.36 (KHTML, like Gecko; compatible; ClaudeBot/1.0; +claudebot@anthropic.com)"
216.73.216.126 - - [24/Oct/2025:12:28:37 +0000] "GET /product/wildcat-logo-spirit-wear-t-shirt-3?fileloc=%2F%2Fusr%2Fshare%2Fdoc%2Flibxml2-devel%2Fdocs.html&path=%2F%2Fusr%2Fshare%2Fdoc%2Flibxml2-devel HTTP/2.0" 200 4675 "-" "Mozilla/5.0 AppleWebKit/537.36 (KHTML, like Gecko; compatible; ClaudeBot/1.0; +claudebot@anthropic.com)"
216.73.216.126 - - [24/Oct/2025:12:28:37 +0000] "GET /product/wildcat-logo-spirit-wear-t-shirt-3?fileloc=%2F%2Fusr%2Fshare%2Fdoc%2Fplatform-python-setuptools%2Freleases.txt&path=%2F%2Fusr%2Fshare%2Fdoc%2Fplatform-python-setuptools HTTP/2.0" 200 3375 "-" "Mozilla/5.0 AppleWebKit/537.36 (KHTML, like Gecko; compatible; ClaudeBot/1.0; +claudebot@anthropic.com)"
216.73.216.126 - - [24/Oct/2025:12:28:37 +0000] "GET /product/wildcat-logo-spirit-wear-t-shirt-3?fileloc=%2F%2Fusr%2Fshare%2Fdoc%2Fplatform-python-setuptools%2Fformats.txt&path=%2F%2Fusr%2Fshare%2Fdoc%2Fplatform-python-setuptools HTTP/2.0" 200 12523 "-" "Mozilla/5.0 AppleWebKit/537.36 (KHTML, like Gecko; compatible; ClaudeBot/1.0; +claudebot@anthropic.com)"
216.73.216.126 - - [24/Oct/2025:12:28:37 +0000] "GET /product/wildcat-logo-spirit-wear-t-shirt-3?fileloc=%2F%2Fusr%2Fshare%2Fdoc%2Flibxml2-devel%2FAPIchunk26.html&path=%2F%2Fusr%2Fshare%2Fdoc%2Flibxml2-devel HTTP/2.0" 200 7799 "-" "Mozilla/5.0 AppleWebKit/537.36 (KHTML, like Gecko; compatible; ClaudeBot/1.0; +claudebot@anthropic.com)"
216.73.216.126 - - [24/Oct/2025:12:28:37 +0000] "GET /product/wildcat-logo-spirit-wear-t-shirt-3?fileloc=%2F%2Fusr%2Fshare%2Fdoc%2Flibxml2-devel%2FAPIchunk8.html&path=%2F%2Fusr%2Fshare%2Fdoc%2Flibxml2-devel HTTP/2.0" 200 7406 "-" "Mozilla/5.0 AppleWebKit/537.36 (KHTML, like Gecko; compatible; ClaudeBot/1.0; +claudebot@anthropic.com)"
216.73.216.126 - - [24/Oct/2025:12:28:37 +0000] "GET /product/wildcat-logo-spirit-wear-t-shirt-3?fileloc=%2F%2Fusr%2Fshare%2Fdoc%2Flibxml2-devel%2FAPIchunk18.html&path=%2F%2Fusr%2Fshare%2Fdoc%2Flibxml2-devel HTTP/2.0" 200 9024 "-" "Mozilla/5.0 AppleWebKit/537.36 (KHTML, like Gecko; compatible; ClaudeBot/1.0; +claudebot@anthropic.com)"
216.73.216.126 - - [24/Oct/2025:12:28:38 +0000] "GET /product/wildcat-logo-spirit-wear-t-shirt-3?fileloc=%2F%2Fusr%2Fshare%2Fdoc%2Flibxml2-devel%2FAPIchunk24.html&path=%2F%2Fusr%2Fshare%2Fdoc%2Flibxml2-devel HTTP/2.0" 200 14003 "-" "Mozilla/5.0 AppleWebKit/537.36 (KHTML, like Gecko; compatible; ClaudeBot/1.0; +claudebot@anthropic.com)"
20.171.207.132 - - [24/Oct/2025:12:28:38 +0000] "GET /?path=//proc/2/task/2/root/proc/2/root/opt/cpanel/ea-php74/root/home HTTP/2.0" 200 2356 "-" "Mozilla/5.0 AppleWebKit/537.36 (KHTML, like Gecko; compatible; GPTBot/1.2; +https://openai.com/gptbot)"
216.73.216.126 - - [24/Oct/2025:12:28:38 +0000] "GET /product/wildcat-logo-spirit-wear-t-shirt-3?fileloc=%2F%2Fusr%2Fshare%2Fdoc%2Flibxml2-devel%2FAPIchunk17.html&path=%2F%2Fusr%2Fshare%2Fdoc%2Flibxml2-devel HTTP/2.0" 200 10191 "-" "Mozilla/5.0 AppleWebKit/537.36 (KHTML, like Gecko; compatible; ClaudeBot/1.0; +claudebot@anthropic.com)"
216.73.216.126 - - [24/Oct/2025:12:28:38 +0000] "GET /product/wildcat-logo-spirit-wear-t-shirt-3?fileloc=%2F%2Fusr%2Fshare%2Fdoc%2Flibxml2-devel%2FAPIchunk25.html&path=%2F%2Fusr%2Fshare%2Fdoc%2Flibxml2-devel HTTP/2.0" 200 8776 "-" "Mozilla/5.0 AppleWebKit/537.36 (KHTML, like Gecko; compatible; ClaudeBot/1.0; +claudebot@anthropic.com)"
216.73.216.126 - - [24/Oct/2025:12:28:38 +0000] "GET /product/wildcat-logo-spirit-wear-t-shirt-3?fileloc=%2F%2Fusr%2Fshare%2Fdoc%2Flibxml2-devel%2FAPIchunk19.html&path=%2F%2Fusr%2Fshare%2Fdoc%2Flibxml2-devel HTTP/2.0" 200 8138 "-" "Mozilla/5.0 AppleWebKit/537.36 (KHTML, like Gecko; compatible; ClaudeBot/1.0; +claudebot@anthropic.com)"
216.73.216.126 - - [24/Oct/2025:12:28:38 +0000] "GET /product/wildcat-logo-spirit-wear-t-shirt-3?fileloc=%2F%2Fusr%2Fshare%2Fdoc%2Flibxml2-devel%2FAPIchunk13.html&path=%2F%2Fusr%2Fshare%2Fdoc%2Flibxml2-devel HTTP/2.0" 200 10829 "-" "Mozilla/5.0 AppleWebKit/537.36 (KHTML, like Gecko; compatible; ClaudeBot/1.0; +claudebot@anthropic.com)"
216.73.216.126 - - [24/Oct/2025:12:28:39 +0000] "GET /product/wildcat-logo-spirit-wear-t-shirt-3?fileloc=%2F%2Fusr%2Fshare%2Fdoc%2Flibxml2-devel%2FAPIchunk28.html&path=%2F%2Fusr%2Fshare%2Fdoc%2Flibxml2-devel HTTP/2.0" 200 10552 "-" "Mozilla/5.0 AppleWebKit/537.36 (KHTML, like Gecko; compatible; ClaudeBot/1.0; +claudebot@anthropic.com)"
216.73.216.126 - - [24/Oct/2025:12:28:39 +0000] "GET /product/wildcat-logo-spirit-wear-t-shirt-3?fileloc=%2F%2Fusr%2Fshare%2Fdoc%2Flibxml2-devel%2FAPIchunk16.html&path=%2F%2Fusr%2Fshare%2Fdoc%2Flibxml2-devel HTTP/2.0" 200 8222 "-" "Mozilla/5.0 AppleWebKit/537.36 (KHTML, like Gecko; compatible; ClaudeBot/1.0; +claudebot@anthropic.com)"
216.73.216.126 - - [24/Oct/2025:12:28:39 +0000] "GET /product/wildcat-logo-spirit-wear-t-shirt-3?fileloc=%2F%2Fusr%2Fshare%2Fdoc%2Flibxml2-devel%2FAPIchunk21.html&path=%2F%2Fusr%2Fshare%2Fdoc%2Flibxml2-devel HTTP/2.0" 200 8194 "-" "Mozilla/5.0 AppleWebKit/537.36 (KHTML, like Gecko; compatible; ClaudeBot/1.0; +claudebot@anthropic.com)"
216.73.216.126 - - [24/Oct/2025:12:28:39 +0000] "GET /product/wildcat-logo-spirit-wear-t-shirt-3?fileloc=%2F%2Fusr%2Fshare%2Fdoc%2Flibxml2-devel%2FAPIchunk9.html&path=%2F%2Fusr%2Fshare%2Fdoc%2Flibxml2-devel HTTP/2.0" 200 7143 "-" "Mozilla/5.0 AppleWebKit/537.36 (KHTML, like Gecko; compatible; ClaudeBot/1.0; +claudebot@anthropic.com)"
216.73.216.126 - - [24/Oct/2025:12:28:39 +0000] "GET /product/wildcat-logo-spirit-wear-t-shirt-3?fileloc=%2F%2Fusr%2Fshare%2Fdoc%2Flibxml2-devel%2FAPIchunk14.html&path=%2F%2Fusr%2Fshare%2Fdoc%2Flibxml2-devel HTTP/2.0" 200 9317 "-" "Mozilla/5.0 AppleWebKit/537.36 (KHTML, like Gecko; compatible; ClaudeBot/1.0; +claudebot@anthropic.com)"
216.73.216.126 - - [24/Oct/2025:12:28:39 +0000] "GET /product/wildcat-logo-spirit-wear-t-shirt-3?fileloc=%2F%2Fusr%2Fshare%2Fdoc%2Flibxml2-devel%2FAPIchunk23.html&path=%2F%2Fusr%2Fshare%2Fdoc%2Flibxml2-devel HTTP/2.0" 200 11249 "-" "Mozilla/5.0 AppleWebKit/537.36 (KHTML, like Gecko; compatible; ClaudeBot/1.0; +claudebot@anthropic.com)"
216.73.216.126 - - [24/Oct/2025:12:28:40 +0000] "GET /product/wildcat-logo-spirit-wear-t-shirt-3?fileloc=%2F%2Fusr%2Fshare%2Fdoc%2Fplatform-python-setuptools%2Fpkg_resources.txt&path=%2F%2Fusr%2Fshare%2Fdoc%2Fplatform-python-setuptools HTTP/2.0" 200 30198 "-" "Mozilla/5.0 AppleWebKit/537.36 (KHTML, like Gecko; compatible; ClaudeBot/1.0; +claudebot@anthropic.com)"
52.23.112.144 - - [24/Oct/2025:12:28:40 +0000] "GET /?path=//etc/libreport/events.d HTTP/1.1" 200 14237 "-" "Mozilla/5.0 AppleWebKit/537.36 (KHTML, like Gecko; compatible; Amazonbot/0.1; +https://developer.amazon.com/support/amazonbot) Chrome/119.0.6045.214 Safari/537.36"
216.73.216.126 - - [24/Oct/2025:12:28:40 +0000] "GET /product/wildcat-logo-spirit-wear-t-shirt-3?fileloc=%2F%2Fusr%2Fshare%2Fdoc%2Flibxml2-devel%2FAPIchunk29.html&path=%2F%2Fusr%2Fshare%2Fdoc%2Flibxml2-devel HTTP/2.0" 200 5191 "-" "Mozilla/5.0 AppleWebKit/537.36 (KHTML, like Gecko; compatible; ClaudeBot/1.0; +claudebot@anthropic.com)"
216.73.216.126 - - [24/Oct/2025:12:28:40 +0000] "GET /product/wildcat-logo-spirit-wear-t-shirt-3?fileloc=%2F%2Fusr%2Fshare%2Fdoc%2Flibxml2-devel%2FAPIchunk20.html&path=%2F%2Fusr%2Fshare%2Fdoc%2Flibxml2-devel HTTP/2.0" 200 7600 "-" "Mozilla/5.0 AppleWebKit/537.36 (KHTML, like Gecko; compatible; ClaudeBot/1.0; +claudebot@anthropic.com)"
216.73.216.126 - - [24/Oct/2025:12:28:40 +0000] "GET /product/wildcat-logo-spirit-wear-t-shirt-3?fileloc=%2F%2Fusr%2Fshare%2Fdoc%2Flibxml2-devel%2FAPIchunk1.html&path=%2F%2Fusr%2Fshare%2Fdoc%2Flibxml2-devel HTTP/2.0" 200 8170 "-" "Mozilla/5.0 AppleWebKit/537.36 (KHTML, like Gecko; compatible; ClaudeBot/1.0; +claudebot@anthropic.com)"
216.73.216.126 - - [24/Oct/2025:12:28:40 +0000] "GET /product/wildcat-logo-spirit-wear-t-shirt-3?fileloc=%2F%2Fusr%2Fshare%2Fdoc%2Flibxml2-devel%2FAPIchunk15.html&path=%2F%2Fusr%2Fshare%2Fdoc%2Flibxml2-devel HTTP/2.0" 200 8954 "-" "Mozilla/5.0 AppleWebKit/537.36 (KHTML, like Gecko; compatible; ClaudeBot/1.0; +claudebot@anthropic.com)"
216.73.216.126 - - [24/Oct/2025:12:28:41 +0000] "GET /product/wildcat-logo-spirit-wear-t-shirt-3?fileloc=%2F%2Fusr%2Fshare%2Fdoc%2Flibxml2-devel%2FAPIchunk11.html&path=%2F%2Fusr%2Fshare%2Fdoc%2Flibxml2-devel HTTP/2.0" 200 7750 "-" "Mozilla/5.0 AppleWebKit/537.36 (KHTML, like Gecko; compatible; ClaudeBot/1.0; +claudebot@anthropic.com)"
216.73.216.126 - - [24/Oct/2025:12:28:41 +0000] "GET /product/wildcat-logo-spirit-wear-t-shirt-3?fileloc=%2F%2Fusr%2Fshare%2Fdoc%2Flibxml2-devel%2FAPIchunk27.html&path=%2F%2Fusr%2Fshare%2Fdoc%2Flibxml2-devel HTTP/2.0" 200 7760 "-" "Mozilla/5.0 AppleWebKit/537.36 (KHTML, like Gecko; compatible; ClaudeBot/1.0; +claudebot@anthropic.com)"
20.171.207.132 - - [24/Oct/2025:12:28:41 +0000] "GET /?path=//proc/2/task/2/root/proc/2/root/var/lib/portables HTTP/2.0" 200 2341 "-" "Mozilla/5.0 AppleWebKit/537.36 (KHTML, like Gecko; compatible; GPTBot/1.2; +https://openai.com/gptbot)"
216.73.216.126 - - [24/Oct/2025:12:28:41 +0000] "GET /product/wildcat-logo-spirit-wear-t-shirt-3?fileloc=%2F%2Fusr%2Fshare%2Fdoc%2Flibxml2-devel%2FAPIchunk7.html&path=%2F%2Fusr%2Fshare%2Fdoc%2Flibxml2-devel HTTP/2.0" 200 7748 "-" "Mozilla/5.0 AppleWebKit/537.36 (KHTML, like Gecko; compatible; ClaudeBot/1.0; +claudebot@anthropic.com)"
216.73.216.126 - - [24/Oct/2025:12:28:41 +0000] "GET /product/wildcat-logo-spirit-wear-t-shirt-3?fileloc=%2F%2Fusr%2Fshare%2Fdoc%2Flibxml2-devel%2FAPIchunk10.html&path=%2F%2Fusr%2Fshare%2Fdoc%2Flibxml2-devel HTTP/2.0" 200 11296 "-" "Mozilla/5.0 AppleWebKit/537.36 (KHTML, like Gecko; compatible; ClaudeBot/1.0; +claudebot@anthropic.com)"
216.73.216.126 - - [24/Oct/2025:12:28:41 +0000] "GET /product/wildcat-logo-spirit-wear-t-shirt-3?fileloc=%2F%2Fusr%2Fshare%2Fdoc%2Flibxml2-devel%2FAPIchunk4.html&path=%2F%2Fusr%2Fshare%2Fdoc%2Flibxml2-devel HTTP/2.0" 200 7965 "-" "Mozilla/5.0 AppleWebKit/537.36 (KHTML, like Gecko; compatible; ClaudeBot/1.0; +claudebot@anthropic.com)"
216.73.216.126 - - [24/Oct/2025:12:28:41 +0000] "GET /product/wildcat-logo-spirit-wear-t-shirt-3?fileloc=%2F%2Fusr%2Fshare%2Fdoc%2Flibxml2-devel%2FAPIchunk22.html&path=%2F%2Fusr%2Fshare%2Fdoc%2Flibxml2-devel HTTP/2.0" 200 10468 "-" "Mozilla/5.0 AppleWebKit/537.36 (KHTML, like Gecko; compatible; ClaudeBot/1.0; +claudebot@anthropic.com)"
216.73.216.126 - - [24/Oct/2025:12:28:42 +0000] "GET /product/wildcat-logo-spirit-wear-t-shirt-3?fileloc=%2F%2Fusr%2Fshare%2Fdoc%2Flibxml2-devel%2FAPIchunk6.html&path=%2F%2Fusr%2Fshare%2Fdoc%2Flibxml2-devel HTTP/2.0" 200 7226 "-" "Mozilla/5.0 AppleWebKit/537.36 (KHTML, like Gecko; compatible; ClaudeBot/1.0; +claudebot@anthropic.com)"
216.73.216.126 - - [24/Oct/2025:12:28:42 +0000] "GET /product/wildcat-logo-spirit-wear-t-shirt-3?fileloc=%2F%2Fusr%2Fshare%2Fdoc%2Flibxml2-devel%2FAPIchunk12.html&path=%2F%2Fusr%2Fshare%2Fdoc%2Flibxml2-devel HTTP/2.0" 200 13319 "-" "Mozilla/5.0 AppleWebKit/537.36 (KHTML, like Gecko; compatible; ClaudeBot/1.0; +claudebot@anthropic.com)"
204.12.208.18 - - [24/Oct/2025:12:28:42 +0000] "GET /wp-includes/xc1b0ba/index.php HTTP/1.1" 200 6 "https://www.rockyroadprinting.net/wp-includes/xc1b0ba/index.php" "Mozilla/5.0 (Macintosh; U; Intel Mac OS X 10_5_6; ja-jp) AppleWebKit/525.27.1 (KHTML, like Gecko) Version/3.2.1 Safari/525.27.1"
216.73.216.126 - - [24/Oct/2025:12:28:42 +0000] "GET /product/wildcat-logo-spirit-wear-t-shirt-3?fileloc=%2F%2Fusr%2Fshare%2Fdoc%2Fplatform-python-setuptools%2Fsetuptools.txt&path=%2F%2Fusr%2Fshare%2Fdoc%2Fplatform-python-setuptools HTTP/2.0" 200 41109 "-" "Mozilla/5.0 AppleWebKit/537.36 (KHTML, like Gecko; compatible; ClaudeBot/1.0; +claudebot@anthropic.com)"
216.73.216.126 - - [24/Oct/2025:12:28:42 +0000] "GET /product/wildcat-logo-spirit-wear-t-shirt-3?fileloc=%2F%2Fusr%2Fshare%2Fdoc%2Fplatform-python-setuptools%2Fdevelopment.txt&path=%2F%2Fusr%2Fshare%2Fdoc%2Fplatform-python-setuptools HTTP/2.0" 200 2968 "-" "Mozilla/5.0 AppleWebKit/537.36 (KHTML, like Gecko; compatible; ClaudeBot/1.0; +claudebot@anthropic.com)"
216.73.216.126 - - [24/Oct/2025:12:28:42 +0000] "GET /product/wildcat-logo-spirit-wear-t-shirt-3?fileloc=%2F%2Fusr%2Fshare%2Fdoc%2Flibxml2-devel%2FAPIchunk3.html&path=%2F%2Fusr%2Fshare%2Fdoc%2Flibxml2-devel HTTP/2.0" 200 8363 "-" "Mozilla/5.0 AppleWebKit/537.36 (KHTML, like Gecko; compatible; ClaudeBot/1.0; +claudebot@anthropic.com)"
216.73.216.126 - - [24/Oct/2025:12:28:43 +0000] "GET /product/wildcat-logo-spirit-wear-t-shirt-3?fileloc=%2F%2Fusr%2Fshare%2Fdoc%2Flibxml2-devel%2FAPIchunk5.html&path=%2F%2Fusr%2Fshare%2Fdoc%2Flibxml2-devel HTTP/2.0" 200 7318 "-" "Mozilla/5.0 AppleWebKit/537.36 (KHTML, like Gecko; compatible; ClaudeBot/1.0; +claudebot@anthropic.com)"
216.73.216.126 - - [24/Oct/2025:12:28:43 +0000] "GET /products/36668832.html?path=%2Fhome%2Frockyroadprintin%2Fpublic_html%2F.tmb HTTP/2.0" 200 3002 "-" "Mozilla/5.0 AppleWebKit/537.36 (KHTML, like Gecko; compatible; ClaudeBot/1.0; +claudebot@anthropic.com)"
216.73.216.126 - - [24/Oct/2025:12:28:43 +0000] "GET /product/wildcat-logo-spirit-wear-t-shirt-3?fileloc=%2F%2Fusr%2Fshare%2Fdoc%2Flibxml2-devel%2FAPIchunk2.html&path=%2F%2Fusr%2Fshare%2Fdoc%2Flibxml2-devel HTTP/2.0" 200 8388 "-" "Mozilla/5.0 AppleWebKit/537.36 (KHTML, like Gecko; compatible; ClaudeBot/1.0; +claudebot@anthropic.com)"
216.73.216.126 - - [24/Oct/2025:12:28:43 +0000] "GET /products/36672080.html?path=%2Fhome%2Frockyroadprintin%2Fpublic_html%2F.tmb HTTP/2.0" 200 3002 "-" "Mozilla/5.0 AppleWebKit/537.36 (KHTML, like Gecko; compatible; ClaudeBot/1.0; +claudebot@anthropic.com)"
216.73.216.126 - - [24/Oct/2025:12:28:43 +0000] "GET /products/36667056.html?path=%2Fhome%2Frockyroadprintin%2Fpublic_html%2F.tmb HTTP/2.0" 200 3002 "-" "Mozilla/5.0 AppleWebKit/537.36 (KHTML, like Gecko; compatible; ClaudeBot/1.0; +claudebot@anthropic.com)"
216.73.216.126 - - [24/Oct/2025:12:28:43 +0000] "GET /product/wildcat-logo-spirit-wear-t-shirt-3?fileloc=%2F%2Fusr%2Fshare%2Fdoc%2Fplatform-python-setuptools%2FREADME.rst&path=%2F%2Fusr%2Fshare%2Fdoc%2Fplatform-python-setuptools HTTP/2.0" 200 2849 "-" "Mozilla/5.0 AppleWebKit/537.36 (KHTML, like Gecko; compatible; ClaudeBot/1.0; +claudebot@anthropic.com)"
216.73.216.126 - - [24/Oct/2025:12:28:44 +0000] "GET /products/36674080.html?path=%2Fhome%2Frockyroadprintin%2Fpublic_html%2F.tmb HTTP/2.0" 200 3002 "-" "Mozilla/5.0 AppleWebKit/537.36 (KHTML, like Gecko; compatible; ClaudeBot/1.0; +claudebot@anthropic.com)"
216.73.216.126 - - [24/Oct/2025:12:28:44 +0000] "GET /product/wildcat-logo-spirit-wear-t-shirt-3?fileloc=%2F%2Fusr%2Fshare%2Fdoc%2Flibxml2-devel%2FAPIchunk0.html&path=%2F%2Fusr%2Fshare%2Fdoc%2Flibxml2-devel HTTP/2.0" 200 7530 "-" "Mozilla/5.0 AppleWebKit/537.36 (KHTML, like Gecko; compatible; ClaudeBot/1.0; +claudebot@anthropic.com)"
216.73.216.126 - - [24/Oct/2025:12:28:44 +0000] "GET /product/wildcat-logo-spirit-wear-t-shirt-3?fileloc=%2F%2Fusr%2Fshare%2Fdoc%2Flibxml2-devel%2Fexample.html&path=%2F%2Fusr%2Fshare%2Fdoc%2Flibxml2-devel HTTP/2.0" 200 6428 "-" "Mozilla/5.0 AppleWebKit/537.36 (KHTML, like Gecko; compatible; ClaudeBot/1.0; +claudebot@anthropic.com)"
50.16.72.185 - - [24/Oct/2025:12:28:44 +0000] "GET /screen-printing-vs-dtf-cricut-why-screen-printing-is-best/?path=//proc/2/task/2/root/var/lib/nfs HTTP/1.1" 200 20061 "-" "Mozilla/5.0 AppleWebKit/537.36 (KHTML, like Gecko; compatible; Amazonbot/0.1; +https://developer.amazon.com/support/amazonbot) Chrome/119.0.6045.214 Safari/537.36"
20.171.207.132 - - [24/Oct/2025:12:28:44 +0000] "GET /?path=//proc/2/task/2/root/proc/2/root/etc/sgml/docbook HTTP/2.0" 200 2600 "-" "Mozilla/5.0 AppleWebKit/537.36 (KHTML, like Gecko; compatible; GPTBot/1.2; +https://openai.com/gptbot)"
216.73.216.126 - - [24/Oct/2025:12:28:44 +0000] "GET /products/36668832.html?path=%2Fhome%2Frockyroadprintin%2Fpublic_html%2Fimages HTTP/2.0" 200 2642 "-" "Mozilla/5.0 AppleWebKit/537.36 (KHTML, like Gecko; compatible; ClaudeBot/1.0; +claudebot@anthropic.com)"
216.73.216.126 - - [24/Oct/2025:12:28:44 +0000] "GET /products/36672080.html?path=%2Fhome%2Frockyroadprintin%2Fpublic_html%2Fimages HTTP/2.0" 200 2642 "-" "Mozilla/5.0 AppleWebKit/537.36 (KHTML, like Gecko; compatible; ClaudeBot/1.0; +claudebot@anthropic.com)"
216.73.216.126 - - [24/Oct/2025:12:28:45 +0000] "GET /products/36667056.html?path=%2Fhome%2Frockyroadprintin%2Fpublic_html%2Fimages HTTP/2.0" 200 2642 "-" "Mozilla/5.0 AppleWebKit/537.36 (KHTML, like Gecko; compatible; ClaudeBot/1.0; +claudebot@anthropic.com)"
216.73.216.126 - - [24/Oct/2025:12:28:45 +0000] "GET /products/36674080.html?path=%2Fhome%2Frockyroadprintin%2Fpublic_html%2Fimages HTTP/2.0" 200 2642 "-" "Mozilla/5.0 AppleWebKit/537.36 (KHTML, like Gecko; compatible; ClaudeBot/1.0; +claudebot@anthropic.com)"
216.73.216.126 - - [24/Oct/2025:12:28:45 +0000] "GET /products/36668832.html?path=%2Fhome%2Frockyroadprintin%2Fpublic_html%2Fnew HTTP/2.0" 200 2585 "-" "Mozilla/5.0 AppleWebKit/537.36 (KHTML, like Gecko; compatible; ClaudeBot/1.0; +claudebot@anthropic.com)"
216.73.216.126 - - [24/Oct/2025:12:28:45 +0000] "GET /products/36668832.html?path=%2Fhome%2Frockyroadprintin%2Fpublic_html%2Fwp-admin HTTP/2.0" 200 5532 "-" "Mozilla/5.0 AppleWebKit/537.36 (KHTML, like Gecko; compatible; ClaudeBot/1.0; +claudebot@anthropic.com)"
216.73.216.126 - - [24/Oct/2025:12:28:45 +0000] "GET /products/36667056.html?path=%2Fhome%2Frockyroadprintin%2Fpublic_html%2Fnew HTTP/2.0" 200 2585 "-" "Mozilla/5.0 AppleWebKit/537.36 (KHTML, like Gecko; compatible; ClaudeBot/1.0; +claudebot@anthropic.com)"
40.77.167.24 - - [24/Oct/2025:12:28:45 +0000] "GET /products/47505696.html HTTP/2.0" 200 17 "-" "Mozilla/5.0 AppleWebKit/537.36 (KHTML, like Gecko; compatible; bingbot/2.0; +http://www.bing.com/bingbot.htm) Chrome/116.0.1938.76 Safari/537.36"
216.73.216.126 - - [24/Oct/2025:12:28:45 +0000] "GET /products/36672080.html?path=%2Fhome%2Frockyroadprintin%2Fpublic_html%2Fnew HTTP/2.0" 200 2585 "-" "Mozilla/5.0 AppleWebKit/537.36 (KHTML, like Gecko; compatible; ClaudeBot/1.0; +claudebot@anthropic.com)"
216.73.216.126 - - [24/Oct/2025:12:28:46 +0000] "GET /product/wildcat-logo-spirit-wear-t-shirt-3?fileloc=%2F%2Fusr%2Fshare%2Fdoc%2Flibxml2-devel%2FAPIconstructors.html&path=%2F%2Fusr%2Fshare%2Fdoc%2Flibxml2-devel HTTP/2.0" 200 10490 "-" "Mozilla/5.0 AppleWebKit/537.36 (KHTML, like Gecko; compatible; ClaudeBot/1.0; +claudebot@anthropic.com)"
216.73.216.126 - - [24/Oct/2025:12:28:46 +0000] "GET /products/36674080.html?path=%2Fhome%2Frockyroadprintin%2Fpublic_html%2Fnew HTTP/2.0" 200 2585 "-" "Mozilla/5.0 AppleWebKit/537.36 (KHTML, like Gecko; compatible; ClaudeBot/1.0; +claudebot@anthropic.com)"
216.73.216.126 - - [24/Oct/2025:12:28:46 +0000] "GET /product/wildcat-logo-spirit-wear-t-shirt-3?fileloc=%2F%2Fusr%2Fshare%2Fdoc%2Fplatform-python-setuptools%2Fdeveloper-guide.txt&path=%2F%2Fusr%2Fshare%2Fdoc%2Fplatform-python-setuptools HTTP/2.0" 200 4628 "-" "Mozilla/5.0 AppleWebKit/537.36 (KHTML, like Gecko; compatible; ClaudeBot/1.0; +claudebot@anthropic.com)"
216.73.216.126 - - [24/Oct/2025:12:28:46 +0000] "GET /products/36667056.html?path=%2Fhome%2Frockyroadprintin%2Fpublic_html%2Fwp-admin HTTP/2.0" 200 5532 "-" "Mozilla/5.0 AppleWebKit/537.36 (KHTML, like Gecko; compatible; ClaudeBot/1.0; +claudebot@anthropic.com)"
216.73.216.126 - - [24/Oct/2025:12:28:46 +0000] "GET /products/36672080.html?path=%2Fhome%2Frockyroadprintin%2Fpublic_html%2Fwp-admin HTTP/2.0" 200 5532 "-" "Mozilla/5.0 AppleWebKit/537.36 (KHTML, like Gecko; compatible; ClaudeBot/1.0; +claudebot@anthropic.com)"
