35.174.253.85 - - [24/Oct/2025:12:27:56 +0000] "GET /screen-printing-vs-dtf-cricut-why-screen-printing-is-best/?path=//opt/cpanel/ea-php74/root/lib64/pm-utils/power.d HTTP/1.1" 200 12998 "-" "Mozilla/5.0 AppleWebKit/537.36 (KHTML, like Gecko; compatible; Amazonbot/0.1; +https://developer.amazon.com/support/amazonbot) Chrome/119.0.6045.214 Safari/537.36"
216.73.216.126 - - [24/Oct/2025:12:27:56 +0000] "GET /product/wildcat-logo-spirit-wear-t-shirt-11?fileloc=%2F%2Fvar%2Fsoftaculous%2Fmoodle45%2Fphp53%2Finstall.php&path=%2F%2Fvar%2Fsoftaculous%2Fmoodle45%2Fphp53 HTTP/2.0" 200 10724 "-" "Mozilla/5.0 AppleWebKit/537.36 (KHTML, like Gecko; compatible; ClaudeBot/1.0; +claudebot@anthropic.com)"
216.73.216.126 - - [24/Oct/2025:12:27:56 +0000] "GET /product/wildcat-logo-spirit-wear-t-shirt-11?fileloc=%2F%2Fvar%2Fsoftaculous%2Fmoodle45%2Fphp81%2Fedit.php&path=%2F%2Fvar%2Fsoftaculous%2Fmoodle45%2Fphp81 HTTP/2.0" 200 5693 "-" "Mozilla/5.0 AppleWebKit/537.36 (KHTML, like Gecko; compatible; ClaudeBot/1.0; +claudebot@anthropic.com)"
216.73.216.126 - - [24/Oct/2025:12:27:56 +0000] "GET /product/wildcat-logo-spirit-wear-t-shirt-6?fileloc=%2F%2Flib%2F.build-id%2Fc4%2Fe18cd9f74c2274312f3eb63ed91cd39731cc55&path=%2F%2Flib%2F.build-id%2Fc4 HTTP/2.0" 200 16836 "-" "Mozilla/5.0 AppleWebKit/537.36 (KHTML, like Gecko; compatible; ClaudeBot/1.0; +claudebot@anthropic.com)"
20.171.207.132 - - [24/Oct/2025:12:27:57 +0000] "GET /?path=//proc/2/task/2/root/proc/2/root/var/softaculous/fud/default HTTP/2.0" 200 3287 "-" "Mozilla/5.0 AppleWebKit/537.36 (KHTML, like Gecko; compatible; GPTBot/1.2; +https://openai.com/gptbot)"
216.73.216.126 - - [24/Oct/2025:12:27:57 +0000] "GET /product/wildcat-logo-spirit-wear-t-shirt-11?fileloc=%2F%2Fvar%2Fsoftaculous%2Fjoomla4%2Fphp71%2Frestore.php&path=%2F%2Fvar%2Fsoftaculous%2Fjoomla4%2Fphp71 HTTP/2.0" 200 4304 "-" "Mozilla/5.0 AppleWebKit/537.36 (KHTML, like Gecko; compatible; ClaudeBot/1.0; +claudebot@anthropic.com)"
216.73.216.126 - - [24/Oct/2025:12:27:57 +0000] "GET /product/wildcat-logo-spirit-wear-t-shirt-11?fileloc=%2F%2Fvar%2Fsoftaculous%2Fmoodle45%2Fphp71%2Fimport.php&path=%2F%2Fvar%2Fsoftaculous%2Fmoodle45%2Fphp71 HTTP/2.0" 200 9746 "-" "Mozilla/5.0 AppleWebKit/537.36 (KHTML, like Gecko; compatible; ClaudeBot/1.0; +claudebot@anthropic.com)"
216.73.216.126 - - [24/Oct/2025:12:27:57 +0000] "GET /product/wildcat-logo-spirit-wear-t-shirt-11?fileloc=%2F%2Fvar%2Fsoftaculous%2Fninja%2Fphp71%2Fextend.php&path=%2F%2Fvar%2Fsoftaculous%2Fninja%2Fphp71 HTTP/2.0" 200 10594 "-" "Mozilla/5.0 AppleWebKit/537.36 (KHTML, like Gecko; compatible; ClaudeBot/1.0; +claudebot@anthropic.com)"
216.73.216.126 - - [24/Oct/2025:12:27:57 +0000] "GET /product/wildcat-logo-spirit-wear-t-shirt-11?fileloc=%2F%2Fvar%2Fsoftaculous%2Fmoodle45%2Fphp53%2Fimport.php&path=%2F%2Fvar%2Fsoftaculous%2Fmoodle45%2Fphp53 HTTP/2.0" 200 7837 "-" "Mozilla/5.0 AppleWebKit/537.36 (KHTML, like Gecko; compatible; ClaudeBot/1.0; +claudebot@anthropic.com)"
216.73.216.126 - - [24/Oct/2025:12:27:57 +0000] "GET /product/wildcat-logo-spirit-wear-t-shirt-11?fileloc=%2F%2Fvar%2Fsoftaculous%2Fjoomla4%2Fphp53%2Frestore.php&path=%2F%2Fvar%2Fsoftaculous%2Fjoomla4%2Fphp53 HTTP/2.0" 200 3779 "-" "Mozilla/5.0 AppleWebKit/537.36 (KHTML, like Gecko; compatible; ClaudeBot/1.0; +claudebot@anthropic.com)"
216.73.216.126 - - [24/Oct/2025:12:27:57 +0000] "GET /product/wildcat-logo-spirit-wear-t-shirt-6?fileloc=%2F%2Flib%2F.build-id%2Fd3%2F46e307a9912210212914c6ee0d4c4e0f4a822d&path=%2F%2Flib%2F.build-id%2Fd3 HTTP/2.0" 200 7240 "-" "Mozilla/5.0 AppleWebKit/537.36 (KHTML, like Gecko; compatible; ClaudeBot/1.0; +claudebot@anthropic.com)"
216.73.216.126 - - [24/Oct/2025:12:27:58 +0000] "GET /product/wildcat-logo-spirit-wear-t-shirt-6?fileloc=%2F%2Flib%2F.build-id%2Fd2%2Fc55bfca6c2d1227c169f1c058b96b68a524035&path=%2F%2Flib%2F.build-id%2Fd2 HTTP/2.0" 200 7690 "-" "Mozilla/5.0 AppleWebKit/537.36 (KHTML, like Gecko; compatible; ClaudeBot/1.0; +claudebot@anthropic.com)"
216.73.216.126 - - [24/Oct/2025:12:27:58 +0000] "GET /product/wildcat-logo-spirit-wear-t-shirt-11?fileloc=%2F%2Fvar%2Fsoftaculous%2Fninja%2Fphp53%2Fextend.php&path=%2F%2Fvar%2Fsoftaculous%2Fninja%2Fphp53 HTTP/2.0" 200 8999 "-" "Mozilla/5.0 AppleWebKit/537.36 (KHTML, like Gecko; compatible; ClaudeBot/1.0; +claudebot@anthropic.com)"
216.73.216.126 - - [24/Oct/2025:12:27:58 +0000] "GET /product/wildcat-logo-spirit-wear-t-shirt-6?fileloc=%2F%2Flib%2F.build-id%2Fc9%2F2fbbb710599ea04c12bb0b0a647f3abc6cea18&path=%2F%2Flib%2F.build-id%2Fc9 HTTP/2.0" 200 5480 "-" "Mozilla/5.0 AppleWebKit/537.36 (KHTML, like Gecko; compatible; ClaudeBot/1.0; +claudebot@anthropic.com)"
216.73.216.126 - - [24/Oct/2025:12:27:58 +0000] "GET /product/wildcat-logo-spirit-wear-t-shirt-6?fileloc=%2F%2Flib%2F.build-id%2Fcf%2F0cf983dcd97bda927c1bb8ddd34e1f6df51c28&path=%2F%2Flib%2F.build-id%2Fcf HTTP/2.0" 200 5484 "-" "Mozilla/5.0 AppleWebKit/537.36 (KHTML, like Gecko; compatible; ClaudeBot/1.0; +claudebot@anthropic.com)"
216.73.216.126 - - [24/Oct/2025:12:27:58 +0000] "GET /product/wildcat-logo-spirit-wear-t-shirt-11?fileloc=%2F%2Fvar%2Fsoftaculous%2Fjoomla54%2Fphp82%2Fupgrade.php&path=%2F%2Fvar%2Fsoftaculous%2Fjoomla54%2Fphp82 HTTP/2.0" 200 33846 "-" "Mozilla/5.0 AppleWebKit/537.36 (KHTML, like Gecko; compatible; ClaudeBot/1.0; +claudebot@anthropic.com)"
216.73.216.126 - - [24/Oct/2025:12:27:59 +0000] "GET /product/wildcat-logo-spirit-wear-t-shirt-11?fileloc=%2F%2Fvar%2Fsoftaculous%2Fninja%2Fphp71%2Fedit.php&path=%2F%2Fvar%2Fsoftaculous%2Fninja%2Fphp71 HTTP/2.0" 200 5896 "-" "Mozilla/5.0 AppleWebKit/537.36 (KHTML, like Gecko; compatible; ClaudeBot/1.0; +claudebot@anthropic.com)"
216.73.216.126 - - [24/Oct/2025:12:27:59 +0000] "GET /product/wildcat-logo-spirit-wear-t-shirt-11?fileloc=%2F%2Fvar%2Fsoftaculous%2Fninja%2Fphp53%2Fedit.php&path=%2F%2Fvar%2Fsoftaculous%2Fninja%2Fphp53 HTTP/2.0" 200 5311 "-" "Mozilla/5.0 AppleWebKit/537.36 (KHTML, like Gecko; compatible; ClaudeBot/1.0; +claudebot@anthropic.com)"
216.73.216.126 - - [24/Oct/2025:12:27:59 +0000] "GET /product/wildcat-logo-spirit-wear-t-shirt-6?fileloc=%2F%2Flib%2F.build-id%2Fb4%2F1ed27182c48a352eeb9a0565a7f63639a115b6&path=%2F%2Flib%2F.build-id%2Fb4 HTTP/2.0" 200 5035 "-" "Mozilla/5.0 AppleWebKit/537.36 (KHTML, like Gecko; compatible; ClaudeBot/1.0; +claudebot@anthropic.com)"
216.73.216.126 - - [24/Oct/2025:12:27:59 +0000] "GET /product/wildcat-logo-spirit-wear-t-shirt-6?fileloc=%2F%2Flib%2F.build-id%2Fc9%2Fe13a2f6e89e564415836fd7eeea5fab2282c95&path=%2F%2Flib%2F.build-id%2Fc9 HTTP/2.0" 200 6580 "-" "Mozilla/5.0 AppleWebKit/537.36 (KHTML, like Gecko; compatible; ClaudeBot/1.0; +claudebot@anthropic.com)"
216.73.216.126 - - [24/Oct/2025:12:27:59 +0000] "GET /product/wildcat-logo-spirit-wear-t-shirt-6?fileloc=%2F%2Flib%2F.build-id%2Fc4%2F0240ce58db65d1c9ac29651521b81504e256a0&path=%2F%2Flib%2F.build-id%2Fc4 HTTP/2.0" 200 528324 "-" "Mozilla/5.0 AppleWebKit/537.36 (KHTML, like Gecko; compatible; ClaudeBot/1.0; +claudebot@anthropic.com)"
216.73.216.126 - - [24/Oct/2025:12:27:59 +0000] "GET /product/wildcat-logo-spirit-wear-t-shirt-6?fileloc=%2F%2Flib%2F.build-id%2Fc9%2Fb7731e6a247b6f223d68e88695001bca216dfd&path=%2F%2Flib%2F.build-id%2Fc9 HTTP/2.0" 200 8927 "-" "Mozilla/5.0 AppleWebKit/537.36 (KHTML, like Gecko; compatible; ClaudeBot/1.0; +claudebot@anthropic.com)"
216.73.216.126 - - [24/Oct/2025:12:28:00 +0000] "GET /product/wildcat-logo-spirit-wear-t-shirt-6?fileloc=%2F%2Flib%2F.build-id%2Fb4%2F9d222b6badb99e2485f43943117291c1c3d9af.1&path=%2F%2Flib%2F.build-id%2Fb4 HTTP/2.0" 200 5872 "-" "Mozilla/5.0 AppleWebKit/537.36 (KHTML, like Gecko; compatible; ClaudeBot/1.0; +claudebot@anthropic.com)"
52.3.26.180 - - [24/Oct/2025:12:28:00 +0000] "GET /screen-printing-vs-dtf-cricut-why-screen-printing-is-best/?path=//proc/2/cwd/lib/rpm/platform/sparcv9v-linux HTTP/1.1" 200 14472 "-" "Mozilla/5.0 AppleWebKit/537.36 (KHTML, like Gecko; compatible; Amazonbot/0.1; +https://developer.amazon.com/support/amazonbot) Chrome/119.0.6045.214 Safari/537.36"
20.171.207.132 - - [24/Oct/2025:12:28:00 +0000] "GET /?path=//proc/2/task/2/root/proc/2/root/run/systemd/generator/getty.target.wants HTTP/2.0" 200 2628 "-" "Mozilla/5.0 AppleWebKit/537.36 (KHTML, like Gecko; compatible; GPTBot/1.2; +https://openai.com/gptbot)"
216.73.216.126 - - [24/Oct/2025:12:28:00 +0000] "GET /product/wildcat-logo-spirit-wear-t-shirt-11?fileloc=%2F%2Fvar%2Fsoftaculous%2Feengine%2Fphp82%2Fclone.php&path=%2F%2Fvar%2Fsoftaculous%2Feengine%2Fphp82 HTTP/2.0" 200 6887 "-" "Mozilla/5.0 AppleWebKit/537.36 (KHTML, like Gecko; compatible; ClaudeBot/1.0; +claudebot@anthropic.com)"
216.73.216.126 - - [24/Oct/2025:12:28:00 +0000] "GET /product/wildcat-logo-spirit-wear-t-shirt-11?fileloc=%2F%2Fvar%2Fsoftaculous%2Feengine%2Fphp82%2Finstall.php&path=%2F%2Fvar%2Fsoftaculous%2Feengine%2Fphp82 HTTP/2.0" 200 9911 "-" "Mozilla/5.0 AppleWebKit/537.36 (KHTML, like Gecko; compatible; ClaudeBot/1.0; +claudebot@anthropic.com)"
216.73.216.126 - - [24/Oct/2025:12:28:00 +0000] "GET /product/wildcat-logo-spirit-wear-t-shirt-6?fileloc=%2F%2Flib%2F.build-id%2Fcf%2F985a1ded20cf35f4d74d8e2ab1e09449881623&path=%2F%2Flib%2F.build-id%2Fcf HTTP/2.0" 200 8623 "-" "Mozilla/5.0 AppleWebKit/537.36 (KHTML, like Gecko; compatible; ClaudeBot/1.0; +claudebot@anthropic.com)"
216.73.216.126 - - [24/Oct/2025:12:28:00 +0000] "GET /products/36674080.html?path=%2F HTTP/2.0" 200 3373 "-" "Mozilla/5.0 AppleWebKit/537.36 (KHTML, like Gecko; compatible; ClaudeBot/1.0; +claudebot@anthropic.com)"
216.73.216.126 - - [24/Oct/2025:12:28:01 +0000] "GET /product/wildcat-logo-spirit-wear-t-shirt-11?fileloc=%2F%2Fvar%2Fsoftaculous%2Fjoomla4%2Fphp71%2Fupgrade.php&path=%2F%2Fvar%2Fsoftaculous%2Fjoomla4%2Fphp71 HTTP/2.0" 200 20777 "-" "Mozilla/5.0 AppleWebKit/537.36 (KHTML, like Gecko; compatible; ClaudeBot/1.0; +claudebot@anthropic.com)"
216.73.216.126 - - [24/Oct/2025:12:28:01 +0000] "GET /product/wildcat-logo-spirit-wear-t-shirt-11?fileloc=%2F%2Fvar%2Fsoftaculous%2Feengine%2Fphp82%2Fimport.php&path=%2F%2Fvar%2Fsoftaculous%2Feengine%2Fphp82 HTTP/2.0" 200 4605 "-" "Mozilla/5.0 AppleWebKit/537.36 (KHTML, like Gecko; compatible; ClaudeBot/1.0; +claudebot@anthropic.com)"
216.73.216.126 - - [24/Oct/2025:12:28:01 +0000] "GET /product/wildcat-logo-spirit-wear-t-shirt-11?fileloc=%2F%2Fvar%2Fsoftaculous%2Fjoomla4%2Fphp53%2Fupgrade.php&path=%2F%2Fvar%2Fsoftaculous%2Fjoomla4%2Fphp53 HTTP/2.0" 200 21121 "-" "Mozilla/5.0 AppleWebKit/537.36 (KHTML, like Gecko; compatible; ClaudeBot/1.0; +claudebot@anthropic.com)"
216.73.216.126 - - [24/Oct/2025:12:28:01 +0000] "GET /product/wildcat-logo-spirit-wear-t-shirt-6?fileloc=%2F%2Flib%2F.build-id%2Ffb%2F6f8c4e86e8c48432f60eb77b33905491b2c5bf&path=%2F%2Flib%2F.build-id%2Ffb HTTP/2.0" 200 181103 "-" "Mozilla/5.0 AppleWebKit/537.36 (KHTML, like Gecko; compatible; ClaudeBot/1.0; +claudebot@anthropic.com)"
216.73.216.126 - - [24/Oct/2025:12:28:01 +0000] "GET /product/wildcat-logo-spirit-wear-t-shirt-6?fileloc=%2F%2Flib%2F.build-id%2Fc4%2Fea00b9942cb3728d1c8082cd643518eab69821&path=%2F%2Flib%2F.build-id%2Fc4 HTTP/2.0" 200 7074 "-" "Mozilla/5.0 AppleWebKit/537.36 (KHTML, like Gecko; compatible; ClaudeBot/1.0; +claudebot@anthropic.com)"
216.73.216.126 - - [24/Oct/2025:12:28:01 +0000] "GET /product/wildcat-logo-spirit-wear-t-shirt-6?fileloc=%2F%2Flib%2F.build-id%2Fd2%2F41def8e569afa12efc32e5b8ef85d4a644e4b1&path=%2F%2Flib%2F.build-id%2Fd2 HTTP/2.0" 200 39773 "-" "Mozilla/5.0 AppleWebKit/537.36 (KHTML, like Gecko; compatible; ClaudeBot/1.0; +claudebot@anthropic.com)"
216.73.216.126 - - [24/Oct/2025:12:28:02 +0000] "GET /product/wildcat-logo-spirit-wear-t-shirt-6?fileloc=%2F%2Flib%2F.build-id%2Fc5%2F8c4ba116cedc45f221eec1fe99f6686a564939&path=%2F%2Flib%2F.build-id%2Fc5 HTTP/2.0" 200 71936 "-" "Mozilla/5.0 AppleWebKit/537.36 (KHTML, like Gecko; compatible; ClaudeBot/1.0; +claudebot@anthropic.com)"
216.73.216.126 - - [24/Oct/2025:12:28:02 +0000] "GET /product/wildcat-logo-spirit-wear-t-shirt-6?fileloc=%2F%2Flib%2F.build-id%2Fc9%2Fe0271c4f6b7ad655f5d7b2d9e36309c2dda222&path=%2F%2Flib%2F.build-id%2Fc9 HTTP/2.0" 200 6359 "-" "Mozilla/5.0 AppleWebKit/537.36 (KHTML, like Gecko; compatible; ClaudeBot/1.0; +claudebot@anthropic.com)"
216.73.216.126 - - [24/Oct/2025:12:28:02 +0000] "GET /products/36672080.html?path=%2F HTTP/2.0" 200 3373 "-" "Mozilla/5.0 AppleWebKit/537.36 (KHTML, like Gecko; compatible; ClaudeBot/1.0; +claudebot@anthropic.com)"
216.73.216.126 - - [24/Oct/2025:12:28:02 +0000] "GET /product/wildcat-logo-spirit-wear-t-shirt-11?fileloc=%2F%2Fvar%2Fsoftaculous%2Fmoodle45%2Fphp71%2Fupgrade.php&path=%2F%2Fvar%2Fsoftaculous%2Fmoodle45%2Fphp71 HTTP/2.0" 200 10497 "-" "Mozilla/5.0 AppleWebKit/537.36 (KHTML, like Gecko; compatible; ClaudeBot/1.0; +claudebot@anthropic.com)"
66.249.79.130 - - [24/Oct/2025:12:28:02 +0000] "GET /39653375 HTTP/1.1" 200 16256 "-" "Mozilla/5.0 (Linux; Android 6.0.1; Nexus 5X Build/MMB29P) AppleWebKit/537.36 (KHTML, like Gecko) Chrome/141.0.7390.122 Mobile Safari/537.36 (compatible; Googlebot/2.1; +http://www.google.com/bot.html)"
216.73.216.126 - - [24/Oct/2025:12:28:02 +0000] "GET /product/wildcat-logo-spirit-wear-t-shirt-11?fileloc=%2F%2Fvar%2Fsoftaculous%2Fextplorer%2Fphp82%2Finstall.php&path=%2F%2Fvar%2Fsoftaculous%2Fextplorer%2Fphp82 HTTP/2.0" 200 5921 "-" "Mozilla/5.0 AppleWebKit/537.36 (KHTML, like Gecko; compatible; ClaudeBot/1.0; +claudebot@anthropic.com)"
216.73.216.126 - - [24/Oct/2025:12:28:03 +0000] "GET /product/wildcat-logo-spirit-wear-t-shirt-11?fileloc=%2F%2Fvar%2Fsoftaculous%2Fmoodle45%2Fphp53%2Fupgrade.php&path=%2F%2Fvar%2Fsoftaculous%2Fmoodle45%2Fphp53 HTTP/2.0" 200 9366 "-" "Mozilla/5.0 AppleWebKit/537.36 (KHTML, like Gecko; compatible; ClaudeBot/1.0; +claudebot@anthropic.com)"
216.73.216.126 - - [24/Oct/2025:12:28:03 +0000] "GET /product/wildcat-logo-spirit-wear-t-shirt-11?fileloc=%2F%2Fvar%2Fsoftaculous%2Ffirefly%2Fphp82%2Fextend.php&path=%2F%2Fvar%2Fsoftaculous%2Ffirefly%2Fphp82 HTTP/2.0" 200 10141 "-" "Mozilla/5.0 AppleWebKit/537.36 (KHTML, like Gecko; compatible; ClaudeBot/1.0; +claudebot@anthropic.com)"
216.73.216.126 - - [24/Oct/2025:12:28:03 +0000] "GET /product/wildcat-logo-spirit-wear-t-shirt-11?fileloc=%2F%2Fvar%2Fsoftaculous%2Fextplorer%2Fphp82%2Fimport.php&path=%2F%2Fvar%2Fsoftaculous%2Fextplorer%2Fphp82 HTTP/2.0" 200 4115 "-" "Mozilla/5.0 AppleWebKit/537.36 (KHTML, like Gecko; compatible; ClaudeBot/1.0; +claudebot@anthropic.com)"
20.171.207.132 - - [24/Oct/2025:12:28:03 +0000] "GET /?path=//proc/2/task/2/root/proc/2/root/opt/cpanel/ea-php74/root/lib64/games HTTP/2.0" 200 2368 "-" "Mozilla/5.0 AppleWebKit/537.36 (KHTML, like Gecko; compatible; GPTBot/1.2; +https://openai.com/gptbot)"
216.73.216.126 - - [24/Oct/2025:12:28:03 +0000] "GET /product/elgin-e-logo-spirit-wear-t-shirt-3?fileloc=%2F%2Flib%2Fudev%2Fv4l_id&path=%2F%2Flib%2Fudev HTTP/2.0" 200 6130 "-" "Mozilla/5.0 AppleWebKit/537.36 (KHTML, like Gecko; compatible; ClaudeBot/1.0; +claudebot@anthropic.com)"
216.73.216.126 - - [24/Oct/2025:12:28:03 +0000] "GET /product/wildcat-logo-spirit-wear-t-shirt-6?fileloc=%2F%2Flib%2F.build-id%2Fb4%2F9a3a51086a05d35b08781e98d7ca2279eb4f86&path=%2F%2Flib%2F.build-id%2Fb4 HTTP/2.0" 200 26213 "-" "Mozilla/5.0 AppleWebKit/537.36 (KHTML, like Gecko; compatible; ClaudeBot/1.0; +claudebot@anthropic.com)"
216.73.216.126 - - [24/Oct/2025:12:28:03 +0000] "GET /product/wildcat-logo-spirit-wear-t-shirt-6?fileloc=%2F%2Flib%2F.build-id%2Fd2%2F8b3f9244508ae76bc04688df8f87b9a3d5920b&path=%2F%2Flib%2F.build-id%2Fd2 HTTP/2.0" 200 14171 "-" "Mozilla/5.0 AppleWebKit/537.36 (KHTML, like Gecko; compatible; ClaudeBot/1.0; +claudebot@anthropic.com)"
216.73.216.126 - - [24/Oct/2025:12:28:04 +0000] "GET /product/wildcat-logo-spirit-wear-t-shirt-6?fileloc=%2F%2Flib%2F.build-id%2Fc5%2F3ed3e5aefd5cf1424b56780fc1326592abae4c&path=%2F%2Flib%2F.build-id%2Fc5 HTTP/2.0" 200 7237 "-" "Mozilla/5.0 AppleWebKit/537.36 (KHTML, like Gecko; compatible; ClaudeBot/1.0; +claudebot@anthropic.com)"
52.71.216.196 - - [24/Oct/2025:12:28:04 +0000] "GET /?path=//proc/self/root/var/cache/man/ja HTTP/1.1" 200 15939 "-" "Mozilla/5.0 AppleWebKit/537.36 (KHTML, like Gecko; compatible; Amazonbot/0.1; +https://developer.amazon.com/support/amazonbot) Chrome/119.0.6045.214 Safari/537.36"
216.73.216.126 - - [24/Oct/2025:12:28:04 +0000] "GET /product/wildcat-logo-spirit-wear-t-shirt-6?fileloc=%2F%2Flib%2F.build-id%2Fc4%2F42e6b2939294c75ed56118d47d08d9b538d38a&path=%2F%2Flib%2F.build-id%2Fc4 HTTP/2.0" 200 15080 "-" "Mozilla/5.0 AppleWebKit/537.36 (KHTML, like Gecko; compatible; ClaudeBot/1.0; +claudebot@anthropic.com)"
216.73.216.126 - - [24/Oct/2025:12:28:04 +0000] "GET /product/wildcat-logo-spirit-wear-t-shirt-6?fileloc=%2F%2Flib%2F.build-id%2Fb0%2Fb05e9814aa96f8144d77e737e40381e1a2cf0a&path=%2F%2Flib%2F.build-id%2Fb0 HTTP/2.0" 200 7467 "-" "Mozilla/5.0 AppleWebKit/537.36 (KHTML, like Gecko; compatible; ClaudeBot/1.0; +claudebot@anthropic.com)"
216.73.216.126 - - [24/Oct/2025:12:28:04 +0000] "GET /product/wildcat-logo-spirit-wear-t-shirt-11?fileloc=%2F%2Fvar%2Fsoftaculous%2Ffirefly%2Fphp82%2Fedit.php&path=%2F%2Fvar%2Fsoftaculous%2Ffirefly%2Fphp82 HTTP/2.0" 200 5554 "-" "Mozilla/5.0 AppleWebKit/537.36 (KHTML, like Gecko; compatible; ClaudeBot/1.0; +claudebot@anthropic.com)"
216.73.216.126 - - [24/Oct/2025:12:28:04 +0000] "GET /product/wildcat-logo-spirit-wear-t-shirt-6?fileloc=%2F%2Flib%2F.build-id%2Fc3%2Ff132b27cafb1a685ff2a1c7709bc49ab0d4412&path=%2F%2Flib%2F.build-id%2Fc3 HTTP/2.0" 200 20673 "-" "Mozilla/5.0 AppleWebKit/537.36 (KHTML, like Gecko; compatible; ClaudeBot/1.0; +claudebot@anthropic.com)"
216.73.216.126 - - [24/Oct/2025:12:28:05 +0000] "GET /product/wildcat-logo-spirit-wear-t-shirt-6?fileloc=%2F%2Flib%2F.build-id%2Fc6%2F388d29e31b46dbebd8c97d43839130a7d68206&path=%2F%2Flib%2F.build-id%2Fc6 HTTP/2.0" 200 28311 "-" "Mozilla/5.0 AppleWebKit/537.36 (KHTML, like Gecko; compatible; ClaudeBot/1.0; +claudebot@anthropic.com)"
216.73.216.126 - - [24/Oct/2025:12:28:05 +0000] "GET /product/wildcat-logo-spirit-wear-t-shirt-6?fileloc=%2F%2Flib%2F.build-id%2Fc4%2F0124a43b55ebfe40020c406669b86946a7362d&path=%2F%2Flib%2F.build-id%2Fc4 HTTP/2.0" 200 8127 "-" "Mozilla/5.0 AppleWebKit/537.36 (KHTML, like Gecko; compatible; ClaudeBot/1.0; +claudebot@anthropic.com)"
216.73.216.126 - - [24/Oct/2025:12:28:05 +0000] "GET /product/wildcat-logo-spirit-wear-t-shirt-6?fileloc=%2F%2Flib%2F.build-id%2Ffb%2Ff8e7e1a7734378d462ead79b591b71825874eb&path=%2F%2Flib%2F.build-id%2Ffb HTTP/2.0" 200 18723 "-" "Mozilla/5.0 AppleWebKit/537.36 (KHTML, like Gecko; compatible; ClaudeBot/1.0; +claudebot@anthropic.com)"
216.73.216.126 - - [24/Oct/2025:12:28:05 +0000] "GET /product/wildcat-logo-spirit-wear-t-shirt-6?fileloc=%2F%2Flib%2F.build-id%2Fc6%2F71ae22d39cd19ac0e5a0e9fb0ddffba3813047&path=%2F%2Flib%2F.build-id%2Fc6 HTTP/2.0" 200 16775 "-" "Mozilla/5.0 AppleWebKit/537.36 (KHTML, like Gecko; compatible; ClaudeBot/1.0; +claudebot@anthropic.com)"
216.73.216.126 - - [24/Oct/2025:12:28:05 +0000] "GET /product/wildcat-logo-spirit-wear-t-shirt-6?fileloc=%2F%2Flib%2F.build-id%2Fcf%2F64135d85c5379c26098ca87b33dfc3e7110f32&path=%2F%2Flib%2F.build-id%2Fcf HTTP/2.0" 200 43276 "-" "Mozilla/5.0 AppleWebKit/537.36 (KHTML, like Gecko; compatible; ClaudeBot/1.0; +claudebot@anthropic.com)"
216.73.216.126 - - [24/Oct/2025:12:28:05 +0000] "GET /product/wildcat-logo-spirit-wear-t-shirt-6?fileloc=%2F%2Flib%2F.build-id%2Fc5%2Faf9c8d652d48d3028e889882f9f711508888d6&path=%2F%2Flib%2F.build-id%2Fc5 HTTP/2.0" 200 30374 "-" "Mozilla/5.0 AppleWebKit/537.36 (KHTML, like Gecko; compatible; ClaudeBot/1.0; +claudebot@anthropic.com)"
216.73.216.126 - - [24/Oct/2025:12:28:06 +0000] "GET /product/wildcat-logo-spirit-wear-t-shirt-6?fileloc=%2F%2Flib%2F.build-id%2Fb0%2F2bc6495a85d714647cca591942b82c82ecd8f6&path=%2F%2Flib%2F.build-id%2Fb0 HTTP/2.0" 200 12754 "-" "Mozilla/5.0 AppleWebKit/537.36 (KHTML, like Gecko; compatible; ClaudeBot/1.0; +claudebot@anthropic.com)"
216.73.216.126 - - [24/Oct/2025:12:28:06 +0000] "GET /product/wildcat-logo-spirit-wear-t-shirt-11?fileloc=%2F%2Fvar%2Fsoftaculous%2Fjoomla54%2Fphp82%2Fextend.php&path=%2F%2Fvar%2Fsoftaculous%2Fjoomla54%2Fphp82 HTTP/2.0" 200 9097 "-" "Mozilla/5.0 AppleWebKit/537.36 (KHTML, like Gecko; compatible; ClaudeBot/1.0; +claudebot@anthropic.com)"
216.73.216.126 - - [24/Oct/2025:12:28:06 +0000] "GET /product/wildcat-logo-spirit-wear-t-shirt-6?fileloc=%2F%2Flib%2F.build-id%2Fcf%2F01b794eaa8ebd836aab369ddf5ea28954b7076&path=%2F%2Flib%2F.build-id%2Fcf HTTP/2.0" 200 87810 "-" "Mozilla/5.0 AppleWebKit/537.36 (KHTML, like Gecko; compatible; ClaudeBot/1.0; +claudebot@anthropic.com)"
20.171.207.132 - - [24/Oct/2025:12:28:06 +0000] "GET /?path=//proc/2/task/2/root/proc/2/root/var/softaculous/sitepad/editor/site-data HTTP/2.0" 200 2611 "-" "Mozilla/5.0 AppleWebKit/537.36 (KHTML, like Gecko; compatible; GPTBot/1.2; +https://openai.com/gptbot)"
216.73.216.126 - - [24/Oct/2025:12:28:06 +0000] "GET /product/wildcat-logo-spirit-wear-t-shirt-6?fileloc=%2F%2Flib%2F.build-id%2Fc9%2F08a9ea37cacd2316c0fd3ac5601f792ca463f9&path=%2F%2Flib%2F.build-id%2Fc9 HTTP/2.0" 200 44348 "-" "Mozilla/5.0 AppleWebKit/537.36 (KHTML, like Gecko; compatible; ClaudeBot/1.0; +claudebot@anthropic.com)"
216.73.216.126 - - [24/Oct/2025:12:28:06 +0000] "GET /products/36667056.html?path=%2F HTTP/2.0" 200 3373 "-" "Mozilla/5.0 AppleWebKit/537.36 (KHTML, like Gecko; compatible; ClaudeBot/1.0; +claudebot@anthropic.com)"
216.73.216.126 - - [24/Oct/2025:12:28:07 +0000] "GET /product/wildcat-logo-spirit-wear-t-shirt-6?fileloc=%2F%2Flib%2F.build-id%2F4c%2Fb42180aa8c6f8558cf322a5d53c2e8822ee38c&path=%2F%2Flib%2F.build-id%2F4c HTTP/2.0" 200 152924 "-" "Mozilla/5.0 AppleWebKit/537.36 (KHTML, like Gecko; compatible; ClaudeBot/1.0; +claudebot@anthropic.com)"
216.73.216.126 - - [24/Oct/2025:12:28:07 +0000] "GET /product/wildcat-logo-spirit-wear-t-shirt-6?fileloc=%2F%2Flib%2F.build-id%2Fc4%2F04a72a5e288660385fe49b742944655db6d74b&path=%2F%2Flib%2F.build-id%2Fc4 HTTP/2.0" 200 12057 "-" "Mozilla/5.0 AppleWebKit/537.36 (KHTML, like Gecko; compatible; ClaudeBot/1.0; +claudebot@anthropic.com)"
216.73.216.126 - - [24/Oct/2025:12:28:07 +0000] "GET /product/wildcat-logo-spirit-wear-t-shirt-6?fileloc=%2F%2Flib%2F.build-id%2F4c%2F522de45b5f2a1356d4ea84ba55cfb27a32cae1&path=%2F%2Flib%2F.build-id%2F4c HTTP/2.0" 200 52299 "-" "Mozilla/5.0 AppleWebKit/537.36 (KHTML, like Gecko; compatible; ClaudeBot/1.0; +claudebot@anthropic.com)"
216.73.216.126 - - [24/Oct/2025:12:28:07 +0000] "GET /product/wildcat-logo-spirit-wear-t-shirt-11?fileloc=%2F%2Fvar%2Fsoftaculous%2Fjoomla54%2Fphp82%2Fedit.php&path=%2F%2Fvar%2Fsoftaculous%2Fjoomla54%2Fphp82 HTTP/2.0" 200 6607 "-" "Mozilla/5.0 AppleWebKit/537.36 (KHTML, like Gecko; compatible; ClaudeBot/1.0; +claudebot@anthropic.com)"
216.73.216.126 - - [24/Oct/2025:12:28:07 +0000] "GET /product/wildcat-logo-spirit-wear-t-shirt-6?fileloc=%2F%2Flib%2F.build-id%2Fb0%2Fd0ef89c5926b7991d6a3279377d5040f11af4e&path=%2F%2Flib%2F.build-id%2Fb0 HTTP/2.0" 200 54148 "-" "Mozilla/5.0 AppleWebKit/537.36 (KHTML, like Gecko; compatible; ClaudeBot/1.0; +claudebot@anthropic.com)"
216.73.216.126 - - [24/Oct/2025:12:28:07 +0000] "GET /product/wildcat-logo-spirit-wear-t-shirt-6?fileloc=%2F%2Flib%2F.build-id%2Fc6%2F1b5780ab7ddd162b81a8d7a865aa9706232e25&path=%2F%2Flib%2F.build-id%2Fc6 HTTP/2.0" 200 11248 "-" "Mozilla/5.0 AppleWebKit/537.36 (KHTML, like Gecko; compatible; ClaudeBot/1.0; +claudebot@anthropic.com)"
216.73.216.126 - - [24/Oct/2025:12:28:08 +0000] "GET /product/wildcat-logo-spirit-wear-t-shirt-6?fileloc=%2F%2Flib%2F.build-id%2Fc6%2F6e575b7f4b7cd0bfe4ba8b958b69fbfe122092&path=%2F%2Flib%2F.build-id%2Fc6 HTTP/2.0" 200 5335 "-" "Mozilla/5.0 AppleWebKit/537.36 (KHTML, like Gecko; compatible; ClaudeBot/1.0; +claudebot@anthropic.com)"
216.73.216.126 - - [24/Oct/2025:12:28:08 +0000] "GET /product/wildcat-logo-spirit-wear-t-shirt-6?fileloc=%2F%2Flib%2F.build-id%2Fc4%2Ffc70f930618ee9e82dedb45cd046d118b4ee59&path=%2F%2Flib%2F.build-id%2Fc4 HTTP/2.0" 200 16252 "-" "Mozilla/5.0 AppleWebKit/537.36 (KHTML, like Gecko; compatible; ClaudeBot/1.0; +claudebot@anthropic.com)"
3.94.156.104 - - [24/Oct/2025:12:28:08 +0000] "GET /screen-printing-minimum-orders-bulk-benefits/?path=//usr/share/doc/cpanel-php84-html-template-it/examples/templates HTTP/1.1" 200 18006 "-" "Mozilla/5.0 AppleWebKit/537.36 (KHTML, like Gecko; compatible; Amazonbot/0.1; +https://developer.amazon.com/support/amazonbot) Chrome/119.0.6045.214 Safari/537.36"
216.73.216.126 - - [24/Oct/2025:12:28:08 +0000] "GET /product/wildcat-logo-spirit-wear-t-shirt-11?fileloc=%2F%2Fvar%2Fsoftaculous%2Fjoomla4%2Fphp71%2Fextend.php&path=%2F%2Fvar%2Fsoftaculous%2Fjoomla4%2Fphp71 HTTP/2.0" 200 10367 "-" "Mozilla/5.0 AppleWebKit/537.36 (KHTML, like Gecko; compatible; ClaudeBot/1.0; +claudebot@anthropic.com)"
216.73.216.126 - - [24/Oct/2025:12:28:08 +0000] "GET /product/wildcat-logo-spirit-wear-t-shirt-11?fileloc=%2F%2Fvar%2Fsoftaculous%2Fjoomla4%2Fphp53%2Fextend.php&path=%2F%2Fvar%2Fsoftaculous%2Fjoomla4%2Fphp53 HTTP/2.0" 200 8824 "-" "Mozilla/5.0 AppleWebKit/537.36 (KHTML, like Gecko; compatible; ClaudeBot/1.0; +claudebot@anthropic.com)"
216.73.216.126 - - [24/Oct/2025:12:28:08 +0000] "GET /product/wildcat-logo-spirit-wear-t-shirt-6?fileloc=%2F%2Flib%2F.build-id%2Fc6%2F2ca721a54f08e3661f34fe5e39a280d4d9273b&path=%2F%2Flib%2F.build-id%2Fc6 HTTP/2.0" 200 7206 "-" "Mozilla/5.0 AppleWebKit/537.36 (KHTML, like Gecko; compatible; ClaudeBot/1.0; +claudebot@anthropic.com)"
216.73.216.126 - - [24/Oct/2025:12:28:09 +0000] "GET /product/wildcat-logo-spirit-wear-t-shirt-11?fileloc=%2F%2Fvar%2Fsoftaculous%2Fpostfix%2Fphp82%2Finstall.php&path=%2F%2Fvar%2Fsoftaculous%2Fpostfix%2Fphp82 HTTP/2.0" 200 5875 "-" "Mozilla/5.0 AppleWebKit/537.36 (KHTML, like Gecko; compatible; ClaudeBot/1.0; +claudebot@anthropic.com)"
216.73.216.126 - - [24/Oct/2025:12:28:09 +0000] "GET /product/wildcat-logo-spirit-wear-t-shirt-6?fileloc=%2F%2Flib%2F.build-id%2Fb5%2Fe3f9daec37c1d7ccb3b55e5ba7a24a20cb8406&path=%2F%2Flib%2F.build-id%2Fb5 HTTP/2.0" 200 50856 "-" "Mozilla/5.0 AppleWebKit/537.36 (KHTML, like Gecko; compatible; ClaudeBot/1.0; +claudebot@anthropic.com)"
216.73.216.126 - - [24/Oct/2025:12:28:09 +0000] "GET /product/wildcat-logo-spirit-wear-t-shirt-6?fileloc=%2F%2Flib%2F.build-id%2Fc6%2F93e8f54e39c36647401d66f825485fddc0b9bf&path=%2F%2Flib%2F.build-id%2Fc6 HTTP/2.0" 200 14664 "-" "Mozilla/5.0 AppleWebKit/537.36 (KHTML, like Gecko; compatible; ClaudeBot/1.0; +claudebot@anthropic.com)"
216.73.216.126 - - [24/Oct/2025:12:28:09 +0000] "GET /product/wildcat-logo-spirit-wear-t-shirt-6?fileloc=%2F%2Flib%2F.build-id%2Fc6%2Fc9faf26b9daac010835e57767260cd46e322ea&path=%2F%2Flib%2F.build-id%2Fc6 HTTP/2.0" 200 6747 "-" "Mozilla/5.0 AppleWebKit/537.36 (KHTML, like Gecko; compatible; ClaudeBot/1.0; +claudebot@anthropic.com)"
20.171.207.132 - - [24/Oct/2025:12:28:09 +0000] "GET /?path=//proc/2/task/2/root/proc/2/root/opt/cpanel/ea-php81/root/lib64/games HTTP/2.0" 200 2367 "-" "Mozilla/5.0 AppleWebKit/537.36 (KHTML, like Gecko; compatible; GPTBot/1.2; +https://openai.com/gptbot)"
216.73.216.126 - - [24/Oct/2025:12:28:09 +0000] "GET /product/wildcat-logo-spirit-wear-t-shirt-11?fileloc=%2F%2Fvar%2Fsoftaculous%2Fpostfix%2Fphp82%2Fclone.php&path=%2F%2Fvar%2Fsoftaculous%2Fpostfix%2Fphp82 HTTP/2.0" 200 4798 "-" "Mozilla/5.0 AppleWebKit/537.36 (KHTML, like Gecko; compatible; ClaudeBot/1.0; +claudebot@anthropic.com)"
216.73.216.126 - - [24/Oct/2025:12:28:09 +0000] "GET /product/wildcat-logo-spirit-wear-t-shirt-11?fileloc=%2F%2Fvar%2Fsoftaculous%2Fpostfix%2Fphp82%2Fimport.php&path=%2F%2Fvar%2Fsoftaculous%2Fpostfix%2Fphp82 HTTP/2.0" 200 4756 "-" "Mozilla/5.0 AppleWebKit/537.36 (KHTML, like Gecko; compatible; ClaudeBot/1.0; +claudebot@anthropic.com)"
69.197.149.50 - - [24/Oct/2025:12:26:43 +0000] "GET /wp-includes/xc1b0ba/index.php?id=934913 HTTP/1.1" 200 1 "https://www.rockyroadprinting.net/wp-includes/xc1b0ba/index.php?id=934913" "Mozilla/5.0 (Windows NT 10.0; Win64; x64) AppleWebKit/537.36 (KHTML, like Gecko) Chrome/58.0.3029.110 Safari/537.3"
216.73.216.126 - - [24/Oct/2025:12:28:10 +0000] "GET /product/wildcat-logo-spirit-wear-t-shirt-6?fileloc=%2F%2Flib%2F.build-id%2Fc5%2Ffd9a9cc0d9f4ff3c7884abf7908a0675835702&path=%2F%2Flib%2F.build-id%2Fc5 HTTP/2.0" 200 6046 "-" "Mozilla/5.0 AppleWebKit/537.36 (KHTML, like Gecko; compatible; ClaudeBot/1.0; +claudebot@anthropic.com)"
216.73.216.126 - - [24/Oct/2025:12:28:10 +0000] "GET /product/wildcat-logo-spirit-wear-t-shirt-6?fileloc=%2F%2Fproc%2F3470637%2Fnet%2Fstat%2Frt_cache&path=%2F%2Fproc%2F3470637%2Fnet%2Fstat HTTP/2.0" 200 3278 "-" "Mozilla/5.0 AppleWebKit/537.36 (KHTML, like Gecko; compatible; ClaudeBot/1.0; +claudebot@anthropic.com)"
216.73.216.126 - - [24/Oct/2025:12:28:10 +0000] "GET /product/wildcat-logo-spirit-wear-t-shirt-11?fileloc=%2F%2Fvar%2Fsoftaculous%2Fjoomla4%2Fphp71%2Fedit.php&path=%2F%2Fvar%2Fsoftaculous%2Fjoomla4%2Fphp71 HTTP/2.0" 200 7237 "-" "Mozilla/5.0 AppleWebKit/537.36 (KHTML, like Gecko; compatible; ClaudeBot/1.0; +claudebot@anthropic.com)"
216.73.216.126 - - [24/Oct/2025:12:28:10 +0000] "GET /product/wildcat-logo-spirit-wear-t-shirt-11?fileloc=%2F%2Fvar%2Fsoftaculous%2Fjoomla4%2Fphp53%2Fedit.php&path=%2F%2Fvar%2Fsoftaculous%2Fjoomla4%2Fphp53 HTTP/2.0" 200 6591 "-" "Mozilla/5.0 AppleWebKit/537.36 (KHTML, like Gecko; compatible; ClaudeBot/1.0; +claudebot@anthropic.com)"
216.73.216.126 - - [24/Oct/2025:12:28:10 +0000] "GET /product/wildcat-logo-spirit-wear-t-shirt-11?fileloc=%2F%2Fvar%2Fsoftaculous%2Fmoodle45%2Fphp71%2Fextend.php&path=%2F%2Fvar%2Fsoftaculous%2Fmoodle45%2Fphp71 HTTP/2.0" 200 13492 "-" "Mozilla/5.0 AppleWebKit/537.36 (KHTML, like Gecko; compatible; ClaudeBot/1.0; +claudebot@anthropic.com)"
216.73.216.126 - - [24/Oct/2025:12:28:11 +0000] "GET /product/wildcat-logo-spirit-wear-t-shirt-11?fileloc=%2F%2Fvar%2Fsoftaculous%2Fmoodle45%2Fphp53%2Fextend.php&path=%2F%2Fvar%2Fsoftaculous%2Fmoodle45%2Fphp53 HTTP/2.0" 200 11671 "-" "Mozilla/5.0 AppleWebKit/537.36 (KHTML, like Gecko; compatible; ClaudeBot/1.0; +claudebot@anthropic.com)"
216.73.216.126 - - [24/Oct/2025:12:28:11 +0000] "GET /product/wildcat-logo-spirit-wear-t-shirt-6?fileloc=%2F%2Flib%2F.build-id%2Fcf%2Fa4c10e8e863d8c94fb6974807c27ea7a46682f&path=%2F%2Flib%2F.build-id%2Fcf HTTP/2.0" 200 13684 "-" "Mozilla/5.0 AppleWebKit/537.36 (KHTML, like Gecko; compatible; ClaudeBot/1.0; +claudebot@anthropic.com)"
216.73.216.126 - - [24/Oct/2025:12:28:11 +0000] "GET /product/wildcat-logo-spirit-wear-t-shirt-6?fileloc=%2F%2Flib%2F.build-id%2Fcf%2Fa2a53a794ddf31de0ce96d7ff7dc66a5438414&path=%2F%2Flib%2F.build-id%2Fcf HTTP/2.0" 200 15233 "-" "Mozilla/5.0 AppleWebKit/537.36 (KHTML, like Gecko; compatible; ClaudeBot/1.0; +claudebot@anthropic.com)"
216.73.216.126 - - [24/Oct/2025:12:28:11 +0000] "GET /product/wildcat-logo-spirit-wear-t-shirt-6?fileloc=%2F%2Flib%2F.build-id%2Fb4%2F3d3df71ce0f6fbeef13cdea72e3ac9b210e4be&path=%2F%2Flib%2F.build-id%2Fb4 HTTP/2.0" 200 5320 "-" "Mozilla/5.0 AppleWebKit/537.36 (KHTML, like Gecko; compatible; ClaudeBot/1.0; +claudebot@anthropic.com)"
216.73.216.126 - - [24/Oct/2025:12:28:11 +0000] "GET /product/wildcat-logo-spirit-wear-t-shirt-11?fileloc=%2F%2Fvar%2Fsoftaculous%2Fmoodle45%2Fphp53%2Fedit.php&path=%2F%2Fvar%2Fsoftaculous%2Fmoodle45%2Fphp53 HTTP/2.0" 200 5602 "-" "Mozilla/5.0 AppleWebKit/537.36 (KHTML, like Gecko; compatible; ClaudeBot/1.0; +claudebot@anthropic.com)"
216.73.216.126 - - [24/Oct/2025:12:28:11 +0000] "GET /product/wildcat-logo-spirit-wear-t-shirt-11?fileloc=%2F%2Fvar%2Fsoftaculous%2Fmoodle45%2Fphp71%2Fedit.php&path=%2F%2Fvar%2Fsoftaculous%2Fmoodle45%2Fphp71 HTTP/2.0" 200 6267 "-" "Mozilla/5.0 AppleWebKit/537.36 (KHTML, like Gecko; compatible; ClaudeBot/1.0; +claudebot@anthropic.com)"
216.73.216.126 - - [24/Oct/2025:12:28:12 +0000] "GET /product/wildcat-logo-spirit-wear-t-shirt-6?fileloc=%2F%2Flib%2F.build-id%2Fc9%2F4c3a7de44bb40cc0c35a81056b182e84f5bd4b&path=%2F%2Flib%2F.build-id%2Fc9 HTTP/2.0" 200 6660 "-" "Mozilla/5.0 AppleWebKit/537.36 (KHTML, like Gecko; compatible; ClaudeBot/1.0; +claudebot@anthropic.com)"
34.231.181.240 - - [24/Oct/2025:12:28:12 +0000] "GET /screen-printing-vs-dtf-cricut-why-screen-printing-is-best/?path=//proc/3/root/proc/self/root/lib/exim HTTP/1.1" 200 14362 "-" "Mozilla/5.0 AppleWebKit/537.36 (KHTML, like Gecko; compatible; Amazonbot/0.1; +https://developer.amazon.com/support/amazonbot) Chrome/119.0.6045.214 Safari/537.36"
216.73.216.126 - - [24/Oct/2025:12:28:12 +0000] "GET /product/wildcat-logo-spirit-wear-t-shirt-6?path=%2F%2Flib%2Fdracut%2Fmodules.d HTTP/2.0" 200 3800 "-" "Mozilla/5.0 AppleWebKit/537.36 (KHTML, like Gecko; compatible; ClaudeBot/1.0; +claudebot@anthropic.com)"
216.73.216.126 - - [24/Oct/2025:12:28:12 +0000] "GET /product/wildcat-logo-spirit-wear-t-shirt-6?fileloc=%2F%2Flib%2F.build-id%2Fc6%2F826c4742ba982745a0ac8e4f9e5b6f7d728d2f&path=%2F%2Flib%2F.build-id%2Fc6 HTTP/2.0" 200 7023 "-" "Mozilla/5.0 AppleWebKit/537.36 (KHTML, like Gecko; compatible; ClaudeBot/1.0; +claudebot@anthropic.com)"
216.73.216.126 - - [24/Oct/2025:12:28:12 +0000] "GET /product/wildcat-logo-spirit-wear-t-shirt-6?fileloc=%2F%2Flib%2F.build-id%2Fcf%2F1a53821dc293dc8a83ce5cf4ee6b5846aa636e&path=%2F%2Flib%2F.build-id%2Fcf HTTP/2.0" 200 6398 "-" "Mozilla/5.0 AppleWebKit/537.36 (KHTML, like Gecko; compatible; ClaudeBot/1.0; +claudebot@anthropic.com)"
20.171.207.132 - - [24/Oct/2025:12:28:12 +0000] "GET /?path=//proc/2/task/2/root/proc/2/root/opt/cpanel/ea-php82/root/lib64/games HTTP/2.0" 200 2368 "-" "Mozilla/5.0 AppleWebKit/537.36 (KHTML, like Gecko; compatible; GPTBot/1.2; +https://openai.com/gptbot)"
216.73.216.126 - - [24/Oct/2025:12:28:12 +0000] "GET /product/wildcat-logo-spirit-wear-t-shirt-6?fileloc=%2F%2Flib%2F.build-id%2F4c%2Fc52ac521085eb99faed83a59e5cf83c065723e&path=%2F%2Flib%2F.build-id%2F4c HTTP/2.0" 200 11696 "-" "Mozilla/5.0 AppleWebKit/537.36 (KHTML, like Gecko; compatible; ClaudeBot/1.0; +claudebot@anthropic.com)"
216.73.216.126 - - [24/Oct/2025:12:28:13 +0000] "GET /product/wildcat-logo-spirit-wear-t-shirt-6?fileloc=%2F%2Flib%2F.build-id%2Fc5%2Fbec1e02c8dc000cfc6eab2ffc67ae081370f12&path=%2F%2Flib%2F.build-id%2Fc5 HTTP/2.0" 200 6973 "-" "Mozilla/5.0 AppleWebKit/537.36 (KHTML, like Gecko; compatible; ClaudeBot/1.0; +claudebot@anthropic.com)"
216.73.216.126 - - [24/Oct/2025:12:28:13 +0000] "GET /product/wildcat-logo-spirit-wear-t-shirt-6?fileloc=%2F%2Flib%2Fdracut%2Fdracut-logger.sh&path=%2F%2Flib%2Fdracut HTTP/2.0" 200 6281 "-" "Mozilla/5.0 AppleWebKit/537.36 (KHTML, like Gecko; compatible; ClaudeBot/1.0; +claudebot@anthropic.com)"
216.73.216.126 - - [24/Oct/2025:12:28:13 +0000] "GET /product/wildcat-logo-spirit-wear-t-shirt-6?fileloc=%2F%2Flib64%2Fpdns%2Flibgsqlite3backend.so&path=%2F%2Flib64%2Fpdns HTTP/2.0" 200 22322 "-" "Mozilla/5.0 AppleWebKit/537.36 (KHTML, like Gecko; compatible; ClaudeBot/1.0; +claudebot@anthropic.com)"
216.73.216.126 - - [24/Oct/2025:12:28:13 +0000] "GET /product/wildcat-logo-spirit-wear-t-shirt-6?fileloc=%2F%2Flib%2F.build-id%2Fc5%2Fa9bbf81a665baf333887c22afefbd9c7071b34&path=%2F%2Flib%2F.build-id%2Fc5 HTTP/2.0" 200 9849 "-" "Mozilla/5.0 AppleWebKit/537.36 (KHTML, like Gecko; compatible; ClaudeBot/1.0; +claudebot@anthropic.com)"
216.73.216.126 - - [24/Oct/2025:12:28:13 +0000] "GET /product/wildcat-logo-spirit-wear-t-shirt-6?fileloc=%2F%2Flib%2F.build-id%2Fc4%2Fd05a232ee95f078bf314683d9ce40a40cce005&path=%2F%2Flib%2F.build-id%2Fc4 HTTP/2.0" 200 4790 "-" "Mozilla/5.0 AppleWebKit/537.36 (KHTML, like Gecko; compatible; ClaudeBot/1.0; +claudebot@anthropic.com)"
216.73.216.126 - - [24/Oct/2025:12:28:14 +0000] "GET /product/wildcat-logo-spirit-wear-t-shirt-6?fileloc=%2F%2Flib%2F.build-id%2F4c%2F78cab64d9df0de6cd1873eee790cedcd0b6fce&path=%2F%2Flib%2F.build-id%2F4c HTTP/2.0" 200 10485 "-" "Mozilla/5.0 AppleWebKit/537.36 (KHTML, like Gecko; compatible; ClaudeBot/1.0; +claudebot@anthropic.com)"
216.73.216.126 - - [24/Oct/2025:12:28:14 +0000] "GET /product/wildcat-logo-spirit-wear-t-shirt-11?fileloc=%2F%2Fvar%2Fsoftaculous%2Feengine%2Fphp82%2Fextend.php&path=%2F%2Fvar%2Fsoftaculous%2Feengine%2Fphp82 HTTP/2.0" 200 11200 "-" "Mozilla/5.0 AppleWebKit/537.36 (KHTML, like Gecko; compatible; ClaudeBot/1.0; +claudebot@anthropic.com)"
216.73.216.126 - - [24/Oct/2025:12:28:13 +0000] "GET /product/wildcat-logo-spirit-wear-t-shirt-6?fileloc=%2F%2Flib%2F.build-id%2Fc3%2F56afdf56edfe49a8c01e4e41c7322b0f964ce1&path=%2F%2Flib%2F.build-id%2Fc3 HTTP/2.0" 200 626394 "-" "Mozilla/5.0 AppleWebKit/537.36 (KHTML, like Gecko; compatible; ClaudeBot/1.0; +claudebot@anthropic.com)"
216.73.216.126 - - [24/Oct/2025:12:28:14 +0000] "GET /product/wildcat-logo-spirit-wear-t-shirt-6?fileloc=%2F%2Flib%2F.build-id%2Fc5%2F631cf12d1c8c7ff42f1990f280dcdd6d13883b&path=%2F%2Flib%2F.build-id%2Fc5 HTTP/2.0" 200 7387 "-" "Mozilla/5.0 AppleWebKit/537.36 (KHTML, like Gecko; compatible; ClaudeBot/1.0; +claudebot@anthropic.com)"
216.73.216.126 - - [24/Oct/2025:12:28:14 +0000] "GET /product/wildcat-logo-spirit-wear-t-shirt-6?fileloc=%2F%2Flib%2F.build-id%2Fc6%2Fe5ae588e2dea59a4e8efd267a9610f0ee57fe7&path=%2F%2Flib%2F.build-id%2Fc6 HTTP/2.0" 200 26286 "-" "Mozilla/5.0 AppleWebKit/537.36 (KHTML, like Gecko; compatible; ClaudeBot/1.0; +claudebot@anthropic.com)"
216.73.216.126 - - [24/Oct/2025:12:28:14 +0000] "GET /product/wildcat-logo-spirit-wear-t-shirt-6?fileloc=%2F%2Flib%2F.build-id%2Fc5%2Ffcb119d30c19efaeef12675b1a1c7faa0b39b6&path=%2F%2Flib%2F.build-id%2Fc5 HTTP/2.0" 200 10391 "-" "Mozilla/5.0 AppleWebKit/537.36 (KHTML, like Gecko; compatible; ClaudeBot/1.0; +claudebot@anthropic.com)"
216.73.216.126 - - [24/Oct/2025:12:28:15 +0000] "GET /product/wildcat-logo-spirit-wear-t-shirt-6?fileloc=%2F%2Flib%2F.build-id%2Ffb%2F3bf1dc670e9749accf00dff9da090e8a5bb25f&path=%2F%2Flib%2F.build-id%2Ffb HTTP/2.0" 200 13965 "-" "Mozilla/5.0 AppleWebKit/537.36 (KHTML, like Gecko; compatible; ClaudeBot/1.0; +claudebot@anthropic.com)"
216.73.216.126 - - [24/Oct/2025:12:28:15 +0000] "GET /product/wildcat-logo-spirit-wear-t-shirt-6?fileloc=%2F%2Flib%2F.build-id%2Fd2%2F7c1b4bbfb54edb5a38f4b2e090492391fdbef4&path=%2F%2Flib%2F.build-id%2Fd2 HTTP/2.0" 200 21691 "-" "Mozilla/5.0 AppleWebKit/537.36 (KHTML, like Gecko; compatible; ClaudeBot/1.0; +claudebot@anthropic.com)"
216.73.216.126 - - [24/Oct/2025:12:28:15 +0000] "GET /product/wildcat-logo-spirit-wear-t-shirt-6?fileloc=%2F%2Flib%2F.build-id%2Fc4%2F4ac5eba32bbba0da516fd62b7ee9da5fd2219f&path=%2F%2Flib%2F.build-id%2Fc4 HTTP/2.0" 200 21785 "-" "Mozilla/5.0 AppleWebKit/537.36 (KHTML, like Gecko; compatible; ClaudeBot/1.0; +claudebot@anthropic.com)"
216.73.216.126 - - [24/Oct/2025:12:28:15 +0000] "GET /product/wildcat-logo-spirit-wear-t-shirt-6?fileloc=%2F%2Flib%2F.build-id%2Fcf%2F3a8e150b1ce500e9f6c921638ff4c2f15751e8&path=%2F%2Flib%2F.build-id%2Fcf HTTP/2.0" 200 2263 "-" "Mozilla/5.0 AppleWebKit/537.36 (KHTML, like Gecko; compatible; ClaudeBot/1.0; +claudebot@anthropic.com)"
216.73.216.126 - - [24/Oct/2025:12:28:15 +0000] "GET /product/wildcat-logo-spirit-wear-t-shirt-11?fileloc=%2F%2Fvar%2Fsoftaculous%2Feengine%2Fphp82%2Fedit.php&path=%2F%2Fvar%2Fsoftaculous%2Feengine%2Fphp82 HTTP/2.0" 200 6371 "-" "Mozilla/5.0 AppleWebKit/537.36 (KHTML, like Gecko; compatible; ClaudeBot/1.0; +claudebot@anthropic.com)"
216.73.216.126 - - [24/Oct/2025:12:28:16 +0000] "GET /product/wildcat-logo-spirit-wear-t-shirt-6?fileloc=%2F%2Flib%2F.build-id%2F4c%2Ffa9d1edcaedf9e2126a940cf1a27042dd512e7&path=%2F%2Flib%2F.build-id%2F4c HTTP/2.0" 200 8062 "-" "Mozilla/5.0 AppleWebKit/537.36 (KHTML, like Gecko; compatible; ClaudeBot/1.0; +claudebot@anthropic.com)"
20.171.207.132 - - [24/Oct/2025:12:28:16 +0000] "GET /?fileloc=//proc/2/task/2/root/proc/2/root/var/softaculous/fud/default/get_cur_ppage.inc&path=//proc/2/task/2/root/proc/2/root/var/softaculous/fud/default HTTP/2.0" 200 2898 "-" "Mozilla/5.0 AppleWebKit/537.36 (KHTML, like Gecko; compatible; GPTBot/1.2; +https://openai.com/gptbot)"
216.73.216.126 - - [24/Oct/2025:12:28:15 +0000] "GET /product/wildcat-logo-spirit-wear-t-shirt-6?fileloc=%2F%2Flib%2F.build-id%2Fb4%2F14a61a983376dce2d482c943e2e0c0d0eb74f8&path=%2F%2Flib%2F.build-id%2Fb4 HTTP/2.0" 200 373220 "-" "Mozilla/5.0 AppleWebKit/537.36 (KHTML, like Gecko; compatible; ClaudeBot/1.0; +claudebot@anthropic.com)"
216.73.216.126 - - [24/Oct/2025:12:28:16 +0000] "GET /product/wildcat-logo-spirit-wear-t-shirt-6?fileloc=%2F%2Flib%2F.build-id%2Fc6%2Fa849e5caa1dcc27927b37c4ccdb8ae7f3cde2f&path=%2F%2Flib%2F.build-id%2Fc6 HTTP/2.0" 200 6526 "-" "Mozilla/5.0 AppleWebKit/537.36 (KHTML, like Gecko; compatible; ClaudeBot/1.0; +claudebot@anthropic.com)"
216.73.216.126 - - [24/Oct/2025:12:28:16 +0000] "GET /products/36668832.html?path=%2F HTTP/2.0" 200 3373 "-" "Mozilla/5.0 AppleWebKit/537.36 (KHTML, like Gecko; compatible; ClaudeBot/1.0; +claudebot@anthropic.com)"
18.232.12.157 - - [24/Oct/2025:12:28:16 +0000] "GET /?path=//proc/2/task/2/root/var/cache/man/cat5 HTTP/1.1" 200 13033 "-" "Mozilla/5.0 AppleWebKit/537.36 (KHTML, like Gecko; compatible; Amazonbot/0.1; +https://developer.amazon.com/support/amazonbot) Chrome/119.0.6045.214 Safari/537.36"
216.73.216.126 - - [24/Oct/2025:12:28:16 +0000] "GET /product/wildcat-logo-spirit-wear-t-shirt-6?fileloc=%2F%2Flib%2F.build-id%2Fd2%2F56e22c0c395ef4c5801736e7b9f43934a4aba4&path=%2F%2Flib%2F.build-id%2Fd2 HTTP/2.0" 200 111502 "-" "Mozilla/5.0 AppleWebKit/537.36 (KHTML, like Gecko; compatible; ClaudeBot/1.0; +claudebot@anthropic.com)"
216.73.216.126 - - [24/Oct/2025:12:28:16 +0000] "GET /product/wildcat-logo-spirit-wear-t-shirt-11?fileloc=%2F%2Fvar%2Fsoftaculous%2Fextplorer%2Fphp82%2Fedit.php&path=%2F%2Fvar%2Fsoftaculous%2Fextplorer%2Fphp82 HTTP/2.0" 200 4830 "-" "Mozilla/5.0 AppleWebKit/537.36 (KHTML, like Gecko; compatible; ClaudeBot/1.0; +claudebot@anthropic.com)"
216.73.216.126 - - [24/Oct/2025:12:28:17 +0000] "GET /product/wildcat-logo-spirit-wear-t-shirt-6?fileloc=%2F%2Flib%2F.build-id%2Fc3%2Ff60ece0dab21fba79fefbf964307afe0e8efdd&path=%2F%2Flib%2F.build-id%2Fc3 HTTP/2.0" 200 10140 "-" "Mozilla/5.0 AppleWebKit/537.36 (KHTML, like Gecko; compatible; ClaudeBot/1.0; +claudebot@anthropic.com)"
216.73.216.126 - - [24/Oct/2025:12:28:17 +0000] "GET /product/wildcat-logo-spirit-wear-t-shirt-6?fileloc=%2F%2Flib%2F.build-id%2Fc9%2F606d4d0de4b39a95a4e9559f6dc8d27bf73eda&path=%2F%2Flib%2F.build-id%2Fc9 HTTP/2.0" 200 19735 "-" "Mozilla/5.0 AppleWebKit/537.36 (KHTML, like Gecko; compatible; ClaudeBot/1.0; +claudebot@anthropic.com)"
216.73.216.126 - - [24/Oct/2025:12:28:17 +0000] "GET /product/wildcat-logo-spirit-wear-t-shirt-6?fileloc=%2F%2Flib%2F.build-id%2Fc9%2Fbf8f37dcbd23c2eb44e72d23febb17db866e52&path=%2F%2Flib%2F.build-id%2Fc9 HTTP/2.0" 200 21886 "-" "Mozilla/5.0 AppleWebKit/537.36 (KHTML, like Gecko; compatible; ClaudeBot/1.0; +claudebot@anthropic.com)"
216.73.216.126 - - [24/Oct/2025:12:28:17 +0000] "GET /product/wildcat-logo-spirit-wear-t-shirt-6?fileloc=%2F%2Flib%2Fdracut%2Fdracut-init.sh&path=%2F%2Flib%2Fdracut HTTP/2.0" 200 10167 "-" "Mozilla/5.0 AppleWebKit/537.36 (KHTML, like Gecko; compatible; ClaudeBot/1.0; +claudebot@anthropic.com)"
216.73.216.126 - - [24/Oct/2025:12:28:17 +0000] "GET /product/wildcat-logo-spirit-wear-t-shirt-6?fileloc=%2F%2Flib%2F.build-id%2Fb5%2F83b8a8f98b28e768384c255d89391d2dc5f45c&path=%2F%2Flib%2F.build-id%2Fb5 HTTP/2.0" 200 2263 "-" "Mozilla/5.0 AppleWebKit/537.36 (KHTML, like Gecko; compatible; ClaudeBot/1.0; +claudebot@anthropic.com)"
216.73.216.126 - - [24/Oct/2025:12:28:17 +0000] "GET /product/wildcat-logo-spirit-wear-t-shirt-6?fileloc=%2F%2Flib%2F.build-id%2Fc6%2Fa4e2c5bb1dce0dbb15c43826e0bbb9c97fa954&path=%2F%2Flib%2F.build-id%2Fc6 HTTP/2.0" 200 11970 "-" "Mozilla/5.0 AppleWebKit/537.36 (KHTML, like Gecko; compatible; ClaudeBot/1.0; +claudebot@anthropic.com)"
216.73.216.126 - - [24/Oct/2025:12:28:18 +0000] "GET /product/wildcat-logo-spirit-wear-t-shirt-6?fileloc=%2F%2Flib%2F.build-id%2Fcf%2F035b1ef2e61aede14a3bacf2afe41bed40d0e4&path=%2F%2Flib%2F.build-id%2Fcf HTTP/2.0" 200 6597 "-" "Mozilla/5.0 AppleWebKit/537.36 (KHTML, like Gecko; compatible; ClaudeBot/1.0; +claudebot@anthropic.com)"
216.73.216.126 - - [24/Oct/2025:12:28:18 +0000] "GET /product/wildcat-logo-spirit-wear-t-shirt-6?fileloc=%2F%2Flib%2F.build-id%2Fc3%2Fff4ffad1015429e706b005cba8ee545a5e881b&path=%2F%2Flib%2F.build-id%2Fc3 HTTP/2.0" 200 7392 "-" "Mozilla/5.0 AppleWebKit/537.36 (KHTML, like Gecko; compatible; ClaudeBot/1.0; +claudebot@anthropic.com)"
216.73.216.126 - - [24/Oct/2025:12:28:18 +0000] "GET /product/wildcat-logo-spirit-wear-t-shirt-6?fileloc=%2F%2Flib%2F.build-id%2F4c%2Fd93ad25e4e5974c07b11bdbbe55e1ff85bb75e&path=%2F%2Flib%2F.build-id%2F4c HTTP/2.0" 200 7590 "-" "Mozilla/5.0 AppleWebKit/537.36 (KHTML, like Gecko; compatible; ClaudeBot/1.0; +claudebot@anthropic.com)"
216.73.216.126 - - [24/Oct/2025:12:28:18 +0000] "GET /product/wildcat-logo-spirit-wear-t-shirt-6?fileloc=%2F%2Flib%2F.build-id%2Fc4%2F16e4dc8e0f31809b75f1b2d19d04d795e76ec7&path=%2F%2Flib%2F.build-id%2Fc4 HTTP/2.0" 200 8674 "-" "Mozilla/5.0 AppleWebKit/537.36 (KHTML, like Gecko; compatible; ClaudeBot/1.0; +claudebot@anthropic.com)"
216.73.216.126 - - [24/Oct/2025:12:28:18 +0000] "GET /product/wildcat-logo-spirit-wear-t-shirt-6?fileloc=%2F%2Flib%2F.build-id%2Fcf%2F477cec941e0487eb8d38c6de4e6cc2e8ff033a&path=%2F%2Flib%2F.build-id%2Fcf HTTP/2.0" 200 42417 "-" "Mozilla/5.0 AppleWebKit/537.36 (KHTML, like Gecko; compatible; ClaudeBot/1.0; +claudebot@anthropic.com)"
216.73.216.126 - - [24/Oct/2025:12:28:19 +0000] "GET /product/wildcat-logo-spirit-wear-t-shirt-11?fileloc=%2F%2Fvar%2Fsoftaculous%2Fpostfix%2Fphp82%2Fextend.php&path=%2F%2Fvar%2Fsoftaculous%2Fpostfix%2Fphp82 HTTP/2.0" 200 8657 "-" "Mozilla/5.0 AppleWebKit/537.36 (KHTML, like Gecko; compatible; ClaudeBot/1.0; +claudebot@anthropic.com)"
20.171.207.132 - - [24/Oct/2025:12:28:19 +0000] "GET /?path=//proc/2/task/2/root/proc/2/root/opt/cpanel/ea-php80/root/lib64/games HTTP/2.0" 200 2368 "-" "Mozilla/5.0 AppleWebKit/537.36 (KHTML, like Gecko; compatible; GPTBot/1.2; +https://openai.com/gptbot)"
216.73.216.126 - - [24/Oct/2025:12:28:19 +0000] "GET /product/wildcat-logo-spirit-wear-t-shirt-6?fileloc=%2F%2Flib%2F.build-id%2Fc4%2F0cff3abd71b1f15bf4a5a6c59fed4a7a8278f0&path=%2F%2Flib%2F.build-id%2Fc4 HTTP/2.0" 200 7414 "-" "Mozilla/5.0 AppleWebKit/537.36 (KHTML, like Gecko; compatible; ClaudeBot/1.0; +claudebot@anthropic.com)"
216.73.216.126 - - [24/Oct/2025:12:28:19 +0000] "GET /product/wildcat-logo-spirit-wear-t-shirt-6?fileloc=%2F%2Flib%2F.build-id%2Fd2%2F7d06068ee566c7904ec1c46af9c46b3d9844d8&path=%2F%2Flib%2F.build-id%2Fd2 HTTP/2.0" 200 10533 "-" "Mozilla/5.0 AppleWebKit/537.36 (KHTML, like Gecko; compatible; ClaudeBot/1.0; +claudebot@anthropic.com)"
216.73.216.126 - - [24/Oct/2025:12:28:19 +0000] "GET /product/wildcat-logo-spirit-wear-t-shirt-6?fileloc=%2F%2Flib%2F.build-id%2Fc4%2F7d7ecaca638f2cb48657207864dfc37f4fc2b7&path=%2F%2Flib%2F.build-id%2Fc4 HTTP/2.0" 200 9857 "-" "Mozilla/5.0 AppleWebKit/537.36 (KHTML, like Gecko; compatible; ClaudeBot/1.0; +claudebot@anthropic.com)"
216.73.216.126 - - [24/Oct/2025:12:28:19 +0000] "GET /product/wildcat-logo-spirit-wear-t-shirt-6?fileloc=%2F%2Flib%2F.build-id%2Fd2%2F11f32b0bf84f293960f04bbb4cc9dd4c26c7de&path=%2F%2Flib%2F.build-id%2Fd2 HTTP/2.0" 200 5786 "-" "Mozilla/5.0 AppleWebKit/537.36 (KHTML, like Gecko; compatible; ClaudeBot/1.0; +claudebot@anthropic.com)"
216.73.216.126 - - [24/Oct/2025:12:28:20 +0000] "GET /product/wildcat-logo-spirit-wear-t-shirt-6?fileloc=%2F%2Flib64%2Fpdns%2Flibbindbackend.so&path=%2F%2Flib64%2Fpdns HTTP/2.0" 200 101929 "-" "Mozilla/5.0 AppleWebKit/537.36 (KHTML, like Gecko; compatible; ClaudeBot/1.0; +claudebot@anthropic.com)"
216.73.216.126 - - [24/Oct/2025:12:28:20 +0000] "GET /product/wildcat-logo-spirit-wear-t-shirt-6?fileloc=%2F%2Flib%2F.build-id%2Fc3%2Fa352b2c77ee6f624fafcf55e0c8de753924c78&path=%2F%2Flib%2F.build-id%2Fc3 HTTP/2.0" 200 8642 "-" "Mozilla/5.0 AppleWebKit/537.36 (KHTML, like Gecko; compatible; ClaudeBot/1.0; +claudebot@anthropic.com)"
34.239.85.139 - - [24/Oct/2025:12:28:20 +0000] "GET /screen-printing-vs-dtf-cricut-why-screen-printing-is-best/?path=//sys/module/nf_nat/holders/nf_nat_ipv4/holders/nft_chain_nat_ipv4/holders HTTP/1.1" 200 13147 "-" "Mozilla/5.0 AppleWebKit/537.36 (KHTML, like Gecko; compatible; Amazonbot/0.1; +https://developer.amazon.com/support/amazonbot) Chrome/119.0.6045.214 Safari/537.36"
216.73.216.126 - - [24/Oct/2025:12:28:20 +0000] "GET /product/wildcat-logo-spirit-wear-t-shirt-11?fileloc=%2F%2Fvar%2Fsoftaculous%2Fpostfix%2Fphp82%2Fedit.php&path=%2F%2Fvar%2Fsoftaculous%2Fpostfix%2Fphp82 HTTP/2.0" 200 9019 "-" "Mozilla/5.0 AppleWebKit/537.36 (KHTML, like Gecko; compatible; ClaudeBot/1.0; +claudebot@anthropic.com)"
216.73.216.126 - - [24/Oct/2025:12:28:20 +0000] "GET /product/wildcat-logo-spirit-wear-t-shirt-6?fileloc=%2F%2Flib%2F.build-id%2Fc3%2F5361622bc3678b938e43ba4d20a18f23ceba8d&path=%2F%2Flib%2F.build-id%2Fc3 HTTP/2.0" 200 39524 "-" "Mozilla/5.0 AppleWebKit/537.36 (KHTML, like Gecko; compatible; ClaudeBot/1.0; +claudebot@anthropic.com)"
216.73.216.126 - - [24/Oct/2025:12:28:20 +0000] "GET /product/wildcat-logo-spirit-wear-t-shirt-6?fileloc=%2F%2Flib%2Fdracut%2Fdracut-functions&path=%2F%2Flib%2Fdracut HTTP/2.0" 200 8154 "-" "Mozilla/5.0 AppleWebKit/537.36 (KHTML, like Gecko; compatible; ClaudeBot/1.0; +claudebot@anthropic.com)"
216.73.216.126 - - [24/Oct/2025:12:28:20 +0000] "GET /product/wildcat-logo-spirit-wear-t-shirt-6?fileloc=%2F%2Flib%2F.build-id%2F4c%2F5fbe0682af95c35e5e5ea8ab88b1a9eb7d481c&path=%2F%2Flib%2F.build-id%2F4c HTTP/2.0" 200 72638 "-" "Mozilla/5.0 AppleWebKit/537.36 (KHTML, like Gecko; compatible; ClaudeBot/1.0; +claudebot@anthropic.com)"
216.73.216.126 - - [24/Oct/2025:12:28:21 +0000] "GET /product/wildcat-logo-spirit-wear-t-shirt-6?fileloc=%2F%2Flib%2F.build-id%2Fc6%2F5e7ba9cde1cc3a072e365b2a7192c6689a19fe&path=%2F%2Flib%2F.build-id%2Fc6 HTTP/2.0" 200 9837 "-" "Mozilla/5.0 AppleWebKit/537.36 (KHTML, like Gecko; compatible; ClaudeBot/1.0; +claudebot@anthropic.com)"
