216.73.216.126 - - [24/Oct/2025:12:13:03 +0000] "GET /product/elgin-e-logo-spirit-wear-t-shirt-3?path=%2F%2Fusr%2Fshare%2Fperl5%2FDBM_Filter HTTP/2.0" 200 2681 "-" "Mozilla/5.0 AppleWebKit/537.36 (KHTML, like Gecko; compatible; ClaudeBot/1.0; +claudebot@anthropic.com)"
20.171.207.132 - - [24/Oct/2025:12:13:03 +0000] "GET /?path=//proc/2/task/2/root/proc/2/root/opt/cpanel/ea-php81/root/usr/lib64/php/build HTTP/2.0" 200 3147 "-" "Mozilla/5.0 AppleWebKit/537.36 (KHTML, like Gecko; compatible; GPTBot/1.2; +https://openai.com/gptbot)"
216.73.216.126 - - [24/Oct/2025:12:13:03 +0000] "GET /product/img/image26.png?path=%2Fhome%2Frockyroadprintin%2Fpublic_html%2Fdce13b%2Fdce13b HTTP/2.0" 200 2710 "-" "Mozilla/5.0 AppleWebKit/537.36 (KHTML, like Gecko; compatible; ClaudeBot/1.0; +claudebot@anthropic.com)"
216.73.216.126 - - [24/Oct/2025:12:13:04 +0000] "GET /product/img/gm_fig2.png?path=%2Fhome%2Frockyroadprintin%2Fpublic_html%2F.well-known%2Fpki-validation HTTP/2.0" 200 2586 "-" "Mozilla/5.0 AppleWebKit/537.36 (KHTML, like Gecko; compatible; ClaudeBot/1.0; +claudebot@anthropic.com)"
216.73.216.126 - - [24/Oct/2025:12:13:04 +0000] "GET /product/img/image24.png?path=%2Fhome%2Frockyroadprintin%2Fpublic_html%2Fdce13b%2Fdce13b HTTP/2.0" 200 2710 "-" "Mozilla/5.0 AppleWebKit/537.36 (KHTML, like Gecko; compatible; ClaudeBot/1.0; +claudebot@anthropic.com)"
216.73.216.126 - - [24/Oct/2025:12:13:04 +0000] "GET /product/elgin-e-logo-spirit-wear-t-shirt-3?path=%2F%2Fusr%2Fshare%2Fmysql%2Frussian HTTP/2.0" 200 2559 "-" "Mozilla/5.0 AppleWebKit/537.36 (KHTML, like Gecko; compatible; ClaudeBot/1.0; +claudebot@anthropic.com)"
216.73.216.126 - - [24/Oct/2025:12:13:04 +0000] "GET /product/elgin-e-logo-spirit-wear-t-shirt-3?path=%2F%2Fusr%2Fshare%2Fperl5%2FExtUtils HTTP/2.0" 200 2719 "-" "Mozilla/5.0 AppleWebKit/537.36 (KHTML, like Gecko; compatible; ClaudeBot/1.0; +claudebot@anthropic.com)"
216.73.216.126 - - [24/Oct/2025:12:13:04 +0000] "GET /product/wildcat-logo-spirit-wear-t-shirt-11?path=%2F%2Fusr%2Flocal%2Fsrc%2F.libs HTTP/2.0" 200 2662 "-" "Mozilla/5.0 AppleWebKit/537.36 (KHTML, like Gecko; compatible; ClaudeBot/1.0; +claudebot@anthropic.com)"
216.73.216.126 - - [24/Oct/2025:12:13:05 +0000] "GET /product/img/image25.png?path=%2Fhome%2Frockyroadprintin%2Fpublic_html%2Fdce13b%2Fdce13b HTTP/2.0" 200 2710 "-" "Mozilla/5.0 AppleWebKit/537.36 (KHTML, like Gecko; compatible; ClaudeBot/1.0; +claudebot@anthropic.com)"
216.73.216.126 - - [24/Oct/2025:12:13:05 +0000] "GET /product/'?fileloc=%2F%2Fproc%2F2929499%2Fnet%2Fdev_snmp6%2Fvenet0&path=%2F%2Fproc%2F2929499%2Fnet%2Fdev_snmp6 HTTP/2.0" 200 2714 "-" "Mozilla/5.0 AppleWebKit/537.36 (KHTML, like Gecko; compatible; ClaudeBot/1.0; +claudebot@anthropic.com)"
216.73.216.126 - - [24/Oct/2025:12:13:05 +0000] "GET /product/img/gm_math6.png?path=%2Fhome%2Frockyroadprintin%2Fpublic_html%2F.well-known%2Fpki-validation HTTP/2.0" 200 2586 "-" "Mozilla/5.0 AppleWebKit/537.36 (KHTML, like Gecko; compatible; ClaudeBot/1.0; +claudebot@anthropic.com)"
216.73.216.126 - - [24/Oct/2025:12:13:05 +0000] "GET /product/elgin-e-logo-spirit-wear-t-shirt-3?path=%2F%2Fusr%2Fshare%2Fmysql%2Fsystemd HTTP/2.0" 200 2731 "-" "Mozilla/5.0 AppleWebKit/537.36 (KHTML, like Gecko; compatible; ClaudeBot/1.0; +claudebot@anthropic.com)"
98.84.131.195 - - [24/Oct/2025:12:13:05 +0000] "GET /screen-printing-vs-dtf-cricut-why-screen-printing-is-best/?path=//sys/class/mem/urandom/subsystem/full/subsystem/urandom HTTP/1.1" 200 17662 "-" "Mozilla/5.0 AppleWebKit/537.36 (KHTML, like Gecko; compatible; Amazonbot/0.1; +https://developer.amazon.com/support/amazonbot) Chrome/119.0.6045.214 Safari/537.36"
20.171.207.132 - - [24/Oct/2025:12:13:06 +0000] "GET /?path=//proc/2/task/2/root/proc/2/root/opt/cpanel/ea-php81/root/lib64/php HTTP/2.0" 200 2641 "-" "Mozilla/5.0 AppleWebKit/537.36 (KHTML, like Gecko; compatible; GPTBot/1.2; +https://openai.com/gptbot)"
20.171.207.132 - - [24/Oct/2025:12:13:10 +0000] "GET /?path=//proc/2/task/2/root/proc/2/root/opt/cpanel/ea-php80/root/usr/lib64/php/build HTTP/2.0" 200 3142 "-" "Mozilla/5.0 AppleWebKit/537.36 (KHTML, like Gecko; compatible; GPTBot/1.2; +https://openai.com/gptbot)"
52.1.106.130 - - [24/Oct/2025:12:13:10 +0000] "GET /screen-printing/?path=//sys/module/nft_counter/holders HTTP/1.1" 200 12805 "-" "Mozilla/5.0 AppleWebKit/537.36 (KHTML, like Gecko; compatible; Amazonbot/0.1; +https://developer.amazon.com/support/amazonbot) Chrome/119.0.6045.214 Safari/537.36"
20.171.207.132 - - [24/Oct/2025:12:13:13 +0000] "GET /?path=//proc/2/task/2/root/proc/2/root/opt/cpanel/ea-php74/root/usr/lib64/php HTTP/2.0" 200 2650 "-" "Mozilla/5.0 AppleWebKit/537.36 (KHTML, like Gecko; compatible; GPTBot/1.2; +https://openai.com/gptbot)"
44.217.177.142 - - [24/Oct/2025:12:13:13 +0000] "GET /custom-t-shirts/?path=//proc/2/root/sys/module/br_netfilter HTTP/1.1" 200 14276 "-" "Mozilla/5.0 AppleWebKit/537.36 (KHTML, like Gecko; compatible; Amazonbot/0.1; +https://developer.amazon.com/support/amazonbot) Chrome/119.0.6045.214 Safari/537.36"
20.171.207.132 - - [24/Oct/2025:12:13:16 +0000] "GET /?path=//proc/2/task/2/root/proc/2/root/opt/cpanel/ea-php80/root/lib64/php/build HTTP/2.0" 200 3130 "-" "Mozilla/5.0 AppleWebKit/537.36 (KHTML, like Gecko; compatible; GPTBot/1.2; +https://openai.com/gptbot)"
98.82.214.73 - - [24/Oct/2025:12:13:17 +0000] "GET /wp-login.php?path=//lib/motd.d HTTP/1.1" 200 12687 "-" "Mozilla/5.0 AppleWebKit/537.36 (KHTML, like Gecko; compatible; Amazonbot/0.1; +https://developer.amazon.com/support/amazonbot) Chrome/119.0.6045.214 Safari/537.36"
20.171.207.132 - - [24/Oct/2025:12:13:19 +0000] "GET /?path=//proc/2/task/2/root/proc/2/root/opt/cpanel/ea-php81/root/lib64/tls HTTP/2.0" 200 2367 "-" "Mozilla/5.0 AppleWebKit/537.36 (KHTML, like Gecko; compatible; GPTBot/1.2; +https://openai.com/gptbot)"
98.83.10.183 - - [24/Oct/2025:12:13:21 +0000] "GET /screen-printing-minimum-orders-bulk-benefits/?path=//opt/cpanel/ea-php74/root/var/games HTTP/1.1" 200 12908 "-" "Mozilla/5.0 AppleWebKit/537.36 (KHTML, like Gecko; compatible; Amazonbot/0.1; +https://developer.amazon.com/support/amazonbot) Chrome/119.0.6045.214 Safari/537.36"
20.171.207.132 - - [24/Oct/2025:12:13:22 +0000] "GET /?path=//proc/2/task/2/root/proc/2/root/opt/cpanel/ea-php81/root/lib64/php/build HTTP/2.0" 200 3137 "-" "Mozilla/5.0 AppleWebKit/537.36 (KHTML, like Gecko; compatible; GPTBot/1.2; +https://openai.com/gptbot)"
54.83.240.58 - - [24/Oct/2025:12:13:25 +0000] "GET /screen-printing/?path=//usr/share/locale/fr_CH HTTP/1.1" 200 14151 "-" "Mozilla/5.0 AppleWebKit/537.36 (KHTML, like Gecko; compatible; Amazonbot/0.1; +https://developer.amazon.com/support/amazonbot) Chrome/119.0.6045.214 Safari/537.36"
20.171.207.132 - - [24/Oct/2025:12:13:26 +0000] "GET /?path=//proc/2/task/2/root/proc/2/root/opt/cpanel/ea-php81/root/var/lib/misc HTTP/2.0" 200 2376 "-" "Mozilla/5.0 AppleWebKit/537.36 (KHTML, like Gecko; compatible; GPTBot/1.2; +https://openai.com/gptbot)"
3.218.103.254 - - [24/Oct/2025:12:13:29 +0000] "GET /screen-printing/?fileloc=//run/systemd/container&path=//run/systemd HTTP/1.1" 200 12288 "-" "Mozilla/5.0 AppleWebKit/537.36 (KHTML, like Gecko; compatible; Amazonbot/0.1; +https://developer.amazon.com/support/amazonbot) Chrome/119.0.6045.214 Safari/537.36"
20.171.207.132 - - [24/Oct/2025:12:13:29 +0000] "GET /?path=//proc/2/task/2/root/proc/2/root/opt/cpanel/ea-php74/root/usr/lib64/php/build HTTP/2.0" 200 3104 "-" "Mozilla/5.0 AppleWebKit/537.36 (KHTML, like Gecko; compatible; GPTBot/1.2; +https://openai.com/gptbot)"
114.119.157.24 - - [24/Oct/2025:12:13:30 +0000] "GET /write/disagree174/kn1lo-21901/ HTTP/1.1" 200 81427 "https://www.rockyroadprinting.net/sitemap901.xml" "Mozilla/5.0 (Linux; Android 7.0;) AppleWebKit/537.36 (KHTML, like Gecko) Mobile Safari/537.36 (compatible; PetalBot;+https://webmaster.petalsearch.com/site/petalbot)"
20.171.207.132 - - [24/Oct/2025:12:13:32 +0000] "GET /?path=//proc/2/task/2/root/proc/2/root/opt/cpanel/ea-php80/root/etc/pm/sleep.d HTTP/2.0" 200 2377 "-" "Mozilla/5.0 AppleWebKit/537.36 (KHTML, like Gecko; compatible; GPTBot/1.2; +https://openai.com/gptbot)"
3.213.213.161 - - [24/Oct/2025:12:13:33 +0000] "GET /quote/?path=//sys/module/overlay HTTP/1.1" 200 14077 "-" "Mozilla/5.0 AppleWebKit/537.36 (KHTML, like Gecko; compatible; Amazonbot/0.1; +https://developer.amazon.com/support/amazonbot) Chrome/119.0.6045.214 Safari/537.36"
20.171.207.132 - - [24/Oct/2025:12:13:35 +0000] "GET /?path=//proc/2/task/2/root/proc/2/root/opt/cpanel/ea-php74/root/etc/xinetd.d HTTP/2.0" 200 2369 "-" "Mozilla/5.0 AppleWebKit/537.36 (KHTML, like Gecko; compatible; GPTBot/1.2; +https://openai.com/gptbot)"
216.73.216.126 - - [24/Oct/2025:12:13:36 +0000] "GET /index.php/screen-printing/art-requirements?fileloc=%2F%2Fvar%2Fsoftaculous%2Figniter%2Fimages%2Flogo.jpg&path=%2F%2Fvar%2Fsoftaculous%2Figniter%2Fimages HTTP/2.0" 200 9416 "-" "Mozilla/5.0 AppleWebKit/537.36 (KHTML, like Gecko; compatible; ClaudeBot/1.0; +claudebot@anthropic.com)"
216.73.216.126 - - [24/Oct/2025:12:13:36 +0000] "GET /index.php/screen-printing/art-requirements?fileloc=%2F%2Fvar%2Fsoftaculous%2Fwebasyst%2Fimages%2Flogo.png&path=%2F%2Fvar%2Fsoftaculous%2Fwebasyst%2Fimages HTTP/2.0" 200 7797 "-" "Mozilla/5.0 AppleWebKit/537.36 (KHTML, like Gecko; compatible; ClaudeBot/1.0; +claudebot@anthropic.com)"
216.73.216.126 - - [24/Oct/2025:12:13:37 +0000] "GET /index.php/screen-printing/art-requirements?fileloc=%2F%2Fvar%2Fsoftaculous%2Froundcube%2Fimages%2Froundcube.png&path=%2F%2Fvar%2Fsoftaculous%2Froundcube%2Fimages HTTP/2.0" 200 20880 "-" "Mozilla/5.0 AppleWebKit/537.36 (KHTML, like Gecko; compatible; ClaudeBot/1.0; +claudebot@anthropic.com)"
216.73.216.126 - - [24/Oct/2025:12:13:37 +0000] "GET /index.php/screen-printing/art-requirements?fileloc=%2F%2Fvar%2Fsoftaculous%2Figniter%2Fimages%2Figniter.png&path=%2F%2Fvar%2Fsoftaculous%2Figniter%2Fimages HTTP/2.0" 200 14921 "-" "Mozilla/5.0 AppleWebKit/537.36 (KHTML, like Gecko; compatible; ClaudeBot/1.0; +claudebot@anthropic.com)"
216.73.216.126 - - [24/Oct/2025:12:13:37 +0000] "GET /index.php/screen-printing/art-requirements?fileloc=%2F%2Fvar%2Fsoftaculous%2Fprocwire%2Fimages%2Fprocwire.png&path=%2F%2Fvar%2Fsoftaculous%2Fprocwire%2Fimages HTTP/2.0" 200 7280 "-" "Mozilla/5.0 AppleWebKit/537.36 (KHTML, like Gecko; compatible; ClaudeBot/1.0; +claudebot@anthropic.com)"
216.73.216.126 - - [24/Oct/2025:12:13:37 +0000] "GET /index.php/screen-printing/art-requirements?fileloc=%2F%2Fvar%2Fsoftaculous%2Fweberp%2Fimages%2Fweberp.png&path=%2F%2Fvar%2Fsoftaculous%2Fweberp%2Fimages HTTP/2.0" 200 7755 "-" "Mozilla/5.0 AppleWebKit/537.36 (KHTML, like Gecko; compatible; ClaudeBot/1.0; +claudebot@anthropic.com)"
216.73.216.126 - - [24/Oct/2025:12:13:37 +0000] "GET /index.php/screen-printing/art-requirements?fileloc=%2F%2Fvar%2Fsoftaculous%2Fuserspice%2Fimages%2Fuserspice.png&path=%2F%2Fvar%2Fsoftaculous%2Fuserspice%2Fimages HTTP/2.0" 200 4942 "-" "Mozilla/5.0 AppleWebKit/537.36 (KHTML, like Gecko; compatible; ClaudeBot/1.0; +claudebot@anthropic.com)"
216.73.216.126 - - [24/Oct/2025:12:13:37 +0000] "GET /index.php/screen-printing/art-requirements?fileloc=%2F%2Fvar%2Fsoftaculous%2Fwebasyst%2Fimages%2Fwebasyst.png&path=%2F%2Fvar%2Fsoftaculous%2Fwebasyst%2Fimages HTTP/2.0" 200 4390 "-" "Mozilla/5.0 AppleWebKit/537.36 (KHTML, like Gecko; compatible; ClaudeBot/1.0; +claudebot@anthropic.com)"
34.234.200.207 - - [24/Oct/2025:12:13:37 +0000] "GET /screen-printing/?path=//usr/share/doc/libarchive HTTP/1.1" 200 15704 "-" "Mozilla/5.0 AppleWebKit/537.36 (KHTML, like Gecko; compatible; Amazonbot/0.1; +https://developer.amazon.com/support/amazonbot) Chrome/119.0.6045.214 Safari/537.36"
216.73.216.126 - - [24/Oct/2025:12:13:38 +0000] "GET /index.php/screen-printing/art-requirements?fileloc=%2F%2Fvar%2Fsoftaculous%2Fflat%2Fimages%2Fflat.png&path=%2F%2Fvar%2Fsoftaculous%2Fflat%2Fimages HTTP/2.0" 200 9212 "-" "Mozilla/5.0 AppleWebKit/537.36 (KHTML, like Gecko; compatible; ClaudeBot/1.0; +claudebot@anthropic.com)"
216.73.216.126 - - [24/Oct/2025:12:13:38 +0000] "GET /index.php/screen-printing/art-requirements?fileloc=%2F%2Fvar%2Fsoftaculous%2Fraphael%2Fimages%2Fcatlogo.gif&path=%2F%2Fvar%2Fsoftaculous%2Fraphael%2Fimages HTTP/2.0" 200 3468 "-" "Mozilla/5.0 AppleWebKit/537.36 (KHTML, like Gecko; compatible; ClaudeBot/1.0; +claudebot@anthropic.com)"
216.73.216.126 - - [24/Oct/2025:12:13:38 +0000] "GET /index.php/screen-printing/art-requirements?fileloc=%2F%2Fvar%2Fsoftaculous%2Fraphael%2Fimages%2Fraphael.png&path=%2F%2Fvar%2Fsoftaculous%2Fraphael%2Fimages HTTP/2.0" 200 26951 "-" "Mozilla/5.0 AppleWebKit/537.36 (KHTML, like Gecko; compatible; ClaudeBot/1.0; +claudebot@anthropic.com)"
216.73.216.126 - - [24/Oct/2025:12:13:38 +0000] "GET /index.php/screen-printing/art-requirements?fileloc=%2F%2Fvar%2Fsoftaculous%2Fraphael%2Fimages%2Flogo.gif&path=%2F%2Fvar%2Fsoftaculous%2Fraphael%2Fimages HTTP/2.0" 200 8068 "-" "Mozilla/5.0 AppleWebKit/537.36 (KHTML, like Gecko; compatible; ClaudeBot/1.0; +claudebot@anthropic.com)"
216.73.216.126 - - [24/Oct/2025:12:13:38 +0000] "GET /index.php/screen-printing/art-requirements?fileloc=%2F%2Fvar%2Fsoftaculous%2Fmantis%2Fimages%2Fmantis.png&path=%2F%2Fvar%2Fsoftaculous%2Fmantis%2Fimages HTTP/2.0" 200 20637 "-" "Mozilla/5.0 AppleWebKit/537.36 (KHTML, like Gecko; compatible; ClaudeBot/1.0; +claudebot@anthropic.com)"
20.171.207.132 - - [24/Oct/2025:12:13:38 +0000] "GET /?path=//proc/2/task/2/root/proc/2/root/opt/cpanel/ea-php80/root/var/lib/misc HTTP/2.0" 200 2376 "-" "Mozilla/5.0 AppleWebKit/537.36 (KHTML, like Gecko; compatible; GPTBot/1.2; +https://openai.com/gptbot)"
216.73.216.126 - - [24/Oct/2025:12:13:39 +0000] "GET /index.php/screen-printing/art-requirements?fileloc=%2F%2Fvar%2Fsoftaculous%2Froundcube%2Fimages%2Flogo.gif&path=%2F%2Fvar%2Fsoftaculous%2Froundcube%2Fimages HTTP/2.0" 200 4894 "-" "Mozilla/5.0 AppleWebKit/537.36 (KHTML, like Gecko; compatible; ClaudeBot/1.0; +claudebot@anthropic.com)"
216.73.216.126 - - [24/Oct/2025:12:13:39 +0000] "GET /index.php/screen-printing/art-requirements?fileloc=%2F%2Fvar%2Fsoftaculous%2Fweberp%2Fimages%2Flogo.gif&path=%2F%2Fvar%2Fsoftaculous%2Fweberp%2Fimages HTTP/2.0" 200 3499 "-" "Mozilla/5.0 AppleWebKit/537.36 (KHTML, like Gecko; compatible; ClaudeBot/1.0; +claudebot@anthropic.com)"
216.73.216.126 - - [24/Oct/2025:12:13:39 +0000] "GET /index.php/screen-printing/art-requirements?fileloc=%2F%2Fvar%2Fsoftaculous%2Fflat%2Fimages%2Flogo.gif&path=%2F%2Fvar%2Fsoftaculous%2Fflat%2Fimages HTTP/2.0" 200 10352 "-" "Mozilla/5.0 AppleWebKit/537.36 (KHTML, like Gecko; compatible; ClaudeBot/1.0; +claudebot@anthropic.com)"
216.73.216.126 - - [24/Oct/2025:12:13:39 +0000] "GET /index.php/screen-printing/art-requirements?fileloc=%2F%2Fvar%2Fsoftaculous%2Fprocwire%2Fimages%2Flogo.gif&path=%2F%2Fvar%2Fsoftaculous%2Fprocwire%2Fimages HTTP/2.0" 200 6515 "-" "Mozilla/5.0 AppleWebKit/537.36 (KHTML, like Gecko; compatible; ClaudeBot/1.0; +claudebot@anthropic.com)"
216.73.216.126 - - [24/Oct/2025:12:13:39 +0000] "GET /index.php/screen-printing/art-requirements?fileloc=%2F%2Fvar%2Fsoftaculous%2Fuserspice%2Fimages%2Flogo.gif&path=%2F%2Fvar%2Fsoftaculous%2Fuserspice%2Fimages HTTP/2.0" 200 5787 "-" "Mozilla/5.0 AppleWebKit/537.36 (KHTML, like Gecko; compatible; ClaudeBot/1.0; +claudebot@anthropic.com)"
216.73.216.126 - - [24/Oct/2025:12:13:39 +0000] "GET /index.php/screen-printing/art-requirements?fileloc=%2F%2Fvar%2Fsoftaculous%2Fmantis%2Fimages%2Flogo.gif&path=%2F%2Fvar%2Fsoftaculous%2Fmantis%2Fimages HTTP/2.0" 200 6972 "-" "Mozilla/5.0 AppleWebKit/537.36 (KHTML, like Gecko; compatible; ClaudeBot/1.0; +claudebot@anthropic.com)"
216.73.216.126 - - [24/Oct/2025:12:13:40 +0000] "GET /index.php/screen-printing/art-requirements?fileloc=%2F%2Fvar%2Fsoftaculous%2Fadmidio%2Fimages%2Fadmidio.png&path=%2F%2Fvar%2Fsoftaculous%2Fadmidio%2Fimages HTTP/2.0" 200 14567 "-" "Mozilla/5.0 AppleWebKit/537.36 (KHTML, like Gecko; compatible; ClaudeBot/1.0; +claudebot@anthropic.com)"
216.73.216.126 - - [24/Oct/2025:12:13:40 +0000] "GET /index.php/screen-printing/art-requirements?fileloc=%2F%2Fvar%2Fsoftaculous%2Fadmidio%2Fimages%2Flogo.gif&path=%2F%2Fvar%2Fsoftaculous%2Fadmidio%2Fimages HTTP/2.0" 200 6103 "-" "Mozilla/5.0 AppleWebKit/537.36 (KHTML, like Gecko; compatible; ClaudeBot/1.0; +claudebot@anthropic.com)"
216.73.216.126 - - [24/Oct/2025:12:13:40 +0000] "GET /index.php/screen-printing/art-requirements?fileloc=%2F%2Fproc%2F2%2Fcwd%2Fproc%2F2150834%2Fpersonality&path=%2F%2Fproc%2F2%2Fcwd%2Fproc%2F2150834 HTTP/2.0" 200 2250 "-" "Mozilla/5.0 AppleWebKit/537.36 (KHTML, like Gecko; compatible; ClaudeBot/1.0; +claudebot@anthropic.com)"
216.73.216.126 - - [24/Oct/2025:12:13:40 +0000] "GET /index.php/screen-printing/art-requirements?path=%2F%2Fproc%2F2%2Fcwd%2Fvar%2Fsoftaculous%2Frealestate HTTP/2.0" 200 3147 "-" "Mozilla/5.0 AppleWebKit/537.36 (KHTML, like Gecko; compatible; ClaudeBot/1.0; +claudebot@anthropic.com)"
216.73.216.126 - - [24/Oct/2025:12:13:40 +0000] "GET /index.php/screen-printing/art-requirements?fileloc=%2F%2Fproc%2F2%2Fcwd%2Fproc%2F2150834%2Fmountinfo&path=%2F%2Fproc%2F2%2Fcwd%2Fproc%2F2150834 HTTP/2.0" 200 3407 "-" "Mozilla/5.0 AppleWebKit/537.36 (KHTML, like Gecko; compatible; ClaudeBot/1.0; +claudebot@anthropic.com)"
216.73.216.126 - - [24/Oct/2025:12:13:41 +0000] "GET /index.php/screen-printing/art-requirements?fileloc=%2F%2Fproc%2F2%2Fcwd%2Fproc%2F2150934%2Fpersonality&path=%2F%2Fproc%2F2%2Fcwd%2Fproc%2F2150934 HTTP/2.0" 200 2250 "-" "Mozilla/5.0 AppleWebKit/537.36 (KHTML, like Gecko; compatible; ClaudeBot/1.0; +claudebot@anthropic.com)"
44.195.145.102 - - [24/Oct/2025:12:13:41 +0000] "GET /screen-printing/?path=//usr/share/doc/zip HTTP/1.1" 200 22820 "-" "Mozilla/5.0 AppleWebKit/537.36 (KHTML, like Gecko; compatible; Amazonbot/0.1; +https://developer.amazon.com/support/amazonbot) Chrome/119.0.6045.214 Safari/537.36"
216.73.216.126 - - [24/Oct/2025:12:13:41 +0000] "GET /index.php/screen-printing/art-requirements?path=%2F%2Fproc%2F2%2Fcwd%2Fvar%2Fsoftaculous%2Fespo HTTP/2.0" 200 3184 "-" "Mozilla/5.0 AppleWebKit/537.36 (KHTML, like Gecko; compatible; ClaudeBot/1.0; +claudebot@anthropic.com)"
216.73.216.126 - - [24/Oct/2025:12:13:41 +0000] "GET /index.php/screen-printing/art-requirements?path=%2F%2Fproc%2F2%2Fcwd%2Fvar%2Fsoftaculous%2Fojs33 HTTP/2.0" 200 3109 "-" "Mozilla/5.0 AppleWebKit/537.36 (KHTML, like Gecko; compatible; ClaudeBot/1.0; +claudebot@anthropic.com)"
216.73.216.126 - - [24/Oct/2025:12:13:41 +0000] "GET /index.php/screen-printing/art-requirements?fileloc=%2F%2Fproc%2F2%2Fcwd%2Fproc%2F2150934%2Fmountinfo&path=%2F%2Fproc%2F2%2Fcwd%2Fproc%2F2150934 HTTP/2.0" 200 3407 "-" "Mozilla/5.0 AppleWebKit/537.36 (KHTML, like Gecko; compatible; ClaudeBot/1.0; +claudebot@anthropic.com)"
216.73.216.126 - - [24/Oct/2025:12:13:41 +0000] "GET /index.php/screen-printing/art-requirements?fileloc=%2F%2Fproc%2F2%2Fcwd%2Fproc%2F2150733%2Fpersonality&path=%2F%2Fproc%2F2%2Fcwd%2Fproc%2F2150733 HTTP/2.0" 200 2250 "-" "Mozilla/5.0 AppleWebKit/537.36 (KHTML, like Gecko; compatible; ClaudeBot/1.0; +claudebot@anthropic.com)"
216.73.216.126 - - [24/Oct/2025:12:13:41 +0000] "GET /index.php/screen-printing/art-requirements?fileloc=%2F%2Fproc%2F2%2Fcwd%2Fproc%2F2150834%2Fgid_map&path=%2F%2Fproc%2F2%2Fcwd%2Fproc%2F2150834 HTTP/2.0" 200 2264 "-" "Mozilla/5.0 AppleWebKit/537.36 (KHTML, like Gecko; compatible; ClaudeBot/1.0; +claudebot@anthropic.com)"
216.73.216.126 - - [24/Oct/2025:12:13:42 +0000] "GET /index.php/screen-printing/art-requirements?fileloc=%2F%2Fproc%2F2%2Fcwd%2Fproc%2F2150670%2Fpersonality&path=%2F%2Fproc%2F2%2Fcwd%2Fproc%2F2150670 HTTP/2.0" 200 2250 "-" "Mozilla/5.0 AppleWebKit/537.36 (KHTML, like Gecko; compatible; ClaudeBot/1.0; +claudebot@anthropic.com)"
20.171.207.132 - - [24/Oct/2025:12:13:42 +0000] "GET /?path=//proc/2/task/2/root/proc/2/root/opt/cpanel/ea-php81/root/etc/pm/sleep.d HTTP/2.0" 200 2377 "-" "Mozilla/5.0 AppleWebKit/537.36 (KHTML, like Gecko; compatible; GPTBot/1.2; +https://openai.com/gptbot)"
216.73.216.126 - - [24/Oct/2025:12:13:42 +0000] "GET /index.php/screen-printing/art-requirements?fileloc=%2F%2Fproc%2F2%2Fcwd%2Fproc%2F2150834%2Fautogroup&path=%2F%2Fproc%2F2%2Fcwd%2Fproc%2F2150834 HTTP/2.0" 200 2265 "-" "Mozilla/5.0 AppleWebKit/537.36 (KHTML, like Gecko; compatible; ClaudeBot/1.0; +claudebot@anthropic.com)"
216.73.216.126 - - [24/Oct/2025:12:13:42 +0000] "GET /index.php/screen-printing/art-requirements?fileloc=%2F%2Fproc%2F2%2Fcwd%2Fproc%2F2150691%2Fmountinfo&path=%2F%2Fproc%2F2%2Fcwd%2Fproc%2F2150691 HTTP/2.0" 200 3407 "-" "Mozilla/5.0 AppleWebKit/537.36 (KHTML, like Gecko; compatible; ClaudeBot/1.0; +claudebot@anthropic.com)"
216.73.216.126 - - [24/Oct/2025:12:13:42 +0000] "GET /index.php/screen-printing/art-requirements?fileloc=%2F%2Fproc%2F2%2Fcwd%2Fproc%2F2150691%2Fpersonality&path=%2F%2Fproc%2F2%2Fcwd%2Fproc%2F2150691 HTTP/2.0" 200 2249 "-" "Mozilla/5.0 AppleWebKit/537.36 (KHTML, like Gecko; compatible; ClaudeBot/1.0; +claudebot@anthropic.com)"
216.73.216.126 - - [24/Oct/2025:12:13:42 +0000] "GET /index.php/screen-printing/art-requirements?path=%2F%2Fproc%2F2%2Fcwd%2Fvar%2Fsoftaculous%2Figalerie HTTP/2.0" 200 3191 "-" "Mozilla/5.0 AppleWebKit/537.36 (KHTML, like Gecko; compatible; ClaudeBot/1.0; +claudebot@anthropic.com)"
216.73.216.126 - - [24/Oct/2025:12:13:43 +0000] "GET /index.php/screen-printing/art-requirements?fileloc=%2F%2Fproc%2F2%2Fcwd%2Fproc%2F2150781%2Fpersonality&path=%2F%2Fproc%2F2%2Fcwd%2Fproc%2F2150781 HTTP/2.0" 200 2249 "-" "Mozilla/5.0 AppleWebKit/537.36 (KHTML, like Gecko; compatible; ClaudeBot/1.0; +claudebot@anthropic.com)"
216.73.216.126 - - [24/Oct/2025:12:13:43 +0000] "GET /index.php/screen-printing/art-requirements?fileloc=%2F%2Fproc%2F2%2Fcwd%2Fproc%2F2478408%2Fpersonality&path=%2F%2Fproc%2F2%2Fcwd%2Fproc%2F2478408 HTTP/2.0" 200 2249 "-" "Mozilla/5.0 AppleWebKit/537.36 (KHTML, like Gecko; compatible; ClaudeBot/1.0; +claudebot@anthropic.com)"
216.73.216.126 - - [24/Oct/2025:12:13:43 +0000] "GET /index.php/screen-printing/art-requirements?fileloc=%2F%2Fproc%2F2%2Fcwd%2Fproc%2F2150836%2Fpersonality&path=%2F%2Fproc%2F2%2Fcwd%2Fproc%2F2150836 HTTP/2.0" 200 2249 "-" "Mozilla/5.0 AppleWebKit/537.36 (KHTML, like Gecko; compatible; ClaudeBot/1.0; +claudebot@anthropic.com)"
216.73.216.126 - - [24/Oct/2025:12:13:43 +0000] "GET /index.php/screen-printing/art-requirements?fileloc=%2F%2Fproc%2F2%2Fcwd%2Fproc%2F2150781%2Fmountinfo&path=%2F%2Fproc%2F2%2Fcwd%2Fproc%2F2150781 HTTP/2.0" 200 3407 "-" "Mozilla/5.0 AppleWebKit/537.36 (KHTML, like Gecko; compatible; ClaudeBot/1.0; +claudebot@anthropic.com)"
216.73.216.126 - - [24/Oct/2025:12:13:43 +0000] "GET /index.php/screen-printing/art-requirements?fileloc=%2F%2Fproc%2F2%2Fcwd%2Fproc%2F2150670%2Fmountinfo&path=%2F%2Fproc%2F2%2Fcwd%2Fproc%2F2150670 HTTP/2.0" 200 3407 "-" "Mozilla/5.0 AppleWebKit/537.36 (KHTML, like Gecko; compatible; ClaudeBot/1.0; +claudebot@anthropic.com)"
216.73.216.126 - - [24/Oct/2025:12:13:43 +0000] "GET /index.php/screen-printing/art-requirements?fileloc=%2F%2Fproc%2F2%2Fcwd%2Fproc%2F2478410%2Fpersonality&path=%2F%2Fproc%2F2%2Fcwd%2Fproc%2F2478410 HTTP/2.0" 200 2249 "-" "Mozilla/5.0 AppleWebKit/537.36 (KHTML, like Gecko; compatible; ClaudeBot/1.0; +claudebot@anthropic.com)"
216.73.216.126 - - [24/Oct/2025:12:13:44 +0000] "GET /index.php/screen-printing/art-requirements?fileloc=%2F%2Fproc%2F2%2Fcwd%2Fproc%2F2150733%2Fmountinfo&path=%2F%2Fproc%2F2%2Fcwd%2Fproc%2F2150733 HTTP/2.0" 200 3407 "-" "Mozilla/5.0 AppleWebKit/537.36 (KHTML, like Gecko; compatible; ClaudeBot/1.0; +claudebot@anthropic.com)"
216.73.216.126 - - [24/Oct/2025:12:13:44 +0000] "GET /index.php/screen-printing/art-requirements?fileloc=%2F%2Fproc%2F2%2Fcwd%2Fproc%2F2478760%2Fpersonality&path=%2F%2Fproc%2F2%2Fcwd%2Fproc%2F2478760 HTTP/2.0" 200 2250 "-" "Mozilla/5.0 AppleWebKit/537.36 (KHTML, like Gecko; compatible; ClaudeBot/1.0; +claudebot@anthropic.com)"
216.73.216.126 - - [24/Oct/2025:12:13:44 +0000] "GET /index.php/screen-printing/art-requirements?path=%2F%2Fproc%2F2%2Fcwd%2Fvar%2Fsoftaculous%2Ftxtpat HTTP/2.0" 200 3195 "-" "Mozilla/5.0 AppleWebKit/537.36 (KHTML, like Gecko; compatible; ClaudeBot/1.0; +claudebot@anthropic.com)"
216.73.216.126 - - [24/Oct/2025:12:13:44 +0000] "GET /index.php/screen-printing/art-requirements?fileloc=%2F%2Fproc%2F2%2Fcwd%2Fproc%2F2478760%2Fmountinfo&path=%2F%2Fproc%2F2%2Fcwd%2Fproc%2F2478760 HTTP/2.0" 200 3407 "-" "Mozilla/5.0 AppleWebKit/537.36 (KHTML, like Gecko; compatible; ClaudeBot/1.0; +claudebot@anthropic.com)"
44.220.2.97 - - [24/Oct/2025:12:13:44 +0000] "GET /screen-printing/?fileloc=//var/run/pure-ftpd.pid&path=//var/run HTTP/1.1" 200 12283 "-" "Mozilla/5.0 AppleWebKit/537.36 (KHTML, like Gecko; compatible; Amazonbot/0.1; +https://developer.amazon.com/support/amazonbot) Chrome/119.0.6045.214 Safari/537.36"
216.73.216.126 - - [24/Oct/2025:12:13:44 +0000] "GET /index.php/screen-printing/art-requirements?fileloc=%2F%2Fproc%2F2%2Fcwd%2Fproc%2F2478408%2Fmountinfo&path=%2F%2Fproc%2F2%2Fcwd%2Fproc%2F2478408 HTTP/2.0" 200 2250 "-" "Mozilla/5.0 AppleWebKit/537.36 (KHTML, like Gecko; compatible; ClaudeBot/1.0; +claudebot@anthropic.com)"
216.73.216.126 - - [24/Oct/2025:12:13:45 +0000] "GET /index.php/screen-printing/art-requirements?fileloc=%2F%2Fproc%2F2%2Fcwd%2Fproc%2F2150834%2Fauxv&path=%2F%2Fproc%2F2%2Fcwd%2Fproc%2F2150834 HTTP/2.0" 200 2248 "-" "Mozilla/5.0 AppleWebKit/537.36 (KHTML, like Gecko; compatible; ClaudeBot/1.0; +claudebot@anthropic.com)"
216.73.216.126 - - [24/Oct/2025:12:13:45 +0000] "GET /index.php/screen-printing/art-requirements?fileloc=%2F%2Fproc%2F2%2Fcwd%2Fproc%2F2150834%2Fwchan&path=%2F%2Fproc%2F2%2Fcwd%2Fproc%2F2150834 HTTP/2.0" 200 2254 "-" "Mozilla/5.0 AppleWebKit/537.36 (KHTML, like Gecko; compatible; ClaudeBot/1.0; +claudebot@anthropic.com)"
20.171.207.132 - - [24/Oct/2025:12:13:45 +0000] "GET /?path=//proc/2/task/2/root/proc/2/root/opt/cpanel/ea-php74/root/usr/var/log HTTP/2.0" 200 2616 "-" "Mozilla/5.0 AppleWebKit/537.36 (KHTML, like Gecko; compatible; GPTBot/1.2; +https://openai.com/gptbot)"
216.73.216.126 - - [24/Oct/2025:12:13:45 +0000] "GET /index.php/screen-printing/art-requirements?fileloc=%2F%2Fproc%2F2%2Fcwd%2Fproc%2F2150836%2Fmountinfo&path=%2F%2Fproc%2F2%2Fcwd%2Fproc%2F2150836 HTTP/2.0" 200 3407 "-" "Mozilla/5.0 AppleWebKit/537.36 (KHTML, like Gecko; compatible; ClaudeBot/1.0; +claudebot@anthropic.com)"
216.73.216.126 - - [24/Oct/2025:12:13:45 +0000] "GET /index.php/screen-printing/art-requirements?fileloc=%2F%2Fproc%2F2%2Fcwd%2Fproc%2F2478410%2Fmountinfo&path=%2F%2Fproc%2F2%2Fcwd%2Fproc%2F2478410 HTTP/2.0" 200 3407 "-" "Mozilla/5.0 AppleWebKit/537.36 (KHTML, like Gecko; compatible; ClaudeBot/1.0; +claudebot@anthropic.com)"
216.73.216.126 - - [24/Oct/2025:12:13:45 +0000] "GET /index.php/screen-printing/art-requirements?fileloc=%2F%2Fproc%2F2%2Fcwd%2Fproc%2F2150550%2Fmountinfo&path=%2F%2Fproc%2F2%2Fcwd%2Fproc%2F2150550 HTTP/2.0" 200 3407 "-" "Mozilla/5.0 AppleWebKit/537.36 (KHTML, like Gecko; compatible; ClaudeBot/1.0; +claudebot@anthropic.com)"
216.73.216.126 - - [24/Oct/2025:12:13:46 +0000] "GET /index.php/screen-printing/art-requirements?fileloc=%2F%2Fproc%2F2%2Fcwd%2Fproc%2F2150934%2Fgid_map&path=%2F%2Fproc%2F2%2Fcwd%2Fproc%2F2150934 HTTP/2.0" 200 2264 "-" "Mozilla/5.0 AppleWebKit/537.36 (KHTML, like Gecko; compatible; ClaudeBot/1.0; +claudebot@anthropic.com)"
216.73.216.126 - - [24/Oct/2025:12:13:46 +0000] "GET /index.php/screen-printing/art-requirements?fileloc=%2F%2Fproc%2F2%2Fcwd%2Fproc%2F2150834%2Faio&path=%2F%2Fproc%2F2%2Fcwd%2Fproc%2F2150834 HTTP/2.0" 200 2247 "-" "Mozilla/5.0 AppleWebKit/537.36 (KHTML, like Gecko; compatible; ClaudeBot/1.0; +claudebot@anthropic.com)"
216.73.216.126 - - [24/Oct/2025:12:13:46 +0000] "GET /index.php/screen-printing/art-requirements?fileloc=%2F%2Fproc%2F2%2Fcwd%2Fproc%2F2150643%2Fpersonality&path=%2F%2Fproc%2F2%2Fcwd%2Fproc%2F2150643 HTTP/2.0" 200 2249 "-" "Mozilla/5.0 AppleWebKit/537.36 (KHTML, like Gecko; compatible; ClaudeBot/1.0; +claudebot@anthropic.com)"
216.73.216.126 - - [24/Oct/2025:12:13:46 +0000] "GET /index.php/screen-printing/art-requirements?fileloc=%2F%2Fproc%2F2%2Fcwd%2Fproc%2F2150934%2Fautogroup&path=%2F%2Fproc%2F2%2Fcwd%2Fproc%2F2150934 HTTP/2.0" 200 2265 "-" "Mozilla/5.0 AppleWebKit/537.36 (KHTML, like Gecko; compatible; ClaudeBot/1.0; +claudebot@anthropic.com)"
216.73.216.126 - - [24/Oct/2025:12:13:46 +0000] "GET /index.php/screen-printing/art-requirements?fileloc=%2F%2Fproc%2F2%2Fcwd%2Fproc%2F2150643%2Fmountinfo&path=%2F%2Fproc%2F2%2Fcwd%2Fproc%2F2150643 HTTP/2.0" 200 3407 "-" "Mozilla/5.0 AppleWebKit/537.36 (KHTML, like Gecko; compatible; ClaudeBot/1.0; +claudebot@anthropic.com)"
216.73.216.126 - - [24/Oct/2025:12:13:47 +0000] "GET /index.php/screen-printing/art-requirements?fileloc=%2F%2Fproc%2F2%2Fcwd%2Fproc%2F2150550%2Fpersonality&path=%2F%2Fproc%2F2%2Fcwd%2Fproc%2F2150550 HTTP/2.0" 200 2249 "-" "Mozilla/5.0 AppleWebKit/537.36 (KHTML, like Gecko; compatible; ClaudeBot/1.0; +claudebot@anthropic.com)"
66.249.79.130 - - [24/Oct/2025:12:13:46 +0000] "GET /adopt/emerge172/lgch8-31929/ HTTP/1.1" 200 16802 "-" "Mozilla/5.0 (Linux; Android 6.0.1; Nexus 5X Build/MMB29P) AppleWebKit/537.36 (KHTML, like Gecko) Chrome/141.0.7390.122 Mobile Safari/537.36 (compatible; GoogleOther)"
216.73.216.126 - - [24/Oct/2025:12:13:47 +0000] "GET /index.php/screen-printing/art-requirements?fileloc=%2F%2Fproc%2F2%2Fcwd%2Fproc%2F2150834%2Fsched&path=%2F%2Fproc%2F2%2Fcwd%2Fproc%2F2150834 HTTP/2.0" 200 2510 "-" "Mozilla/5.0 AppleWebKit/537.36 (KHTML, like Gecko; compatible; ClaudeBot/1.0; +claudebot@anthropic.com)"
216.73.216.126 - - [24/Oct/2025:12:13:47 +0000] "GET /index.php/screen-printing/art-requirements?fileloc=%2F%2Fproc%2F2%2Fcwd%2Fproc%2F2150551%2Fmountinfo&path=%2F%2Fproc%2F2%2Fcwd%2Fproc%2F2150551 HTTP/2.0" 200 3407 "-" "Mozilla/5.0 AppleWebKit/537.36 (KHTML, like Gecko; compatible; ClaudeBot/1.0; +claudebot@anthropic.com)"
216.73.216.126 - - [24/Oct/2025:12:13:47 +0000] "GET /index.php/screen-printing/art-requirements?fileloc=%2F%2Fproc%2F2%2Fcwd%2Fproc%2F2150551%2Fpersonality&path=%2F%2Fproc%2F2%2Fcwd%2Fproc%2F2150551 HTTP/2.0" 200 2249 "-" "Mozilla/5.0 AppleWebKit/537.36 (KHTML, like Gecko; compatible; ClaudeBot/1.0; +claudebot@anthropic.com)"
216.73.216.126 - - [24/Oct/2025:12:13:47 +0000] "GET /index.php/screen-printing/art-requirements?fileloc=%2F%2Fproc%2F2%2Fcwd%2Fproc%2F2150834%2Fmem&path=%2F%2Fproc%2F2%2Fcwd%2Fproc%2F2150834 HTTP/2.0" 200 2248 "-" "Mozilla/5.0 AppleWebKit/537.36 (KHTML, like Gecko; compatible; ClaudeBot/1.0; +claudebot@anthropic.com)"
216.73.216.126 - - [24/Oct/2025:12:13:47 +0000] "GET /index.php/screen-printing/art-requirements?fileloc=%2F%2Fproc%2F2%2Fcwd%2Fproc%2F2150834%2Fio&path=%2F%2Fproc%2F2%2Fcwd%2Fproc%2F2150834 HTTP/2.0" 200 2247 "-" "Mozilla/5.0 AppleWebKit/537.36 (KHTML, like Gecko; compatible; ClaudeBot/1.0; +claudebot@anthropic.com)"
216.73.216.126 - - [24/Oct/2025:12:13:48 +0000] "GET /index.php/screen-printing/art-requirements?fileloc=%2F%2Fproc%2F2%2Fcwd%2Fproc%2F2150834%2Foom_adj&path=%2F%2Fproc%2F2%2Fcwd%2Fproc%2F2150834 HTTP/2.0" 200 2252 "-" "Mozilla/5.0 AppleWebKit/537.36 (KHTML, like Gecko; compatible; ClaudeBot/1.0; +claudebot@anthropic.com)"
216.73.216.126 - - [24/Oct/2025:12:13:48 +0000] "GET /index.php/screen-printing/art-requirements?fileloc=%2F%2Fproc%2F2%2Fcwd%2Fproc%2F2478761%2Fpersonality&path=%2F%2Fproc%2F2%2Fcwd%2Fproc%2F2478761 HTTP/2.0" 200 2249 "-" "Mozilla/5.0 AppleWebKit/537.36 (KHTML, like Gecko; compatible; ClaudeBot/1.0; +claudebot@anthropic.com)"
20.171.207.132 - - [24/Oct/2025:12:13:48 +0000] "GET /?path=//proc/2/task/2/root/proc/2/root/opt/cpanel/ea-php80/root/usr/var/tmp HTTP/2.0" 200 2376 "-" "Mozilla/5.0 AppleWebKit/537.36 (KHTML, like Gecko; compatible; GPTBot/1.2; +https://openai.com/gptbot)"
216.73.216.126 - - [24/Oct/2025:12:13:48 +0000] "GET /index.php/screen-printing/art-requirements?fileloc=%2F%2Fproc%2F2%2Fcwd%2Fproc%2F2150834%2Fmountstats&path=%2F%2Fproc%2F2%2Fcwd%2Fproc%2F2150834 HTTP/2.0" 200 2252 "-" "Mozilla/5.0 AppleWebKit/537.36 (KHTML, like Gecko; compatible; ClaudeBot/1.0; +claudebot@anthropic.com)"
216.73.216.126 - - [24/Oct/2025:12:13:48 +0000] "GET /index.php/screen-printing/art-requirements?fileloc=%2F%2Fproc%2F2%2Fcwd%2Fproc%2F2150834%2Fsmaps&path=%2F%2Fproc%2F2%2Fcwd%2Fproc%2F2150834 HTTP/2.0" 200 2249 "-" "Mozilla/5.0 AppleWebKit/537.36 (KHTML, like Gecko; compatible; ClaudeBot/1.0; +claudebot@anthropic.com)"
44.207.69.106 - - [24/Oct/2025:12:13:48 +0000] "GET /dtf/?path=//proc/self/map_files HTTP/1.1" 200 12738 "-" "Mozilla/5.0 AppleWebKit/537.36 (KHTML, like Gecko; compatible; Amazonbot/0.1; +https://developer.amazon.com/support/amazonbot) Chrome/119.0.6045.214 Safari/537.36"
216.73.216.126 - - [24/Oct/2025:12:13:49 +0000] "GET /index.php/screen-printing/art-requirements?fileloc=%2F%2Fproc%2F2%2Fcwd%2Fproc%2F2150834%2Fcomm&path=%2F%2Fproc%2F2%2Fcwd%2Fproc%2F2150834 HTTP/2.0" 200 2252 "-" "Mozilla/5.0 AppleWebKit/537.36 (KHTML, like Gecko; compatible; ClaudeBot/1.0; +claudebot@anthropic.com)"
216.73.216.126 - - [24/Oct/2025:12:13:49 +0000] "GET /index.php/screen-printing/art-requirements?fileloc=%2F%2Fproc%2F2%2Fcwd%2Fproc%2F2291195%2Fmountinfo&path=%2F%2Fproc%2F2%2Fcwd%2Fproc%2F2291195 HTTP/2.0" 200 3407 "-" "Mozilla/5.0 AppleWebKit/537.36 (KHTML, like Gecko; compatible; ClaudeBot/1.0; +claudebot@anthropic.com)"
216.73.216.126 - - [24/Oct/2025:12:13:49 +0000] "GET /index.php/screen-printing/art-requirements?fileloc=%2F%2Fproc%2F2%2Fcwd%2Fproc%2F2478407%2Fpersonality&path=%2F%2Fproc%2F2%2Fcwd%2Fproc%2F2478407 HTTP/2.0" 200 2249 "-" "Mozilla/5.0 AppleWebKit/537.36 (KHTML, like Gecko; compatible; ClaudeBot/1.0; +claudebot@anthropic.com)"
216.73.216.126 - - [24/Oct/2025:12:13:49 +0000] "GET /index.php/screen-printing/art-requirements?fileloc=%2F%2Fproc%2F2%2Fcwd%2Fproc%2F2150834%2Fstatus&path=%2F%2Fproc%2F2%2Fcwd%2Fproc%2F2150834 HTTP/2.0" 200 2741 "-" "Mozilla/5.0 AppleWebKit/537.36 (KHTML, like Gecko; compatible; ClaudeBot/1.0; +claudebot@anthropic.com)"
216.73.216.126 - - [24/Oct/2025:12:13:49 +0000] "GET /index.php/screen-printing/art-requirements?fileloc=%2F%2Fproc%2F2%2Fcwd%2Fproc%2F2150934%2Fauxv&path=%2F%2Fproc%2F2%2Fcwd%2Fproc%2F2150934 HTTP/2.0" 200 2248 "-" "Mozilla/5.0 AppleWebKit/537.36 (KHTML, like Gecko; compatible; ClaudeBot/1.0; +claudebot@anthropic.com)"
216.73.216.126 - - [24/Oct/2025:12:13:49 +0000] "GET /index.php/screen-printing/art-requirements?fileloc=%2F%2Fproc%2F2%2Fcwd%2Fproc%2F2150834%2Fstatm&path=%2F%2Fproc%2F2%2Fcwd%2Fproc%2F2150834 HTTP/2.0" 200 2262 "-" "Mozilla/5.0 AppleWebKit/537.36 (KHTML, like Gecko; compatible; ClaudeBot/1.0; +claudebot@anthropic.com)"
216.73.216.126 - - [24/Oct/2025:12:13:50 +0000] "GET /index.php/screen-printing/art-requirements?path=%2F%2Fproc%2F2%2Fcwd%2Fvar%2Fsoftaculous%2Fcszcms HTTP/2.0" 200 3116 "-" "Mozilla/5.0 AppleWebKit/537.36 (KHTML, like Gecko; compatible; ClaudeBot/1.0; +claudebot@anthropic.com)"
216.73.216.126 - - [24/Oct/2025:12:13:50 +0000] "GET /index.php/screen-printing/art-requirements?fileloc=%2F%2Fproc%2F2%2Fcwd%2Fproc%2F2150934%2Fwchan&path=%2F%2Fproc%2F2%2Fcwd%2Fproc%2F2150934 HTTP/2.0" 200 2260 "-" "Mozilla/5.0 AppleWebKit/537.36 (KHTML, like Gecko; compatible; ClaudeBot/1.0; +claudebot@anthropic.com)"
216.73.216.126 - - [24/Oct/2025:12:13:50 +0000] "GET /index.php/screen-printing/art-requirements?fileloc=%2F%2Fproc%2F2%2Fcwd%2Fproc%2F2150834%2Fcpuset&path=%2F%2Fproc%2F2%2Fcwd%2Fproc%2F2150834 HTTP/2.0" 200 2251 "-" "Mozilla/5.0 AppleWebKit/537.36 (KHTML, like Gecko; compatible; ClaudeBot/1.0; +claudebot@anthropic.com)"
216.73.216.126 - - [24/Oct/2025:12:13:50 +0000] "GET /index.php/screen-printing/art-requirements?fileloc=%2F%2Fproc%2F2%2Fcwd%2Fproc%2F2150691%2Fgid_map&path=%2F%2Fproc%2F2%2Fcwd%2Fproc%2F2150691 HTTP/2.0" 200 2264 "-" "Mozilla/5.0 AppleWebKit/537.36 (KHTML, like Gecko; compatible; ClaudeBot/1.0; +claudebot@anthropic.com)"
216.73.216.126 - - [24/Oct/2025:12:13:50 +0000] "GET /index.php/screen-printing/art-requirements?fileloc=%2F%2Fproc%2F2%2Fcwd%2Fproc%2F2150733%2Fgid_map&path=%2F%2Fproc%2F2%2Fcwd%2Fproc%2F2150733 HTTP/2.0" 200 2264 "-" "Mozilla/5.0 AppleWebKit/537.36 (KHTML, like Gecko; compatible; ClaudeBot/1.0; +claudebot@anthropic.com)"
216.73.216.126 - - [24/Oct/2025:12:13:50 +0000] "GET /index.php/screen-printing/art-requirements?fileloc=%2F%2Fproc%2F2%2Fcwd%2Fproc%2F2478407%2Fmountinfo&path=%2F%2Fproc%2F2%2Fcwd%2Fproc%2F2478407 HTTP/2.0" 200 2250 "-" "Mozilla/5.0 AppleWebKit/537.36 (KHTML, like Gecko; compatible; ClaudeBot/1.0; +claudebot@anthropic.com)"
216.73.216.126 - - [24/Oct/2025:12:13:45 +0000] "GET /index.php/screen-printing/art-requirements?fileloc=%2F%2Fproc%2F2%2Fcwd%2Fproc%2Fvz%2Fveinfo&path=%2F%2Fproc%2F2%2Fcwd%2Fproc%2Fvz HTTP/2.0" 200 2246 "-" "Mozilla/5.0 AppleWebKit/537.36 (KHTML, like Gecko; compatible; ClaudeBot/1.0; +claudebot@anthropic.com)"
20.171.207.132 - - [24/Oct/2025:12:13:51 +0000] "GET /?path=//proc/2/task/2/root/proc/2/root/opt/cpanel/ea-php81/root/usr/var/run HTTP/2.0" 200 2619 "-" "Mozilla/5.0 AppleWebKit/537.36 (KHTML, like Gecko; compatible; GPTBot/1.2; +https://openai.com/gptbot)"
216.73.216.126 - - [24/Oct/2025:12:13:51 +0000] "GET /product/elgin-e-logo-spirit-wear-t-shirt-3?fileloc=%2F%2Fusr%2Fshare%2Flibtool%2Fconfigure&path=%2F%2Fusr%2Fshare%2Flibtool HTTP/2.0" 200 99325 "-" "Mozilla/5.0 AppleWebKit/537.36 (KHTML, like Gecko; compatible; ClaudeBot/1.0; +claudebot@anthropic.com)"
216.73.216.126 - - [24/Oct/2025:12:13:52 +0000] "GET /product/elgin-e-logo-spirit-wear-t-shirt-3?fileloc=%2F%2Fusr%2Fshare%2Flibtool%2Fltdl.h&path=%2F%2Fusr%2Fshare%2Flibtool HTTP/2.0" 200 4205 "-" "Mozilla/5.0 AppleWebKit/537.36 (KHTML, like Gecko; compatible; ClaudeBot/1.0; +claudebot@anthropic.com)"
216.73.216.126 - - [24/Oct/2025:12:13:52 +0000] "GET /product/wildcat-logo-spirit-wear-t-shirt-3?path=%2Fhome%2Frockyroadprintin%2Fwww%2Fwp-content%2Fplugins%2Fmodula-best-grid-gallery%2Fassets%2Fimages HTTP/2.0" 200 3300 "-" "Mozilla/5.0 AppleWebKit/537.36 (KHTML, like Gecko; compatible; ClaudeBot/1.0; +claudebot@anthropic.com)"
216.73.216.126 - - [24/Oct/2025:12:13:52 +0000] "GET /product/wildcat-logo-spirit-wear-t-shirt-3?path=%2Fhome%2Frockyroadprintin%2Fwww%2Fwp-content%2Fupdraft%2Fplugins-old%2Fwp-rocket%2Fvendor HTTP/2.0" 200 2834 "-" "Mozilla/5.0 AppleWebKit/537.36 (KHTML, like Gecko; compatible; ClaudeBot/1.0; +claudebot@anthropic.com)"
216.73.216.126 - - [24/Oct/2025:12:13:52 +0000] "GET /product/wildcat-logo-spirit-wear-t-shirt-6?fileloc=%2F%2Fproc%2F2291093%2Fnet%2Frpc%2Fauth.unix.gid%2Fchannel&path=%2F%2Fproc%2F2291093%2Fnet%2Frpc%2Fauth.unix.gid HTTP/2.0" 200 2263 "-" "Mozilla/5.0 AppleWebKit/537.36 (KHTML, like Gecko; compatible; ClaudeBot/1.0; +claudebot@anthropic.com)"
216.73.216.126 - - [24/Oct/2025:12:13:52 +0000] "GET /product/'?path=%2F%2Fusr%2Fshare%2Flocale%2Fuk%2FLC_MESSAGES HTTP/2.0" 200 4783 "-" "Mozilla/5.0 AppleWebKit/537.36 (KHTML, like Gecko; compatible; ClaudeBot/1.0; +claudebot@anthropic.com)"
216.73.216.126 - - [24/Oct/2025:12:13:52 +0000] "GET /product/wildcat-logo-spirit-wear-t-shirt-11?fileloc=%2F%2Fusr%2Flib64%2Fperl5%2FErrno.pm&path=%2F%2Fusr%2Flib64%2Fperl5 HTTP/2.0" 200 5293 "-" "Mozilla/5.0 AppleWebKit/537.36 (KHTML, like Gecko; compatible; ClaudeBot/1.0; +claudebot@anthropic.com)"
216.73.216.126 - - [24/Oct/2025:12:13:53 +0000] "GET /product/wildcat-logo-spirit-wear-t-shirt-6?path=%2Fhome%2Frockyroadprintin%2F.cpanel%2Fea-php-cli%2Fpublic_html HTTP/2.0" 200 2599 "-" "Mozilla/5.0 AppleWebKit/537.36 (KHTML, like Gecko; compatible; ClaudeBot/1.0; +claudebot@anthropic.com)"
216.73.216.126 - - [24/Oct/2025:12:13:53 +0000] "GET /product/'?path=%2F%2Fusr%2Fshare%2FX11%2Flocale%2Fgeorgian-academy HTTP/2.0" 200 2654 "-" "Mozilla/5.0 AppleWebKit/537.36 (KHTML, like Gecko; compatible; ClaudeBot/1.0; +claudebot@anthropic.com)"
100.29.107.38 - - [24/Oct/2025:12:13:53 +0000] "GET /screen-printing/?path=//lib/dracut/modules.d/95terminfo HTTP/1.1" 200 14327 "-" "Mozilla/5.0 AppleWebKit/537.36 (KHTML, like Gecko; compatible; Amazonbot/0.1; +https://developer.amazon.com/support/amazonbot) Chrome/119.0.6045.214 Safari/537.36"
216.73.216.126 - - [24/Oct/2025:12:13:48 +0000] "GET /index.php/screen-printing/art-requirements?fileloc=%2F%2Fproc%2F2%2Fcwd%2Fproc%2F2291195%2Fpersonality&path=%2F%2Fproc%2F2%2Fcwd%2Fproc%2F2291195 HTTP/2.0" 200 2250 "-" "Mozilla/5.0 AppleWebKit/537.36 (KHTML, like Gecko; compatible; ClaudeBot/1.0; +claudebot@anthropic.com)"
216.73.216.126 - - [24/Oct/2025:12:13:53 +0000] "GET /product/wildcat-logo-spirit-wear-t-shirt-6?fileloc=%2F%2Fusr%2Fshare%2Flicenses%2Fperl-HTTP-Cookies%2FLICENSE&path=%2F%2Fusr%2Fshare%2Flicenses%2Fperl-HTTP-Cookies HTTP/2.0" 200 8718 "-" "Mozilla/5.0 AppleWebKit/537.36 (KHTML, like Gecko; compatible; ClaudeBot/1.0; +claudebot@anthropic.com)"
216.73.216.126 - - [24/Oct/2025:12:13:53 +0000] "GET /product/'?path=%2F%2Fusr%2Fshare%2Flocale%2Fbat%2FLC_MESSAGES HTTP/2.0" 200 2316 "-" "Mozilla/5.0 AppleWebKit/537.36 (KHTML, like Gecko; compatible; ClaudeBot/1.0; +claudebot@anthropic.com)"
216.73.216.126 - - [24/Oct/2025:12:13:54 +0000] "GET /product/wildcat-logo-spirit-wear-t-shirt-3?fileloc=%2Fhome%2Frockyroadprintin%2Fwww%2Fwp-includes%2Fblocks%2Fpost-title%2Fstyle-rtl.min.css&path=%2Fhome%2Frockyroadprintin%2Fwww%2Fwp-includes%2Fblocks%2Fpost-title HTTP/2.0" 200 2372 "-" "Mozilla/5.0 AppleWebKit/537.36 (KHTML, like Gecko; compatible; ClaudeBot/1.0; +claudebot@anthropic.com)"
216.73.216.126 - - [24/Oct/2025:12:13:54 +0000] "GET /product/wildcat-logo-spirit-wear-t-shirt-3?fileloc=%2Fhome%2Frockyroadprintin%2Fwww%2Fwp-includes%2Fblocks%2Fbutton%2Fstyle-rtl.min.css&path=%2Fhome%2Frockyroadprintin%2Fwww%2Fwp-includes%2Fblocks%2Fbutton HTTP/2.0" 200 2708 "-" "Mozilla/5.0 AppleWebKit/537.36 (KHTML, like Gecko; compatible; ClaudeBot/1.0; +claudebot@anthropic.com)"
216.73.216.126 - - [24/Oct/2025:12:13:54 +0000] "GET /product/wildcat-logo-spirit-wear-t-shirt-11?fileloc=%2F%2Fusr%2Flib64%2Fperl5%2FConfig_heavy.pl&path=%2F%2Fusr%2Flib64%2Fperl5 HTTP/2.0" 200 18440 "-" "Mozilla/5.0 AppleWebKit/537.36 (KHTML, like Gecko; compatible; ClaudeBot/1.0; +claudebot@anthropic.com)"
216.73.216.126 - - [24/Oct/2025:12:13:54 +0000] "GET /product/elgin-e-logo-spirit-wear-t-shirt-3?fileloc=%2F%2Fusr%2Fshare%2Flibtool%2Fconfigure.ac&path=%2F%2Fusr%2Fshare%2Flibtool HTTP/2.0" 200 3454 "-" "Mozilla/5.0 AppleWebKit/537.36 (KHTML, like Gecko; compatible; ClaudeBot/1.0; +claudebot@anthropic.com)"
216.73.216.126 - - [24/Oct/2025:12:13:53 +0000] "GET /product/wildcat-logo-spirit-wear-t-shirt-11?fileloc=%2F%2Fproc%2F650%2Fnet%2Frpc%2Fauth.unix.gid%2Fflush&path=%2F%2Fproc%2F650%2Fnet%2Frpc%2Fauth.unix.gid HTTP/2.0" 200 2262 "-" "Mozilla/5.0 AppleWebKit/537.36 (KHTML, like Gecko; compatible; ClaudeBot/1.0; +claudebot@anthropic.com)"
216.73.216.126 - - [24/Oct/2025:12:13:54 +0000] "GET /product/'?path=%2F%2Fusr%2Fshare%2Flocale%2Fson%2FLC_MESSAGES HTTP/2.0" 200 2596 "-" "Mozilla/5.0 AppleWebKit/537.36 (KHTML, like Gecko; compatible; ClaudeBot/1.0; +claudebot@anthropic.com)"
20.171.207.132 - - [24/Oct/2025:12:13:54 +0000] "GET /?path=//proc/2/task/2/root/proc/2/root/opt/cpanel/ea-php74/root/etc/pm/power.d HTTP/2.0" 200 2378 "-" "Mozilla/5.0 AppleWebKit/537.36 (KHTML, like Gecko; compatible; GPTBot/1.2; +https://openai.com/gptbot)"
216.73.216.126 - - [24/Oct/2025:12:13:54 +0000] "GET /product/wildcat-logo-spirit-wear-t-shirt-3?fileloc=%2Fhome%2Frockyroadprintin%2Fwww%2Fwp-includes%2Fblocks%2Ffreeform%2Feditor.css&path=%2Fhome%2Frockyroadprintin%2Fwww%2Fwp-includes%2Fblocks%2Ffreeform HTTP/2.0" 200 4713 "-" "Mozilla/5.0 AppleWebKit/537.36 (KHTML, like Gecko; compatible; ClaudeBot/1.0; +claudebot@anthropic.com)"
216.73.216.126 - - [24/Oct/2025:12:13:55 +0000] "GET /product/'?path=%2F%2Fusr%2Fshare%2Flocale%2Fafa%2FLC_MESSAGES HTTP/2.0" 200 2315 "-" "Mozilla/5.0 AppleWebKit/537.36 (KHTML, like Gecko; compatible; ClaudeBot/1.0; +claudebot@anthropic.com)"
216.73.216.126 - - [24/Oct/2025:12:13:55 +0000] "GET /product/wildcat-logo-spirit-wear-t-shirt-6?fileloc=%2F%2Fproc%2F3470637%2Fnet%2Frpc%2Fauth.unix.gid%2Fchannel&path=%2F%2Fproc%2F3470637%2Fnet%2Frpc%2Fauth.unix.gid HTTP/2.0" 200 2263 "-" "Mozilla/5.0 AppleWebKit/537.36 (KHTML, like Gecko; compatible; ClaudeBot/1.0; +claudebot@anthropic.com)"
216.73.216.126 - - [24/Oct/2025:12:13:55 +0000] "GET /product/'?path=%2F%2Fusr%2Fshare%2Flocale%2Fkrl%2FLC_MESSAGES HTTP/2.0" 200 2316 "-" "Mozilla/5.0 AppleWebKit/537.36 (KHTML, like Gecko; compatible; ClaudeBot/1.0; +claudebot@anthropic.com)"
216.73.216.126 - - [24/Oct/2025:12:13:55 +0000] "GET /product/wildcat-logo-spirit-wear-t-shirt-6?fileloc=%2F%2Fusr%2Fshare%2Flicenses%2Flibcomps%2FCOPYING&path=%2F%2Fusr%2Fshare%2Flicenses%2Flibcomps HTTP/2.0" 200 8899 "-" "Mozilla/5.0 AppleWebKit/537.36 (KHTML, like Gecko; compatible; ClaudeBot/1.0; +claudebot@anthropic.com)"
216.73.216.126 - - [24/Oct/2025:12:13:55 +0000] "GET /product/wildcat-logo-spirit-wear-t-shirt-11?fileloc=%2F%2Fusr%2Flib64%2Flibnfsidmap%2Fstatic.so&path=%2F%2Fusr%2Flib64%2Flibnfsidmap HTTP/2.0" 200 16394 "-" "Mozilla/5.0 AppleWebKit/537.36 (KHTML, like Gecko; compatible; ClaudeBot/1.0; +claudebot@anthropic.com)"
216.73.216.126 - - [24/Oct/2025:12:13:56 +0000] "GET /products/36671024.html?path=%2Fhome HTTP/2.0" 200 2263 "-" "Mozilla/5.0 AppleWebKit/537.36 (KHTML, like Gecko; compatible; ClaudeBot/1.0; +claudebot@anthropic.com)"
216.73.216.126 - - [24/Oct/2025:12:13:56 +0000] "GET /product/wildcat-logo-spirit-wear-t-shirt-11?fileloc=%2F%2Fusr%2Flib64%2Fperl5%2Fwait.ph&path=%2F%2Fusr%2Flib64%2Fperl5 HTTP/2.0" 200 2291 "-" "Mozilla/5.0 AppleWebKit/537.36 (KHTML, like Gecko; compatible; ClaudeBot/1.0; +claudebot@anthropic.com)"
216.73.216.126 - - [24/Oct/2025:12:13:56 +0000] "GET /product/wildcat-logo-spirit-wear-t-shirt-11?fileloc=%2F%2Fusr%2Flib64%2Fperl5%2F_h2ph_pre.ph&path=%2F%2Fusr%2Flib64%2Fperl5 HTTP/2.0" 200 6360 "-" "Mozilla/5.0 AppleWebKit/537.36 (KHTML, like Gecko; compatible; ClaudeBot/1.0; +claudebot@anthropic.com)"
216.73.216.126 - - [24/Oct/2025:12:13:56 +0000] "GET /product/wildcat-logo-spirit-wear-t-shirt-11?fileloc=%2F%2Fusr%2Finclude%2Flibdb%2Fdb_185.h&path=%2F%2Fusr%2Finclude%2Flibdb HTTP/2.0" 200 4561 "-" "Mozilla/5.0 AppleWebKit/537.36 (KHTML, like Gecko; compatible; ClaudeBot/1.0; +claudebot@anthropic.com)"
34.203.111.15 - - [24/Oct/2025:12:13:56 +0000] "GET /screen-printing-minimum-orders-bulk-benefits/?path=//proc/2/root/var/run/udev/links HTTP/1.1" 200 16104 "-" "Mozilla/5.0 AppleWebKit/537.36 (KHTML, like Gecko; compatible; Amazonbot/0.1; +https://developer.amazon.com/support/amazonbot) Chrome/119.0.6045.214 Safari/537.36"
216.73.216.126 - - [24/Oct/2025:12:13:56 +0000] "GET /product/wildcat-logo-spirit-wear-t-shirt-11?fileloc=%2F%2Fproc%2F2150643%2Fnet%2Frpc%2Fauth.unix.gid%2Fcontent&path=%2F%2Fproc%2F2150643%2Fnet%2Frpc%2Fauth.unix.gid HTTP/2.0" 200 2263 "-" "Mozilla/5.0 AppleWebKit/537.36 (KHTML, like Gecko; compatible; ClaudeBot/1.0; +claudebot@anthropic.com)"
216.73.216.126 - - [24/Oct/2025:12:13:51 +0000] "GET /product/wildcat-logo-spirit-wear-t-shirt-11?fileloc=%2F%2Fusr%2Flib64%2Fperl5%2FConfig.pod&path=%2F%2Fusr%2Flib64%2Fperl5 HTTP/2.0" 200 47644 "-" "Mozilla/5.0 AppleWebKit/537.36 (KHTML, like Gecko; compatible; ClaudeBot/1.0; +claudebot@anthropic.com)"
216.73.216.126 - - [24/Oct/2025:12:13:56 +0000] "GET /product/wildcat-logo-spirit-wear-t-shirt-3?fileloc=%2F%2Fusr%2Fshare%2Fvim%2Fvim80%2Fftplugin%2Fsvg.vim&path=%2F%2Fusr%2Fshare%2Fvim%2Fvim80%2Fftplugin HTTP/2.0" 200 2814 "-" "Mozilla/5.0 AppleWebKit/537.36 (KHTML, like Gecko; compatible; ClaudeBot/1.0; +claudebot@anthropic.com)"
216.73.216.126 - - [24/Oct/2025:12:13:57 +0000] "GET /product/wildcat-logo-spirit-wear-t-shirt-3?fileloc=%2F%2Fusr%2Finclude%2Fbind9%2Fdns%2Fcache.h&path=%2F%2Fusr%2Finclude%2Fbind9%2Fdns HTTP/2.0" 200 4820 "-" "Mozilla/5.0 AppleWebKit/537.36 (KHTML, like Gecko; compatible; ClaudeBot/1.0; +claudebot@anthropic.com)"
216.73.216.126 - - [24/Oct/2025:12:13:57 +0000] "GET /product/elgin-wildcat-logo-spirit-wear-t-shirt?path=%2Fhome%2Frockyroadprintin%2Fpublic_html%2Fwp-includes%2Fblocks%2Fcolumn HTTP/2.0" 200 2590 "-" "Mozilla/5.0 AppleWebKit/537.36 (KHTML, like Gecko; compatible; ClaudeBot/1.0; +claudebot@anthropic.com)"
216.73.216.126 - - [24/Oct/2025:12:13:57 +0000] "GET /product/wildcat-logo-spirit-wear-t-shirt-3?fileloc=%2F%2Fusr%2Finclude%2Fbind9%2Fisccc%2Falist.h&path=%2F%2Fusr%2Finclude%2Fbind9%2Fisccc HTTP/2.0" 200 3239 "-" "Mozilla/5.0 AppleWebKit/537.36 (KHTML, like Gecko; compatible; ClaudeBot/1.0; +claudebot@anthropic.com)"
216.73.216.126 - - [24/Oct/2025:12:13:57 +0000] "GET /product/'?path=%2F%2Fusr%2Fshare%2Fterminfo%2Fv HTTP/2.0" 200 2797 "-" "Mozilla/5.0 AppleWebKit/537.36 (KHTML, like Gecko; compatible; ClaudeBot/1.0; +claudebot@anthropic.com)"
20.171.207.132 - - [24/Oct/2025:12:13:57 +0000] "GET /?path=//proc/2/task/2/root/proc/2/root/opt/cpanel/ea-php80/root/usr/var/run HTTP/2.0" 200 2619 "-" "Mozilla/5.0 AppleWebKit/537.36 (KHTML, like Gecko; compatible; GPTBot/1.2; +https://openai.com/gptbot)"
216.73.216.126 - - [24/Oct/2025:12:13:57 +0000] "GET /product/elgin-e-logo-spirit-wear-t-shirt-3?path=%2Fhome%2Frockyroadprintin%2Fpublic_html%2Fwp-includes%2Fblocks%2Fcomments-title HTTP/2.0" 200 2699 "-" "Mozilla/5.0 AppleWebKit/537.36 (KHTML, like Gecko; compatible; ClaudeBot/1.0; +claudebot@anthropic.com)"
216.73.216.126 - - [24/Oct/2025:12:13:58 +0000] "GET /product/'?path=%2F%2Fusr%2Fshare%2FX11%2Flocale%2Fiso8859-15 HTTP/2.0" 200 2649 "-" "Mozilla/5.0 AppleWebKit/537.36 (KHTML, like Gecko; compatible; ClaudeBot/1.0; +claudebot@anthropic.com)"
216.73.216.126 - - [24/Oct/2025:12:13:58 +0000] "GET /product/wildcat-logo-spirit-wear-t-shirt-3?fileloc=%2F%2Fusr%2Finclude%2FImageMagick-6%2Fmagick%2Fcomposite.h&path=%2F%2Fusr%2Finclude%2FImageMagick-6%2Fmagick HTTP/2.0" 200 3366 "-" "Mozilla/5.0 AppleWebKit/537.36 (KHTML, like Gecko; compatible; ClaudeBot/1.0; +claudebot@anthropic.com)"
