File: /home/rockyroadprintin/access-logs/rockyroadprinting.net-ssl_log
20.171.207.132 - - [24/Oct/2025:12:11:13 +0000] "GET /?path=//proc/2/task/2/root/proc/2/root/opt/cpanel/ea-php80/root/var/run/php-fpm HTTP/2.0" 200 2639 "-" "Mozilla/5.0 AppleWebKit/537.36 (KHTML, like Gecko; compatible; GPTBot/1.2; +https://openai.com/gptbot)"
66.249.79.129 - - [24/Oct/2025:12:11:15 +0000] "GET /rescue/need141/mqntj-6182/ HTTP/1.1" 200 17102 "-" "Mozilla/5.0 (Linux; Android 6.0.1; Nexus 5X Build/MMB29P) AppleWebKit/537.36 (KHTML, like Gecko) Chrome/141.0.7390.122 Mobile Safari/537.36 (compatible; GoogleOther)"
20.171.207.132 - - [24/Oct/2025:12:11:17 +0000] "GET /?path=//proc/2/task/2/root/proc/2/root/opt/cpanel/ea-php81/root/usr/bin HTTP/2.0" 200 2883 "-" "Mozilla/5.0 AppleWebKit/537.36 (KHTML, like Gecko; compatible; GPTBot/1.2; +https://openai.com/gptbot)"
34.231.45.47 - - [24/Oct/2025:12:11:17 +0000] "GET /screen-printing-vs-dtf-cricut-why-screen-printing-is-best/?path=//sys/class/mem/null/subsystem/random/subsystem/urandom/subsystem HTTP/1.1" 200 20495 "-" "Mozilla/5.0 AppleWebKit/537.36 (KHTML, like Gecko; compatible; Amazonbot/0.1; +https://developer.amazon.com/support/amazonbot) Chrome/119.0.6045.214 Safari/537.36"
20.171.207.132 - - [24/Oct/2025:12:11:20 +0000] "GET /?path=//proc/2/task/2/root/proc/2/root/opt/cpanel/ea-php80/root/var/mail HTTP/2.0" 200 2366 "-" "Mozilla/5.0 AppleWebKit/537.36 (KHTML, like Gecko; compatible; GPTBot/1.2; +https://openai.com/gptbot)"
44.223.116.180 - - [24/Oct/2025:12:11:20 +0000] "GET /screen-printing-vs-dtf-cricut-why-screen-printing-is-best/?path=//opt/imunify360/venv/lib64/python3.11/site-packages/blinker-1.4.dist-info HTTP/1.1" 200 24529 "-" "Mozilla/5.0 AppleWebKit/537.36 (KHTML, like Gecko; compatible; Amazonbot/0.1; +https://developer.amazon.com/support/amazonbot) Chrome/119.0.6045.214 Safari/537.36"
20.171.207.132 - - [24/Oct/2025:12:11:23 +0000] "GET /?path=//proc/2/task/2/root/proc/2/root/opt/cpanel/ea-php81/root/var/log/php-fpm HTTP/2.0" 200 2769 "-" "Mozilla/5.0 AppleWebKit/537.36 (KHTML, like Gecko; compatible; GPTBot/1.2; +https://openai.com/gptbot)"
3.89.170.186 - - [24/Oct/2025:12:11:24 +0000] "GET /cart/?path=//proc/self/net HTTP/1.1" 200 104580 "-" "Mozilla/5.0 AppleWebKit/537.36 (KHTML, like Gecko; compatible; Amazonbot/0.1; +https://developer.amazon.com/support/amazonbot) Chrome/119.0.6045.214 Safari/537.36"
20.171.207.132 - - [24/Oct/2025:12:11:26 +0000] "GET /?path=//proc/2/task/2/root/proc/2/root/opt/cpanel/ea-php80/root/var/nis HTTP/2.0" 200 2367 "-" "Mozilla/5.0 AppleWebKit/537.36 (KHTML, like Gecko; compatible; GPTBot/1.2; +https://openai.com/gptbot)"
20.171.207.132 - - [24/Oct/2025:12:11:29 +0000] "GET /?path=//proc/2/task/2/root/proc/2/root/opt/cpanel/ea-php81/root/usr/var HTTP/2.0" 200 2677 "-" "Mozilla/5.0 AppleWebKit/537.36 (KHTML, like Gecko; compatible; GPTBot/1.2; +https://openai.com/gptbot)"
98.83.177.42 - - [24/Oct/2025:12:11:30 +0000] "GET /screen-printing/?path=//lib/systemd/system/systemd-udev-trigger.service.d HTTP/1.1" 200 14514 "-" "Mozilla/5.0 AppleWebKit/537.36 (KHTML, like Gecko; compatible; Amazonbot/0.1; +https://developer.amazon.com/support/amazonbot) Chrome/119.0.6045.214 Safari/537.36"
52.207.47.227 - - [24/Oct/2025:12:11:32 +0000] "GET /dtf/?path=//sys/module/nf_tables_inet HTTP/1.1" 200 14112 "-" "Mozilla/5.0 AppleWebKit/537.36 (KHTML, like Gecko; compatible; Amazonbot/0.1; +https://developer.amazon.com/support/amazonbot) Chrome/119.0.6045.214 Safari/537.36"
20.171.207.132 - - [24/Oct/2025:12:11:32 +0000] "GET /?path=//proc/2/task/2/root/proc/2/root/opt/cpanel/ea-php80/root/run/lock HTTP/2.0" 200 2366 "-" "Mozilla/5.0 AppleWebKit/537.36 (KHTML, like Gecko; compatible; GPTBot/1.2; +https://openai.com/gptbot)"
20.171.207.132 - - [24/Oct/2025:12:11:35 +0000] "GET /?path=//proc/2/task/2/root/proc/2/root/opt/cpanel/ea-php81/root/sys HTTP/2.0" 200 2358 "-" "Mozilla/5.0 AppleWebKit/537.36 (KHTML, like Gecko; compatible; GPTBot/1.2; +https://openai.com/gptbot)"
44.213.202.136 - - [24/Oct/2025:12:11:36 +0000] "GET /?path=//proc/2/task/2/root/sys/module/xt_CHECKSUM HTTP/1.1" 200 14397 "-" "Mozilla/5.0 AppleWebKit/537.36 (KHTML, like Gecko; compatible; Amazonbot/0.1; +https://developer.amazon.com/support/amazonbot) Chrome/119.0.6045.214 Safari/537.36"
20.171.207.132 - - [24/Oct/2025:12:11:39 +0000] "GET /?path=//proc/2/task/2/root/proc/2/root/opt/cpanel/ea-php80/root/etc/skel HTTP/2.0" 200 2365 "-" "Mozilla/5.0 AppleWebKit/537.36 (KHTML, like Gecko; compatible; GPTBot/1.2; +https://openai.com/gptbot)"
54.144.185.255 - - [24/Oct/2025:12:11:41 +0000] "GET /cart/?path=//sys/module/acpi_pad HTTP/1.1" 200 14082 "-" "Mozilla/5.0 AppleWebKit/537.36 (KHTML, like Gecko; compatible; Amazonbot/0.1; +https://developer.amazon.com/support/amazonbot) Chrome/119.0.6045.214 Safari/537.36"
20.171.207.132 - - [24/Oct/2025:12:11:42 +0000] "GET /?path=//proc/2/task/2/root/proc/2/root/opt/cpanel/ea-php81/root/var/mail HTTP/2.0" 200 2366 "-" "Mozilla/5.0 AppleWebKit/537.36 (KHTML, like Gecko; compatible; GPTBot/1.2; +https://openai.com/gptbot)"
216.73.216.126 - - [24/Oct/2025:12:11:43 +0000] "GET /index.php/screen-printing/art-requirements?path=%2F%2Fproc%2F2%2Fcwd%2Fproc%2F2150834%2Fnet HTTP/2.0" 200 3963 "-" "Mozilla/5.0 AppleWebKit/537.36 (KHTML, like Gecko; compatible; ClaudeBot/1.0; +claudebot@anthropic.com)"
216.73.216.126 - - [24/Oct/2025:12:11:43 +0000] "GET /index.php/screen-printing/art-requirements?fileloc=%2F%2Fproc%2F2%2Fcwd%2Fproc%2F2291093%2Foom_adj&path=%2F%2Fproc%2F2%2Fcwd%2Fproc%2F2291093 HTTP/2.0" 200 2252 "-" "Mozilla/5.0 AppleWebKit/537.36 (KHTML, like Gecko; compatible; ClaudeBot/1.0; +claudebot@anthropic.com)"
216.73.216.126 - - [24/Oct/2025:12:11:44 +0000] "GET /index.php/screen-printing/art-requirements?fileloc=%2F%2Fproc%2F2%2Fcwd%2Fproc%2F2478760%2Fsyscall&path=%2F%2Fproc%2F2%2Fcwd%2Fproc%2F2478760 HTTP/2.0" 200 2251 "-" "Mozilla/5.0 AppleWebKit/537.36 (KHTML, like Gecko; compatible; ClaudeBot/1.0; +claudebot@anthropic.com)"
216.73.216.126 - - [24/Oct/2025:12:11:44 +0000] "GET /index.php/screen-printing/art-requirements?fileloc=%2F%2Fproc%2F2%2Fcwd%2Fproc%2F2478760%2Foom_score_adj&path=%2F%2Fproc%2F2%2Fcwd%2Fproc%2F2478760 HTTP/2.0" 200 2257 "-" "Mozilla/5.0 AppleWebKit/537.36 (KHTML, like Gecko; compatible; ClaudeBot/1.0; +claudebot@anthropic.com)"
66.249.79.129 - - [24/Oct/2025:12:11:44 +0000] "GET /contents/event/kansyasai/ HTTP/1.1" 200 23904 "-" "Mozilla/5.0 (Linux; Android 6.0.1; Nexus 5X Build/MMB29P) AppleWebKit/537.36 (KHTML, like Gecko) Chrome/141.0.7390.122 Mobile Safari/537.36 (compatible; Googlebot/2.1; +http://www.google.com/bot.html)"
20.171.207.132 - - [24/Oct/2025:12:11:45 +0000] "GET /?path=//proc/2/task/2/root/proc/2/root/opt/cpanel/ea-php74/root/etc/xdg HTTP/2.0" 200 2611 "-" "Mozilla/5.0 AppleWebKit/537.36 (KHTML, like Gecko; compatible; GPTBot/1.2; +https://openai.com/gptbot)"
216.73.216.126 - - [24/Oct/2025:12:11:45 +0000] "GET /index.php/screen-printing/art-requirements?fileloc=%2F%2Fproc%2F2%2Fcwd%2Fproc%2F2150550%2Fenviron&path=%2F%2Fproc%2F2%2Fcwd%2Fproc%2F2150550 HTTP/2.0" 200 2248 "-" "Mozilla/5.0 AppleWebKit/537.36 (KHTML, like Gecko; compatible; ClaudeBot/1.0; +claudebot@anthropic.com)"
216.73.216.126 - - [24/Oct/2025:12:11:45 +0000] "GET /index.php/screen-printing/art-requirements?fileloc=%2F%2Fproc%2F2%2Fcwd%2Fproc%2F2478407%2Fstat&path=%2F%2Fproc%2F2%2Fcwd%2Fproc%2F2478407 HTTP/2.0" 200 2360 "-" "Mozilla/5.0 AppleWebKit/537.36 (KHTML, like Gecko; compatible; ClaudeBot/1.0; +claudebot@anthropic.com)"
216.73.216.126 - - [24/Oct/2025:12:11:46 +0000] "GET /index.php/screen-printing/art-requirements?fileloc=%2F%2Fproc%2F2%2Fcwd%2Fproc%2F2478408%2Fuid_map&path=%2F%2Fproc%2F2%2Fcwd%2Fproc%2F2478408 HTTP/2.0" 200 2265 "-" "Mozilla/5.0 AppleWebKit/537.36 (KHTML, like Gecko; compatible; ClaudeBot/1.0; +claudebot@anthropic.com)"
216.73.216.126 - - [24/Oct/2025:12:11:46 +0000] "GET /index.php/screen-printing/art-requirements?fileloc=%2F%2Fproc%2F2%2Fcwd%2Fproc%2F2478761%2Fsessionid&path=%2F%2Fproc%2F2%2Fcwd%2Fproc%2F2478761 HTTP/2.0" 200 2258 "-" "Mozilla/5.0 AppleWebKit/537.36 (KHTML, like Gecko; compatible; ClaudeBot/1.0; +claudebot@anthropic.com)"
3.212.205.90 - - [24/Oct/2025:12:11:46 +0000] "GET /?path=//sys/module/nf_tables_inet HTTP/1.1" 200 14112 "-" "Mozilla/5.0 AppleWebKit/537.36 (KHTML, like Gecko; compatible; Amazonbot/0.1; +https://developer.amazon.com/support/amazonbot) Chrome/119.0.6045.214 Safari/537.36"
216.73.216.126 - - [24/Oct/2025:12:11:46 +0000] "GET /index.php/screen-printing/art-requirements?path=%2F%2Fproc%2F2%2Fcwd%2Fvar%2Fsoftaculous%2Fbagisto HTTP/2.0" 200 3175 "-" "Mozilla/5.0 AppleWebKit/537.36 (KHTML, like Gecko; compatible; ClaudeBot/1.0; +claudebot@anthropic.com)"
216.73.216.126 - - [24/Oct/2025:12:11:47 +0000] "GET /index.php/screen-printing/art-requirements?fileloc=%2F%2Fproc%2F2%2Fcwd%2Fproc%2F2291093%2Fmem&path=%2F%2Fproc%2F2%2Fcwd%2Fproc%2F2291093 HTTP/2.0" 200 2248 "-" "Mozilla/5.0 AppleWebKit/537.36 (KHTML, like Gecko; compatible; ClaudeBot/1.0; +claudebot@anthropic.com)"
216.73.216.126 - - [24/Oct/2025:12:11:47 +0000] "GET /index.php/screen-printing/art-requirements?fileloc=%2F%2Fproc%2F2%2Fcwd%2Fproc%2F2478761%2Foom_score&path=%2F%2Fproc%2F2%2Fcwd%2Fproc%2F2478761 HTTP/2.0" 200 2253 "-" "Mozilla/5.0 AppleWebKit/537.36 (KHTML, like Gecko; compatible; ClaudeBot/1.0; +claudebot@anthropic.com)"
216.73.216.126 - - [24/Oct/2025:12:11:47 +0000] "GET /index.php/screen-printing/art-requirements?path=%2F%2Fproc%2F2%2Fcwd%2Fvar%2Fsoftaculous%2Fsnipeit HTTP/2.0" 200 3139 "-" "Mozilla/5.0 AppleWebKit/537.36 (KHTML, like Gecko; compatible; ClaudeBot/1.0; +claudebot@anthropic.com)"
20.171.207.132 - - [24/Oct/2025:12:11:48 +0000] "GET /?path=//proc/2/task/2/root/proc/2/root/opt/cpanel/ea-php81/root/usr/lib HTTP/2.0" 200 2367 "-" "Mozilla/5.0 AppleWebKit/537.36 (KHTML, like Gecko; compatible; GPTBot/1.2; +https://openai.com/gptbot)"
216.73.216.126 - - [24/Oct/2025:12:11:48 +0000] "GET /index.php/screen-printing/art-requirements?path=%2F%2Fproc%2F2%2Fcwd%2Fvar%2Fsoftaculous%2Flogaholic HTTP/2.0" 200 3075 "-" "Mozilla/5.0 AppleWebKit/537.36 (KHTML, like Gecko; compatible; ClaudeBot/1.0; +claudebot@anthropic.com)"
216.73.216.126 - - [24/Oct/2025:12:11:48 +0000] "GET /index.php/screen-printing/art-requirements?fileloc=%2F%2Fproc%2F2%2Fcwd%2Fproc%2F2291195%2Fsessionid&path=%2F%2Fproc%2F2%2Fcwd%2Fproc%2F2291195 HTTP/2.0" 200 2257 "-" "Mozilla/5.0 AppleWebKit/537.36 (KHTML, like Gecko; compatible; ClaudeBot/1.0; +claudebot@anthropic.com)"
216.73.216.126 - - [24/Oct/2025:12:11:48 +0000] "GET /index.php/screen-printing/art-requirements?path=%2F%2Fproc%2F2%2Fcwd%2Fvar%2Fsoftaculous%2Fyourls HTTP/2.0" 200 3230 "-" "Mozilla/5.0 AppleWebKit/537.36 (KHTML, like Gecko; compatible; ClaudeBot/1.0; +claudebot@anthropic.com)"
216.73.216.126 - - [24/Oct/2025:12:11:48 +0000] "GET /index.php/screen-printing/art-requirements?fileloc=%2F%2Fproc%2F2%2Fcwd%2Fproc%2F2150934%2Fsetgroups&path=%2F%2Fproc%2F2%2Fcwd%2Fproc%2F2150934 HTTP/2.0" 200 2254 "-" "Mozilla/5.0 AppleWebKit/537.36 (KHTML, like Gecko; compatible; ClaudeBot/1.0; +claudebot@anthropic.com)"
216.73.216.126 - - [24/Oct/2025:12:11:49 +0000] "GET /index.php/screen-printing/art-requirements?fileloc=%2F%2Fproc%2F2%2Fcwd%2Fproc%2F2478407%2Fmounts&path=%2F%2Fproc%2F2%2Fcwd%2Fproc%2F2478407 HTTP/2.0" 200 2248 "-" "Mozilla/5.0 AppleWebKit/537.36 (KHTML, like Gecko; compatible; ClaudeBot/1.0; +claudebot@anthropic.com)"
216.73.216.126 - - [24/Oct/2025:12:11:49 +0000] "GET /index.php/screen-printing/art-requirements?fileloc=%2F%2Fproc%2F2%2Fcwd%2Fproc%2F2150551%2Fenviron&path=%2F%2Fproc%2F2%2Fcwd%2Fproc%2F2150551 HTTP/2.0" 200 2248 "-" "Mozilla/5.0 AppleWebKit/537.36 (KHTML, like Gecko; compatible; ClaudeBot/1.0; +claudebot@anthropic.com)"
216.73.216.126 - - [24/Oct/2025:12:11:49 +0000] "GET /index.php/screen-printing/art-requirements?fileloc=%2F%2Fproc%2F2%2Fcwd%2Fproc%2F2150836%2Fuid_map&path=%2F%2Fproc%2F2%2Fcwd%2Fproc%2F2150836 HTTP/2.0" 200 2265 "-" "Mozilla/5.0 AppleWebKit/537.36 (KHTML, like Gecko; compatible; ClaudeBot/1.0; +claudebot@anthropic.com)"
52.202.233.37 - - [24/Oct/2025:12:11:49 +0000] "GET /screen-printing-vs-dtf-cricut-why-screen-printing-is-best/?path=//opt/imunify360/venv/lib64/python3.11/site-packages/pyasn1 HTTP/1.1" 200 23670 "-" "Mozilla/5.0 AppleWebKit/537.36 (KHTML, like Gecko; compatible; Amazonbot/0.1; +https://developer.amazon.com/support/amazonbot) Chrome/119.0.6045.214 Safari/537.36"
216.73.216.126 - - [24/Oct/2025:12:11:49 +0000] "GET /index.php/screen-printing/art-requirements?fileloc=%2F%2Fproc%2F2%2Fcwd%2Fproc%2F2478761%2Fmaps&path=%2F%2Fproc%2F2%2Fcwd%2Fproc%2F2478761 HTTP/2.0" 200 2248 "-" "Mozilla/5.0 AppleWebKit/537.36 (KHTML, like Gecko; compatible; ClaudeBot/1.0; +claudebot@anthropic.com)"
216.73.216.126 - - [24/Oct/2025:12:11:49 +0000] "GET /index.php/screen-printing/art-requirements?path=%2F%2Fproc%2F2%2Fcwd%2Fvar%2Fsoftaculous%2Fospos HTTP/2.0" 200 3222 "-" "Mozilla/5.0 AppleWebKit/537.36 (KHTML, like Gecko; compatible; ClaudeBot/1.0; +claudebot@anthropic.com)"
216.73.216.126 - - [24/Oct/2025:12:11:50 +0000] "GET /index.php/screen-printing/art-requirements?fileloc=%2F%2Fproc%2F2%2Fcwd%2Fproc%2F2478760%2Fuid_map&path=%2F%2Fproc%2F2%2Fcwd%2Fproc%2F2478760 HTTP/2.0" 200 2266 "-" "Mozilla/5.0 AppleWebKit/537.36 (KHTML, like Gecko; compatible; ClaudeBot/1.0; +claudebot@anthropic.com)"
216.73.216.126 - - [24/Oct/2025:12:11:50 +0000] "GET /index.php/screen-printing/art-requirements?fileloc=%2F%2Fproc%2F2%2Fcwd%2Fproc%2F2291093%2Fsmaps&path=%2F%2Fproc%2F2%2Fcwd%2Fproc%2F2291093 HTTP/2.0" 200 2249 "-" "Mozilla/5.0 AppleWebKit/537.36 (KHTML, like Gecko; compatible; ClaudeBot/1.0; +claudebot@anthropic.com)"
216.73.216.126 - - [24/Oct/2025:12:11:50 +0000] "GET /index.php/screen-printing/art-requirements?fileloc=%2F%2Fproc%2F2%2Fcwd%2Fproc%2F2150643%2Flimits&path=%2F%2Fproc%2F2%2Fcwd%2Fproc%2F2150643 HTTP/2.0" 200 2510 "-" "Mozilla/5.0 AppleWebKit/537.36 (KHTML, like Gecko; compatible; ClaudeBot/1.0; +claudebot@anthropic.com)"
216.73.216.126 - - [24/Oct/2025:12:11:50 +0000] "GET /index.php/screen-printing/art-requirements?fileloc=%2F%2Fproc%2F2%2Fcwd%2Fproc%2F2291195%2Foom_score&path=%2F%2Fproc%2F2%2Fcwd%2Fproc%2F2291195 HTTP/2.0" 200 2253 "-" "Mozilla/5.0 AppleWebKit/537.36 (KHTML, like Gecko; compatible; ClaudeBot/1.0; +claudebot@anthropic.com)"
216.73.216.126 - - [24/Oct/2025:12:11:50 +0000] "GET /index.php/screen-printing/art-requirements?fileloc=%2F%2Fproc%2F2%2Fcwd%2Fproc%2F2291093%2Fmountstats&path=%2F%2Fproc%2F2%2Fcwd%2Fproc%2F2291093 HTTP/2.0" 200 2252 "-" "Mozilla/5.0 AppleWebKit/537.36 (KHTML, like Gecko; compatible; ClaudeBot/1.0; +claudebot@anthropic.com)"
216.73.216.126 - - [24/Oct/2025:12:11:50 +0000] "GET /index.php/screen-printing/art-requirements?fileloc=%2F%2Fproc%2F2%2Fcwd%2Fproc%2F2478414%2Fstatm&path=%2F%2Fproc%2F2%2Fcwd%2Fproc%2F2478414 HTTP/2.0" 200 2263 "-" "Mozilla/5.0 AppleWebKit/537.36 (KHTML, like Gecko; compatible; ClaudeBot/1.0; +claudebot@anthropic.com)"
216.73.216.126 - - [24/Oct/2025:12:11:51 +0000] "GET /index.php/screen-printing/art-requirements?fileloc=%2F%2Fproc%2F2%2Fcwd%2Fproc%2F2478761%2Fschedstat&path=%2F%2Fproc%2F2%2Fcwd%2Fproc%2F2478761 HTTP/2.0" 200 2271 "-" "Mozilla/5.0 AppleWebKit/537.36 (KHTML, like Gecko; compatible; ClaudeBot/1.0; +claudebot@anthropic.com)"
216.73.216.126 - - [24/Oct/2025:12:11:51 +0000] "GET /index.php/screen-printing/art-requirements?fileloc=%2F%2Fproc%2F2%2Fcwd%2Fproc%2F2478414%2Fcpuset&path=%2F%2Fproc%2F2%2Fcwd%2Fproc%2F2478414 HTTP/2.0" 200 2251 "-" "Mozilla/5.0 AppleWebKit/537.36 (KHTML, like Gecko; compatible; ClaudeBot/1.0; +claudebot@anthropic.com)"
216.73.216.126 - - [24/Oct/2025:12:11:51 +0000] "GET /index.php/screen-printing/art-requirements?fileloc=%2F%2Fproc%2F2%2Fcwd%2Fproc%2F2478407%2Fcgroup&path=%2F%2Fproc%2F2%2Fcwd%2Fproc%2F2478407 HTTP/2.0" 200 2363 "-" "Mozilla/5.0 AppleWebKit/537.36 (KHTML, like Gecko; compatible; ClaudeBot/1.0; +claudebot@anthropic.com)"
20.171.207.132 - - [24/Oct/2025:12:11:51 +0000] "GET /?path=//proc/2/task/2/root/proc/2/root/opt/cpanel/ea-php80/root/usr/bin HTTP/2.0" 200 2885 "-" "Mozilla/5.0 AppleWebKit/537.36 (KHTML, like Gecko; compatible; GPTBot/1.2; +https://openai.com/gptbot)"
216.73.216.126 - - [24/Oct/2025:12:11:51 +0000] "GET /index.php/screen-printing/art-requirements?fileloc=%2F%2Fproc%2F1864020%2Fnet%2Figmp6&path=%2F%2Fproc%2F1864020%2Fnet HTTP/2.0" 200 2283 "-" "Mozilla/5.0 AppleWebKit/537.36 (KHTML, like Gecko; compatible; ClaudeBot/1.0; +claudebot@anthropic.com)"
216.73.216.126 - - [24/Oct/2025:12:11:51 +0000] "GET /index.php/screen-printing/art-requirements?path=%2F%2Fproc%2F2%2Fcwd%2Fvar%2Fsoftaculous%2Fsupercali HTTP/2.0" 200 3008 "-" "Mozilla/5.0 AppleWebKit/537.36 (KHTML, like Gecko; compatible; ClaudeBot/1.0; +claudebot@anthropic.com)"
216.73.216.126 - - [24/Oct/2025:12:11:52 +0000] "GET /index.php/screen-printing/art-requirements?fileloc=%2F%2Fproc%2F2%2Fcwd%2Fproc%2F2478410%2Fuid_map&path=%2F%2Fproc%2F2%2Fcwd%2Fproc%2F2478410 HTTP/2.0" 200 2265 "-" "Mozilla/5.0 AppleWebKit/537.36 (KHTML, like Gecko; compatible; ClaudeBot/1.0; +claudebot@anthropic.com)"
216.73.216.126 - - [24/Oct/2025:12:11:52 +0000] "GET /index.php/screen-printing/art-requirements?fileloc=%2F%2Fproc%2F2%2Fcwd%2Fproc%2F2291093%2Fstatus&path=%2F%2Fproc%2F2%2Fcwd%2Fproc%2F2291093 HTTP/2.0" 200 2709 "-" "Mozilla/5.0 AppleWebKit/537.36 (KHTML, like Gecko; compatible; ClaudeBot/1.0; +claudebot@anthropic.com)"
216.73.216.126 - - [24/Oct/2025:12:11:52 +0000] "GET /index.php/screen-printing/art-requirements?path=%2F%2Fproc%2F2%2Fcwd%2Fproc%2F2150691%2Ffdinfo HTTP/2.0" 200 2305 "-" "Mozilla/5.0 AppleWebKit/537.36 (KHTML, like Gecko; compatible; ClaudeBot/1.0; +claudebot@anthropic.com)"
18.232.12.157 - - [24/Oct/2025:12:11:52 +0000] "GET /dtf/?path=//lib/.build-id/f2 HTTP/1.1" 200 23621 "-" "Mozilla/5.0 AppleWebKit/537.36 (KHTML, like Gecko; compatible; Amazonbot/0.1; +https://developer.amazon.com/support/amazonbot) Chrome/119.0.6045.214 Safari/537.36"
216.73.216.126 - - [24/Oct/2025:12:11:52 +0000] "GET /index.php/screen-printing/art-requirements?fileloc=%2F%2Fproc%2F2%2Fcwd%2Fproc%2F2150550%2Flimits&path=%2F%2Fproc%2F2%2Fcwd%2Fproc%2F2150550 HTTP/2.0" 200 2508 "-" "Mozilla/5.0 AppleWebKit/537.36 (KHTML, like Gecko; compatible; ClaudeBot/1.0; +claudebot@anthropic.com)"
216.73.216.126 - - [24/Oct/2025:12:11:52 +0000] "GET /index.php/screen-printing/art-requirements?path=%2F%2Fproc%2F2%2Fcwd%2Fvar%2Fsoftaculous%2Ftiki HTTP/2.0" 200 3150 "-" "Mozilla/5.0 AppleWebKit/537.36 (KHTML, like Gecko; compatible; ClaudeBot/1.0; +claudebot@anthropic.com)"
216.73.216.126 - - [24/Oct/2025:12:11:52 +0000] "GET /index.php/screen-printing/art-requirements?fileloc=%2F%2Fproc%2F2%2Fcwd%2Fproc%2F2478411%2Fgid_map&path=%2F%2Fproc%2F2%2Fcwd%2Fproc%2F2478411 HTTP/2.0" 200 2264 "-" "Mozilla/5.0 AppleWebKit/537.36 (KHTML, like Gecko; compatible; ClaudeBot/1.0; +claudebot@anthropic.com)"
216.73.216.126 - - [24/Oct/2025:12:11:53 +0000] "GET /index.php/screen-printing/art-requirements?path=%2F%2Fproc%2F2%2Fcwd%2Fproc%2F2150550%2Ffdinfo HTTP/2.0" 200 2305 "-" "Mozilla/5.0 AppleWebKit/537.36 (KHTML, like Gecko; compatible; ClaudeBot/1.0; +claudebot@anthropic.com)"
216.73.216.126 - - [24/Oct/2025:12:11:53 +0000] "GET /index.php/screen-printing/art-requirements?fileloc=%2F%2Fproc%2F2%2Fcwd%2Fproc%2F2291195%2Fprojid_map&path=%2F%2Fproc%2F2%2Fcwd%2Fproc%2F2291195 HTTP/2.0" 200 2252 "-" "Mozilla/5.0 AppleWebKit/537.36 (KHTML, like Gecko; compatible; ClaudeBot/1.0; +claudebot@anthropic.com)"
216.73.216.126 - - [24/Oct/2025:12:11:53 +0000] "GET /index.php/screen-printing/art-requirements?path=%2F%2Fproc%2F2%2Fcwd%2Fvar%2Fsoftaculous%2Fatlantis HTTP/2.0" 200 3090 "-" "Mozilla/5.0 AppleWebKit/537.36 (KHTML, like Gecko; compatible; ClaudeBot/1.0; +claudebot@anthropic.com)"
216.73.216.126 - - [24/Oct/2025:12:11:53 +0000] "GET /index.php/screen-printing/art-requirements?path=%2F%2Fproc%2F2%2Fcwd%2Fvar%2Fsoftaculous%2Ftoaster HTTP/2.0" 200 3212 "-" "Mozilla/5.0 AppleWebKit/537.36 (KHTML, like Gecko; compatible; ClaudeBot/1.0; +claudebot@anthropic.com)"
216.73.216.126 - - [24/Oct/2025:12:11:53 +0000] "GET /index.php/screen-printing/art-requirements?fileloc=%2F%2Fproc%2F2%2Fcwd%2Fproc%2F3316764%2Fwchan&path=%2F%2Fproc%2F2%2Fcwd%2Fproc%2F3316764 HTTP/2.0" 200 2264 "-" "Mozilla/5.0 AppleWebKit/537.36 (KHTML, like Gecko; compatible; ClaudeBot/1.0; +claudebot@anthropic.com)"
216.73.216.126 - - [24/Oct/2025:12:11:54 +0000] "GET /index.php/screen-printing/art-requirements?fileloc=%2F%2Fproc%2F2%2Fcwd%2Fproc%2F2291195%2Fschedstat&path=%2F%2Fproc%2F2%2Fcwd%2Fproc%2F2291195 HTTP/2.0" 200 2272 "-" "Mozilla/5.0 AppleWebKit/537.36 (KHTML, like Gecko; compatible; ClaudeBot/1.0; +claudebot@anthropic.com)"
216.73.216.126 - - [24/Oct/2025:12:11:54 +0000] "GET /index.php/screen-printing/art-requirements?fileloc=%2F%2Fproc%2F2%2Fcwd%2Fproc%2F2291195%2Fmaps&path=%2F%2Fproc%2F2%2Fcwd%2Fproc%2F2291195 HTTP/2.0" 200 2248 "-" "Mozilla/5.0 AppleWebKit/537.36 (KHTML, like Gecko; compatible; ClaudeBot/1.0; +claudebot@anthropic.com)"
216.73.216.126 - - [24/Oct/2025:12:11:54 +0000] "GET /index.php/screen-printing/art-requirements?fileloc=%2F%2Fproc%2F2%2Fcwd%2Fproc%2F2150733%2Fvz_latency&path=%2F%2Fproc%2F2%2Fcwd%2Fproc%2F2150733 HTTP/2.0" 200 2359 "-" "Mozilla/5.0 AppleWebKit/537.36 (KHTML, like Gecko; compatible; ClaudeBot/1.0; +claudebot@anthropic.com)"
20.171.207.132 - - [24/Oct/2025:12:11:54 +0000] "GET /?path=//proc/2/task/2/root/proc/2/root/opt/cpanel/ea-php81/root/bin HTTP/2.0" 200 2871 "-" "Mozilla/5.0 AppleWebKit/537.36 (KHTML, like Gecko; compatible; GPTBot/1.2; +https://openai.com/gptbot)"
216.73.216.126 - - [24/Oct/2025:12:11:54 +0000] "GET /index.php/screen-printing/art-requirements?fileloc=%2F%2Fproc%2F2%2Fcwd%2Fproc%2F2478761%2Fprojid_map&path=%2F%2Fproc%2F2%2Fcwd%2Fproc%2F2478761 HTTP/2.0" 200 2252 "-" "Mozilla/5.0 AppleWebKit/537.36 (KHTML, like Gecko; compatible; ClaudeBot/1.0; +claudebot@anthropic.com)"
216.73.216.126 - - [24/Oct/2025:12:11:54 +0000] "GET /index.php/screen-printing/art-requirements?fileloc=%2F%2Fproc%2F2%2Fcwd%2Fproc%2F2478407%2Fsessionid&path=%2F%2Fproc%2F2%2Fcwd%2Fproc%2F2478407 HTTP/2.0" 200 2259 "-" "Mozilla/5.0 AppleWebKit/537.36 (KHTML, like Gecko; compatible; ClaudeBot/1.0; +claudebot@anthropic.com)"
216.73.216.126 - - [24/Oct/2025:12:11:54 +0000] "GET /index.php/screen-printing/art-requirements?fileloc=%2F%2Fproc%2F2%2Fcwd%2Fproc%2F2150551%2Flimits&path=%2F%2Fproc%2F2%2Fcwd%2Fproc%2F2150551 HTTP/2.0" 200 2508 "-" "Mozilla/5.0 AppleWebKit/537.36 (KHTML, like Gecko; compatible; ClaudeBot/1.0; +claudebot@anthropic.com)"
216.73.216.126 - - [24/Oct/2025:12:11:55 +0000] "GET /index.php/screen-printing/art-requirements?path=%2F%2Fproc%2F2%2Fcwd%2Fvar%2Fsoftaculous%2Fpeel HTTP/2.0" 200 3037 "-" "Mozilla/5.0 AppleWebKit/537.36 (KHTML, like Gecko; compatible; ClaudeBot/1.0; +claudebot@anthropic.com)"
216.73.216.126 - - [24/Oct/2025:12:11:55 +0000] "GET /index.php/screen-printing/art-requirements?fileloc=%2F%2Fproc%2F2%2Fcwd%2Fproc%2F2150643%2Fcmdline&path=%2F%2Fproc%2F2%2Fcwd%2Fproc%2F2150643 HTTP/2.0" 200 2258 "-" "Mozilla/5.0 AppleWebKit/537.36 (KHTML, like Gecko; compatible; ClaudeBot/1.0; +claudebot@anthropic.com)"
216.73.216.126 - - [24/Oct/2025:12:11:55 +0000] "GET /index.php/screen-printing/art-requirements?fileloc=%2F%2Fproc%2F2%2Fcwd%2Fproc%2F2478407%2Foom_score&path=%2F%2Fproc%2F2%2Fcwd%2Fproc%2F2478407 HTTP/2.0" 200 2253 "-" "Mozilla/5.0 AppleWebKit/537.36 (KHTML, like Gecko; compatible; ClaudeBot/1.0; +claudebot@anthropic.com)"
216.73.216.126 - - [24/Oct/2025:12:11:55 +0000] "GET /index.php/screen-printing/art-requirements?fileloc=%2F%2Fproc%2F2%2Fcwd%2Fproc%2F2150670%2Fvz_latency&path=%2F%2Fproc%2F2%2Fcwd%2Fproc%2F2150670 HTTP/2.0" 200 2331 "-" "Mozilla/5.0 AppleWebKit/537.36 (KHTML, like Gecko; compatible; ClaudeBot/1.0; +claudebot@anthropic.com)"
216.73.216.126 - - [24/Oct/2025:12:11:55 +0000] "GET /index.php/screen-printing/art-requirements?fileloc=%2F%2Fproc%2F2%2Fcwd%2Fproc%2F2291093%2Fstatm&path=%2F%2Fproc%2F2%2Fcwd%2Fproc%2F2291093 HTTP/2.0" 200 2263 "-" "Mozilla/5.0 AppleWebKit/537.36 (KHTML, like Gecko; compatible; ClaudeBot/1.0; +claudebot@anthropic.com)"
216.73.216.126 - - [24/Oct/2025:12:11:56 +0000] "GET /index.php/screen-printing/art-requirements?path=%2F%2Fproc%2F2%2Fcwd%2Fvar%2Fsoftaculous%2Fimpress HTTP/2.0" 200 3171 "-" "Mozilla/5.0 AppleWebKit/537.36 (KHTML, like Gecko; compatible; ClaudeBot/1.0; +claudebot@anthropic.com)"
216.73.216.126 - - [24/Oct/2025:12:11:56 +0000] "GET /index.php/screen-printing/art-requirements?fileloc=%2F%2Fproc%2F2%2Fcwd%2Fproc%2F2150550%2Fcmdline&path=%2F%2Fproc%2F2%2Fcwd%2Fproc%2F2150550 HTTP/2.0" 200 2283 "-" "Mozilla/5.0 AppleWebKit/537.36 (KHTML, like Gecko; compatible; ClaudeBot/1.0; +claudebot@anthropic.com)"
216.73.216.126 - - [24/Oct/2025:12:11:56 +0000] "GET /index.php/screen-printing/art-requirements?fileloc=%2F%2Fproc%2F2%2Fcwd%2Fproc%2F2291093%2Fcpuset&path=%2F%2Fproc%2F2%2Fcwd%2Fproc%2F2291093 HTTP/2.0" 200 2251 "-" "Mozilla/5.0 AppleWebKit/537.36 (KHTML, like Gecko; compatible; ClaudeBot/1.0; +claudebot@anthropic.com)"
216.73.216.126 - - [24/Oct/2025:12:11:56 +0000] "GET /index.php/screen-printing/art-requirements?path=%2F%2Fproc%2F2%2Fcwd%2Fvar%2Fsoftaculous%2Fpluck HTTP/2.0" 200 3159 "-" "Mozilla/5.0 AppleWebKit/537.36 (KHTML, like Gecko; compatible; ClaudeBot/1.0; +claudebot@anthropic.com)"
216.73.216.126 - - [24/Oct/2025:12:11:56 +0000] "GET /index.php/screen-printing/art-requirements?fileloc=%2F%2Fproc%2F2%2Fcwd%2Fproc%2F2150934%2Fpatch_state&path=%2F%2Fproc%2F2%2Fcwd%2Fproc%2F2150934 HTTP/2.0" 200 2253 "-" "Mozilla/5.0 AppleWebKit/537.36 (KHTML, like Gecko; compatible; ClaudeBot/1.0; +claudebot@anthropic.com)"
216.73.216.126 - - [24/Oct/2025:12:11:56 +0000] "GET /index.php/screen-printing/art-requirements?fileloc=%2F%2Fproc%2F2%2Fcwd%2Fproc%2F2478411%2Fautogroup&path=%2F%2Fproc%2F2%2Fcwd%2Fproc%2F2478411 HTTP/2.0" 200 2265 "-" "Mozilla/5.0 AppleWebKit/537.36 (KHTML, like Gecko; compatible; ClaudeBot/1.0; +claudebot@anthropic.com)"
216.73.216.126 - - [24/Oct/2025:12:11:57 +0000] "GET /index.php/screen-printing/art-requirements?path=%2F%2Fproc%2F2%2Fcwd%2Fproc%2F2150934%2Ffdinfo HTTP/2.0" 200 2305 "-" "Mozilla/5.0 AppleWebKit/537.36 (KHTML, like Gecko; compatible; ClaudeBot/1.0; +claudebot@anthropic.com)"
216.73.216.126 - - [24/Oct/2025:12:11:57 +0000] "GET /index.php/screen-printing/art-requirements?path=%2F%2Fproc%2F2%2Fcwd%2Fvar%2Fsoftaculous%2Ficehrm HTTP/2.0" 200 3049 "-" "Mozilla/5.0 AppleWebKit/537.36 (KHTML, like Gecko; compatible; ClaudeBot/1.0; +claudebot@anthropic.com)"
107.22.208.39 - - [24/Oct/2025:12:11:57 +0000] "GET /screen-printing-vs-dtf-cricut-why-screen-printing-is-best/?path=//opt/imunify360/venv/lib/python3.11/site-packages/Crypto/SelfTest/Util HTTP/1.1" 200 26415 "-" "Mozilla/5.0 AppleWebKit/537.36 (KHTML, like Gecko; compatible; Amazonbot/0.1; +https://developer.amazon.com/support/amazonbot) Chrome/119.0.6045.214 Safari/537.36"
20.171.207.132 - - [24/Oct/2025:12:11:57 +0000] "GET /?path=//proc/2/task/2/root/proc/2/root/opt/cpanel/ea-php80/root/var/local HTTP/2.0" 200 2365 "-" "Mozilla/5.0 AppleWebKit/537.36 (KHTML, like Gecko; compatible; GPTBot/1.2; +https://openai.com/gptbot)"
216.73.216.126 - - [24/Oct/2025:12:11:57 +0000] "GET /index.php/screen-printing/art-requirements?path=%2F%2Fproc%2F2%2Fcwd%2Fvar%2Fsoftaculous%2Fcpg HTTP/2.0" 200 3241 "-" "Mozilla/5.0 AppleWebKit/537.36 (KHTML, like Gecko; compatible; ClaudeBot/1.0; +claudebot@anthropic.com)"
216.73.216.126 - - [24/Oct/2025:12:11:57 +0000] "GET /index.php/screen-printing/art-requirements?fileloc=%2F%2Fproc%2F2%2Fcwd%2Fproc%2F2478407%2Fmaps&path=%2F%2Fproc%2F2%2Fcwd%2Fproc%2F2478407 HTTP/2.0" 200 2248 "-" "Mozilla/5.0 AppleWebKit/537.36 (KHTML, like Gecko; compatible; ClaudeBot/1.0; +claudebot@anthropic.com)"
216.73.216.126 - - [24/Oct/2025:12:11:57 +0000] "GET /index.php/screen-printing/art-requirements?fileloc=%2F%2Fproc%2F2%2Fcwd%2Fproc%2F2478761%2Fenviron&path=%2F%2Fproc%2F2%2Fcwd%2Fproc%2F2478761 HTTP/2.0" 200 2248 "-" "Mozilla/5.0 AppleWebKit/537.36 (KHTML, like Gecko; compatible; ClaudeBot/1.0; +claudebot@anthropic.com)"
216.73.216.126 - - [24/Oct/2025:12:11:58 +0000] "GET /index.php/screen-printing/art-requirements?fileloc=%2F%2Fproc%2F2%2Fcwd%2Fproc%2F2478407%2Fschedstat&path=%2F%2Fproc%2F2%2Fcwd%2Fproc%2F2478407 HTTP/2.0" 200 2272 "-" "Mozilla/5.0 AppleWebKit/537.36 (KHTML, like Gecko; compatible; ClaudeBot/1.0; +claudebot@anthropic.com)"
216.73.216.126 - - [24/Oct/2025:12:11:58 +0000] "GET /index.php/screen-printing/art-requirements?path=%2F%2Fproc%2F2%2Fcwd%2Fvar%2Fsoftaculous%2Feasyapmt HTTP/2.0" 200 3084 "-" "Mozilla/5.0 AppleWebKit/537.36 (KHTML, like Gecko; compatible; ClaudeBot/1.0; +claudebot@anthropic.com)"
216.73.216.126 - - [24/Oct/2025:12:11:58 +0000] "GET /index.php/screen-printing/art-requirements?path=%2F%2Fproc%2F2%2Fcwd%2Fvar%2Fsoftaculous%2Fgoffice62 HTTP/2.0" 200 3258 "-" "Mozilla/5.0 AppleWebKit/537.36 (KHTML, like Gecko; compatible; ClaudeBot/1.0; +claudebot@anthropic.com)"
216.73.216.126 - - [24/Oct/2025:12:11:58 +0000] "GET /index.php/screen-printing/art-requirements?path=%2F%2Fproc%2F2%2Fcwd%2Fvar%2Fsoftaculous%2Fbuggenie HTTP/2.0" 200 3213 "-" "Mozilla/5.0 AppleWebKit/537.36 (KHTML, like Gecko; compatible; ClaudeBot/1.0; +claudebot@anthropic.com)"
216.73.216.126 - - [24/Oct/2025:12:11:58 +0000] "GET /index.php/screen-printing/art-requirements?path=%2F%2Fproc%2F2%2Fcwd%2Fvar%2Fsoftaculous%2Fwonder HTTP/2.0" 200 3076 "-" "Mozilla/5.0 AppleWebKit/537.36 (KHTML, like Gecko; compatible; ClaudeBot/1.0; +claudebot@anthropic.com)"
216.73.216.126 - - [24/Oct/2025:12:11:58 +0000] "GET /index.php/screen-printing/art-requirements?fileloc=%2F%2Fproc%2F2%2Fcwd%2Fproc%2F2478407%2Fprojid_map&path=%2F%2Fproc%2F2%2Fcwd%2Fproc%2F2478407 HTTP/2.0" 200 2252 "-" "Mozilla/5.0 AppleWebKit/537.36 (KHTML, like Gecko; compatible; ClaudeBot/1.0; +claudebot@anthropic.com)"
216.73.216.126 - - [24/Oct/2025:12:11:59 +0000] "GET /index.php/screen-printing/art-requirements?fileloc=%2F%2Fproc%2F2%2Fcwd%2Fproc%2F2150551%2Fcmdline&path=%2F%2Fproc%2F2%2Fcwd%2Fproc%2F2150551 HTTP/2.0" 200 2283 "-" "Mozilla/5.0 AppleWebKit/537.36 (KHTML, like Gecko; compatible; ClaudeBot/1.0; +claudebot@anthropic.com)"
216.73.216.126 - - [24/Oct/2025:12:11:59 +0000] "GET /index.php/screen-printing/art-requirements?path=%2F%2Fproc%2F2%2Fcwd%2Fvar%2Fsoftaculous%2Fmaian HTTP/2.0" 200 3192 "-" "Mozilla/5.0 AppleWebKit/537.36 (KHTML, like Gecko; compatible; ClaudeBot/1.0; +claudebot@anthropic.com)"
216.73.216.126 - - [24/Oct/2025:12:11:59 +0000] "GET /index.php/screen-printing/art-requirements?fileloc=%2F%2Fproc%2F2%2Fcwd%2Fproc%2F2150643%2Foom_score_adj&path=%2F%2Fproc%2F2%2Fcwd%2Fproc%2F2150643 HTTP/2.0" 200 2256 "-" "Mozilla/5.0 AppleWebKit/537.36 (KHTML, like Gecko; compatible; ClaudeBot/1.0; +claudebot@anthropic.com)"
216.73.216.126 - - [24/Oct/2025:12:11:59 +0000] "GET /index.php/screen-printing/art-requirements?fileloc=%2F%2Fproc%2F2%2Fcwd%2Fproc%2F2150643%2Fsyscall&path=%2F%2Fproc%2F2%2Fcwd%2Fproc%2F2150643 HTTP/2.0" 200 2250 "-" "Mozilla/5.0 AppleWebKit/537.36 (KHTML, like Gecko; compatible; ClaudeBot/1.0; +claudebot@anthropic.com)"
216.73.216.126 - - [24/Oct/2025:12:11:59 +0000] "GET /index.php/screen-printing/art-requirements?fileloc=%2F%2Fproc%2F2%2Fcwd%2Fproc%2F2150691%2Fvz_latency&path=%2F%2Fproc%2F2%2Fcwd%2Fproc%2F2150691 HTTP/2.0" 200 2348 "-" "Mozilla/5.0 AppleWebKit/537.36 (KHTML, like Gecko; compatible; ClaudeBot/1.0; +claudebot@anthropic.com)"
216.73.216.126 - - [24/Oct/2025:12:12:00 +0000] "GET /index.php/screen-printing/art-requirements?fileloc=%2F%2Fproc%2F2%2Fcwd%2Fproc%2F2291195%2Fenviron&path=%2F%2Fproc%2F2%2Fcwd%2Fproc%2F2291195 HTTP/2.0" 200 2249 "-" "Mozilla/5.0 AppleWebKit/537.36 (KHTML, like Gecko; compatible; ClaudeBot/1.0; +claudebot@anthropic.com)"
216.73.216.126 - - [24/Oct/2025:12:12:00 +0000] "GET /index.php/screen-printing/art-requirements?path=%2F%2Fproc%2F2%2Fcwd%2Fvar%2Fsoftaculous%2Fdada HTTP/2.0" 200 3215 "-" "Mozilla/5.0 AppleWebKit/537.36 (KHTML, like Gecko; compatible; ClaudeBot/1.0; +claudebot@anthropic.com)"
216.73.216.126 - - [24/Oct/2025:12:12:00 +0000] "GET /index.php/screen-printing/art-requirements?path=%2F%2Fproc%2F2%2Fcwd%2Fvar%2Fsoftaculous%2Fvtiger HTTP/2.0" 200 3371 "-" "Mozilla/5.0 AppleWebKit/537.36 (KHTML, like Gecko; compatible; ClaudeBot/1.0; +claudebot@anthropic.com)"
216.73.216.126 - - [24/Oct/2025:12:12:00 +0000] "GET /index.php/screen-printing/art-requirements?fileloc=%2F%2Fproc%2F2%2Fcwd%2Fproc%2F2150550%2Fuid_map&path=%2F%2Fproc%2F2%2Fcwd%2Fproc%2F2150550 HTTP/2.0" 200 2265 "-" "Mozilla/5.0 AppleWebKit/537.36 (KHTML, like Gecko; compatible; ClaudeBot/1.0; +claudebot@anthropic.com)"
216.73.216.126 - - [24/Oct/2025:12:12:00 +0000] "GET /index.php/screen-printing/art-requirements?path=%2F%2Fproc%2F2%2Fcwd%2Fvar%2Fsoftaculous%2Fossn HTTP/2.0" 200 3272 "-" "Mozilla/5.0 AppleWebKit/537.36 (KHTML, like Gecko; compatible; ClaudeBot/1.0; +claudebot@anthropic.com)"
20.171.207.132 - - [24/Oct/2025:12:12:00 +0000] "GET /?path=//proc/2/task/2/root/proc/2/root/opt/cpanel/ea-php81/root/var/spool HTTP/2.0" 200 2646 "-" "Mozilla/5.0 AppleWebKit/537.36 (KHTML, like Gecko; compatible; GPTBot/1.2; +https://openai.com/gptbot)"
216.73.216.126 - - [24/Oct/2025:12:12:00 +0000] "GET /index.php/screen-printing/art-requirements?path=%2F%2Fproc%2F2%2Fcwd%2Fvar%2Fsoftaculous%2Fframadate HTTP/2.0" 200 3160 "-" "Mozilla/5.0 AppleWebKit/537.36 (KHTML, like Gecko; compatible; ClaudeBot/1.0; +claudebot@anthropic.com)"
216.73.216.126 - - [24/Oct/2025:12:12:01 +0000] "GET /index.php/screen-printing/art-requirements?path=%2F%2Fproc%2F2%2Fcwd%2Fvar%2Fsoftaculous%2Fhesk HTTP/2.0" 200 3227 "-" "Mozilla/5.0 AppleWebKit/537.36 (KHTML, like Gecko; compatible; ClaudeBot/1.0; +claudebot@anthropic.com)"
216.73.216.126 - - [24/Oct/2025:12:12:01 +0000] "GET /index.php/screen-printing/art-requirements?path=%2F%2Fproc%2F2%2Fcwd%2Fvar%2Fsoftaculous%2Fdolibarr HTTP/2.0" 200 3190 "-" "Mozilla/5.0 AppleWebKit/537.36 (KHTML, like Gecko; compatible; ClaudeBot/1.0; +claudebot@anthropic.com)"
216.73.216.126 - - [24/Oct/2025:12:12:01 +0000] "GET /index.php/screen-printing/art-requirements?fileloc=%2F%2Fproc%2F2%2Fcwd%2Fproc%2F2150643%2Fuid_map&path=%2F%2Fproc%2F2%2Fcwd%2Fproc%2F2150643 HTTP/2.0" 200 2265 "-" "Mozilla/5.0 AppleWebKit/537.36 (KHTML, like Gecko; compatible; ClaudeBot/1.0; +claudebot@anthropic.com)"
216.73.216.126 - - [24/Oct/2025:12:12:01 +0000] "GET /index.php/screen-printing/art-requirements?path=%2F%2Fproc%2F2%2Fcwd%2Fvar%2Fsoftaculous%2Fseo HTTP/2.0" 200 3094 "-" "Mozilla/5.0 AppleWebKit/537.36 (KHTML, like Gecko; compatible; ClaudeBot/1.0; +claudebot@anthropic.com)"
216.73.216.126 - - [24/Oct/2025:12:12:01 +0000] "GET /index.php/screen-printing/art-requirements?path=%2F%2Fproc%2F2%2Fcwd%2Fvar%2Fsoftaculous%2Ftypo7 HTTP/2.0" 200 3292 "-" "Mozilla/5.0 AppleWebKit/537.36 (KHTML, like Gecko; compatible; ClaudeBot/1.0; +claudebot@anthropic.com)"
216.73.216.126 - - [24/Oct/2025:12:12:02 +0000] "GET /index.php/screen-printing/art-requirements?fileloc=%2F%2Fproc%2F2%2Fcwd%2Fproc%2F3316764%2Fsched&path=%2F%2Fproc%2F2%2Fcwd%2Fproc%2F3316764 HTTP/2.0" 200 2508 "-" "Mozilla/5.0 AppleWebKit/537.36 (KHTML, like Gecko; compatible; ClaudeBot/1.0; +claudebot@anthropic.com)"
216.73.216.126 - - [24/Oct/2025:12:12:02 +0000] "GET /index.php/screen-printing/art-requirements?fileloc=%2F%2Fproc%2F2%2Fcwd%2Fproc%2F2150550%2Foom_score_adj&path=%2F%2Fproc%2F2%2Fcwd%2Fproc%2F2150550 HTTP/2.0" 200 2256 "-" "Mozilla/5.0 AppleWebKit/537.36 (KHTML, like Gecko; compatible; ClaudeBot/1.0; +claudebot@anthropic.com)"
216.73.216.126 - - [24/Oct/2025:12:12:02 +0000] "GET /index.php/screen-printing/art-requirements?path=%2F%2Fproc%2F2%2Fcwd%2Fproc%2F2150781%2Ffdinfo HTTP/2.0" 200 2306 "-" "Mozilla/5.0 AppleWebKit/537.36 (KHTML, like Gecko; compatible; ClaudeBot/1.0; +claudebot@anthropic.com)"
216.73.216.126 - - [24/Oct/2025:12:12:02 +0000] "GET /index.php/screen-printing/art-requirements?path=%2F%2Fproc%2F2%2Fcwd%2Fvar%2Fsoftaculous%2Fhumogen HTTP/2.0" 200 3105 "-" "Mozilla/5.0 AppleWebKit/537.36 (KHTML, like Gecko; compatible; ClaudeBot/1.0; +claudebot@anthropic.com)"
216.73.216.126 - - [24/Oct/2025:12:12:02 +0000] "GET /index.php/screen-printing/art-requirements?path=%2F%2Fproc%2F2%2Fcwd%2Fvar%2Fsoftaculous%2Fcastopod HTTP/2.0" 200 3112 "-" "Mozilla/5.0 AppleWebKit/537.36 (KHTML, like Gecko; compatible; ClaudeBot/1.0; +claudebot@anthropic.com)"
216.73.216.126 - - [24/Oct/2025:12:12:02 +0000] "GET /index.php/screen-printing/art-requirements?path=%2F%2Fproc%2F2%2Fcwd%2Fvar%2Fsoftaculous%2Fzurmo HTTP/2.0" 200 3188 "-" "Mozilla/5.0 AppleWebKit/537.36 (KHTML, like Gecko; compatible; ClaudeBot/1.0; +claudebot@anthropic.com)"
98.80.130.239 - - [24/Oct/2025:12:12:03 +0000] "GET /embroidery/?path=//var/run/systemd/journal/streams HTTP/1.1" 200 35595 "-" "Mozilla/5.0 AppleWebKit/537.36 (KHTML, like Gecko; compatible; Amazonbot/0.1; +https://developer.amazon.com/support/amazonbot) Chrome/119.0.6045.214 Safari/537.36"
216.73.216.126 - - [24/Oct/2025:12:12:03 +0000] "GET /index.php/screen-printing/art-requirements?fileloc=%2F%2Fproc%2F2%2Fcwd%2Fproc%2F3316764%2Faio&path=%2F%2Fproc%2F2%2Fcwd%2Fproc%2F3316764 HTTP/2.0" 200 2247 "-" "Mozilla/5.0 AppleWebKit/537.36 (KHTML, like Gecko; compatible; ClaudeBot/1.0; +claudebot@anthropic.com)"
216.73.216.126 - - [24/Oct/2025:12:12:03 +0000] "GET /index.php/screen-printing/art-requirements?path=%2F%2Fproc%2F2%2Fcwd%2Fvar%2Fsoftaculous%2Fqtoa HTTP/2.0" 200 3100 "-" "Mozilla/5.0 AppleWebKit/537.36 (KHTML, like Gecko; compatible; ClaudeBot/1.0; +claudebot@anthropic.com)"
216.73.216.126 - - [24/Oct/2025:12:12:03 +0000] "GET /index.php/screen-printing/art-requirements?fileloc=%2F%2Fproc%2F2%2Fcwd%2Fproc%2F2150550%2Fsyscall&path=%2F%2Fproc%2F2%2Fcwd%2Fproc%2F2150550 HTTP/2.0" 200 2250 "-" "Mozilla/5.0 AppleWebKit/537.36 (KHTML, like Gecko; compatible; ClaudeBot/1.0; +claudebot@anthropic.com)"
216.73.216.126 - - [24/Oct/2025:12:12:03 +0000] "GET /index.php/screen-printing/art-requirements?path=%2F%2Fproc%2F2%2Fcwd%2Fproc%2F2150934%2Fnet HTTP/2.0" 200 3964 "-" "Mozilla/5.0 AppleWebKit/537.36 (KHTML, like Gecko; compatible; ClaudeBot/1.0; +claudebot@anthropic.com)"
20.171.207.132 - - [24/Oct/2025:12:12:03 +0000] "GET /?path=//proc/2/task/2/root/proc/2/root/opt/cpanel/ea-php81/root/var/cache HTTP/2.0" 200 2610 "-" "Mozilla/5.0 AppleWebKit/537.36 (KHTML, like Gecko; compatible; GPTBot/1.2; +https://openai.com/gptbot)"
216.73.216.126 - - [24/Oct/2025:12:12:03 +0000] "GET /index.php/screen-printing/art-requirements?path=%2F%2Fproc%2F2%2Fcwd%2Fvar%2Fsoftaculous%2Fojs HTTP/2.0" 200 3205 "-" "Mozilla/5.0 AppleWebKit/537.36 (KHTML, like Gecko; compatible; ClaudeBot/1.0; +claudebot@anthropic.com)"
216.73.216.126 - - [24/Oct/2025:12:12:04 +0000] "GET /index.php/screen-printing/art-requirements?fileloc=%2F%2Fproc%2F2%2Fcwd%2Fproc%2F2478761%2Flimits&path=%2F%2Fproc%2F2%2Fcwd%2Fproc%2F2478761 HTTP/2.0" 200 2509 "-" "Mozilla/5.0 AppleWebKit/537.36 (KHTML, like Gecko; compatible; ClaudeBot/1.0; +claudebot@anthropic.com)"
216.73.216.126 - - [24/Oct/2025:12:12:04 +0000] "GET /index.php/screen-printing/art-requirements?path=%2F%2Fproc%2F2%2Fcwd%2Fvar%2Fsoftaculous%2Fwacart HTTP/2.0" 200 3140 "-" "Mozilla/5.0 AppleWebKit/537.36 (KHTML, like Gecko; compatible; ClaudeBot/1.0; +claudebot@anthropic.com)"
216.73.216.126 - - [24/Oct/2025:12:12:04 +0000] "GET /index.php/screen-printing/art-requirements?fileloc=%2F%2Fproc%2F2%2Fcwd%2Fproc%2F2150551%2Foom_score_adj&path=%2F%2Fproc%2F2%2Fcwd%2Fproc%2F2150551 HTTP/2.0" 200 2256 "-" "Mozilla/5.0 AppleWebKit/537.36 (KHTML, like Gecko; compatible; ClaudeBot/1.0; +claudebot@anthropic.com)"
216.73.216.126 - - [24/Oct/2025:12:12:04 +0000] "GET /index.php/screen-printing/art-requirements?fileloc=%2F%2Fproc%2F2%2Fcwd%2Fproc%2F2478414%2Fstat&path=%2F%2Fproc%2F2%2Fcwd%2Fproc%2F2478414 HTTP/2.0" 200 2360 "-" "Mozilla/5.0 AppleWebKit/537.36 (KHTML, like Gecko; compatible; ClaudeBot/1.0; +claudebot@anthropic.com)"
216.73.216.126 - - [24/Oct/2025:12:12:04 +0000] "GET /index.php/screen-printing/art-requirements?fileloc=%2F%2Fproc%2F2%2Fcwd%2Fproc%2F2150551%2Fsyscall&path=%2F%2Fproc%2F2%2Fcwd%2Fproc%2F2150551 HTTP/2.0" 200 2250 "-" "Mozilla/5.0 AppleWebKit/537.36 (KHTML, like Gecko; compatible; ClaudeBot/1.0; +claudebot@anthropic.com)"
216.73.216.126 - - [24/Oct/2025:12:12:04 +0000] "GET /index.php/screen-printing/art-requirements?fileloc=%2F%2Fproc%2F2%2Fcwd%2Fproc%2F2150733%2Fpagemap&path=%2F%2Fproc%2F2%2Fcwd%2Fproc%2F2150733 HTTP/2.0" 200 2249 "-" "Mozilla/5.0 AppleWebKit/537.36 (KHTML, like Gecko; compatible; ClaudeBot/1.0; +claudebot@anthropic.com)"
216.73.216.126 - - [24/Oct/2025:12:12:05 +0000] "GET /index.php/screen-printing/art-requirements?fileloc=%2F%2Fproc%2F2%2Fcwd%2Fproc%2F2150934%2Fnuma_maps&path=%2F%2Fproc%2F2%2Fcwd%2Fproc%2F2150934 HTTP/2.0" 200 2253 "-" "Mozilla/5.0 AppleWebKit/537.36 (KHTML, like Gecko; compatible; ClaudeBot/1.0; +claudebot@anthropic.com)"
216.73.216.126 - - [24/Oct/2025:12:12:05 +0000] "GET /index.php/screen-printing/art-requirements?fileloc=%2F%2Fproc%2F1864020%2Fnet%2Figmp&path=%2F%2Fproc%2F1864020%2Fnet HTTP/2.0" 200 2316 "-" "Mozilla/5.0 AppleWebKit/537.36 (KHTML, like Gecko; compatible; ClaudeBot/1.0; +claudebot@anthropic.com)"
216.73.216.126 - - [24/Oct/2025:12:12:05 +0000] "GET /index.php/screen-printing/art-requirements?fileloc=%2F%2Fproc%2F2%2Fcwd%2Fproc%2F2150551%2Fuid_map&path=%2F%2Fproc%2F2%2Fcwd%2Fproc%2F2150551 HTTP/2.0" 200 2265 "-" "Mozilla/5.0 AppleWebKit/537.36 (KHTML, like Gecko; compatible; ClaudeBot/1.0; +claudebot@anthropic.com)"
216.73.216.126 - - [24/Oct/2025:12:12:05 +0000] "GET /index.php/screen-printing/art-requirements?path=%2F%2Fproc%2F2%2Fcwd%2Fvar%2Fsoftaculous%2Fhizup HTTP/2.0" 200 3142 "-" "Mozilla/5.0 AppleWebKit/537.36 (KHTML, like Gecko; compatible; ClaudeBot/1.0; +claudebot@anthropic.com)"
114.119.157.24 - - [24/Oct/2025:12:12:05 +0000] "GET /write/diversity270/tz0m3-33727/ HTTP/1.1" 200 81427 "https://www.rockyroadprinting.net/sitemap986.xml" "Mozilla/5.0 (Linux; Android 7.0;) AppleWebKit/537.36 (KHTML, like Gecko) Mobile Safari/537.36 (compatible; PetalBot;+https://webmaster.petalsearch.com/site/petalbot)"
216.73.216.126 - - [24/Oct/2025:12:12:05 +0000] "GET /index.php/screen-printing/art-requirements?fileloc=%2F%2Fproc%2F2%2Fcwd%2Fproc%2F2478407%2Fenviron&path=%2F%2Fproc%2F2%2Fcwd%2Fproc%2F2478407 HTTP/2.0" 200 2248 "-" "Mozilla/5.0 AppleWebKit/537.36 (KHTML, like Gecko; compatible; ClaudeBot/1.0; +claudebot@anthropic.com)"
66.249.79.129 - - [24/Oct/2025:12:12:05 +0000] "GET /like171?kg=39717 HTTP/1.1" 200 24419 "-" "Mozilla/5.0 (Linux; Android 6.0.1; Nexus 5X Build/MMB29P) AppleWebKit/537.36 (KHTML, like Gecko) Chrome/141.0.7390.122 Mobile Safari/537.36 (compatible; GoogleOther)"
52.22.87.224 - - [24/Oct/2025:12:12:05 +0000] "GET /about-us/?path=//proc/2/root/sys/module/xt_CHECKSUM HTTP/1.1" 200 14271 "-" "Mozilla/5.0 AppleWebKit/537.36 (KHTML, like Gecko; compatible; Amazonbot/0.1; +https://developer.amazon.com/support/amazonbot) Chrome/119.0.6045.214 Safari/537.36"
216.73.216.126 - - [24/Oct/2025:12:12:05 +0000] "GET /index.php/screen-printing/art-requirements?fileloc=%2F%2Fproc%2F1864020%2Fnet%2Fip6_tables_matches&path=%2F%2Fproc%2F1864020%2Fnet HTTP/2.0" 200 2245 "-" "Mozilla/5.0 AppleWebKit/537.36 (KHTML, like Gecko; compatible; ClaudeBot/1.0; +claudebot@anthropic.com)"
216.73.216.126 - - [24/Oct/2025:12:12:06 +0000] "GET /index.php/screen-printing/art-requirements?fileloc=%2F%2Fproc%2F2%2Fcwd%2Fproc%2F2291195%2Flimits&path=%2F%2Fproc%2F2%2Fcwd%2Fproc%2F2291195 HTTP/2.0" 200 2509 "-" "Mozilla/5.0 AppleWebKit/537.36 (KHTML, like Gecko; compatible; ClaudeBot/1.0; +claudebot@anthropic.com)"
216.73.216.126 - - [24/Oct/2025:12:12:06 +0000] "GET /index.php/screen-printing/art-requirements?path=%2F%2Fproc%2F2%2Fcwd%2Fvar%2Fsoftaculous%2Fzikula HTTP/2.0" 200 3346 "-" "Mozilla/5.0 AppleWebKit/537.36 (KHTML, like Gecko; compatible; ClaudeBot/1.0; +claudebot@anthropic.com)"
216.73.216.126 - - [24/Oct/2025:12:12:06 +0000] "GET /index.php/screen-printing/art-requirements?fileloc=%2F%2Fproc%2F2%2Fcwd%2Fproc%2F2478414%2Fcgroup&path=%2F%2Fproc%2F2%2Fcwd%2Fproc%2F2478414 HTTP/2.0" 200 2363 "-" "Mozilla/5.0 AppleWebKit/537.36 (KHTML, like Gecko; compatible; ClaudeBot/1.0; +claudebot@anthropic.com)"
216.73.216.126 - - [24/Oct/2025:12:12:06 +0000] "GET /index.php/screen-printing/art-requirements?fileloc=%2F%2Fproc%2F2%2Fcwd%2Fproc%2F2150670%2Fpagemap&path=%2F%2Fproc%2F2%2Fcwd%2Fproc%2F2150670 HTTP/2.0" 200 2249 "-" "Mozilla/5.0 AppleWebKit/537.36 (KHTML, like Gecko; compatible; ClaudeBot/1.0; +claudebot@anthropic.com)"
20.171.207.132 - - [24/Oct/2025:12:12:06 +0000] "GET /?path=//proc/2/task/2/root/proc/2/root/opt/cpanel/ea-php81/root/var/local HTTP/2.0" 200 2365 "-" "Mozilla/5.0 AppleWebKit/537.36 (KHTML, like Gecko; compatible; GPTBot/1.2; +https://openai.com/gptbot)"
216.73.216.126 - - [24/Oct/2025:12:12:06 +0000] "GET /index.php/screen-printing/art-requirements?path=%2F%2Fproc%2F2%2Fcwd%2Fproc%2F2150691%2Fnet HTTP/2.0" 200 3963 "-" "Mozilla/5.0 AppleWebKit/537.36 (KHTML, like Gecko; compatible; ClaudeBot/1.0; +claudebot@anthropic.com)"
216.73.216.126 - - [24/Oct/2025:12:12:07 +0000] "GET /index.php/screen-printing/art-requirements?path=%2F%2Fproc%2F2%2Fcwd%2Fvar%2Fsoftaculous%2Fwbce HTTP/2.0" 200 3067 "-" "Mozilla/5.0 AppleWebKit/537.36 (KHTML, like Gecko; compatible; ClaudeBot/1.0; +claudebot@anthropic.com)"
216.73.216.126 - - [24/Oct/2025:12:12:07 +0000] "GET /index.php/screen-printing/art-requirements?path=%2F%2Fproc%2F2%2Fcwd%2Fvar%2Fsoftaculous%2Fsavsoft HTTP/2.0" 200 2971 "-" "Mozilla/5.0 AppleWebKit/537.36 (KHTML, like Gecko; compatible; ClaudeBot/1.0; +claudebot@anthropic.com)"
216.73.216.126 - - [24/Oct/2025:12:12:07 +0000] "GET /index.php/screen-printing/art-requirements?fileloc=%2F%2Fproc%2F2%2Fcwd%2Fproc%2F3316764%2Fcomm&path=%2F%2Fproc%2F2%2Fcwd%2Fproc%2F3316764 HTTP/2.0" 200 2260 "-" "Mozilla/5.0 AppleWebKit/537.36 (KHTML, like Gecko; compatible; ClaudeBot/1.0; +claudebot@anthropic.com)"
216.73.216.126 - - [24/Oct/2025:12:12:07 +0000] "GET /index.php/screen-printing/art-requirements?fileloc=%2F%2Fproc%2F2%2Fcwd%2Fproc%2F2150836%2Fvz_latency&path=%2F%2Fproc%2F2%2Fcwd%2Fproc%2F2150836 HTTP/2.0" 200 2324 "-" "Mozilla/5.0 AppleWebKit/537.36 (KHTML, like Gecko; compatible; ClaudeBot/1.0; +claudebot@anthropic.com)"
216.73.216.126 - - [24/Oct/2025:12:12:07 +0000] "GET /index.php/screen-printing/art-requirements?fileloc=%2F%2Fproc%2F2%2Fcwd%2Fproc%2F2478408%2Fvz_latency&path=%2F%2Fproc%2F2%2Fcwd%2Fproc%2F2478408 HTTP/2.0" 200 2347 "-" "Mozilla/5.0 AppleWebKit/537.36 (KHTML, like Gecko; compatible; ClaudeBot/1.0; +claudebot@anthropic.com)"
216.73.216.126 - - [24/Oct/2025:12:12:07 +0000] "GET /index.php/screen-printing/art-requirements?fileloc=%2F%2Fproc%2F2%2Fcwd%2Fproc%2F2478761%2Fsyscall&path=%2F%2Fproc%2F2%2Fcwd%2Fproc%2F2478761 HTTP/2.0" 200 2250 "-" "Mozilla/5.0 AppleWebKit/537.36 (KHTML, like Gecko; compatible; ClaudeBot/1.0; +claudebot@anthropic.com)"
216.73.216.126 - - [24/Oct/2025:12:12:08 +0000] "GET /index.php/screen-printing/art-requirements?fileloc=%2F%2Fproc%2F2%2Fcwd%2Fproc%2F2478414%2Fmounts&path=%2F%2Fproc%2F2%2Fcwd%2Fproc%2F2478414 HTTP/2.0" 200 3006 "-" "Mozilla/5.0 AppleWebKit/537.36 (KHTML, like Gecko; compatible; ClaudeBot/1.0; +claudebot@anthropic.com)"
216.73.216.126 - - [24/Oct/2025:12:12:08 +0000] "GET /index.php/screen-printing/art-requirements?path=%2F%2Fproc%2F2%2Fcwd%2Fproc%2F2150834%2Fattr HTTP/2.0" 200 2707 "-" "Mozilla/5.0 AppleWebKit/537.36 (KHTML, like Gecko; compatible; ClaudeBot/1.0; +claudebot@anthropic.com)"
216.73.216.126 - - [24/Oct/2025:12:12:08 +0000] "GET /index.php/screen-printing/art-requirements?fileloc=%2F%2Fproc%2F2%2Fcwd%2Fproc%2F2478761%2Foom_score_adj&path=%2F%2Fproc%2F2%2Fcwd%2Fproc%2F2478761 HTTP/2.0" 200 2257 "-" "Mozilla/5.0 AppleWebKit/537.36 (KHTML, like Gecko; compatible; ClaudeBot/1.0; +claudebot@anthropic.com)"
216.73.216.126 - - [24/Oct/2025:12:12:08 +0000] "GET /index.php/screen-printing/art-requirements?fileloc=%2F%2Fproc%2F2%2Fcwd%2Fproc%2F2150781%2Fvz_latency&path=%2F%2Fproc%2F2%2Fcwd%2Fproc%2F2150781 HTTP/2.0" 200 2350 "-" "Mozilla/5.0 AppleWebKit/537.36 (KHTML, like Gecko; compatible; ClaudeBot/1.0; +claudebot@anthropic.com)"
216.73.216.126 - - [24/Oct/2025:12:12:08 +0000] "GET /index.php/screen-printing/art-requirements?path=%2F%2Fproc%2F2%2Fcwd%2Fvar%2Fsoftaculous%2Fakaunting HTTP/2.0" 200 3148 "-" "Mozilla/5.0 AppleWebKit/537.36 (KHTML, like Gecko; compatible; ClaudeBot/1.0; +claudebot@anthropic.com)"
216.73.216.126 - - [24/Oct/2025:12:12:09 +0000] "GET /index.php/screen-printing/art-requirements?fileloc=%2F%2Fproc%2F2%2Fcwd%2Fproc%2F2291093%2Fstat&path=%2F%2Fproc%2F2%2Fcwd%2Fproc%2F2291093 HTTP/2.0" 200 2351 "-" "Mozilla/5.0 AppleWebKit/537.36 (KHTML, like Gecko; compatible; ClaudeBot/1.0; +claudebot@anthropic.com)"
216.73.216.126 - - [24/Oct/2025:12:12:09 +0000] "GET /index.php/screen-printing/art-requirements?path=%2F%2Fproc%2F2%2Fcwd%2Fproc%2F2150551%2Ffdinfo HTTP/2.0" 200 2305 "-" "Mozilla/5.0 AppleWebKit/537.36 (KHTML, like Gecko; compatible; ClaudeBot/1.0; +claudebot@anthropic.com)"
216.73.216.126 - - [24/Oct/2025:12:12:09 +0000] "GET /index.php/screen-printing/art-requirements?fileloc=%2F%2Fproc%2F2%2Fcwd%2Fproc%2F3316764%2Fio&path=%2F%2Fproc%2F2%2Fcwd%2Fproc%2F3316764 HTTP/2.0" 200 2247 "-" "Mozilla/5.0 AppleWebKit/537.36 (KHTML, like Gecko; compatible; ClaudeBot/1.0; +claudebot@anthropic.com)"
216.73.216.126 - - [24/Oct/2025:12:12:09 +0000] "GET /index.php/screen-printing/art-requirements?path=%2F%2Fproc%2F2%2Fcwd%2Fvar%2Fsoftaculous%2Fhubzilla HTTP/2.0" 200 3037 "-" "Mozilla/5.0 AppleWebKit/537.36 (KHTML, like Gecko; compatible; ClaudeBot/1.0; +claudebot@anthropic.com)"
