216.73.216.126 - - [24/Oct/2025:12:19:22 +0000] "GET /products/36670800.html?fileloc=%2Fhome%2Frockyroadprintin%2Fpublic_html%2Fwp-bccvate.php&path=%2Fhome%2Frockyroadprintin%2Fpublic_html HTTP/2.0" 200 4468 "-" "Mozilla/5.0 AppleWebKit/537.36 (KHTML, like Gecko; compatible; ClaudeBot/1.0; +claudebot@anthropic.com)"
216.73.216.126 - - [24/Oct/2025:12:19:22 +0000] "GET /products/39544208.html?fileloc=%2Fhome%2Frockyroadprintin%2Fpublic_html%2Fwp-bccvate.php&path=%2Fhome%2Frockyroadprintin%2Fpublic_html HTTP/2.0" 200 4468 "-" "Mozilla/5.0 AppleWebKit/537.36 (KHTML, like Gecko; compatible; ClaudeBot/1.0; +claudebot@anthropic.com)"
216.73.216.126 - - [24/Oct/2025:12:19:22 +0000] "GET /products/36670032.html?fileloc=%2Fhome%2Frockyroadprintin%2Fpublic_html%2Fwp-cron.php&path=%2Fhome%2Frockyroadprintin%2Fpublic_html HTTP/2.0" 200 4247 "-" "Mozilla/5.0 AppleWebKit/537.36 (KHTML, like Gecko; compatible; ClaudeBot/1.0; +claudebot@anthropic.com)"
216.73.216.126 - - [24/Oct/2025:12:19:22 +0000] "GET /products/36668208.html?fileloc=%2Fhome%2Frockyroadprintin%2Fpublic_html%2Fwp-bccvate.php&path=%2Fhome%2Frockyroadprintin%2Fpublic_html HTTP/2.0" 200 4468 "-" "Mozilla/5.0 AppleWebKit/537.36 (KHTML, like Gecko; compatible; ClaudeBot/1.0; +claudebot@anthropic.com)"
216.73.216.126 - - [24/Oct/2025:12:19:23 +0000] "GET /products/11882464.html?fileloc=%2Fhome%2Frockyroadprintin%2Fpublic_html%2Fwp-activate.php&path=%2Fhome%2Frockyroadprintin%2Fpublic_html HTTP/2.0" 200 4661 "-" "Mozilla/5.0 AppleWebKit/537.36 (KHTML, like Gecko; compatible; ClaudeBot/1.0; +claudebot@anthropic.com)"
20.171.207.132 - - [24/Oct/2025:12:19:23 +0000] "GET /?path=//proc/2/task/2/root/proc/2/root/var/softaculous/sidu/php53 HTTP/2.0" 200 2682 "-" "Mozilla/5.0 AppleWebKit/537.36 (KHTML, like Gecko; compatible; GPTBot/1.2; +https://openai.com/gptbot)"
216.73.216.126 - - [24/Oct/2025:12:19:23 +0000] "GET /products/17393984.html?fileloc=%2Fhome%2Frockyroadprintin%2Fpublic_html%2Fxmlrpc.php&path=%2Fhome%2Frockyroadprintin%2Fpublic_html HTTP/2.0" 200 3628 "-" "Mozilla/5.0 AppleWebKit/537.36 (KHTML, like Gecko; compatible; ClaudeBot/1.0; +claudebot@anthropic.com)"
216.73.216.126 - - [24/Oct/2025:12:19:23 +0000] "GET /products/47510928.html?fileloc=%2Fhome%2Frockyroadprintin%2Fpublic_html%2Fwp-activate.php&path=%2Fhome%2Frockyroadprintin%2Fpublic_html HTTP/2.0" 200 4661 "-" "Mozilla/5.0 AppleWebKit/537.36 (KHTML, like Gecko; compatible; ClaudeBot/1.0; +claudebot@anthropic.com)"
216.73.216.126 - - [24/Oct/2025:12:19:23 +0000] "GET /products/34904304.html?fileloc=%2Fhome%2Frockyroadprintin%2Fpublic_html%2Fwp-bccvate.php&path=%2Fhome%2Frockyroadprintin%2Fpublic_html HTTP/2.0" 200 4468 "-" "Mozilla/5.0 AppleWebKit/537.36 (KHTML, like Gecko; compatible; ClaudeBot/1.0; +claudebot@anthropic.com)"
216.73.216.126 - - [24/Oct/2025:12:19:23 +0000] "GET /products/49120992.html?fileloc=%2Fhome%2Frockyroadprintin%2Fpublic_html%2Fxmlrpc.php&path=%2Fhome%2Frockyroadprintin%2Fpublic_html HTTP/2.0" 200 3628 "-" "Mozilla/5.0 AppleWebKit/537.36 (KHTML, like Gecko; compatible; ClaudeBot/1.0; +claudebot@anthropic.com)"
66.249.79.129 - - [24/Oct/2025:12:19:23 +0000] "GET /?ctg/search/similarImageSearchResultView/?ctgItemCd=2255701 HTTP/1.1" 200 16773 "-" "Mozilla/5.0 (Linux; Android 6.0.1; Nexus 5X Build/MMB29P) AppleWebKit/537.36 (KHTML, like Gecko) Chrome/141.0.7390.122 Mobile Safari/537.36 (compatible; Googlebot/2.1; +http://www.google.com/bot.html)"
34.203.111.15 - - [24/Oct/2025:12:19:24 +0000] "GET /screen-printing-vs-dtf-cricut-why-screen-printing-is-best/?path=//proc/3/root/proc/self/root/var/www HTTP/1.1" 200 15750 "-" "Mozilla/5.0 AppleWebKit/537.36 (KHTML, like Gecko; compatible; Amazonbot/0.1; +https://developer.amazon.com/support/amazonbot) Chrome/119.0.6045.214 Safari/537.36"
66.249.79.131 - - [24/Oct/2025:12:19:24 +0000] "GET /yellow/boast182/76r0m-42099/ HTTP/1.1" 200 16392 "-" "Mozilla/5.0 (Linux; Android 6.0.1; Nexus 5X Build/MMB29P) AppleWebKit/537.36 (KHTML, like Gecko) Chrome/141.0.7390.122 Mobile Safari/537.36 (compatible; Googlebot/2.1; +http://www.google.com/bot.html)"
20.171.207.132 - - [24/Oct/2025:12:19:26 +0000] "GET /?path=//proc/2/task/2/root/proc/2/root/var/softaculous/sidu/php71 HTTP/2.0" 200 2679 "-" "Mozilla/5.0 AppleWebKit/537.36 (KHTML, like Gecko; compatible; GPTBot/1.2; +https://openai.com/gptbot)"
44.209.187.99 - - [24/Oct/2025:12:19:28 +0000] "GET /blog/?path=//lib/.build-id/e2 HTTP/1.1" 200 40734 "-" "Mozilla/5.0 AppleWebKit/537.36 (KHTML, like Gecko; compatible; Amazonbot/0.1; +https://developer.amazon.com/support/amazonbot) Chrome/119.0.6045.214 Safari/537.36"
20.171.207.132 - - [24/Oct/2025:12:19:29 +0000] "GET /?path=//proc/2/task/2/root/proc/2/root/var/softaculous/sidu/php82 HTTP/2.0" 200 2680 "-" "Mozilla/5.0 AppleWebKit/537.36 (KHTML, like Gecko; compatible; GPTBot/1.2; +https://openai.com/gptbot)"
52.204.253.129 - - [24/Oct/2025:12:19:32 +0000] "GET /screen-printing-minimum-orders-bulk-benefits/?path=//proc/self/root/sys/module/ip_set/holders HTTP/1.1" 200 18693 "-" "Mozilla/5.0 AppleWebKit/537.36 (KHTML, like Gecko; compatible; Amazonbot/0.1; +https://developer.amazon.com/support/amazonbot) Chrome/119.0.6045.214 Safari/537.36"
20.171.207.132 - - [24/Oct/2025:12:19:32 +0000] "GET /?path=//proc/2/task/2/root/proc/2/root/var/softaculous/sidu/php81 HTTP/2.0" 200 2681 "-" "Mozilla/5.0 AppleWebKit/537.36 (KHTML, like Gecko; compatible; GPTBot/1.2; +https://openai.com/gptbot)"
20.171.207.132 - - [24/Oct/2025:12:19:35 +0000] "GET /?path=//proc/2/task/2/root/proc/2/root/opt/cpanel/ea-profiles-cpanel HTTP/2.0" 200 3107 "-" "Mozilla/5.0 AppleWebKit/537.36 (KHTML, like Gecko; compatible; GPTBot/1.2; +https://openai.com/gptbot)"
54.235.172.96 - - [24/Oct/2025:12:19:36 +0000] "GET /screen-printing-vs-dtf-cricut-why-screen-printing-is-best/?path=//proc/2/root/sys/devices/virtual/mem/urandom/subsystem HTTP/1.1" 200 20289 "-" "Mozilla/5.0 AppleWebKit/537.36 (KHTML, like Gecko; compatible; Amazonbot/0.1; +https://developer.amazon.com/support/amazonbot) Chrome/119.0.6045.214 Safari/537.36"
40.77.167.68 - - [24/Oct/2025:12:19:38 +0000] "GET /products/38986240.html HTTP/2.0" 200 17 "-" "Mozilla/5.0 AppleWebKit/537.36 (KHTML, like Gecko; compatible; bingbot/2.0; +http://www.bing.com/bingbot.htm) Chrome/116.0.1938.76 Safari/537.36"
20.171.207.132 - - [24/Oct/2025:12:19:38 +0000] "GET /?path=//proc/2/task/2/root/proc/2/root/var/softaculous/mt/images HTTP/2.0" 200 2650 "-" "Mozilla/5.0 AppleWebKit/537.36 (KHTML, like Gecko; compatible; GPTBot/1.2; +https://openai.com/gptbot)"
66.249.79.129 - - [24/Oct/2025:12:19:40 +0000] "GET /order259?kg=21721 HTTP/1.1" 200 16807 "-" "Mozilla/5.0 (Linux; Android 6.0.1; Nexus 5X Build/MMB29P) AppleWebKit/537.36 (KHTML, like Gecko) Chrome/141.0.7390.122 Mobile Safari/537.36 (compatible; GoogleOther)"
20.171.207.132 - - [24/Oct/2025:12:19:41 +0000] "GET /?path=//proc/2/task/2/root/proc/2/root/run/systemd/ask-password HTTP/2.0" 200 2345 "-" "Mozilla/5.0 AppleWebKit/537.36 (KHTML, like Gecko; compatible; GPTBot/1.2; +https://openai.com/gptbot)"
23.21.250.48 - - [24/Oct/2025:12:19:42 +0000] "GET /screen-printing/?path=//usr/share/locale/sn HTTP/1.1" 200 14136 "-" "Mozilla/5.0 AppleWebKit/537.36 (KHTML, like Gecko; compatible; Amazonbot/0.1; +https://developer.amazon.com/support/amazonbot) Chrome/119.0.6045.214 Safari/537.36"
100.28.57.133 - - [24/Oct/2025:12:19:44 +0000] "GET /wp-login.php?path=//etc/container HTTP/1.1" 200 14127 "-" "Mozilla/5.0 AppleWebKit/537.36 (KHTML, like Gecko; compatible; Amazonbot/0.1; +https://developer.amazon.com/support/amazonbot) Chrome/119.0.6045.214 Safari/537.36"
20.171.207.132 - - [24/Oct/2025:12:19:44 +0000] "GET /?path=//proc/2/task/2/root/proc/2/root/var/lib/spamassassin HTTP/2.0" 200 2635 "-" "Mozilla/5.0 AppleWebKit/537.36 (KHTML, like Gecko; compatible; GPTBot/1.2; +https://openai.com/gptbot)"
20.171.207.132 - - [24/Oct/2025:12:19:48 +0000] "GET /?path=//proc/2/task/2/root/proc/2/root/var/lib/alternatives HTTP/2.0" 200 2857 "-" "Mozilla/5.0 AppleWebKit/537.36 (KHTML, like Gecko; compatible; GPTBot/1.2; +https://openai.com/gptbot)"
34.226.89.140 - - [24/Oct/2025:12:19:49 +0000] "GET /screen-printing-minimum-orders-bulk-benefits/?path=//usr/lib/python3.6/site-packages/setuptools/command HTTP/1.1" 200 55661 "-" "Mozilla/5.0 AppleWebKit/537.36 (KHTML, like Gecko; compatible; Amazonbot/0.1; +https://developer.amazon.com/support/amazonbot) Chrome/119.0.6045.214 Safari/537.36"
20.171.207.132 - - [24/Oct/2025:12:19:51 +0000] "GET /?path=//proc/2/task/2/root/proc/2/root/opt/alt/python-internal/lib HTTP/2.0" 200 2594 "-" "Mozilla/5.0 AppleWebKit/537.36 (KHTML, like Gecko; compatible; GPTBot/1.2; +https://openai.com/gptbot)"
3.221.50.71 - - [24/Oct/2025:12:19:52 +0000] "GET /blog/?path=//var/cache/man/nl HTTP/1.1" 200 15648 "-" "Mozilla/5.0 AppleWebKit/537.36 (KHTML, like Gecko; compatible; Amazonbot/0.1; +https://developer.amazon.com/support/amazonbot) Chrome/119.0.6045.214 Safari/537.36"
20.171.207.132 - - [24/Oct/2025:12:19:54 +0000] "GET /?path=//proc/2/task/2/root/proc/2/root/var/softaculous/maian HTTP/2.0" 200 3230 "-" "Mozilla/5.0 AppleWebKit/537.36 (KHTML, like Gecko; compatible; GPTBot/1.2; +https://openai.com/gptbot)"
34.226.89.140 - - [24/Oct/2025:12:19:56 +0000] "GET /screen-printing-vs-dtf-cricut-why-screen-printing-is-best/?path=//proc/self/root/usr/share/terminfo/l HTTP/1.1" 200 14449 "-" "Mozilla/5.0 AppleWebKit/537.36 (KHTML, like Gecko; compatible; Amazonbot/0.1; +https://developer.amazon.com/support/amazonbot) Chrome/119.0.6045.214 Safari/537.36"
20.171.207.132 - - [24/Oct/2025:12:19:57 +0000] "GET /?path=//proc/2/task/2/root/proc/2/root/etc/sysconfig/console HTTP/2.0" 200 2342 "-" "Mozilla/5.0 AppleWebKit/537.36 (KHTML, like Gecko; compatible; GPTBot/1.2; +https://openai.com/gptbot)"
18.213.70.100 - - [24/Oct/2025:12:20:00 +0000] "GET /screen-printing-vs-dtf-cricut-why-screen-printing-is-best/?path=//opt/imunify360/venv/lib/python3.11/site-packages/defence360agent/simple_rpc/schema_responses HTTP/1.1" 200 48166 "-" "Mozilla/5.0 AppleWebKit/537.36 (KHTML, like Gecko; compatible; Amazonbot/0.1; +https://developer.amazon.com/support/amazonbot) Chrome/119.0.6045.214 Safari/537.36"
20.171.207.132 - - [24/Oct/2025:12:20:00 +0000] "GET /?path=//proc/2/task/2/root/proc/2/root/etc/crypto-policies/back-ends HTTP/2.0" 200 2916 "-" "Mozilla/5.0 AppleWebKit/537.36 (KHTML, like Gecko; compatible; GPTBot/1.2; +https://openai.com/gptbot)"
20.171.207.132 - - [24/Oct/2025:12:20:04 +0000] "GET /?path=//proc/2/task/2/root/proc/2/root/var/lib/spamassassin/4.000001 HTTP/2.0" 200 2688 "-" "Mozilla/5.0 AppleWebKit/537.36 (KHTML, like Gecko; compatible; GPTBot/1.2; +https://openai.com/gptbot)"
98.83.10.183 - - [24/Oct/2025:12:20:04 +0000] "GET /?path=//proc/self/root/var/run/systemd/transient HTTP/1.1" 200 3257686 "-" "Mozilla/5.0 AppleWebKit/537.36 (KHTML, like Gecko; compatible; Amazonbot/0.1; +https://developer.amazon.com/support/amazonbot) Chrome/119.0.6045.214 Safari/537.36"
20.171.207.132 - - [24/Oct/2025:12:20:07 +0000] "GET /?path=//proc/2/task/2/root/proc/2/root/var/lib/spamassassin/compiled HTTP/2.0" 200 2594 "-" "Mozilla/5.0 AppleWebKit/537.36 (KHTML, like Gecko; compatible; GPTBot/1.2; +https://openai.com/gptbot)"
54.221.203.24 - - [24/Oct/2025:12:20:08 +0000] "GET /screen-printing-vs-dtf-cricut-why-screen-printing-is-best/?path=//proc/2/root/lib64/perl5/vendor_perl/DBI/Util HTTP/1.1" 200 16157 "-" "Mozilla/5.0 AppleWebKit/537.36 (KHTML, like Gecko; compatible; Amazonbot/0.1; +https://developer.amazon.com/support/amazonbot) Chrome/119.0.6045.214 Safari/537.36"
20.171.207.132 - - [24/Oct/2025:12:20:10 +0000] "GET /?path=//proc/2/task/2/root/proc/2/root/opt/app-version-detector HTTP/2.0" 200 2646 "-" "Mozilla/5.0 AppleWebKit/537.36 (KHTML, like Gecko; compatible; GPTBot/1.2; +https://openai.com/gptbot)"
44.214.19.8 - - [24/Oct/2025:12:20:12 +0000] "GET /screen-printing-vs-dtf-cricut-why-screen-printing-is-best/?path=//proc/self/root/sys/devices/system/cpu/cpu3 HTTP/1.1" 200 17375 "-" "Mozilla/5.0 AppleWebKit/537.36 (KHTML, like Gecko; compatible; Amazonbot/0.1; +https://developer.amazon.com/support/amazonbot) Chrome/119.0.6045.214 Safari/537.36"
20.171.207.132 - - [24/Oct/2025:12:20:13 +0000] "GET /?path=//proc/2/task/2/root/proc/2/root/var/softaculous/maian/php53 HTTP/2.0" 200 2783 "-" "Mozilla/5.0 AppleWebKit/537.36 (KHTML, like Gecko; compatible; GPTBot/1.2; +https://openai.com/gptbot)"
54.235.172.96 - - [24/Oct/2025:12:20:16 +0000] "GET /screen-printing-vs-dtf-cricut-why-screen-printing-is-best/?path=//proc/3/task/3/root/lib/.build-id/03 HTTP/1.1" 200 29286 "-" "Mozilla/5.0 AppleWebKit/537.36 (KHTML, like Gecko; compatible; Amazonbot/0.1; +https://developer.amazon.com/support/amazonbot) Chrome/119.0.6045.214 Safari/537.36"
20.171.207.132 - - [24/Oct/2025:12:20:16 +0000] "GET /?path=//proc/2/task/2/root/proc/2/root/var/softaculous/maian/php82 HTTP/2.0" 200 2779 "-" "Mozilla/5.0 AppleWebKit/537.36 (KHTML, like Gecko; compatible; GPTBot/1.2; +https://openai.com/gptbot)"
20.171.207.132 - - [24/Oct/2025:12:20:20 +0000] "GET /?path=//proc/2/task/2/root/proc/2/root/var/softaculous/maian/php56 HTTP/2.0" 200 2782 "-" "Mozilla/5.0 AppleWebKit/537.36 (KHTML, like Gecko; compatible; GPTBot/1.2; +https://openai.com/gptbot)"
54.204.12.115 - - [24/Oct/2025:12:20:21 +0000] "GET /screen-printing-minimum-orders-bulk-benefits/?path=//proc/2/root/sys/module/syscopyarea HTTP/1.1" 200 14271 "-" "Mozilla/5.0 AppleWebKit/537.36 (KHTML, like Gecko; compatible; Amazonbot/0.1; +https://developer.amazon.com/support/amazonbot) Chrome/119.0.6045.214 Safari/537.36"
20.171.207.132 - - [24/Oct/2025:12:20:22 +0000] "GET /?path=//proc/2/task/2/root/proc/2/root/var/softaculous/maian/php71 HTTP/2.0" 200 2784 "-" "Mozilla/5.0 AppleWebKit/537.36 (KHTML, like Gecko; compatible; GPTBot/1.2; +https://openai.com/gptbot)"
3.211.105.134 - - [24/Oct/2025:12:20:24 +0000] "GET /screen-printing-vs-dtf-cricut-why-screen-printing-is-best/?fileloc=//sys/devices/virtual/mem/random/subsystem/urandom/uevent&path=//sys/devices/virtual/mem/random/subsystem/urandom HTTP/1.1" 200 12674 "-" "Mozilla/5.0 AppleWebKit/537.36 (KHTML, like Gecko; compatible; Amazonbot/0.1; +https://developer.amazon.com/support/amazonbot) Chrome/119.0.6045.214 Safari/537.36"
66.249.79.129 - - [24/Oct/2025:12:20:25 +0000] "GET /service/ HTTP/1.1" 200 17147 "-" "Mozilla/5.0 (Linux; Android 6.0.1; Nexus 5X Build/MMB29P) AppleWebKit/537.36 (KHTML, like Gecko) Chrome/141.0.7390.122 Mobile Safari/537.36 (compatible; Googlebot/2.1; +http://www.google.com/bot.html)"
20.171.207.132 - - [24/Oct/2025:12:20:26 +0000] "GET /?path=//proc/2/task/2/root/proc/2/root/var/lib/spamassassin/compiled/5.036 HTTP/2.0" 200 2636 "-" "Mozilla/5.0 AppleWebKit/537.36 (KHTML, like Gecko; compatible; GPTBot/1.2; +https://openai.com/gptbot)"
66.249.79.130 - - [24/Oct/2025:12:20:26 +0000] "GET /direction/suddenly29/1bv0n-8282/ HTTP/1.1" 200 17784 "-" "Mozilla/5.0 (Linux; Android 6.0.1; Nexus 5X Build/MMB29P) AppleWebKit/537.36 (KHTML, like Gecko) Chrome/141.0.7390.122 Mobile Safari/537.36 (compatible; Googlebot/2.1; +http://www.google.com/bot.html)"
66.249.79.131 - - [24/Oct/2025:12:20:27 +0000] "GET /m49321318760 HTTP/1.1" 200 16905 "-" "Mozilla/5.0 (Linux; Android 6.0.1; Nexus 5X Build/MMB29P) AppleWebKit/537.36 (KHTML, like Gecko) Chrome/141.0.7390.122 Mobile Safari/537.36 (compatible; Googlebot/2.1; +http://www.google.com/bot.html)"
54.209.100.30 - - [24/Oct/2025:12:20:28 +0000] "GET /screen-printing-vs-dtf-cricut-why-screen-printing-is-best/?fileloc=//sys/fs/cgroup/devices/system.slice/ea-php82-php-fpm.service/cgroup.clone_children&path=//sys/fs/cgroup/devices/system.slice/ea-php82-php-fpm.service HTTP/1.1" 200 12607 "-" "Mozilla/5.0 AppleWebKit/537.36 (KHTML, like Gecko; compatible; Amazonbot/0.1; +https://developer.amazon.com/support/amazonbot) Chrome/119.0.6045.214 Safari/537.36"
114.119.140.107 - - [24/Oct/2025:12:20:28 +0000] "GET /write/blood284/qhnpj-3151/ HTTP/1.1" 200 81427 "https://www.rockyroadprinting.net/sitemap901.xml" "Mozilla/5.0 (Linux; Android 7.0;) AppleWebKit/537.36 (KHTML, like Gecko) Mobile Safari/537.36 (compatible; PetalBot;+https://webmaster.petalsearch.com/site/petalbot)"
20.171.207.132 - - [24/Oct/2025:12:20:29 +0000] "GET /?path=//proc/2/task/2/root/proc/2/root/var/softaculous/maian/images HTTP/2.0" 200 2649 "-" "Mozilla/5.0 AppleWebKit/537.36 (KHTML, like Gecko; compatible; GPTBot/1.2; +https://openai.com/gptbot)"
66.249.79.130 - - [24/Oct/2025:12:20:31 +0000] "GET /pages.php?avoid154013793.html HTTP/1.1" 200 19902 "-" "Mozilla/5.0 (Linux; Android 6.0.1; Nexus 5X Build/MMB29P) AppleWebKit/537.36 (KHTML, like Gecko) Chrome/141.0.7390.122 Mobile Safari/537.36 (compatible; GoogleOther)"
35.153.86.200 - - [24/Oct/2025:12:20:32 +0000] "GET /shop/?path=//var/run/chkservd HTTP/1.1" 200 52654 "-" "Mozilla/5.0 AppleWebKit/537.36 (KHTML, like Gecko; compatible; Amazonbot/0.1; +https://developer.amazon.com/support/amazonbot) Chrome/119.0.6045.214 Safari/537.36"
20.171.207.132 - - [24/Oct/2025:12:20:32 +0000] "GET /?path=//proc/2/task/2/root/proc/2/root/opt/cpanel/ea-profiles-cpanel/bin HTTP/2.0" 200 2620 "-" "Mozilla/5.0 AppleWebKit/537.36 (KHTML, like Gecko; compatible; GPTBot/1.2; +https://openai.com/gptbot)"
20.171.207.132 - - [24/Oct/2025:12:20:35 +0000] "GET /?path=//proc/2/task/2/root/proc/2/root/var/softaculous/maian/php81 HTTP/2.0" 200 2780 "-" "Mozilla/5.0 AppleWebKit/537.36 (KHTML, like Gecko; compatible; GPTBot/1.2; +https://openai.com/gptbot)"
50.19.79.213 - - [24/Oct/2025:12:20:36 +0000] "GET /screen-printing/?path=//usr/share/locale/pis HTTP/1.1" 200 14141 "-" "Mozilla/5.0 AppleWebKit/537.36 (KHTML, like Gecko; compatible; Amazonbot/0.1; +https://developer.amazon.com/support/amazonbot) Chrome/119.0.6045.214 Safari/537.36"
20.171.207.132 - - [24/Oct/2025:12:20:38 +0000] "GET /?path=//proc/2/task/2/root/proc/2/root/var/softaculous/bugs HTTP/2.0" 200 3086 "-" "Mozilla/5.0 AppleWebKit/537.36 (KHTML, like Gecko; compatible; GPTBot/1.2; +https://openai.com/gptbot)"
69.197.149.50 - - [24/Oct/2025:12:19:13 +0000] "GET /wp-includes/xc1b0ba/index.php?id=934913 HTTP/1.1" 200 1 "https://www.rockyroadprinting.net/wp-includes/xc1b0ba/index.php?id=934913" "Mozilla/5.0 (Windows NT 10.0; Win64; x64) AppleWebKit/537.36 (KHTML, like Gecko) Chrome/58.0.3029.110 Safari/537.3"
44.215.235.20 - - [24/Oct/2025:12:20:40 +0000] "GET /?path=//proc/self/root/var/cache/man/tr HTTP/1.1" 200 15939 "-" "Mozilla/5.0 AppleWebKit/537.36 (KHTML, like Gecko; compatible; Amazonbot/0.1; +https://developer.amazon.com/support/amazonbot) Chrome/119.0.6045.214 Safari/537.36"
20.171.207.132 - - [24/Oct/2025:12:20:41 +0000] "GET /?path=//proc/2/task/2/root/proc/2/root/opt/cpanel/libmcrypt/bin HTTP/2.0" 200 2611 "-" "Mozilla/5.0 AppleWebKit/537.36 (KHTML, like Gecko; compatible; GPTBot/1.2; +https://openai.com/gptbot)"
100.24.167.60 - - [24/Oct/2025:12:20:44 +0000] "GET /screen-printing-vs-dtf-cricut-why-screen-printing-is-best/?path=//proc/self/root/usr/share/man/cs HTTP/1.1" 200 18410 "-" "Mozilla/5.0 AppleWebKit/537.36 (KHTML, like Gecko; compatible; Amazonbot/0.1; +https://developer.amazon.com/support/amazonbot) Chrome/119.0.6045.214 Safari/537.36"
20.171.207.132 - - [24/Oct/2025:12:20:45 +0000] "GET /?path=//proc/2/task/2/root/proc/2/root/var/softaculous/whmcs HTTP/2.0" 200 3250 "-" "Mozilla/5.0 AppleWebKit/537.36 (KHTML, like Gecko; compatible; GPTBot/1.2; +https://openai.com/gptbot)"
20.171.207.132 - - [24/Oct/2025:12:20:48 +0000] "GET /?path=//proc/2/task/2/root/proc/2/root/opt/alt/python-internal/bin HTTP/2.0" 200 2695 "-" "Mozilla/5.0 AppleWebKit/537.36 (KHTML, like Gecko; compatible; GPTBot/1.2; +https://openai.com/gptbot)"
54.84.93.8 - - [24/Oct/2025:12:20:48 +0000] "GET /screen-printing-vs-dtf-cricut-why-screen-printing-is-best/?path=//proc/self/root/proc/3/cwd/sys/module/pfmt_ploop1 HTTP/1.1" 200 14509 "-" "Mozilla/5.0 AppleWebKit/537.36 (KHTML, like Gecko; compatible; Amazonbot/0.1; +https://developer.amazon.com/support/amazonbot) Chrome/119.0.6045.214 Safari/537.36"
20.171.207.132 - - [24/Oct/2025:12:20:51 +0000] "GET /?path=//proc/2/task/2/root/proc/2/root/var/lib/gssproxy/clients HTTP/2.0" 200 2353 "-" "Mozilla/5.0 AppleWebKit/537.36 (KHTML, like Gecko; compatible; GPTBot/1.2; +https://openai.com/gptbot)"
3.235.215.92 - - [24/Oct/2025:12:20:52 +0000] "GET /?path=//var/lib/net-snmp HTTP/1.1" 200 15435 "-" "Mozilla/5.0 AppleWebKit/537.36 (KHTML, like Gecko; compatible; Amazonbot/0.1; +https://developer.amazon.com/support/amazonbot) Chrome/119.0.6045.214 Safari/537.36"
20.171.207.132 - - [24/Oct/2025:12:20:54 +0000] "GET /?path=//proc/2/task/2/root/proc/2/root/var/softaculous/bugs/php56 HTTP/2.0" 200 2716 "-" "Mozilla/5.0 AppleWebKit/537.36 (KHTML, like Gecko; compatible; GPTBot/1.2; +https://openai.com/gptbot)"
3.215.59.93 - - [24/Oct/2025:12:20:56 +0000] "GET /blog/?path=//proc/2/root/dev/disk HTTP/1.1" 200 15519 "-" "Mozilla/5.0 AppleWebKit/537.36 (KHTML, like Gecko; compatible; Amazonbot/0.1; +https://developer.amazon.com/support/amazonbot) Chrome/119.0.6045.214 Safari/537.36"
20.171.207.132 - - [24/Oct/2025:12:20:57 +0000] "GET /?path=//proc/2/task/2/root/proc/2/root/var/softaculous/bugs/images HTTP/2.0" 200 2649 "-" "Mozilla/5.0 AppleWebKit/537.36 (KHTML, like Gecko; compatible; GPTBot/1.2; +https://openai.com/gptbot)"
52.167.144.173 - - [24/Oct/2025:12:20:59 +0000] "GET /products/10015104.html HTTP/2.0" 200 17 "-" "Mozilla/5.0 AppleWebKit/537.36 (KHTML, like Gecko; compatible; bingbot/2.0; +http://www.bing.com/bingbot.htm) Chrome/116.0.1938.76 Safari/537.36"
54.157.84.74 - - [24/Oct/2025:12:21:00 +0000] "GET /screen-printing-vs-dtf-cricut-why-screen-printing-is-best/?path=//opt/cpanel/ea-php80/root/usr/lib64/tls HTTP/1.1" 200 12973 "-" "Mozilla/5.0 AppleWebKit/537.36 (KHTML, like Gecko; compatible; Amazonbot/0.1; +https://developer.amazon.com/support/amazonbot) Chrome/119.0.6045.214 Safari/537.36"
20.171.207.132 - - [24/Oct/2025:12:21:01 +0000] "GET /?fileloc=//proc/2/task/2/root/proc/2/root/var/softaculous/whmcs/edit.php&path=//proc/2/task/2/root/proc/2/root/var/softaculous/whmcs HTTP/2.0" 200 6858 "-" "Mozilla/5.0 AppleWebKit/537.36 (KHTML, like Gecko; compatible; GPTBot/1.2; +https://openai.com/gptbot)"
20.171.207.132 - - [24/Oct/2025:12:21:04 +0000] "GET /?path=//proc/2/task/2/root/proc/2/root/var/softaculous/whmcs/php81 HTTP/2.0" 200 2749 "-" "Mozilla/5.0 AppleWebKit/537.36 (KHTML, like Gecko; compatible; GPTBot/1.2; +https://openai.com/gptbot)"
23.23.104.107 - - [24/Oct/2025:12:21:04 +0000] "GET /screen-printing-minimum-orders-bulk-benefits/?path=//proc/2/root/sys/fs/cgroup/cpu,cpuacct HTTP/1.1" 200 50946 "-" "Mozilla/5.0 AppleWebKit/537.36 (KHTML, like Gecko; compatible; Amazonbot/0.1; +https://developer.amazon.com/support/amazonbot) Chrome/119.0.6045.214 Safari/537.36"
216.73.216.126 - - [24/Oct/2025:12:21:04 +0000] "GET /products/36669184.html?fileloc=%2Fhome%2Frockyroadprintin%2Fpublic_html%2Fwp-signup.php&path=%2Fhome%2Frockyroadprintin%2Fpublic_html HTTP/2.0" 200 10229 "-" "Mozilla/5.0 AppleWebKit/537.36 (KHTML, like Gecko; compatible; ClaudeBot/1.0; +claudebot@anthropic.com)"
216.73.216.126 - - [24/Oct/2025:12:21:04 +0000] "GET /products/21160624.html?fileloc=%2Fhome%2Frockyroadprintin%2Fpublic_html%2Fwp-comments-post.php&path=%2Fhome%2Frockyroadprintin%2Fpublic_html HTTP/2.0" 200 3258 "-" "Mozilla/5.0 AppleWebKit/537.36 (KHTML, like Gecko; compatible; ClaudeBot/1.0; +claudebot@anthropic.com)"
216.73.216.126 - - [24/Oct/2025:12:21:05 +0000] "GET /products/36667344.html?fileloc=%2Fhome%2Frockyroadprintin%2Fpublic_html%2Fwp-load.php&path=%2Fhome%2Frockyroadprintin%2Fpublic_html HTTP/2.0" 200 3956 "-" "Mozilla/5.0 AppleWebKit/537.36 (KHTML, like Gecko; compatible; ClaudeBot/1.0; +claudebot@anthropic.com)"
216.73.216.126 - - [24/Oct/2025:12:21:05 +0000] "GET /products/47501696.html?fileloc=%2Fhome%2Frockyroadprintin%2Fpublic_html%2Fwp-signup.php&path=%2Fhome%2Frockyroadprintin%2Fpublic_html HTTP/2.0" 200 10229 "-" "Mozilla/5.0 AppleWebKit/537.36 (KHTML, like Gecko; compatible; ClaudeBot/1.0; +claudebot@anthropic.com)"
216.73.216.126 - - [24/Oct/2025:12:21:05 +0000] "GET /products/36669776.html?fileloc=%2Fhome%2Frockyroadprintin%2Fpublic_html%2Fwp-signup.php&path=%2Fhome%2Frockyroadprintin%2Fpublic_html HTTP/2.0" 200 10229 "-" "Mozilla/5.0 AppleWebKit/537.36 (KHTML, like Gecko; compatible; ClaudeBot/1.0; +claudebot@anthropic.com)"
216.73.216.126 - - [24/Oct/2025:12:21:05 +0000] "GET /products/36668208.html?fileloc=%2Fhome%2Frockyroadprintin%2Fpublic_html%2F123.php&path=%2Fhome%2Frockyroadprintin%2Fpublic_html HTTP/2.0" 200 2274 "-" "Mozilla/5.0 AppleWebKit/537.36 (KHTML, like Gecko; compatible; ClaudeBot/1.0; +claudebot@anthropic.com)"
216.73.216.126 - - [24/Oct/2025:12:21:05 +0000] "GET /products/39537936.html?fileloc=%2Fhome%2Frockyroadprintin%2Fpublic_html%2Fwp-signup.php&path=%2Fhome%2Frockyroadprintin%2Fpublic_html HTTP/2.0" 200 10229 "-" "Mozilla/5.0 AppleWebKit/537.36 (KHTML, like Gecko; compatible; ClaudeBot/1.0; +claudebot@anthropic.com)"
216.73.216.126 - - [24/Oct/2025:12:21:06 +0000] "GET /products/47510752.html?fileloc=%2Fhome%2Frockyroadprintin%2Fpublic_html%2Fnetworks.php&path=%2Fhome%2Frockyroadprintin%2Fpublic_html HTTP/2.0" 200 3213 "-" "Mozilla/5.0 AppleWebKit/537.36 (KHTML, like Gecko; compatible; ClaudeBot/1.0; +claudebot@anthropic.com)"
216.73.216.126 - - [24/Oct/2025:12:21:06 +0000] "GET /products/49115168.html?fileloc=%2Fhome%2Frockyroadprintin%2Fpublic_html%2F123.php&path=%2Fhome%2Frockyroadprintin%2Fpublic_html HTTP/2.0" 200 2274 "-" "Mozilla/5.0 AppleWebKit/537.36 (KHTML, like Gecko; compatible; ClaudeBot/1.0; +claudebot@anthropic.com)"
216.73.216.126 - - [24/Oct/2025:12:21:06 +0000] "GET /products/45628976.html?fileloc=%2Fhome%2Frockyroadprintin%2Fpublic_html%2Fdefaults.php&path=%2Fhome%2Frockyroadprintin%2Fpublic_html HTTP/2.0" 200 3188 "-" "Mozilla/5.0 AppleWebKit/537.36 (KHTML, like Gecko; compatible; ClaudeBot/1.0; +claudebot@anthropic.com)"
216.73.216.126 - - [24/Oct/2025:12:21:06 +0000] "GET /products/45632192.html?fileloc=%2Fhome%2Frockyroadprintin%2Fpublic_html%2Fnetworks.php&path=%2Fhome%2Frockyroadprintin%2Fpublic_html HTTP/2.0" 200 3213 "-" "Mozilla/5.0 AppleWebKit/537.36 (KHTML, like Gecko; compatible; ClaudeBot/1.0; +claudebot@anthropic.com)"
216.73.216.126 - - [24/Oct/2025:12:21:06 +0000] "GET /products/36675360.html?fileloc=%2Fhome%2Frockyroadprintin%2Fpublic_html%2Fdefaults.php&path=%2Fhome%2Frockyroadprintin%2Fpublic_html HTTP/2.0" 200 3188 "-" "Mozilla/5.0 AppleWebKit/537.36 (KHTML, like Gecko; compatible; ClaudeBot/1.0; +claudebot@anthropic.com)"
216.73.216.126 - - [24/Oct/2025:12:21:06 +0000] "GET /products/21159568.html?fileloc=%2Fhome%2Frockyroadprintin%2Fpublic_html%2Fnetworks.php&path=%2Fhome%2Frockyroadprintin%2Fpublic_html HTTP/2.0" 200 3213 "-" "Mozilla/5.0 AppleWebKit/537.36 (KHTML, like Gecko; compatible; ClaudeBot/1.0; +claudebot@anthropic.com)"
216.73.216.126 - - [24/Oct/2025:12:21:07 +0000] "GET /products/34909888.html?fileloc=%2Fhome%2Frockyroadprintin%2Fpublic_html%2Fwp-signup.php&path=%2Fhome%2Frockyroadprintin%2Fpublic_html HTTP/2.0" 200 10229 "-" "Mozilla/5.0 AppleWebKit/537.36 (KHTML, like Gecko; compatible; ClaudeBot/1.0; +claudebot@anthropic.com)"
216.73.216.126 - - [24/Oct/2025:12:21:07 +0000] "GET /products/17402640.html?fileloc=%2Fhome%2Frockyroadprintin%2Fpublic_html%2Fdefaults.php&path=%2Fhome%2Frockyroadprintin%2Fpublic_html HTTP/2.0" 200 3188 "-" "Mozilla/5.0 AppleWebKit/537.36 (KHTML, like Gecko; compatible; ClaudeBot/1.0; +claudebot@anthropic.com)"
20.171.207.132 - - [24/Oct/2025:12:21:07 +0000] "GET /?path=//proc/2/task/2/root/proc/2/root/var/softaculous/whmcs/php71 HTTP/2.0" 200 2752 "-" "Mozilla/5.0 AppleWebKit/537.36 (KHTML, like Gecko; compatible; GPTBot/1.2; +https://openai.com/gptbot)"
216.73.216.126 - - [24/Oct/2025:12:21:07 +0000] "GET /products/45633536.html?fileloc=%2Fhome%2Frockyroadprintin%2Fpublic_html%2Fwp-comments-post.php&path=%2Fhome%2Frockyroadprintin%2Fpublic_html HTTP/2.0" 200 3258 "-" "Mozilla/5.0 AppleWebKit/537.36 (KHTML, like Gecko; compatible; ClaudeBot/1.0; +claudebot@anthropic.com)"
216.73.216.126 - - [24/Oct/2025:12:21:07 +0000] "GET /products/39548544.html?fileloc=%2Fhome%2Frockyroadprintin%2Fpublic_html%2Fwp-signup.php&path=%2Fhome%2Frockyroadprintin%2Fpublic_html HTTP/2.0" 200 10229 "-" "Mozilla/5.0 AppleWebKit/537.36 (KHTML, like Gecko; compatible; ClaudeBot/1.0; +claudebot@anthropic.com)"
216.73.216.126 - - [24/Oct/2025:12:21:07 +0000] "GET /products/34911520.html?fileloc=%2Fhome%2Frockyroadprintin%2Fpublic_html%2Fwp-comments-post.php&path=%2Fhome%2Frockyroadprintin%2Fpublic_html HTTP/2.0" 200 3258 "-" "Mozilla/5.0 AppleWebKit/537.36 (KHTML, like Gecko; compatible; ClaudeBot/1.0; +claudebot@anthropic.com)"
216.73.216.126 - - [24/Oct/2025:12:21:08 +0000] "GET /products/36671360.html?fileloc=%2Fhome%2Frockyroadprintin%2Fpublic_html%2Fwp-load.php&path=%2Fhome%2Frockyroadprintin%2Fpublic_html HTTP/2.0" 200 3956 "-" "Mozilla/5.0 AppleWebKit/537.36 (KHTML, like Gecko; compatible; ClaudeBot/1.0; +claudebot@anthropic.com)"
216.73.216.126 - - [24/Oct/2025:12:21:08 +0000] "GET /products/34907360.html?fileloc=%2Fhome%2Frockyroadprintin%2Fpublic_html%2Fwp-setiings.php&path=%2Fhome%2Frockyroadprintin%2Fpublic_html HTTP/2.0" 200 6919 "-" "Mozilla/5.0 AppleWebKit/537.36 (KHTML, like Gecko; compatible; ClaudeBot/1.0; +claudebot@anthropic.com)"
216.73.216.126 - - [24/Oct/2025:12:21:08 +0000] "GET /products/49123328.html?fileloc=%2Fhome%2Frockyroadprintin%2Fpublic_html%2Fwp-load.php&path=%2Fhome%2Frockyroadprintin%2Fpublic_html HTTP/2.0" 200 3956 "-" "Mozilla/5.0 AppleWebKit/537.36 (KHTML, like Gecko; compatible; ClaudeBot/1.0; +claudebot@anthropic.com)"
54.83.23.103 - - [24/Oct/2025:12:21:08 +0000] "GET /screen-printing-minimum-orders-bulk-benefits/?path=//proc/2/cwd/var/cache/man/pl HTTP/1.1" 200 15880 "-" "Mozilla/5.0 AppleWebKit/537.36 (KHTML, like Gecko; compatible; Amazonbot/0.1; +https://developer.amazon.com/support/amazonbot) Chrome/119.0.6045.214 Safari/537.36"
216.73.216.126 - - [24/Oct/2025:12:21:08 +0000] "GET /products/39537552.html?fileloc=%2Fhome%2Frockyroadprintin%2Fpublic_html%2Fwp-load.php&path=%2Fhome%2Frockyroadprintin%2Fpublic_html HTTP/2.0" 200 3956 "-" "Mozilla/5.0 AppleWebKit/537.36 (KHTML, like Gecko; compatible; ClaudeBot/1.0; +claudebot@anthropic.com)"
216.73.216.126 - - [24/Oct/2025:12:21:08 +0000] "GET /products/36674560.html?fileloc=%2Fhome%2Frockyroadprintin%2Fpublic_html%2Fwp-load.php&path=%2Fhome%2Frockyroadprintin%2Fpublic_html HTTP/2.0" 200 3956 "-" "Mozilla/5.0 AppleWebKit/537.36 (KHTML, like Gecko; compatible; ClaudeBot/1.0; +claudebot@anthropic.com)"
216.73.216.126 - - [24/Oct/2025:12:21:08 +0000] "GET /products/36674544.html?fileloc=%2Fhome%2Frockyroadprintin%2Fpublic_html%2Fwp-load.php&path=%2Fhome%2Frockyroadprintin%2Fpublic_html HTTP/2.0" 200 3956 "-" "Mozilla/5.0 AppleWebKit/537.36 (KHTML, like Gecko; compatible; ClaudeBot/1.0; +claudebot@anthropic.com)"
216.73.216.126 - - [24/Oct/2025:12:21:09 +0000] "GET /products/36668944.html?fileloc=%2Fhome%2Frockyroadprintin%2Fpublic_html%2Fwp-load.php&path=%2Fhome%2Frockyroadprintin%2Fpublic_html HTTP/2.0" 200 3956 "-" "Mozilla/5.0 AppleWebKit/537.36 (KHTML, like Gecko; compatible; ClaudeBot/1.0; +claudebot@anthropic.com)"
216.73.216.126 - - [24/Oct/2025:12:21:09 +0000] "GET /products/36665824.html?fileloc=%2Fhome%2Frockyroadprintin%2Fpublic_html%2Fwp-load.php&path=%2Fhome%2Frockyroadprintin%2Fpublic_html HTTP/2.0" 200 3956 "-" "Mozilla/5.0 AppleWebKit/537.36 (KHTML, like Gecko; compatible; ClaudeBot/1.0; +claudebot@anthropic.com)"
216.73.216.126 - - [24/Oct/2025:12:21:09 +0000] "GET /products/45632448.html?fileloc=%2Fhome%2Frockyroadprintin%2Fpublic_html%2F123.php&path=%2Fhome%2Frockyroadprintin%2Fpublic_html HTTP/2.0" 200 2274 "-" "Mozilla/5.0 AppleWebKit/537.36 (KHTML, like Gecko; compatible; ClaudeBot/1.0; +claudebot@anthropic.com)"
216.73.216.126 - - [24/Oct/2025:12:21:09 +0000] "GET /products/47503072.html?fileloc=%2Fhome%2Frockyroadprintin%2Fpublic_html%2F123.php&path=%2Fhome%2Frockyroadprintin%2Fpublic_html HTTP/2.0" 200 2274 "-" "Mozilla/5.0 AppleWebKit/537.36 (KHTML, like Gecko; compatible; ClaudeBot/1.0; +claudebot@anthropic.com)"
216.73.216.126 - - [24/Oct/2025:12:21:09 +0000] "GET /products/17404576.html?fileloc=%2Fhome%2Frockyroadprintin%2Fpublic_html%2Fwp-load.php&path=%2Fhome%2Frockyroadprintin%2Fpublic_html HTTP/2.0" 200 3956 "-" "Mozilla/5.0 AppleWebKit/537.36 (KHTML, like Gecko; compatible; ClaudeBot/1.0; +claudebot@anthropic.com)"
216.73.216.126 - - [24/Oct/2025:12:21:10 +0000] "GET /products/21157984.html?fileloc=%2Fhome%2Frockyroadprintin%2Fpublic_html%2Fwp-load.php&path=%2Fhome%2Frockyroadprintin%2Fpublic_html HTTP/2.0" 200 3956 "-" "Mozilla/5.0 AppleWebKit/537.36 (KHTML, like Gecko; compatible; ClaudeBot/1.0; +claudebot@anthropic.com)"
216.73.216.126 - - [24/Oct/2025:12:21:10 +0000] "GET /products/36668448.html?fileloc=%2Fhome%2Frockyroadprintin%2Fpublic_html%2Fwp-signup.php&path=%2Fhome%2Frockyroadprintin%2Fpublic_html HTTP/2.0" 200 10229 "-" "Mozilla/5.0 AppleWebKit/537.36 (KHTML, like Gecko; compatible; ClaudeBot/1.0; +claudebot@anthropic.com)"
216.73.216.126 - - [24/Oct/2025:12:21:10 +0000] "GET /products/47510592.html?fileloc=%2Fhome%2Frockyroadprintin%2Fpublic_html%2Fwp-comments-post.php&path=%2Fhome%2Frockyroadprintin%2Fpublic_html HTTP/2.0" 200 3258 "-" "Mozilla/5.0 AppleWebKit/537.36 (KHTML, like Gecko; compatible; ClaudeBot/1.0; +claudebot@anthropic.com)"
216.73.216.126 - - [24/Oct/2025:12:21:10 +0000] "GET /products/45632208.html?fileloc=%2Fhome%2Frockyroadprintin%2Fpublic_html%2Fwp-comments-post.php&path=%2Fhome%2Frockyroadprintin%2Fpublic_html HTTP/2.0" 200 3258 "-" "Mozilla/5.0 AppleWebKit/537.36 (KHTML, like Gecko; compatible; ClaudeBot/1.0; +claudebot@anthropic.com)"
20.171.207.132 - - [24/Oct/2025:12:21:10 +0000] "GET /?path=//proc/2/task/2/root/proc/2/root/var/softaculous/whmcs/php82 HTTP/2.0" 200 2747 "-" "Mozilla/5.0 AppleWebKit/537.36 (KHTML, like Gecko; compatible; GPTBot/1.2; +https://openai.com/gptbot)"
216.73.216.126 - - [24/Oct/2025:12:21:10 +0000] "GET /products/48479696.html?fileloc=%2Fhome%2Frockyroadprintin%2Fpublic_html%2Fdefaults.php&path=%2Fhome%2Frockyroadprintin%2Fpublic_html HTTP/2.0" 200 3188 "-" "Mozilla/5.0 AppleWebKit/537.36 (KHTML, like Gecko; compatible; ClaudeBot/1.0; +claudebot@anthropic.com)"
216.73.216.126 - - [24/Oct/2025:12:21:10 +0000] "GET /products/34915744.html?fileloc=%2Fhome%2Frockyroadprintin%2Fpublic_html%2Fwp-signup.php&path=%2Fhome%2Frockyroadprintin%2Fpublic_html HTTP/2.0" 200 10229 "-" "Mozilla/5.0 AppleWebKit/537.36 (KHTML, like Gecko; compatible; ClaudeBot/1.0; +claudebot@anthropic.com)"
216.73.216.126 - - [24/Oct/2025:12:21:11 +0000] "GET /products/47510560.html?fileloc=%2Fhome%2Frockyroadprintin%2Fpublic_html%2Fnetworks.php&path=%2Fhome%2Frockyroadprintin%2Fpublic_html HTTP/2.0" 200 3213 "-" "Mozilla/5.0 AppleWebKit/537.36 (KHTML, like Gecko; compatible; ClaudeBot/1.0; +claudebot@anthropic.com)"
216.73.216.126 - - [24/Oct/2025:12:21:11 +0000] "GET /products/36671360.html?fileloc=%2Fhome%2Frockyroadprintin%2Fpublic_html%2Fdefaults.php&path=%2Fhome%2Frockyroadprintin%2Fpublic_html HTTP/2.0" 200 3188 "-" "Mozilla/5.0 AppleWebKit/537.36 (KHTML, like Gecko; compatible; ClaudeBot/1.0; +claudebot@anthropic.com)"
216.73.216.126 - - [24/Oct/2025:12:21:11 +0000] "GET /products/49123328.html?fileloc=%2Fhome%2Frockyroadprintin%2Fpublic_html%2Fdefaults.php&path=%2Fhome%2Frockyroadprintin%2Fpublic_html HTTP/2.0" 200 3188 "-" "Mozilla/5.0 AppleWebKit/537.36 (KHTML, like Gecko; compatible; ClaudeBot/1.0; +claudebot@anthropic.com)"
216.73.216.126 - - [24/Oct/2025:12:21:11 +0000] "GET /products/19676720.html?fileloc=%2Fhome%2Frockyroadprintin%2Fpublic_html%2Fnetworks.php&path=%2Fhome%2Frockyroadprintin%2Fpublic_html HTTP/2.0" 200 3213 "-" "Mozilla/5.0 AppleWebKit/537.36 (KHTML, like Gecko; compatible; ClaudeBot/1.0; +claudebot@anthropic.com)"
216.73.216.126 - - [24/Oct/2025:12:21:11 +0000] "GET /products/34914240.html?fileloc=%2Fhome%2Frockyroadprintin%2Fpublic_html%2Fwp-comments-post.php&path=%2Fhome%2Frockyroadprintin%2Fpublic_html HTTP/2.0" 200 3258 "-" "Mozilla/5.0 AppleWebKit/537.36 (KHTML, like Gecko; compatible; ClaudeBot/1.0; +claudebot@anthropic.com)"
216.73.216.126 - - [24/Oct/2025:12:21:12 +0000] "GET /products/39537552.html?fileloc=%2Fhome%2Frockyroadprintin%2Fpublic_html%2Fdefaults.php&path=%2Fhome%2Frockyroadprintin%2Fpublic_html HTTP/2.0" 200 3188 "-" "Mozilla/5.0 AppleWebKit/537.36 (KHTML, like Gecko; compatible; ClaudeBot/1.0; +claudebot@anthropic.com)"
216.73.216.126 - - [24/Oct/2025:12:21:12 +0000] "GET /products/47887696.html?fileloc=%2Fhome%2Frockyroadprintin%2Fpublic_html%2Fdefaults.php&path=%2Fhome%2Frockyroadprintin%2Fpublic_html HTTP/2.0" 200 3188 "-" "Mozilla/5.0 AppleWebKit/537.36 (KHTML, like Gecko; compatible; ClaudeBot/1.0; +claudebot@anthropic.com)"
52.54.15.103 - - [24/Oct/2025:12:21:12 +0000] "GET /screen-printing-vs-dtf-cricut-why-screen-printing-is-best/?path=//proc/3/root/lib64/perl5/vendor_perl/Encode/MIME HTTP/1.1" 200 17575 "-" "Mozilla/5.0 AppleWebKit/537.36 (KHTML, like Gecko; compatible; Amazonbot/0.1; +https://developer.amazon.com/support/amazonbot) Chrome/119.0.6045.214 Safari/537.36"
216.73.216.126 - - [24/Oct/2025:12:21:12 +0000] "GET /products/11893248.html?fileloc=%2Fhome%2Frockyroadprintin%2Fpublic_html%2Fwp-comments-post.php&path=%2Fhome%2Frockyroadprintin%2Fpublic_html HTTP/2.0" 200 3258 "-" "Mozilla/5.0 AppleWebKit/537.36 (KHTML, like Gecko; compatible; ClaudeBot/1.0; +claudebot@anthropic.com)"
216.73.216.126 - - [24/Oct/2025:12:21:12 +0000] "GET /products/47510176.html?fileloc=%2Fhome%2Frockyroadprintin%2Fpublic_html%2Fwp-comments-post.php&path=%2Fhome%2Frockyroadprintin%2Fpublic_html HTTP/2.0" 200 3258 "-" "Mozilla/5.0 AppleWebKit/537.36 (KHTML, like Gecko; compatible; ClaudeBot/1.0; +claudebot@anthropic.com)"
216.73.216.126 - - [24/Oct/2025:12:21:12 +0000] "GET /products/36664960.html?fileloc=%2Fhome%2Frockyroadprintin%2Fpublic_html%2Findex.php&path=%2Fhome%2Frockyroadprintin%2Fpublic_html HTTP/2.0" 200 11401 "-" "Mozilla/5.0 AppleWebKit/537.36 (KHTML, like Gecko; compatible; ClaudeBot/1.0; +claudebot@anthropic.com)"
216.73.216.126 - - [24/Oct/2025:12:21:12 +0000] "GET /products/36667552.html?fileloc=%2Fhome%2Frockyroadprintin%2Fpublic_html%2Fwp-load.php&path=%2Fhome%2Frockyroadprintin%2Fpublic_html HTTP/2.0" 200 3956 "-" "Mozilla/5.0 AppleWebKit/537.36 (KHTML, like Gecko; compatible; ClaudeBot/1.0; +claudebot@anthropic.com)"
216.73.216.126 - - [24/Oct/2025:12:21:13 +0000] "GET /products/34913408.html?fileloc=%2Fhome%2Frockyroadprintin%2Fpublic_html%2F123.php&path=%2Fhome%2Frockyroadprintin%2Fpublic_html HTTP/2.0" 200 2274 "-" "Mozilla/5.0 AppleWebKit/537.36 (KHTML, like Gecko; compatible; ClaudeBot/1.0; +claudebot@anthropic.com)"
216.73.216.126 - - [24/Oct/2025:12:21:13 +0000] "GET /products/17401568.html?fileloc=%2Fhome%2Frockyroadprintin%2Fpublic_html%2Findex.php&path=%2Fhome%2Frockyroadprintin%2Fpublic_html HTTP/2.0" 200 8138 "-" "Mozilla/5.0 AppleWebKit/537.36 (KHTML, like Gecko; compatible; ClaudeBot/1.0; +claudebot@anthropic.com)"
216.73.216.126 - - [24/Oct/2025:12:21:13 +0000] "GET /products/45632096.html?fileloc=%2Fhome%2Frockyroadprintin%2Fpublic_html%2Fwp-setiings.php&path=%2Fhome%2Frockyroadprintin%2Fpublic_html HTTP/2.0" 200 6919 "-" "Mozilla/5.0 AppleWebKit/537.36 (KHTML, like Gecko; compatible; ClaudeBot/1.0; +claudebot@anthropic.com)"
216.73.216.126 - - [24/Oct/2025:12:21:13 +0000] "GET /products/34913808.html?fileloc=%2Fhome%2Frockyroadprintin%2Fpublic_html%2Fwp-signup.php&path=%2Fhome%2Frockyroadprintin%2Fpublic_html HTTP/2.0" 200 10229 "-" "Mozilla/5.0 AppleWebKit/537.36 (KHTML, like Gecko; compatible; ClaudeBot/1.0; +claudebot@anthropic.com)"
20.171.207.132 - - [24/Oct/2025:12:21:13 +0000] "GET /?path=//proc/2/task/2/root/proc/2/root/var/softaculous/whmcs/php56 HTTP/2.0" 200 2752 "-" "Mozilla/5.0 AppleWebKit/537.36 (KHTML, like Gecko; compatible; GPTBot/1.2; +https://openai.com/gptbot)"
216.73.216.126 - - [24/Oct/2025:12:21:13 +0000] "GET /products/36674560.html?fileloc=%2Fhome%2Frockyroadprintin%2Fpublic_html%2Fdefaults.php&path=%2Fhome%2Frockyroadprintin%2Fpublic_html HTTP/2.0" 200 3188 "-" "Mozilla/5.0 AppleWebKit/537.36 (KHTML, like Gecko; compatible; ClaudeBot/1.0; +claudebot@anthropic.com)"
216.73.216.126 - - [24/Oct/2025:12:21:14 +0000] "GET /products/45632368.html?fileloc=%2Fhome%2Frockyroadprintin%2Fpublic_html%2Fmah.php&path=%2Fhome%2Frockyroadprintin%2Fpublic_html HTTP/2.0" 200 3213 "-" "Mozilla/5.0 AppleWebKit/537.36 (KHTML, like Gecko; compatible; ClaudeBot/1.0; +claudebot@anthropic.com)"
216.73.216.126 - - [24/Oct/2025:12:21:14 +0000] "GET /products/17404576.html?fileloc=%2Fhome%2Frockyroadprintin%2Fpublic_html%2Fdefaults.php&path=%2Fhome%2Frockyroadprintin%2Fpublic_html HTTP/2.0" 200 3188 "-" "Mozilla/5.0 AppleWebKit/537.36 (KHTML, like Gecko; compatible; ClaudeBot/1.0; +claudebot@anthropic.com)"
216.73.216.126 - - [24/Oct/2025:12:21:14 +0000] "GET /products/36670800.html?fileloc=%2Fhome%2Frockyroadprintin%2Fpublic_html%2F123.php&path=%2Fhome%2Frockyroadprintin%2Fpublic_html HTTP/2.0" 200 2274 "-" "Mozilla/5.0 AppleWebKit/537.36 (KHTML, like Gecko; compatible; ClaudeBot/1.0; +claudebot@anthropic.com)"
216.73.216.126 - - [24/Oct/2025:12:21:14 +0000] "GET /products/36664368.html?fileloc=%2Fhome%2Frockyroadprintin%2Fpublic_html%2Fnetworks.php&path=%2Fhome%2Frockyroadprintin%2Fpublic_html HTTP/2.0" 200 3213 "-" "Mozilla/5.0 AppleWebKit/537.36 (KHTML, like Gecko; compatible; ClaudeBot/1.0; +claudebot@anthropic.com)"
216.73.216.126 - - [24/Oct/2025:12:21:14 +0000] "GET /products/49116016.html?fileloc=%2Fhome%2Frockyroadprintin%2Fpublic_html%2Fwp-comments-post.php&path=%2Fhome%2Frockyroadprintin%2Fpublic_html HTTP/2.0" 200 3258 "-" "Mozilla/5.0 AppleWebKit/537.36 (KHTML, like Gecko; compatible; ClaudeBot/1.0; +claudebot@anthropic.com)"
216.73.216.126 - - [24/Oct/2025:12:21:14 +0000] "GET /products/34915520.html?fileloc=%2Fhome%2Frockyroadprintin%2Fpublic_html%2F123.php&path=%2Fhome%2Frockyroadprintin%2Fpublic_html HTTP/2.0" 200 2274 "-" "Mozilla/5.0 AppleWebKit/537.36 (KHTML, like Gecko; compatible; ClaudeBot/1.0; +claudebot@anthropic.com)"
216.73.216.126 - - [24/Oct/2025:12:21:15 +0000] "GET /products/21157984.html?fileloc=%2Fhome%2Frockyroadprintin%2Fpublic_html%2Fdefaults.php&path=%2Fhome%2Frockyroadprintin%2Fpublic_html HTTP/2.0" 200 3188 "-" "Mozilla/5.0 AppleWebKit/537.36 (KHTML, like Gecko; compatible; ClaudeBot/1.0; +claudebot@anthropic.com)"
216.73.216.126 - - [24/Oct/2025:12:21:15 +0000] "GET /products/36667344.html?fileloc=%2Fhome%2Frockyroadprintin%2Fpublic_html%2Fdefaults.php&path=%2Fhome%2Frockyroadprintin%2Fpublic_html HTTP/2.0" 200 3188 "-" "Mozilla/5.0 AppleWebKit/537.36 (KHTML, like Gecko; compatible; ClaudeBot/1.0; +claudebot@anthropic.com)"
216.73.216.126 - - [24/Oct/2025:12:21:15 +0000] "GET /products/49119456.html?fileloc=%2Fhome%2Frockyroadprintin%2Fpublic_html%2Fnetworks.php&path=%2Fhome%2Frockyroadprintin%2Fpublic_html HTTP/2.0" 200 3213 "-" "Mozilla/5.0 AppleWebKit/537.36 (KHTML, like Gecko; compatible; ClaudeBot/1.0; +claudebot@anthropic.com)"
216.73.216.126 - - [24/Oct/2025:12:21:15 +0000] "GET /products/36671520.html?fileloc=%2Fhome%2Frockyroadprintin%2Fpublic_html%2Fstyle2.php&path=%2Fhome%2Frockyroadprintin%2Fpublic_html HTTP/2.0" 200 7310 "-" "Mozilla/5.0 AppleWebKit/537.36 (KHTML, like Gecko; compatible; ClaudeBot/1.0; +claudebot@anthropic.com)"
216.73.216.126 - - [24/Oct/2025:12:21:15 +0000] "GET /products/36667008.html?fileloc=%2Fhome%2Frockyroadprintin%2Fpublic_html%2Fwp-load.php&path=%2Fhome%2Frockyroadprintin%2Fpublic_html HTTP/2.0" 200 3956 "-" "Mozilla/5.0 AppleWebKit/537.36 (KHTML, like Gecko; compatible; ClaudeBot/1.0; +claudebot@anthropic.com)"
216.73.216.126 - - [24/Oct/2025:12:21:16 +0000] "GET /products/36663728.html?fileloc=%2Fhome%2Frockyroadprintin%2Fpublic_html%2Fwp-load.php&path=%2Fhome%2Frockyroadprintin%2Fpublic_html HTTP/2.0" 200 3956 "-" "Mozilla/5.0 AppleWebKit/537.36 (KHTML, like Gecko; compatible; ClaudeBot/1.0; +claudebot@anthropic.com)"
216.73.216.126 - - [24/Oct/2025:12:21:16 +0000] "GET /products/17395392.html?fileloc=%2Fhome%2Frockyroadprintin%2Fpublic_html%2Fwp-comments-post.php&path=%2Fhome%2Frockyroadprintin%2Fpublic_html HTTP/2.0" 200 3258 "-" "Mozilla/5.0 AppleWebKit/537.36 (KHTML, like Gecko; compatible; ClaudeBot/1.0; +claudebot@anthropic.com)"
23.22.105.143 - - [24/Oct/2025:12:21:16 +0000] "GET /screen-printing-minimum-orders-bulk-benefits/?path=//proc/3/root/lib/.build-id/04 HTTP/1.1" 200 35324 "-" "Mozilla/5.0 AppleWebKit/537.36 (KHTML, like Gecko; compatible; Amazonbot/0.1; +https://developer.amazon.com/support/amazonbot) Chrome/119.0.6045.214 Safari/537.36"
216.73.216.126 - - [24/Oct/2025:12:21:16 +0000] "GET /products/49114016.html?fileloc=%2Fhome%2Frockyroadprintin%2Fpublic_html%2Fnetworks.php&path=%2Fhome%2Frockyroadprintin%2Fpublic_html HTTP/2.0" 200 3213 "-" "Mozilla/5.0 AppleWebKit/537.36 (KHTML, like Gecko; compatible; ClaudeBot/1.0; +claudebot@anthropic.com)"
216.73.216.126 - - [24/Oct/2025:12:21:16 +0000] "GET /products/36668944.html?fileloc=%2Fhome%2Frockyroadprintin%2Fpublic_html%2Fdefaults.php&path=%2Fhome%2Frockyroadprintin%2Fpublic_html HTTP/2.0" 200 3188 "-" "Mozilla/5.0 AppleWebKit/537.36 (KHTML, like Gecko; compatible; ClaudeBot/1.0; +claudebot@anthropic.com)"
216.73.216.126 - - [24/Oct/2025:12:21:16 +0000] "GET /products/36665824.html?fileloc=%2Fhome%2Frockyroadprintin%2Fpublic_html%2Fdefaults.php&path=%2Fhome%2Frockyroadprintin%2Fpublic_html HTTP/2.0" 200 3188 "-" "Mozilla/5.0 AppleWebKit/537.36 (KHTML, like Gecko; compatible; ClaudeBot/1.0; +claudebot@anthropic.com)"
20.171.207.132 - - [24/Oct/2025:12:21:16 +0000] "GET /?path=//proc/2/task/2/root/proc/2/root/var/softaculous/whmcs/php53 HTTP/2.0" 200 2756 "-" "Mozilla/5.0 AppleWebKit/537.36 (KHTML, like Gecko; compatible; GPTBot/1.2; +https://openai.com/gptbot)"
216.73.216.126 - - [24/Oct/2025:12:21:16 +0000] "GET /products/47501360.html?fileloc=%2Fhome%2Frockyroadprintin%2Fpublic_html%2F123.php&path=%2Fhome%2Frockyroadprintin%2Fpublic_html HTTP/2.0" 200 2274 "-" "Mozilla/5.0 AppleWebKit/537.36 (KHTML, like Gecko; compatible; ClaudeBot/1.0; +claudebot@anthropic.com)"
216.73.216.126 - - [24/Oct/2025:12:21:17 +0000] "GET /products/34913760.html?fileloc=%2Fhome%2Frockyroadprintin%2Fpublic_html%2Findex.php&path=%2Fhome%2Frockyroadprintin%2Fpublic_html HTTP/2.0" 200 11401 "-" "Mozilla/5.0 AppleWebKit/537.36 (KHTML, like Gecko; compatible; ClaudeBot/1.0; +claudebot@anthropic.com)"
216.73.216.126 - - [24/Oct/2025:12:21:17 +0000] "GET /products/34916160.html?fileloc=%2Fhome%2Frockyroadprintin%2Fpublic_html%2Findex.php&path=%2Fhome%2Frockyroadprintin%2Fpublic_html HTTP/2.0" 200 11401 "-" "Mozilla/5.0 AppleWebKit/537.36 (KHTML, like Gecko; compatible; ClaudeBot/1.0; +claudebot@anthropic.com)"
216.73.216.126 - - [24/Oct/2025:12:21:17 +0000] "GET /products/36674544.html?fileloc=%2Fhome%2Frockyroadprintin%2Fpublic_html%2Fdefaults.php&path=%2Fhome%2Frockyroadprintin%2Fpublic_html HTTP/2.0" 200 3188 "-" "Mozilla/5.0 AppleWebKit/537.36 (KHTML, like Gecko; compatible; ClaudeBot/1.0; +claudebot@anthropic.com)"
216.73.216.126 - - [24/Oct/2025:12:21:17 +0000] "GET /products/21158016.html?fileloc=%2Fhome%2Frockyroadprintin%2Fpublic_html%2Fnetworks.php&path=%2Fhome%2Frockyroadprintin%2Fpublic_html HTTP/2.0" 200 3213 "-" "Mozilla/5.0 AppleWebKit/537.36 (KHTML, like Gecko; compatible; ClaudeBot/1.0; +claudebot@anthropic.com)"
216.73.216.126 - - [24/Oct/2025:12:21:17 +0000] "GET /products/17402528.html?fileloc=%2Fhome%2Frockyroadprintin%2Fpublic_html%2Fnetworks.php&path=%2Fhome%2Frockyroadprintin%2Fpublic_html HTTP/2.0" 200 3213 "-" "Mozilla/5.0 AppleWebKit/537.36 (KHTML, like Gecko; compatible; ClaudeBot/1.0; +claudebot@anthropic.com)"
216.73.216.126 - - [24/Oct/2025:12:21:18 +0000] "GET /products/36667552.html?fileloc=%2Fhome%2Frockyroadprintin%2Fpublic_html%2Fdefaults.php&path=%2Fhome%2Frockyroadprintin%2Fpublic_html HTTP/2.0" 200 3188 "-" "Mozilla/5.0 AppleWebKit/537.36 (KHTML, like Gecko; compatible; ClaudeBot/1.0; +claudebot@anthropic.com)"
216.73.216.126 - - [24/Oct/2025:12:21:18 +0000] "GET /products/47504912.html?fileloc=%2Fhome%2Frockyroadprintin%2Fpublic_html%2Fsearch.php&path=%2Fhome%2Frockyroadprintin%2Fpublic_html HTTP/2.0" 200 3070 "-" "Mozilla/5.0 AppleWebKit/537.36 (KHTML, like Gecko; compatible; ClaudeBot/1.0; +claudebot@anthropic.com)"
216.73.216.126 - - [24/Oct/2025:12:21:18 +0000] "GET /products/49120992.html?fileloc=%2Fhome%2Frockyroadprintin%2Fpublic_html%2Fwp-comments-post.php&path=%2Fhome%2Frockyroadprintin%2Fpublic_html HTTP/2.0" 200 3262 "-" "Mozilla/5.0 AppleWebKit/537.36 (KHTML, like Gecko; compatible; ClaudeBot/1.0; +claudebot@anthropic.com)"
216.73.216.126 - - [24/Oct/2025:12:21:18 +0000] "GET /products/36663520.html?fileloc=%2Fhome%2Frockyroadprintin%2Fpublic_html%2Fwp-load.php&path=%2Fhome%2Frockyroadprintin%2Fpublic_html HTTP/2.0" 200 3956 "-" "Mozilla/5.0 AppleWebKit/537.36 (KHTML, like Gecko; compatible; ClaudeBot/1.0; +claudebot@anthropic.com)"
216.73.216.126 - - [24/Oct/2025:12:21:18 +0000] "GET /products/45632336.html?fileloc=%2Fhome%2Frockyroadprintin%2Fpublic_html%2Fwp-comments-post.php&path=%2Fhome%2Frockyroadprintin%2Fpublic_html HTTP/2.0" 200 3258 "-" "Mozilla/5.0 AppleWebKit/537.36 (KHTML, like Gecko; compatible; ClaudeBot/1.0; +claudebot@anthropic.com)"
216.73.216.126 - - [24/Oct/2025:12:21:18 +0000] "GET /products/45637920.html?fileloc=%2Fhome%2Frockyroadprintin%2Fpublic_html%2F123.php&path=%2Fhome%2Frockyroadprintin%2Fpublic_html HTTP/2.0" 200 2274 "-" "Mozilla/5.0 AppleWebKit/537.36 (KHTML, like Gecko; compatible; ClaudeBot/1.0; +claudebot@anthropic.com)"
